[INFO] cloning repository https://github.com/Nejat/stately
[INFO] running `Command { std: "git" "-c" "credential.helper=" "-c" "credential.helper=/workspace/cargo-home/bin/git-credential-null" "clone" "--bare" "https://github.com/Nejat/stately" "/workspace/cache/git-repos/https%3A%2F%2Fgithub.com%2FNejat%2Fstately", kill_on_drop: false }`
[INFO] [stderr] Cloning into bare repository '/workspace/cache/git-repos/https%3A%2F%2Fgithub.com%2FNejat%2Fstately'...
[INFO] running `Command { std: "git" "rev-parse" "HEAD", kill_on_drop: false }`
[INFO] [stdout] 227ea606b33d93fd0b9e8246fa5763886e118fab
[INFO] testing Nejat/stately against 1.75.0 for beta-1.76-1
[INFO] running `Command { std: "git" "clone" "/workspace/cache/git-repos/https%3A%2F%2Fgithub.com%2FNejat%2Fstately" "/workspace/builds/worker-3-tc1/source", kill_on_drop: false }`
[INFO] [stderr] Cloning into '/workspace/builds/worker-3-tc1/source'...
[INFO] [stderr] done.
[INFO] validating manifest of git repo https://github.com/Nejat/stately on toolchain 1.75.0
[INFO] running `Command { std: CARGO_HOME="/workspace/cargo-home" RUSTUP_HOME="/workspace/rustup-home" "/workspace/cargo-home/bin/cargo" "+1.75.0" "metadata" "--manifest-path" "Cargo.toml" "--no-deps", kill_on_drop: false }`
[INFO] started tweaking git repo https://github.com/Nejat/stately
[INFO] finished tweaking git repo https://github.com/Nejat/stately
[INFO] tweaked toml for git repo https://github.com/Nejat/stately written to /workspace/builds/worker-3-tc1/source/Cargo.toml
[INFO] crate git repo https://github.com/Nejat/stately already has a lockfile, it will not be regenerated
[INFO] running `Command { std: CARGO_HOME="/workspace/cargo-home" RUSTUP_HOME="/workspace/rustup-home" "/workspace/cargo-home/bin/cargo" "+1.75.0" "fetch" "--manifest-path" "Cargo.toml", kill_on_drop: false }`
[INFO] [stderr]     Blocking waiting for file lock on package cache
[INFO] [stderr]  Downloading crates ...
[INFO] [stderr]   Downloaded trybuild v1.0.80
[INFO] [stderr]   Downloaded dissimilar v1.0.6
[INFO] running `Command { std: "docker" "create" "-v" "/var/lib/crater-agent-workspace/builds/worker-3-tc1/target:/opt/rustwide/target:rw,Z" "-v" "/var/lib/crater-agent-workspace/builds/worker-3-tc1/source:/opt/rustwide/workdir:ro,Z" "-v" "/var/lib/crater-agent-workspace/cargo-home:/opt/rustwide/cargo-home:ro,Z" "-v" "/var/lib/crater-agent-workspace/rustup-home:/opt/rustwide/rustup-home:ro,Z" "-e" "SOURCE_DIR=/opt/rustwide/workdir" "-e" "CARGO_TARGET_DIR=/opt/rustwide/target" "-e" "CARGO_HOME=/opt/rustwide/cargo-home" "-e" "RUSTUP_HOME=/opt/rustwide/rustup-home" "-w" "/opt/rustwide/workdir" "-m" "1610612736" "--user" "0:0" "--network" "none" "ghcr.io/rust-lang/crates-build-env/linux@sha256:2788e3201cd34a07e3172128adcd8b3090168a8e3bcc40d7c032b9dda1df7d1c" "/opt/rustwide/cargo-home/bin/cargo" "+1.75.0" "metadata" "--no-deps" "--format-version=1", kill_on_drop: false }`
[INFO] [stdout] c50aa154f3942472ea5d6a99fad01c881105fe13808451c76ef59f4e2cadc342
[INFO] running `Command { std: "docker" "start" "-a" "c50aa154f3942472ea5d6a99fad01c881105fe13808451c76ef59f4e2cadc342", kill_on_drop: false }`
[INFO] running `Command { std: "docker" "inspect" "c50aa154f3942472ea5d6a99fad01c881105fe13808451c76ef59f4e2cadc342", kill_on_drop: false }`
[INFO] running `Command { std: "docker" "rm" "-f" "c50aa154f3942472ea5d6a99fad01c881105fe13808451c76ef59f4e2cadc342", kill_on_drop: false }`
[INFO] [stdout] c50aa154f3942472ea5d6a99fad01c881105fe13808451c76ef59f4e2cadc342
[INFO] running `Command { std: "docker" "create" "-v" "/var/lib/crater-agent-workspace/builds/worker-3-tc1/target:/opt/rustwide/target:rw,Z" "-v" "/var/lib/crater-agent-workspace/builds/worker-3-tc1/source:/opt/rustwide/workdir:ro,Z" "-v" "/var/lib/crater-agent-workspace/cargo-home:/opt/rustwide/cargo-home:ro,Z" "-v" "/var/lib/crater-agent-workspace/rustup-home:/opt/rustwide/rustup-home:ro,Z" "-e" "SOURCE_DIR=/opt/rustwide/workdir" "-e" "CARGO_TARGET_DIR=/opt/rustwide/target" "-e" "CARGO_INCREMENTAL=0" "-e" "RUST_BACKTRACE=full" "-e" "RUSTFLAGS=--cap-lints=warn" "-e" "RUSTDOCFLAGS=--cap-lints=warn" "-e" "CARGO_HOME=/opt/rustwide/cargo-home" "-e" "RUSTUP_HOME=/opt/rustwide/rustup-home" "-w" "/opt/rustwide/workdir" "-m" "1610612736" "--user" "0:0" "--network" "none" "ghcr.io/rust-lang/crates-build-env/linux@sha256:2788e3201cd34a07e3172128adcd8b3090168a8e3bcc40d7c032b9dda1df7d1c" "/opt/rustwide/cargo-home/bin/cargo" "+1.75.0" "build" "--frozen" "--message-format=json", kill_on_drop: false }`
[INFO] [stdout] 80beeae510cd5892a1350d827caf7061481d4f462e8d08e13d83829f8bae8fa0
[INFO] running `Command { std: "docker" "start" "-a" "80beeae510cd5892a1350d827caf7061481d4f462e8d08e13d83829f8bae8fa0", kill_on_drop: false }`
[INFO] [stderr]    Compiling proc-macro2 v1.0.54
[INFO] [stderr]    Compiling unicode-ident v1.0.8
[INFO] [stderr]    Compiling quote v1.0.26
[INFO] [stderr]    Compiling thiserror v1.0.40
[INFO] [stderr]    Compiling bitflags v2.0.2
[INFO] [stderr]    Compiling syn v2.0.10
[INFO] [stderr]    Compiling thiserror-impl v1.0.40
[INFO] [stderr]    Compiling stately v0.1.0 (/opt/rustwide/workdir)
[INFO] [stderr]     Finished dev [unoptimized + debuginfo] target(s) in 4.32s
[INFO] running `Command { std: "docker" "inspect" "80beeae510cd5892a1350d827caf7061481d4f462e8d08e13d83829f8bae8fa0", kill_on_drop: false }`
[INFO] running `Command { std: "docker" "rm" "-f" "80beeae510cd5892a1350d827caf7061481d4f462e8d08e13d83829f8bae8fa0", kill_on_drop: false }`
[INFO] [stdout] 80beeae510cd5892a1350d827caf7061481d4f462e8d08e13d83829f8bae8fa0
[INFO] running `Command { std: "docker" "create" "-v" "/var/lib/crater-agent-workspace/builds/worker-3-tc1/target:/opt/rustwide/target:rw,Z" "-v" "/var/lib/crater-agent-workspace/builds/worker-3-tc1/source:/opt/rustwide/workdir:ro,Z" "-v" "/var/lib/crater-agent-workspace/cargo-home:/opt/rustwide/cargo-home:ro,Z" "-v" "/var/lib/crater-agent-workspace/rustup-home:/opt/rustwide/rustup-home:ro,Z" "-e" "SOURCE_DIR=/opt/rustwide/workdir" "-e" "CARGO_TARGET_DIR=/opt/rustwide/target" "-e" "CARGO_INCREMENTAL=0" "-e" "RUST_BACKTRACE=full" "-e" "RUSTFLAGS=--cap-lints=warn" "-e" "RUSTDOCFLAGS=--cap-lints=warn" "-e" "CARGO_HOME=/opt/rustwide/cargo-home" "-e" "RUSTUP_HOME=/opt/rustwide/rustup-home" "-w" "/opt/rustwide/workdir" "-m" "1610612736" "--user" "0:0" "--network" "none" "ghcr.io/rust-lang/crates-build-env/linux@sha256:2788e3201cd34a07e3172128adcd8b3090168a8e3bcc40d7c032b9dda1df7d1c" "/opt/rustwide/cargo-home/bin/cargo" "+1.75.0" "test" "--frozen" "--no-run" "--message-format=json", kill_on_drop: false }`
[INFO] [stdout] 0269b5d5fdec593583799c7a3f0b7770618c07389d3d7a11d43135343e93146e
[INFO] running `Command { std: "docker" "start" "-a" "0269b5d5fdec593583799c7a3f0b7770618c07389d3d7a11d43135343e93146e", kill_on_drop: false }`
[INFO] [stderr]    Compiling unicode-ident v1.0.8
[INFO] [stderr]    Compiling serde v1.0.158
[INFO] [stderr]    Compiling tinyvec_macros v0.1.1
[INFO] [stderr]    Compiling proc-macro2 v1.0.54
[INFO] [stderr]    Compiling quote v1.0.26
[INFO] [stderr]    Compiling unicase v2.6.0
[INFO] [stderr]    Compiling syn v1.0.109
[INFO] [stderr]    Compiling pulldown-cmark v0.8.0
[INFO] [stderr]    Compiling tinyvec v1.6.0
[INFO] [stderr]    Compiling semver v1.0.17
[INFO] [stderr]    Compiling percent-encoding v2.2.0
[INFO] [stderr]    Compiling serde_json v1.0.94
[INFO] [stderr]    Compiling serde_derive v1.0.158
[INFO] [stderr]    Compiling unicode-bidi v0.3.13
[INFO] [stderr]    Compiling form_urlencoded v1.1.0
[INFO] [stderr]    Compiling unicode-normalization v0.1.22
[INFO] [stderr]    Compiling syn v2.0.10
[INFO] [stderr]    Compiling regex-syntax v0.6.29
[INFO] [stderr]    Compiling itoa v1.0.6
[INFO] [stderr]    Compiling trybuild v1.0.80
[INFO] [stderr]    Compiling idna v0.3.0
[INFO] [stderr]    Compiling ryu v1.0.13
[INFO] [stderr]    Compiling dissimilar v1.0.6
[INFO] [stderr]    Compiling url v2.3.1
[INFO] [stderr]    Compiling glob v0.3.1
[INFO] [stderr]    Compiling same-file v1.0.6
[INFO] [stderr]    Compiling termcolor v1.2.0
[INFO] [stderr]    Compiling regex v1.7.3
[INFO] [stderr]    Compiling once_cell v1.17.1
[INFO] [stderr]    Compiling walkdir v2.3.3
[INFO] [stderr]    Compiling basic-toml v0.1.2
[INFO] [stderr]    Compiling toml v0.5.11
[INFO] [stderr]    Compiling thiserror-impl v1.0.40
[INFO] [stderr]    Compiling version-sync v0.9.4
[INFO] [stderr]    Compiling thiserror v1.0.40
[INFO] [stderr]    Compiling stately v0.1.0 (/opt/rustwide/workdir)
[INFO] [stderr]     Finished test [unoptimized + debuginfo] target(s) in 14.39s
[INFO] running `Command { std: "docker" "inspect" "0269b5d5fdec593583799c7a3f0b7770618c07389d3d7a11d43135343e93146e", kill_on_drop: false }`
[INFO] running `Command { std: "docker" "rm" "-f" "0269b5d5fdec593583799c7a3f0b7770618c07389d3d7a11d43135343e93146e", kill_on_drop: false }`
[INFO] [stdout] 0269b5d5fdec593583799c7a3f0b7770618c07389d3d7a11d43135343e93146e
[INFO] running `Command { std: "docker" "create" "-v" "/var/lib/crater-agent-workspace/builds/worker-3-tc1/target:/opt/rustwide/target:rw,Z" "-v" "/var/lib/crater-agent-workspace/builds/worker-3-tc1/source:/opt/rustwide/workdir:ro,Z" "-v" "/var/lib/crater-agent-workspace/cargo-home:/opt/rustwide/cargo-home:ro,Z" "-v" "/var/lib/crater-agent-workspace/rustup-home:/opt/rustwide/rustup-home:ro,Z" "-e" "SOURCE_DIR=/opt/rustwide/workdir" "-e" "CARGO_TARGET_DIR=/opt/rustwide/target" "-e" "CARGO_INCREMENTAL=0" "-e" "RUST_BACKTRACE=full" "-e" "RUSTFLAGS=--cap-lints=warn" "-e" "RUSTDOCFLAGS=--cap-lints=warn" "-e" "CARGO_HOME=/opt/rustwide/cargo-home" "-e" "RUSTUP_HOME=/opt/rustwide/rustup-home" "-w" "/opt/rustwide/workdir" "-m" "1610612736" "--user" "0:0" "--network" "none" "ghcr.io/rust-lang/crates-build-env/linux@sha256:2788e3201cd34a07e3172128adcd8b3090168a8e3bcc40d7c032b9dda1df7d1c" "/opt/rustwide/cargo-home/bin/cargo" "+1.75.0" "test" "--frozen", kill_on_drop: false }`
[INFO] [stdout] 273dce469c55ee341678ed33110f531b91e6ce5fd3764890c71ec9da89a393fb
[INFO] running `Command { std: "docker" "start" "-a" "273dce469c55ee341678ed33110f531b91e6ce5fd3764890c71ec9da89a393fb", kill_on_drop: false }`
[INFO] [stderr]     Finished test [unoptimized + debuginfo] target(s) in 0.02s
[INFO] [stderr]      Running unittests src/lib.rs (/opt/rustwide/target/debug/deps/stately-d68c7e38b06c8180)
[INFO] [stdout] 
[INFO] [stdout] running 42 tests
[INFO] [stdout] test tests::builder::given_a_start_end_state_it_should_be_possible_to_define_only_one_trigger ... ok
[INFO] [stdout] test tests::builder::given_a_start_end_state_it_should_be_possible_to_define_multiple_triggers ... ok
[INFO] [stdout] test tests::builder::given_a_start_end_state_it_should_be_possible_to_define_no_triggers ... ok
[INFO] [stdout] test tests::builder::given_a_start_state_it_should_be_possible_to_define_multiple_triggers ... ok
[INFO] [stdout] test tests::builder::given_a_start_state_it_should_be_possible_to_define_multiple_transitions ... ok
[INFO] [stdout] test tests::builder::given_a_start_state_it_should_be_possible_to_define_no_triggers ... ok
[INFO] [stdout] test tests::builder::given_a_start_state_it_should_be_possible_to_define_only_one_transition ... ok
[INFO] [stdout] test tests::builder::given_a_start_state_it_should_be_possible_to_define_only_one_trigger ... ok
[INFO] [stdout] test tests::builder::given_a_state_it_should_be_possible_to_define_multiple_transitions ... ok
[INFO] [stdout] test tests::builder::given_a_state_it_should_be_possible_to_define_multiple_triggers ... ok
[INFO] [stdout] test tests::builder::given_a_state_it_should_be_possible_to_define_no_triggers ... ok
[INFO] [stdout] test tests::builder::given_a_state_it_should_be_possible_to_define_only_one_transition ... ok
[INFO] [stdout] test tests::builder::given_an_end_state_it_should_be_possible_to_define_no_triggers ... ok
[INFO] [stdout] test tests::builder::given_an_end_state_it_should_be_possible_to_define_multiple_triggers ... ok
[INFO] [stdout] test tests::builder::given_an_end_state_it_should_be_possible_to_define_only_one_trigger ... ok
[INFO] [stdout] test tests::builder::given_a_state_it_should_be_possible_to_define_only_one_trigger ... ok
[INFO] [stdout] test tests::builder::given_an_unreachable_state_should_not_build_fsm ... ok
[INFO] [stdout] test tests::builder::given_an_initial_state_definition_should_not_build_fsm ... ok
[INFO] [stdout] test tests::builder::given_duplicate_states_should_not_build_fsm ... ok
[INFO] [stdout] test tests::builder::given_duplicate_transitions_should_not_build_fsm ... ok
[INFO] [stdout] test tests::builder::given_no_end_states_fsm_should_define_a_cycle ... ok
[INFO] [stdout] test tests::builder::given_no_cycles_an_fsm_should_define_an_end_state ... ok
[INFO] [stdout] test tests::builder::given_an_undefined_state_should_not_build_fsm ... ok
[INFO] [stdout] test tests::state_machine::given_a_new_fsm_should_not_start_with_incorrect_event ... ok
[INFO] [stdout] test tests::state_machine::given_an_fsm_an_event_should_transition_state ... ok
[INFO] [stdout] test tests::state_machine::given_an_fsm_a_transition_on_an_end_state_should_not_transition_state ... ok
[INFO] [stdout] test tests::state_machine::given_a_started_fsm_it_should_not_start_again ... ok
[INFO] [stdout] test tests::state_machine::given_a_new_fsm_should_not_transition_without_starting ... ok
[INFO] [stdout] test tests::state_machine::given_an_fsm_an_incorrect_event_should_not_transition_state ... ok
[INFO] [stdout] test tests::state_machine::given_an_fsm_clearing_trigger_should_not_trigger_on_transition ... ok
[INFO] [stdout] test tests::state_machine::given_an_fsm_it_should_start ... ok
[INFO] [stdout] test tests::state_machine::given_an_fsm_it_should_be_possible_to_end ... ok
[INFO] [stdout] test tests::state_machine::given_an_fsm_transitioning_through_states_it_should_be_possible_deref_current_state ... ok
[INFO] [stdout] test tests::state_machine::given_an_fsm_with_custom_triggers_for_undefined_states_should_fail_to_customize_trigger ... ok
[INFO] [stdout] test tests::state_machine::given_an_fsm_with_multiple_triggers_events_should_trigger_on_transition ... ok
[INFO] [stdout] test tests::state_machine::given_an_fsm_with_cycles_it_should_loop ... ok
[INFO] [stdout] test tests::state_machine::given_an_fsm_resetting_it_should_start_again ... ok
[INFO] [stdout] test tests::state_machine::given_an_fsm_transitioning_through_states_it_should_be_possible_get_current_state ... ok
[INFO] [stdout] test tests::state_machine::given_an_fsm_with_custom_triggers_should_trigger_on_transition ... ok
[INFO] [stdout] test tests::state_machine::given_an_fsm_with_triggers_events_should_trigger_on_transition ... ok
[INFO] [stdout] test tests::state_machine::given_an_fsm_without_cycles_it_should_end ... ok
[INFO] [stderr]    Compiling proc-macro2 v1.0.54
[INFO] [stderr]    Compiling quote v1.0.26
[INFO] [stderr]    Compiling unicode-ident v1.0.8
[INFO] [stderr]     Checking tinyvec_macros v0.1.1
[INFO] [stderr]    Compiling version_check v0.9.4
[INFO] [stderr]    Compiling serde v1.0.158
[INFO] [stderr]     Checking tinyvec v1.6.0
[INFO] [stderr]    Compiling memchr v2.5.0
[INFO] [stderr]     Checking unicode-bidi v0.3.13
[INFO] [stderr]    Compiling thiserror v1.0.40
[INFO] [stderr]    Compiling pulldown-cmark v0.8.0
[INFO] [stderr]    Compiling semver v1.0.17
[INFO] [stderr]    Compiling unicase v2.6.0
[INFO] [stderr]    Compiling syn v1.0.109
[INFO] [stderr]     Checking percent-encoding v2.2.0
[INFO] [stderr]     Checking form_urlencoded v1.1.0
[INFO] [stderr]     Checking unicode-normalization v0.1.22
[INFO] [stderr]     Checking bitflags v1.3.2
[INFO] [stderr]    Compiling syn v2.0.10
[INFO] [stderr]     Checking regex-syntax v0.6.29
[INFO] [stderr]     Checking idna v0.3.0
[INFO] [stderr]     Checking bitflags v2.0.2
[INFO] [stderr]     Checking same-file v1.0.6
[INFO] [stderr]     Checking once_cell v1.17.1
[INFO] [stderr]     Checking walkdir v2.3.3
[INFO] [stderr]     Checking url v2.3.1
[INFO] [stderr]     Checking regex v1.7.3
[INFO] [stderr]    Compiling thiserror-impl v1.0.40
[INFO] [stderr]     Checking toml v0.5.11
[INFO] [stderr]     Checking version-sync v0.9.4
[INFO] [stderr]     Checking stately v0.1.0 (/opt/rustwide/workdir)
[INFO] [stderr]     Checking stately-tests v0.0.0 (/opt/rustwide/target/tests/trybuild/stately)
[INFO] [stderr]     Finished dev [unoptimized + debuginfo] target(s) in 5.63s
[INFO] [stderr] 
[INFO] [stderr] 
[INFO] [stderr] test src/tests/invalid/given_an_end_state_it_should_define_any_or_no_triggers.rs ... mismatch
[INFO] [stderr] 
[INFO] [stderr] EXPECTED:
[INFO] [stderr] ┈┈┈┈┈┈┈┈┈┈┈┈┈┈┈┈┈┈┈┈┈┈┈┈┈┈┈┈┈┈┈┈┈┈┈┈┈┈┈┈┈┈┈┈┈┈┈┈┈┈┈┈┈┈┈┈┈┈┈┈
[INFO] [stderr] error[E0599]: no method named `build` found for associated type `<<<<impl InitialState<State, Event> as InitialState<State, Event>>::TriggerState as TriggerState<State, Event>>::TransitionState as TransitionState<State, Event>>::BuilderState as BuilderState<State, Event>>::EndState` in the current scope
[INFO] [stderr]   --> src/tests/invalid/given_an_end_state_it_should_define_any_or_no_triggers.rs:11:10
[INFO] [stderr]    |
[INFO] [stderr] 11 |         .build()?;
[INFO] [stderr]    |          ^^^^^ method not found in `<<<<impl InitialState<State, Event> as InitialState<State, Event>>::TriggerState as TriggerState<State, Event>>::TransitionState as TransitionState<State, Event>>::BuilderState as BuilderState<State, Event>>::EndState`
[INFO] [stderr] ┈┈┈┈┈┈┈┈┈┈┈┈┈┈┈┈┈┈┈┈┈┈┈┈┈┈┈┈┈┈┈┈┈┈┈┈┈┈┈┈┈┈┈┈┈┈┈┈┈┈┈┈┈┈┈┈┈┈┈┈
[INFO] [stderr] 
[INFO] [stderr] ACTUAL OUTPUT:
[INFO] [stderr] ┈┈┈┈┈┈┈┈┈┈┈┈┈┈┈┈┈┈┈┈┈┈┈┈┈┈┈┈┈┈┈┈┈┈┈┈┈┈┈┈┈┈┈┈┈┈┈┈┈┈┈┈┈┈┈┈┈┈┈┈
[INFO] [stderr] error[E0599]: no method named `build` found for associated type `<<... as TransitionState<..., ...>>::BuilderState as BuilderState<..., ...>>::EndState` in the current scope
[INFO] [stderr]   --> src/tests/invalid/given_an_end_state_it_should_define_any_or_no_triggers.rs:11:10
[INFO] [stderr]    |
[INFO] [stderr] 6  |       let _fsm = StateMachineBuilder::new()
[INFO] [stderr]    |                  --------------------------
[INFO] [stderr]    |                  |
[INFO] [stderr]    |  ________________method `build` is available on `impl InitialState<State, Event>`
[INFO] [stderr]    | |
[INFO] [stderr] 7  | |         .add_start_state(Event::Start, State::Started).unwrap()
[INFO] [stderr] 8  | |             .no_triggers()
[INFO] [stderr] 9  | |             .only_transition_on(Event::Next, State::Started).unwrap()
[INFO] [stderr]    | |                                                              -------- method `build` is available on `<<<impl InitialState<State, Event> as InitialState<State, Event>>::TriggerState as TriggerState<State, Event>>::TransitionState as TransitionState<State, Event>>::BuilderState`
[INFO] [stderr] 10 | |         .add_end_state(State::Stopped).unwrap()
[INFO] [stderr] 11 | |         .build()?;
[INFO] [stderr]    | |         -^^^^^ method not found in `<<... as TransitionState<..., ...>>::BuilderState as BuilderState<..., ...>>::EndState`
[INFO] [stderr]    | |_________|
[INFO] [stderr]    |
[INFO] [stderr]    |
[INFO] [stderr] ┈┈┈┈┈┈┈┈┈┈┈┈┈┈┈┈┈┈┈┈┈┈┈┈┈┈┈┈┈┈┈┈┈┈┈┈┈┈┈┈┈┈┈┈┈┈┈┈┈┈┈┈┈┈┈┈┈┈┈┈
[INFO] [stderr] note: If the actual output is the correct output you can bless it by rerunning
[INFO] [stderr]       your test with the environment variable TRYBUILD=overwrite
[INFO] [stderr] 
[INFO] [stderr] test src/tests/invalid/given_a_state_it_should_define_any_or_no_triggers_first.rs ... mismatch
[INFO] [stderr] 
[INFO] [stderr] EXPECTED:
[INFO] [stderr] ┈┈┈┈┈┈┈┈┈┈┈┈┈┈┈┈┈┈┈┈┈┈┈┈┈┈┈┈┈┈┈┈┈┈┈┈┈┈┈┈┈┈┈┈┈┈┈┈┈┈┈┈┈┈┈┈┈┈┈┈
[INFO] [stderr] error[E0599]: no method named `only_transition_on` found for associated type `<impl InitialState<State, Event> as InitialState<State, Event>>::TriggerState` in the current scope
[INFO] [stderr]  --> src/tests/invalid/given_a_state_it_should_define_any_or_no_triggers_first.rs:6:14
[INFO] [stderr]   |
[INFO] [stderr] 6 |             .only_transition_on(Event::Next, State::Started).unwrap()
[INFO] [stderr]   |              ^^^^^^^^^^^^^^^^^^ method not found in `<impl InitialState<State, Event> as InitialState<State, Event>>::TriggerState`
[INFO] [stderr] ┈┈┈┈┈┈┈┈┈┈┈┈┈┈┈┈┈┈┈┈┈┈┈┈┈┈┈┈┈┈┈┈┈┈┈┈┈┈┈┈┈┈┈┈┈┈┈┈┈┈┈┈┈┈┈┈┈┈┈┈
[INFO] [stderr] 
[INFO] [stderr] ACTUAL OUTPUT:
[INFO] [stderr] ┈┈┈┈┈┈┈┈┈┈┈┈┈┈┈┈┈┈┈┈┈┈┈┈┈┈┈┈┈┈┈┈┈┈┈┈┈┈┈┈┈┈┈┈┈┈┈┈┈┈┈┈┈┈┈┈┈┈┈┈
[INFO] [stderr] error[E0599]: no method named `only_transition_on` found for associated type `<impl InitialState<State, Event> as InitialState<State, Event>>::TriggerState` in the current scope
[INFO] [stderr]  --> src/tests/invalid/given_a_state_it_should_define_any_or_no_triggers_first.rs:6:14
[INFO] [stderr]   |
[INFO] [stderr] 4 |       let _fsm = StateMachineBuilder::new()
[INFO] [stderr]   |  ________________-
[INFO] [stderr] 5 | |         .add_start_state(Event::Start, State::Started).unwrap()
[INFO] [stderr] 6 | |             .only_transition_on(Event::Next, State::Started).unwrap()
[INFO] [stderr]   | |             -^^^^^^^^^^^^^^^^^^ method not found in `<impl InitialState<State, Event> as InitialState<State, Event>>::TriggerState`
[INFO] [stderr]   | |_____________|
[INFO] [stderr]   |
[INFO] [stderr] ┈┈┈┈┈┈┈┈┈┈┈┈┈┈┈┈┈┈┈┈┈┈┈┈┈┈┈┈┈┈┈┈┈┈┈┈┈┈┈┈┈┈┈┈┈┈┈┈┈┈┈┈┈┈┈┈┈┈┈┈
[INFO] [stderr] note: If the actual output is the correct output you can bless it by rerunning
[INFO] [stderr]       your test with the environment variable TRYBUILD=overwrite
[INFO] [stderr] 
[INFO] [stderr] test src/tests/invalid/given_an_end_state_it_should_not_be_possible_to_add_a_transition.rs ... mismatch
[INFO] [stderr] 
[INFO] [stderr] EXPECTED:
[INFO] [stderr] ┈┈┈┈┈┈┈┈┈┈┈┈┈┈┈┈┈┈┈┈┈┈┈┈┈┈┈┈┈┈┈┈┈┈┈┈┈┈┈┈┈┈┈┈┈┈┈┈┈┈┈┈┈┈┈┈┈┈┈┈
[INFO] [stderr] error[E0599]: no method named `only_transition` found for associated type `<<impl InitialState<State, Event> as InitialState<State, Event>>::TriggerState as TriggerState<State, Event>>::TransitionState` in the current scope
[INFO] [stderr]  --> src/tests/invalid/given_an_end_state_it_should_not_be_possible_to_add_a_transition.rs:7:14
[INFO] [stderr]   |
[INFO] [stderr] 7 |             .only_transition(Event::Stop, State::Stopped).unwrap()
[INFO] [stderr]   |              ^^^^^^^^^^^^^^^ method not found in `<<impl InitialState<State, Event> as InitialState<State, Event>>::TriggerState as TriggerState<State, Event>>::TransitionState`
[INFO] [stderr] ┈┈┈┈┈┈┈┈┈┈┈┈┈┈┈┈┈┈┈┈┈┈┈┈┈┈┈┈┈┈┈┈┈┈┈┈┈┈┈┈┈┈┈┈┈┈┈┈┈┈┈┈┈┈┈┈┈┈┈┈
[INFO] [stderr] 
[INFO] [stderr] ACTUAL OUTPUT:
[INFO] [stderr] ┈┈┈┈┈┈┈┈┈┈┈┈┈┈┈┈┈┈┈┈┈┈┈┈┈┈┈┈┈┈┈┈┈┈┈┈┈┈┈┈┈┈┈┈┈┈┈┈┈┈┈┈┈┈┈┈┈┈┈┈
[INFO] [stderr] error[E0599]: no method named `only_transition` found for associated type `<<impl InitialState<State, Event> as InitialState<State, Event>>::TriggerState as TriggerState<State, Event>>::TransitionState` in the current scope
[INFO] [stderr]  --> src/tests/invalid/given_an_end_state_it_should_not_be_possible_to_add_a_transition.rs:7:14
[INFO] [stderr]   |
[INFO] [stderr] 4 |       let _fsm = StateMachineBuilder::new()
[INFO] [stderr]   |  ________________-
[INFO] [stderr] 5 | |         .add_start_state(Event::Start, State::Started).unwrap()
[INFO] [stderr] 6 | |             .no_triggers()
[INFO] [stderr] 7 | |             .only_transition(Event::Stop, State::Stopped).unwrap()
[INFO] [stderr]   | |             -^^^^^^^^^^^^^^^ method not found in `<<impl InitialState<State, Event> as InitialState<State, Event>>::TriggerState as TriggerState<State, Event>>::TransitionState`
[INFO] [stderr]   | |_____________|
[INFO] [stderr]   |
[INFO] [stderr] ┈┈┈┈┈┈┈┈┈┈┈┈┈┈┈┈┈┈┈┈┈┈┈┈┈┈┈┈┈┈┈┈┈┈┈┈┈┈┈┈┈┈┈┈┈┈┈┈┈┈┈┈┈┈┈┈┈┈┈┈
[INFO] [stderr] note: If the actual output is the correct output you can bless it by rerunning
[INFO] [stderr]       your test with the environment variable TRYBUILD=overwrite
[INFO] [stderr] 
[INFO] [stderr] test src/tests/invalid/given_a_state_it_should_have_at_least_one_transition.rs ... mismatch
[INFO] [stderr] 
[INFO] [stderr] EXPECTED:
[INFO] [stderr] ┈┈┈┈┈┈┈┈┈┈┈┈┈┈┈┈┈┈┈┈┈┈┈┈┈┈┈┈┈┈┈┈┈┈┈┈┈┈┈┈┈┈┈┈┈┈┈┈┈┈┈┈┈┈┈┈┈┈┈┈
[INFO] [stderr] error[E0599]: no method named `build` found for associated type `<<impl InitialState<State, Event> as InitialState<State, Event>>::TriggerState as TriggerState<State, Event>>::TransitionState` in the current scope
[INFO] [stderr]  --> src/tests/invalid/given_a_state_it_should_have_at_least_one_transition.rs:7:10
[INFO] [stderr]   |
[INFO] [stderr] 7 |         .build()?;
[INFO] [stderr]   |          ^^^^^ method not found in `<<impl InitialState<State, Event> as InitialState<State, Event>>::TriggerState as TriggerState<State, Event>>::TransitionState`
[INFO] [stderr] ┈┈┈┈┈┈┈┈┈┈┈┈┈┈┈┈┈┈┈┈┈┈┈┈┈┈┈┈┈┈┈┈┈┈┈┈┈┈┈┈┈┈┈┈┈┈┈┈┈┈┈┈┈┈┈┈┈┈┈┈
[INFO] [stderr] 
[INFO] [stderr] ACTUAL OUTPUT:
[INFO] [stderr] ┈┈┈┈┈┈┈┈┈┈┈┈┈┈┈┈┈┈┈┈┈┈┈┈┈┈┈┈┈┈┈┈┈┈┈┈┈┈┈┈┈┈┈┈┈┈┈┈┈┈┈┈┈┈┈┈┈┈┈┈
[INFO] [stderr] error[E0599]: no method named `build` found for associated type `<<impl InitialState<State, Event> as InitialState<State, Event>>::TriggerState as TriggerState<State, Event>>::TransitionState` in the current scope
[INFO] [stderr]  --> src/tests/invalid/given_a_state_it_should_have_at_least_one_transition.rs:7:10
[INFO] [stderr]   |
[INFO] [stderr] 4 |       let _fsm = StateMachineBuilder::new()
[INFO] [stderr]   |  ________________-
[INFO] [stderr] 5 | |         .add_start_state(Event::Start, State::Started).unwrap()
[INFO] [stderr] 6 | |             .no_triggers()
[INFO] [stderr] 7 | |         .build()?;
[INFO] [stderr]   | |         -^^^^^ method not found in `<<impl InitialState<State, Event> as InitialState<State, Event>>::TriggerState as TriggerState<State, Event>>::TransitionState`
[INFO] [stderr]   | |_________|
[INFO] [stderr]   |
[INFO] [stderr] ┈┈┈┈┈┈┈┈┈┈┈┈┈┈┈┈┈┈┈┈┈┈┈┈┈┈┈┈┈┈┈┈┈┈┈┈┈┈┈┈┈┈┈┈┈┈┈┈┈┈┈┈┈┈┈┈┈┈┈┈
[INFO] [stderr] note: If the actual output is the correct output you can bless it by rerunning
[INFO] [stderr]       your test with the environment variable TRYBUILD=overwrite
[INFO] [stderr] 
[INFO] [stderr] test src/tests/invalid/given_a_new_state_machine_builder_it_should_have_at_least_one_state.rs ... ok
[INFO] [stderr] test src/tests/invalid/given_a_new_state_machine_builder_it_should_not_be_possible_to_add_a_normal_state_first.rs ... mismatch
[INFO] [stderr] 
[INFO] [stderr] EXPECTED:
[INFO] [stderr] ┈┈┈┈┈┈┈┈┈┈┈┈┈┈┈┈┈┈┈┈┈┈┈┈┈┈┈┈┈┈┈┈┈┈┈┈┈┈┈┈┈┈┈┈┈┈┈┈┈┈┈┈┈┈┈┈┈┈┈┈
[INFO] [stderr] error[E0599]: no method named `add_state` found for opaque type `impl InitialState<_, _>` in the current scope
[INFO] [stderr]  --> src/tests/invalid/given_a_new_state_machine_builder_it_should_not_be_possible_to_add_a_normal_state_first.rs:5:10
[INFO] [stderr]   |
[INFO] [stderr] 5 |         .add_state(State::Step42);
[INFO] [stderr]   |          ^^^^^^^^^ method not found in `impl InitialState<_, _>`
[INFO] [stderr] ┈┈┈┈┈┈┈┈┈┈┈┈┈┈┈┈┈┈┈┈┈┈┈┈┈┈┈┈┈┈┈┈┈┈┈┈┈┈┈┈┈┈┈┈┈┈┈┈┈┈┈┈┈┈┈┈┈┈┈┈
[INFO] [stderr] 
[INFO] [stderr] ACTUAL OUTPUT:
[INFO] [stderr] ┈┈┈┈┈┈┈┈┈┈┈┈┈┈┈┈┈┈┈┈┈┈┈┈┈┈┈┈┈┈┈┈┈┈┈┈┈┈┈┈┈┈┈┈┈┈┈┈┈┈┈┈┈┈┈┈┈┈┈┈
[INFO] [stderr] error[E0599]: no method named `add_state` found for opaque type `impl InitialState<_, _>` in the current scope
[INFO] [stderr]  --> src/tests/invalid/given_a_new_state_machine_builder_it_should_not_be_possible_to_add_a_normal_state_first.rs:5:10
[INFO] [stderr]   |
[INFO] [stderr] 4 |       let _fsm = StateMachineBuilder::new()
[INFO] [stderr]   |  ________________-
[INFO] [stderr] 5 | |         .add_state(State::Step42);
[INFO] [stderr]   | |         -^^^^^^^^^ method not found in `impl InitialState<_, _>`
[INFO] [stderr]   | |_________|
[INFO] [stderr]   |
[INFO] [stderr] ┈┈┈┈┈┈┈┈┈┈┈┈┈┈┈┈┈┈┈┈┈┈┈┈┈┈┈┈┈┈┈┈┈┈┈┈┈┈┈┈┈┈┈┈┈┈┈┈┈┈┈┈┈┈┈┈┈┈┈┈
[INFO] [stderr] note: If the actual output is the correct output you can bless it by rerunning
[INFO] [stderr]       your test with the environment variable TRYBUILD=overwrite
[INFO] [stderr] 
[INFO] [stderr] 
[INFO] [stderr] 
[INFO] [stdout] test tests::invalid::invalid_fsm_builders ... FAILED
[INFO] [stdout] 
[INFO] [stdout] failures:
[INFO] [stdout] 
[INFO] [stdout] ---- tests::invalid::invalid_fsm_builders stdout ----
[INFO] [stdout] thread 'tests::invalid::invalid_fsm_builders' panicked at /opt/rustwide/cargo-home/registry/src/index.crates.io-6f17d22bba15001f/trybuild-1.0.80/src/run.rs:101:13:
[INFO] [stdout] 5 of 6 tests failed
[INFO] [stdout] stack backtrace:
[INFO] [stdout]    0:     0x5610930195cc - std::backtrace_rs::backtrace::libunwind::trace::ha637c64ce894333a
[INFO] [stdout]                                at /rustc/82e1608dfa6e0b5569232559e3d385fea5a93112/library/std/src/../../backtrace/src/backtrace/libunwind.rs:104:5
[INFO] [stdout]    1:     0x5610930195cc - std::backtrace_rs::backtrace::trace_unsynchronized::h47f62dea28e0c88d
[INFO] [stdout]                                at /rustc/82e1608dfa6e0b5569232559e3d385fea5a93112/library/std/src/../../backtrace/src/backtrace/mod.rs:66:5
[INFO] [stdout]    2:     0x5610930195cc - std::sys_common::backtrace::_print_fmt::h9eef0abe20ede486
[INFO] [stdout]                                at /rustc/82e1608dfa6e0b5569232559e3d385fea5a93112/library/std/src/sys_common/backtrace.rs:67:5
[INFO] [stdout]    3:     0x5610930195cc - <std::sys_common::backtrace::_print::DisplayBacktrace as core::fmt::Display>::fmt::hed7f999df88cc644
[INFO] [stdout]                                at /rustc/82e1608dfa6e0b5569232559e3d385fea5a93112/library/std/src/sys_common/backtrace.rs:44:22
[INFO] [stdout]    4:     0x561093045b60 - core::fmt::rt::Argument::fmt::h1539a9308b8d058d
[INFO] [stdout]                                at /rustc/82e1608dfa6e0b5569232559e3d385fea5a93112/library/core/src/fmt/rt.rs:142:9
[INFO] [stdout]    5:     0x561093045b60 - core::fmt::write::h3a39390d8560d9c9
[INFO] [stdout]                                at /rustc/82e1608dfa6e0b5569232559e3d385fea5a93112/library/core/src/fmt/mod.rs:1120:17
[INFO] [stdout]    6:     0x56109301647f - std::io::Write::write_fmt::h040b369f3a0f9cbc
[INFO] [stdout]                                at /rustc/82e1608dfa6e0b5569232559e3d385fea5a93112/library/std/src/io/mod.rs:1762:15
[INFO] [stdout]    7:     0x5610930193b4 - std::sys_common::backtrace::_print::h894006fb5c6f3d45
[INFO] [stdout]                                at /rustc/82e1608dfa6e0b5569232559e3d385fea5a93112/library/std/src/sys_common/backtrace.rs:47:5
[INFO] [stdout]    8:     0x5610930193b4 - std::sys_common::backtrace::print::h23a2d212c6fff936
[INFO] [stdout]                                at /rustc/82e1608dfa6e0b5569232559e3d385fea5a93112/library/std/src/sys_common/backtrace.rs:34:9
[INFO] [stdout]    9:     0x56109301b077 - std::panicking::default_hook::{{closure}}::h8a1d2ee00185001a
[INFO] [stdout]   10:     0x56109301ad63 - std::panicking::default_hook::h6038f2eba384e475
[INFO] [stdout]                                at /rustc/82e1608dfa6e0b5569232559e3d385fea5a93112/library/std/src/panicking.rs:289:9
[INFO] [stdout]   11:     0x561092fe9757 - <alloc::boxed::Box<F,A> as core::ops::function::Fn<Args>>::call::h0ad024c9bdc6d768
[INFO] [stdout]                                at /rustc/82e1608dfa6e0b5569232559e3d385fea5a93112/library/alloc/src/boxed.rs:2021:9
[INFO] [stdout]   12:     0x561092fe9757 - test::test_main::{{closure}}::h7500b54257359db6
[INFO] [stdout]                                at /rustc/82e1608dfa6e0b5569232559e3d385fea5a93112/library/test/src/lib.rs:138:21
[INFO] [stdout]   13:     0x56109301b688 - <alloc::boxed::Box<F,A> as core::ops::function::Fn<Args>>::call::h1f8f335eaa9cfaee
[INFO] [stdout]                                at /rustc/82e1608dfa6e0b5569232559e3d385fea5a93112/library/alloc/src/boxed.rs:2021:9
[INFO] [stdout]   14:     0x56109301b688 - std::panicking::rust_panic_with_hook::h2b5517d590cab22e
[INFO] [stdout]                                at /rustc/82e1608dfa6e0b5569232559e3d385fea5a93112/library/std/src/panicking.rs:783:13
[INFO] [stdout]   15:     0x56109301b3de - std::panicking::begin_panic_handler::{{closure}}::h233112c06e0ef43e
[INFO] [stdout]                                at /rustc/82e1608dfa6e0b5569232559e3d385fea5a93112/library/std/src/panicking.rs:657:13
[INFO] [stdout]   16:     0x561093019a96 - std::sys_common::backtrace::__rust_end_short_backtrace::h6e893f24d7ebbff8
[INFO] [stdout]                                at /rustc/82e1608dfa6e0b5569232559e3d385fea5a93112/library/std/src/sys_common/backtrace.rs:170:18
[INFO] [stdout]   17:     0x56109301b142 - rust_begin_unwind
[INFO] [stdout]                                at /rustc/82e1608dfa6e0b5569232559e3d385fea5a93112/library/std/src/panicking.rs:645:5
[INFO] [stdout]   18:     0x561092d5b1a5 - core::panicking::panic_fmt::hbf0e066aabfa482c
[INFO] [stdout]                                at /rustc/82e1608dfa6e0b5569232559e3d385fea5a93112/library/core/src/panicking.rs:72:14
[INFO] [stdout]   19:     0x561092dec1bb - trybuild::run::<impl trybuild::Runner>::run::he94903e44da92e02
[INFO] [stdout]                                at /opt/rustwide/cargo-home/registry/src/index.crates.io-6f17d22bba15001f/trybuild-1.0.80/src/run.rs:101:13
[INFO] [stdout]   20:     0x561092df1878 - <trybuild::TestCases as core::ops::drop::Drop>::drop::h653cbfa33f3b36b9
[INFO] [stdout]                                at /opt/rustwide/cargo-home/registry/src/index.crates.io-6f17d22bba15001f/trybuild-1.0.80/src/lib.rs:315:13
[INFO] [stdout]   21:     0x561092d90fb7 - core::ptr::drop_in_place<trybuild::TestCases>::h51d68387bef6b327
[INFO] [stdout]                                at /rustc/82e1608dfa6e0b5569232559e3d385fea5a93112/library/core/src/ptr/mod.rs:498:1
[INFO] [stdout]   22:     0x561092d93cf1 - stately::tests::invalid::invalid_fsm_builders::heb1764e248827986
[INFO] [stdout]                                at /opt/rustwide/workdir/src/tests/invalid.rs:21:1
[INFO] [stdout]   23:     0x561092d93b57 - stately::tests::invalid::invalid_fsm_builders::{{closure}}::h2ae749f13b90e469
[INFO] [stdout]                                at /opt/rustwide/workdir/src/tests/invalid.rs:3:26
[INFO] [stdout]   24:     0x561092d8e8b6 - core::ops::function::FnOnce::call_once::h24a1dc5b04112b1a
[INFO] [stdout]                                at /rustc/82e1608dfa6e0b5569232559e3d385fea5a93112/library/core/src/ops/function.rs:250:5
[INFO] [stdout]   25:     0x561092feedaf - core::ops::function::FnOnce::call_once::h2b5d431d5046312d
[INFO] [stdout]                                at /rustc/82e1608dfa6e0b5569232559e3d385fea5a93112/library/core/src/ops/function.rs:250:5
[INFO] [stdout]   26:     0x561092feedaf - test::__rust_begin_short_backtrace::h7714669af176e207
[INFO] [stdout]                                at /rustc/82e1608dfa6e0b5569232559e3d385fea5a93112/library/test/src/lib.rs:628:18
[INFO] [stdout]   27:     0x561092feddc5 - test::run_test_in_process::{{closure}}::h85218797dcbcec12
[INFO] [stdout]                                at /rustc/82e1608dfa6e0b5569232559e3d385fea5a93112/library/test/src/lib.rs:651:60
[INFO] [stdout]   28:     0x561092feddc5 - <core::panic::unwind_safe::AssertUnwindSafe<F> as core::ops::function::FnOnce<()>>::call_once::h76c106ea31c14d7b
[INFO] [stdout]                                at /rustc/82e1608dfa6e0b5569232559e3d385fea5a93112/library/core/src/panic/unwind_safe.rs:272:9
[INFO] [stdout]   29:     0x561092feddc5 - std::panicking::try::do_call::h3bd5d0f6620ee946
[INFO] [stdout]                                at /rustc/82e1608dfa6e0b5569232559e3d385fea5a93112/library/std/src/panicking.rs:552:40
[INFO] [stdout]   30:     0x561092feddc5 - std::panicking::try::h232e535e4744fe31
[INFO] [stdout]                                at /rustc/82e1608dfa6e0b5569232559e3d385fea5a93112/library/std/src/panicking.rs:516:19
[INFO] [stdout]   31:     0x561092feddc5 - std::panic::catch_unwind::h3ce3bd6ca8dbac68
[INFO] [stdout]                                at /rustc/82e1608dfa6e0b5569232559e3d385fea5a93112/library/std/src/panic.rs:142:14
[INFO] [stdout]   32:     0x561092feddc5 - test::run_test_in_process::hc97b257c9621286a
[INFO] [stdout]                                at /rustc/82e1608dfa6e0b5569232559e3d385fea5a93112/library/test/src/lib.rs:651:27
[INFO] [stdout]   33:     0x561092feddc5 - test::run_test::{{closure}}::h2aa798823a438d38
[INFO] [stdout]                                at /rustc/82e1608dfa6e0b5569232559e3d385fea5a93112/library/test/src/lib.rs:574:43
[INFO] [stdout]   34:     0x561092fb6086 - test::run_test::{{closure}}::h87d231c78fb59832
[INFO] [stdout]                                at /rustc/82e1608dfa6e0b5569232559e3d385fea5a93112/library/test/src/lib.rs:602:41
[INFO] [stdout]   35:     0x561092fb6086 - std::sys_common::backtrace::__rust_begin_short_backtrace::he6df152596625789
[INFO] [stdout]                                at /rustc/82e1608dfa6e0b5569232559e3d385fea5a93112/library/std/src/sys_common/backtrace.rs:154:18
[INFO] [stdout]   36:     0x561092fbb137 - std::thread::Builder::spawn_unchecked_::{{closure}}::{{closure}}::ha94be15d1e0acf36
[INFO] [stdout]                                at /rustc/82e1608dfa6e0b5569232559e3d385fea5a93112/library/std/src/thread/mod.rs:529:17
[INFO] [stdout]   37:     0x561092fbb137 - <core::panic::unwind_safe::AssertUnwindSafe<F> as core::ops::function::FnOnce<()>>::call_once::h9dc6bd6372f16606
[INFO] [stdout]                                at /rustc/82e1608dfa6e0b5569232559e3d385fea5a93112/library/core/src/panic/unwind_safe.rs:272:9
[INFO] [stdout]   38:     0x561092fbb137 - std::panicking::try::do_call::h9057517f80303cd4
[INFO] [stdout]                                at /rustc/82e1608dfa6e0b5569232559e3d385fea5a93112/library/std/src/panicking.rs:552:40
[INFO] [stdout]   39:     0x561092fbb137 - std::panicking::try::he3a30b11ee45340c
[INFO] [stdout]                                at /rustc/82e1608dfa6e0b5569232559e3d385fea5a93112/library/std/src/panicking.rs:516:19
[INFO] [stdout]   40:     0x561092fbb137 - std::panic::catch_unwind::h410458cfd3528b8b
[INFO] [stdout]                                at /rustc/82e1608dfa6e0b5569232559e3d385fea5a93112/library/std/src/panic.rs:142:14
[INFO] [stdout]   41:     0x561092fbb137 - std::thread::Builder::spawn_unchecked_::{{closure}}::h72ac3bdb567b737b
[INFO] [stdout]                                at /rustc/82e1608dfa6e0b5569232559e3d385fea5a93112/library/std/src/thread/mod.rs:528:30
[INFO] [stdout]   42:     0x561092fbb137 - core::ops::function::FnOnce::call_once{{vtable.shim}}::h38f34da3654a8344
[INFO] [stdout]                                at /rustc/82e1608dfa6e0b5569232559e3d385fea5a93112/library/core/src/ops/function.rs:250:5
[INFO] [stdout]   43:     0x5610930213a5 - <alloc::boxed::Box<F,A> as core::ops::function::FnOnce<Args>>::call_once::hc7eafaff61e32df9
[INFO] [stdout]                                at /rustc/82e1608dfa6e0b5569232559e3d385fea5a93112/library/alloc/src/boxed.rs:2007:9
[INFO] [stdout]   44:     0x5610930213a5 - <alloc::boxed::Box<F,A> as core::ops::function::FnOnce<Args>>::call_once::h6ba4a5de48dd2304
[INFO] [stdout]                                at /rustc/82e1608dfa6e0b5569232559e3d385fea5a93112/library/alloc/src/boxed.rs:2007:9
[INFO] [stdout]   45:     0x5610930213a5 - std::sys::unix::thread::Thread::new::thread_start::he469335aef763e45
[INFO] [stdout]                                at /rustc/82e1608dfa6e0b5569232559e3d385fea5a93112/library/std/src/sys/unix/thread.rs:108:17
[INFO] [stdout]   46:     0x7f3443ab3ac3 - <unknown>
[INFO] [stdout]   47:     0x7f3443b44bf4 - __clone
[INFO] [stdout]   48:                0x0 - <unknown>
[INFO] [stdout] 
[INFO] [stdout] 
[INFO] [stdout] failures:
[INFO] [stdout]     tests::invalid::invalid_fsm_builders
[INFO] [stdout] 
[INFO] [stdout] test result: FAILED. 41 passed; 1 failed; 0 ignored; 0 measured; 0 filtered out; finished in 6.76s
[INFO] [stdout] 
[INFO] [stderr] error: test failed, to rerun pass `--lib`
[INFO] running `Command { std: "docker" "inspect" "273dce469c55ee341678ed33110f531b91e6ce5fd3764890c71ec9da89a393fb", kill_on_drop: false }`
[INFO] running `Command { std: "docker" "rm" "-f" "273dce469c55ee341678ed33110f531b91e6ce5fd3764890c71ec9da89a393fb", kill_on_drop: false }`
[INFO] [stdout] 273dce469c55ee341678ed33110f531b91e6ce5fd3764890c71ec9da89a393fb
[INFO] testing Nejat/stately against beta-2023-12-22 for beta-1.76-1
[INFO] running `Command { std: "git" "clone" "/workspace/cache/git-repos/https%3A%2F%2Fgithub.com%2FNejat%2Fstately" "/workspace/builds/worker-3-tc2/source", kill_on_drop: false }`
[INFO] [stderr] Cloning into '/workspace/builds/worker-3-tc2/source'...
[INFO] [stderr] done.
[INFO] validating manifest of git repo https://github.com/Nejat/stately on toolchain beta-2023-12-22
[INFO] running `Command { std: CARGO_HOME="/workspace/cargo-home" RUSTUP_HOME="/workspace/rustup-home" "/workspace/cargo-home/bin/cargo" "+beta-2023-12-22" "metadata" "--manifest-path" "Cargo.toml" "--no-deps", kill_on_drop: false }`
[INFO] started tweaking git repo https://github.com/Nejat/stately
[INFO] finished tweaking git repo https://github.com/Nejat/stately
[INFO] tweaked toml for git repo https://github.com/Nejat/stately written to /workspace/builds/worker-3-tc2/source/Cargo.toml
[INFO] crate git repo https://github.com/Nejat/stately already has a lockfile, it will not be regenerated
[INFO] running `Command { std: CARGO_HOME="/workspace/cargo-home" RUSTUP_HOME="/workspace/rustup-home" "/workspace/cargo-home/bin/cargo" "+beta-2023-12-22" "fetch" "--manifest-path" "Cargo.toml", kill_on_drop: false }`
[INFO] running `Command { std: "docker" "create" "-v" "/var/lib/crater-agent-workspace/builds/worker-3-tc2/target:/opt/rustwide/target:rw,Z" "-v" "/var/lib/crater-agent-workspace/builds/worker-3-tc2/source:/opt/rustwide/workdir:ro,Z" "-v" "/var/lib/crater-agent-workspace/cargo-home:/opt/rustwide/cargo-home:ro,Z" "-v" "/var/lib/crater-agent-workspace/rustup-home:/opt/rustwide/rustup-home:ro,Z" "-e" "SOURCE_DIR=/opt/rustwide/workdir" "-e" "CARGO_TARGET_DIR=/opt/rustwide/target" "-e" "CARGO_HOME=/opt/rustwide/cargo-home" "-e" "RUSTUP_HOME=/opt/rustwide/rustup-home" "-w" "/opt/rustwide/workdir" "-m" "1610612736" "--user" "0:0" "--network" "none" "ghcr.io/rust-lang/crates-build-env/linux@sha256:2788e3201cd34a07e3172128adcd8b3090168a8e3bcc40d7c032b9dda1df7d1c" "/opt/rustwide/cargo-home/bin/cargo" "+beta-2023-12-22" "metadata" "--no-deps" "--format-version=1", kill_on_drop: false }`
[INFO] [stdout] f41fddf329db6dff9c9b93077945f690762b71298372ddd965612af226af9c73
[INFO] running `Command { std: "docker" "start" "-a" "f41fddf329db6dff9c9b93077945f690762b71298372ddd965612af226af9c73", kill_on_drop: false }`
[INFO] running `Command { std: "docker" "inspect" "f41fddf329db6dff9c9b93077945f690762b71298372ddd965612af226af9c73", kill_on_drop: false }`
[INFO] running `Command { std: "docker" "rm" "-f" "f41fddf329db6dff9c9b93077945f690762b71298372ddd965612af226af9c73", kill_on_drop: false }`
[INFO] [stdout] f41fddf329db6dff9c9b93077945f690762b71298372ddd965612af226af9c73
[INFO] running `Command { std: "docker" "create" "-v" "/var/lib/crater-agent-workspace/builds/worker-3-tc2/target:/opt/rustwide/target:rw,Z" "-v" "/var/lib/crater-agent-workspace/builds/worker-3-tc2/source:/opt/rustwide/workdir:ro,Z" "-v" "/var/lib/crater-agent-workspace/cargo-home:/opt/rustwide/cargo-home:ro,Z" "-v" "/var/lib/crater-agent-workspace/rustup-home:/opt/rustwide/rustup-home:ro,Z" "-e" "SOURCE_DIR=/opt/rustwide/workdir" "-e" "CARGO_TARGET_DIR=/opt/rustwide/target" "-e" "CARGO_INCREMENTAL=0" "-e" "RUST_BACKTRACE=full" "-e" "RUSTFLAGS=--cap-lints=warn" "-e" "RUSTDOCFLAGS=--cap-lints=warn" "-e" "CARGO_HOME=/opt/rustwide/cargo-home" "-e" "RUSTUP_HOME=/opt/rustwide/rustup-home" "-w" "/opt/rustwide/workdir" "-m" "1610612736" "--user" "0:0" "--network" "none" "ghcr.io/rust-lang/crates-build-env/linux@sha256:2788e3201cd34a07e3172128adcd8b3090168a8e3bcc40d7c032b9dda1df7d1c" "/opt/rustwide/cargo-home/bin/cargo" "+beta-2023-12-22" "build" "--frozen" "--message-format=json", kill_on_drop: false }`
[INFO] [stdout] 934b34652eff0a5c3595e7af052ee70b277df1ef7994bc83d92398d490e3f092
[INFO] running `Command { std: "docker" "start" "-a" "934b34652eff0a5c3595e7af052ee70b277df1ef7994bc83d92398d490e3f092", kill_on_drop: false }`
[INFO] [stderr]    Compiling proc-macro2 v1.0.54
[INFO] [stderr]    Compiling unicode-ident v1.0.8
[INFO] [stderr]    Compiling quote v1.0.26
[INFO] [stderr]    Compiling thiserror v1.0.40
[INFO] [stderr]    Compiling bitflags v2.0.2
[INFO] [stderr]    Compiling syn v2.0.10
[INFO] [stderr]    Compiling thiserror-impl v1.0.40
[INFO] [stderr]    Compiling stately v0.1.0 (/opt/rustwide/workdir)
[INFO] [stderr]     Finished dev [unoptimized + debuginfo] target(s) in 3.28s
[INFO] running `Command { std: "docker" "inspect" "934b34652eff0a5c3595e7af052ee70b277df1ef7994bc83d92398d490e3f092", kill_on_drop: false }`
[INFO] running `Command { std: "docker" "rm" "-f" "934b34652eff0a5c3595e7af052ee70b277df1ef7994bc83d92398d490e3f092", kill_on_drop: false }`
[INFO] [stdout] 934b34652eff0a5c3595e7af052ee70b277df1ef7994bc83d92398d490e3f092
[INFO] running `Command { std: "docker" "create" "-v" "/var/lib/crater-agent-workspace/builds/worker-3-tc2/target:/opt/rustwide/target:rw,Z" "-v" "/var/lib/crater-agent-workspace/builds/worker-3-tc2/source:/opt/rustwide/workdir:ro,Z" "-v" "/var/lib/crater-agent-workspace/cargo-home:/opt/rustwide/cargo-home:ro,Z" "-v" "/var/lib/crater-agent-workspace/rustup-home:/opt/rustwide/rustup-home:ro,Z" "-e" "SOURCE_DIR=/opt/rustwide/workdir" "-e" "CARGO_TARGET_DIR=/opt/rustwide/target" "-e" "CARGO_INCREMENTAL=0" "-e" "RUST_BACKTRACE=full" "-e" "RUSTFLAGS=--cap-lints=warn" "-e" "RUSTDOCFLAGS=--cap-lints=warn" "-e" "CARGO_HOME=/opt/rustwide/cargo-home" "-e" "RUSTUP_HOME=/opt/rustwide/rustup-home" "-w" "/opt/rustwide/workdir" "-m" "1610612736" "--user" "0:0" "--network" "none" "ghcr.io/rust-lang/crates-build-env/linux@sha256:2788e3201cd34a07e3172128adcd8b3090168a8e3bcc40d7c032b9dda1df7d1c" "/opt/rustwide/cargo-home/bin/cargo" "+beta-2023-12-22" "test" "--frozen" "--no-run" "--message-format=json", kill_on_drop: false }`
[INFO] [stdout] 5f058fb163a9cc6ffe651b023bde593516cd65a79b2e1b31f31d518892817067
[INFO] running `Command { std: "docker" "start" "-a" "5f058fb163a9cc6ffe651b023bde593516cd65a79b2e1b31f31d518892817067", kill_on_drop: false }`
[INFO] [stderr]    Compiling unicode-ident v1.0.8
[INFO] [stderr]    Compiling serde v1.0.158
[INFO] [stderr]    Compiling tinyvec_macros v0.1.1
[INFO] [stderr]    Compiling proc-macro2 v1.0.54
[INFO] [stderr]    Compiling unicase v2.6.0
[INFO] [stderr]    Compiling quote v1.0.26
[INFO] [stderr]    Compiling semver v1.0.17
[INFO] [stderr]    Compiling pulldown-cmark v0.8.0
[INFO] [stderr]    Compiling tinyvec v1.6.0
[INFO] [stderr]    Compiling serde_derive v1.0.158
[INFO] [stderr]    Compiling serde_json v1.0.94
[INFO] [stderr]    Compiling unicode-bidi v0.3.13
[INFO] [stderr]    Compiling percent-encoding v2.2.0
[INFO] [stderr]    Compiling syn v1.0.109
[INFO] [stderr]    Compiling syn v2.0.10
[INFO] [stderr]    Compiling unicode-normalization v0.1.22
[INFO] [stderr]    Compiling form_urlencoded v1.1.0
[INFO] [stderr]    Compiling itoa v1.0.6
[INFO] [stderr]    Compiling trybuild v1.0.80
[INFO] [stderr]    Compiling regex-syntax v0.6.29
[INFO] [stderr]    Compiling ryu v1.0.13
[INFO] [stderr]    Compiling idna v0.3.0
[INFO] [stderr]    Compiling same-file v1.0.6
[INFO] [stderr]    Compiling termcolor v1.2.0
[INFO] [stderr]    Compiling once_cell v1.17.1
[INFO] [stderr]    Compiling url v2.3.1
[INFO] [stderr]    Compiling dissimilar v1.0.6
[INFO] [stderr]    Compiling glob v0.3.1
[INFO] [stderr]    Compiling walkdir v2.3.3
[INFO] [stderr]    Compiling regex v1.7.3
[INFO] [stderr]    Compiling toml v0.5.11
[INFO] [stderr]    Compiling basic-toml v0.1.2
[INFO] [stderr]    Compiling thiserror-impl v1.0.40
[INFO] [stderr]    Compiling version-sync v0.9.4
[INFO] [stderr]    Compiling thiserror v1.0.40
[INFO] [stderr]    Compiling stately v0.1.0 (/opt/rustwide/workdir)
[INFO] [stderr]     Finished test [unoptimized + debuginfo] target(s) in 13.35s
[INFO] running `Command { std: "docker" "inspect" "5f058fb163a9cc6ffe651b023bde593516cd65a79b2e1b31f31d518892817067", kill_on_drop: false }`
[INFO] running `Command { std: "docker" "rm" "-f" "5f058fb163a9cc6ffe651b023bde593516cd65a79b2e1b31f31d518892817067", kill_on_drop: false }`
[INFO] [stdout] 5f058fb163a9cc6ffe651b023bde593516cd65a79b2e1b31f31d518892817067
[INFO] running `Command { std: "docker" "create" "-v" "/var/lib/crater-agent-workspace/builds/worker-3-tc2/target:/opt/rustwide/target:rw,Z" "-v" "/var/lib/crater-agent-workspace/builds/worker-3-tc2/source:/opt/rustwide/workdir:ro,Z" "-v" "/var/lib/crater-agent-workspace/cargo-home:/opt/rustwide/cargo-home:ro,Z" "-v" "/var/lib/crater-agent-workspace/rustup-home:/opt/rustwide/rustup-home:ro,Z" "-e" "SOURCE_DIR=/opt/rustwide/workdir" "-e" "CARGO_TARGET_DIR=/opt/rustwide/target" "-e" "CARGO_INCREMENTAL=0" "-e" "RUST_BACKTRACE=full" "-e" "RUSTFLAGS=--cap-lints=warn" "-e" "RUSTDOCFLAGS=--cap-lints=warn" "-e" "CARGO_HOME=/opt/rustwide/cargo-home" "-e" "RUSTUP_HOME=/opt/rustwide/rustup-home" "-w" "/opt/rustwide/workdir" "-m" "1610612736" "--user" "0:0" "--network" "none" "ghcr.io/rust-lang/crates-build-env/linux@sha256:2788e3201cd34a07e3172128adcd8b3090168a8e3bcc40d7c032b9dda1df7d1c" "/opt/rustwide/cargo-home/bin/cargo" "+beta-2023-12-22" "test" "--frozen", kill_on_drop: false }`
[INFO] [stdout] f27924f6cd7e853f441b3a107c21927bc30df2d0d2cd43ad96000fa5a9737d29
[INFO] running `Command { std: "docker" "start" "-a" "f27924f6cd7e853f441b3a107c21927bc30df2d0d2cd43ad96000fa5a9737d29", kill_on_drop: false }`
[INFO] [stderr]     Finished test [unoptimized + debuginfo] target(s) in 0.03s
[INFO] [stderr]      Running unittests src/lib.rs (/opt/rustwide/target/debug/deps/stately-52b389f88881bb4c)
[INFO] [stdout] 
[INFO] [stdout] running 42 tests
[INFO] [stdout] test tests::builder::given_a_start_end_state_it_should_be_possible_to_define_multiple_triggers ... ok
[INFO] [stdout] test tests::builder::given_a_start_end_state_it_should_be_possible_to_define_no_triggers ... ok
[INFO] [stdout] test tests::builder::given_a_start_state_it_should_be_possible_to_define_multiple_transitions ... ok
[INFO] [stdout] test tests::builder::given_a_start_end_state_it_should_be_possible_to_define_only_one_trigger ... ok
[INFO] [stdout] test tests::builder::given_a_start_state_it_should_be_possible_to_define_multiple_triggers ... ok
[INFO] [stdout] test tests::builder::given_a_start_state_it_should_be_possible_to_define_no_triggers ... ok
[INFO] [stdout] test tests::builder::given_a_start_state_it_should_be_possible_to_define_only_one_transition ... ok
[INFO] [stdout] test tests::builder::given_a_start_state_it_should_be_possible_to_define_only_one_trigger ... ok
[INFO] [stdout] test tests::builder::given_a_state_it_should_be_possible_to_define_multiple_transitions ... ok
[INFO] [stdout] test tests::builder::given_a_state_it_should_be_possible_to_define_multiple_triggers ... ok
[INFO] [stdout] test tests::builder::given_a_state_it_should_be_possible_to_define_no_triggers ... ok
[INFO] [stdout] test tests::builder::given_a_state_it_should_be_possible_to_define_only_one_transition ... ok
[INFO] [stdout] test tests::builder::given_a_state_it_should_be_possible_to_define_only_one_trigger ... ok
[INFO] [stdout] test tests::builder::given_an_end_state_it_should_be_possible_to_define_multiple_triggers ... ok
[INFO] [stdout] test tests::builder::given_an_end_state_it_should_be_possible_to_define_no_triggers ... ok
[INFO] [stdout] test tests::builder::given_an_unreachable_state_should_not_build_fsm ... ok
[INFO] [stdout] test tests::builder::given_an_initial_state_definition_should_not_build_fsm ... ok
[INFO] [stdout] test tests::builder::given_duplicate_transitions_should_not_build_fsm ... ok
[INFO] [stdout] test tests::builder::given_duplicate_states_should_not_build_fsm ... ok
[INFO] [stdout] test tests::builder::given_an_undefined_state_should_not_build_fsm ... ok
[INFO] [stdout] test tests::builder::given_an_end_state_it_should_be_possible_to_define_only_one_trigger ... ok
[INFO] [stdout] test tests::builder::given_no_cycles_an_fsm_should_define_an_end_state ... ok
[INFO] [stdout] test tests::builder::given_no_end_states_fsm_should_define_a_cycle ... ok
[INFO] [stdout] test tests::state_machine::given_a_new_fsm_should_not_transition_without_starting ... ok
[INFO] [stdout] test tests::state_machine::given_a_new_fsm_should_not_start_with_incorrect_event ... ok
[INFO] [stdout] test tests::state_machine::given_a_started_fsm_it_should_not_start_again ... ok
[INFO] [stdout] test tests::state_machine::given_an_fsm_a_transition_on_an_end_state_should_not_transition_state ... ok
[INFO] [stdout] test tests::state_machine::given_an_fsm_an_event_should_transition_state ... ok
[INFO] [stdout] test tests::state_machine::given_an_fsm_it_should_be_possible_to_end ... ok
[INFO] [stdout] test tests::state_machine::given_an_fsm_it_should_start ... ok
[INFO] [stdout] test tests::state_machine::given_an_fsm_an_incorrect_event_should_not_transition_state ... ok
[INFO] [stdout] test tests::state_machine::given_an_fsm_clearing_trigger_should_not_trigger_on_transition ... ok
[INFO] [stdout] test tests::state_machine::given_an_fsm_resetting_it_should_start_again ... ok
[INFO] [stdout] test tests::state_machine::given_an_fsm_transitioning_through_states_it_should_be_possible_get_current_state ... ok
[INFO] [stdout] test tests::state_machine::given_an_fsm_with_custom_triggers_should_trigger_on_transition ... ok
[INFO] [stdout] test tests::state_machine::given_an_fsm_transitioning_through_states_it_should_be_possible_deref_current_state ... ok
[INFO] [stdout] test tests::state_machine::given_an_fsm_with_multiple_triggers_events_should_trigger_on_transition ... ok
[INFO] [stdout] test tests::state_machine::given_an_fsm_without_cycles_it_should_end ... ok
[INFO] [stdout] test tests::state_machine::given_an_fsm_with_custom_triggers_for_undefined_states_should_fail_to_customize_trigger ... ok
[INFO] [stdout] test tests::state_machine::given_an_fsm_with_cycles_it_should_loop ... ok
[INFO] [stdout] test tests::state_machine::given_an_fsm_with_triggers_events_should_trigger_on_transition ... ok
[INFO] [stderr]    Compiling proc-macro2 v1.0.54
[INFO] [stderr]    Compiling unicode-ident v1.0.8
[INFO] [stderr]    Compiling quote v1.0.26
[INFO] [stderr]     Checking tinyvec_macros v0.1.1
[INFO] [stderr]    Compiling version_check v0.9.4
[INFO] [stderr]    Compiling serde v1.0.158
[INFO] [stderr]     Checking tinyvec v1.6.0
[INFO] [stderr]    Compiling memchr v2.5.0
[INFO] [stderr]     Checking percent-encoding v2.2.0
[INFO] [stderr]    Compiling thiserror v1.0.40
[INFO] [stderr]    Compiling syn v1.0.109
[INFO] [stderr]    Compiling pulldown-cmark v0.8.0
[INFO] [stderr]    Compiling unicase v2.6.0
[INFO] [stderr]     Checking unicode-bidi v0.3.13
[INFO] [stderr]    Compiling semver v1.0.17
[INFO] [stderr]     Checking form_urlencoded v1.1.0
[INFO] [stderr]     Checking unicode-normalization v0.1.22
[INFO] [stderr]     Checking bitflags v1.3.2
[INFO] [stderr]     Checking regex-syntax v0.6.29
[INFO] [stderr]    Compiling syn v2.0.10
[INFO] [stderr]     Checking same-file v1.0.6
[INFO] [stderr]     Checking idna v0.3.0
[INFO] [stderr]     Checking bitflags v2.0.2
[INFO] [stderr]     Checking walkdir v2.3.3
[INFO] [stderr]     Checking once_cell v1.17.1
[INFO] [stderr]     Checking url v2.3.1
[INFO] [stderr]     Checking regex v1.7.3
[INFO] [stderr]    Compiling thiserror-impl v1.0.40
[INFO] [stderr]     Checking toml v0.5.11
[INFO] [stderr]     Checking version-sync v0.9.4
[INFO] [stderr]     Checking stately v0.1.0 (/opt/rustwide/workdir)
[INFO] [stderr]     Checking stately-tests v0.0.0 (/opt/rustwide/target/tests/trybuild/stately)
[INFO] [stderr]     Finished dev [unoptimized + debuginfo] target(s) in 4.58s
[INFO] [stderr] 
[INFO] [stderr] 
[INFO] [stderr] test src/tests/invalid/given_an_end_state_it_should_define_any_or_no_triggers.rs ... mismatch
[INFO] [stderr] 
[INFO] [stderr] EXPECTED:
[INFO] [stderr] ┈┈┈┈┈┈┈┈┈┈┈┈┈┈┈┈┈┈┈┈┈┈┈┈┈┈┈┈┈┈┈┈┈┈┈┈┈┈┈┈┈┈┈┈┈┈┈┈┈┈┈┈┈┈┈┈┈┈┈┈
[INFO] [stderr] error[E0599]: no method named `build` found for associated type `<<<<impl InitialState<State, Event> as InitialState<State, Event>>::TriggerState as TriggerState<State, Event>>::TransitionState as TransitionState<State, Event>>::BuilderState as BuilderState<State, Event>>::EndState` in the current scope
[INFO] [stderr]   --> src/tests/invalid/given_an_end_state_it_should_define_any_or_no_triggers.rs:11:10
[INFO] [stderr]    |
[INFO] [stderr] 11 |         .build()?;
[INFO] [stderr]    |          ^^^^^ method not found in `<<<<impl InitialState<State, Event> as InitialState<State, Event>>::TriggerState as TriggerState<State, Event>>::TransitionState as TransitionState<State, Event>>::BuilderState as BuilderState<State, Event>>::EndState`
[INFO] [stderr] ┈┈┈┈┈┈┈┈┈┈┈┈┈┈┈┈┈┈┈┈┈┈┈┈┈┈┈┈┈┈┈┈┈┈┈┈┈┈┈┈┈┈┈┈┈┈┈┈┈┈┈┈┈┈┈┈┈┈┈┈
[INFO] [stderr] 
[INFO] [stderr] ACTUAL OUTPUT:
[INFO] [stderr] ┈┈┈┈┈┈┈┈┈┈┈┈┈┈┈┈┈┈┈┈┈┈┈┈┈┈┈┈┈┈┈┈┈┈┈┈┈┈┈┈┈┈┈┈┈┈┈┈┈┈┈┈┈┈┈┈┈┈┈┈
[INFO] [stderr] error[E0599]: no method named `build` found for associated type `<<... as TransitionState<..., ...>>::BuilderState as BuilderState<..., ...>>::EndState` in the current scope
[INFO] [stderr]   --> src/tests/invalid/given_an_end_state_it_should_define_any_or_no_triggers.rs:11:10
[INFO] [stderr]    |
[INFO] [stderr] 6  |       let _fsm = StateMachineBuilder::new()
[INFO] [stderr]    |                  --------------------------
[INFO] [stderr]    |                  |
[INFO] [stderr]    |  ________________method `build` is available on `impl InitialState<State, Event>`
[INFO] [stderr]    | |
[INFO] [stderr] 7  | |         .add_start_state(Event::Start, State::Started).unwrap()
[INFO] [stderr] 8  | |             .no_triggers()
[INFO] [stderr] 9  | |             .only_transition_on(Event::Next, State::Started).unwrap()
[INFO] [stderr]    | |                                                              -------- method `build` is available on `<<<impl InitialState<State, Event> as InitialState<State, Event>>::TriggerState as TriggerState<State, Event>>::TransitionState as TransitionState<State, Event>>::BuilderState`
[INFO] [stderr] 10 | |         .add_end_state(State::Stopped).unwrap()
[INFO] [stderr] 11 | |         .build()?;
[INFO] [stderr]    | |         -^^^^^ method not found in `<<... as TransitionState<..., ...>>::BuilderState as BuilderState<..., ...>>::EndState`
[INFO] [stderr]    | |_________|
[INFO] [stderr]    |
[INFO] [stderr]    |
[INFO] [stderr] ┈┈┈┈┈┈┈┈┈┈┈┈┈┈┈┈┈┈┈┈┈┈┈┈┈┈┈┈┈┈┈┈┈┈┈┈┈┈┈┈┈┈┈┈┈┈┈┈┈┈┈┈┈┈┈┈┈┈┈┈
[INFO] [stderr] note: If the actual output is the correct output you can bless it by rerunning
[INFO] [stderr]       your test with the environment variable TRYBUILD=overwrite
[INFO] [stderr] 
[INFO] [stderr] test src/tests/invalid/given_a_state_it_should_define_any_or_no_triggers_first.rs ... mismatch
[INFO] [stderr] 
[INFO] [stderr] EXPECTED:
[INFO] [stderr] ┈┈┈┈┈┈┈┈┈┈┈┈┈┈┈┈┈┈┈┈┈┈┈┈┈┈┈┈┈┈┈┈┈┈┈┈┈┈┈┈┈┈┈┈┈┈┈┈┈┈┈┈┈┈┈┈┈┈┈┈
[INFO] [stderr] error[E0599]: no method named `only_transition_on` found for associated type `<impl InitialState<State, Event> as InitialState<State, Event>>::TriggerState` in the current scope
[INFO] [stderr]  --> src/tests/invalid/given_a_state_it_should_define_any_or_no_triggers_first.rs:6:14
[INFO] [stderr]   |
[INFO] [stderr] 6 |             .only_transition_on(Event::Next, State::Started).unwrap()
[INFO] [stderr]   |              ^^^^^^^^^^^^^^^^^^ method not found in `<impl InitialState<State, Event> as InitialState<State, Event>>::TriggerState`
[INFO] [stderr] ┈┈┈┈┈┈┈┈┈┈┈┈┈┈┈┈┈┈┈┈┈┈┈┈┈┈┈┈┈┈┈┈┈┈┈┈┈┈┈┈┈┈┈┈┈┈┈┈┈┈┈┈┈┈┈┈┈┈┈┈
[INFO] [stderr] 
[INFO] [stderr] ACTUAL OUTPUT:
[INFO] [stderr] ┈┈┈┈┈┈┈┈┈┈┈┈┈┈┈┈┈┈┈┈┈┈┈┈┈┈┈┈┈┈┈┈┈┈┈┈┈┈┈┈┈┈┈┈┈┈┈┈┈┈┈┈┈┈┈┈┈┈┈┈
[INFO] [stderr] error[E0599]: no method named `only_transition_on` found for associated type `<impl InitialState<State, Event> as InitialState<State, Event>>::TriggerState` in the current scope
[INFO] [stderr]  --> src/tests/invalid/given_a_state_it_should_define_any_or_no_triggers_first.rs:6:14
[INFO] [stderr]   |
[INFO] [stderr] 4 |       let _fsm = StateMachineBuilder::new()
[INFO] [stderr]   |  ________________-
[INFO] [stderr] 5 | |         .add_start_state(Event::Start, State::Started).unwrap()
[INFO] [stderr] 6 | |             .only_transition_on(Event::Next, State::Started).unwrap()
[INFO] [stderr]   | |             -^^^^^^^^^^^^^^^^^^ method not found in `<impl InitialState<State, Event> as InitialState<State, Event>>::TriggerState`
[INFO] [stderr]   | |_____________|
[INFO] [stderr]   |
[INFO] [stderr] ┈┈┈┈┈┈┈┈┈┈┈┈┈┈┈┈┈┈┈┈┈┈┈┈┈┈┈┈┈┈┈┈┈┈┈┈┈┈┈┈┈┈┈┈┈┈┈┈┈┈┈┈┈┈┈┈┈┈┈┈
[INFO] [stderr] note: If the actual output is the correct output you can bless it by rerunning
[INFO] [stderr]       your test with the environment variable TRYBUILD=overwrite
[INFO] [stderr] 
[INFO] [stderr] test src/tests/invalid/given_an_end_state_it_should_not_be_possible_to_add_a_transition.rs ... mismatch
[INFO] [stderr] 
[INFO] [stderr] EXPECTED:
[INFO] [stderr] ┈┈┈┈┈┈┈┈┈┈┈┈┈┈┈┈┈┈┈┈┈┈┈┈┈┈┈┈┈┈┈┈┈┈┈┈┈┈┈┈┈┈┈┈┈┈┈┈┈┈┈┈┈┈┈┈┈┈┈┈
[INFO] [stderr] error[E0599]: no method named `only_transition` found for associated type `<<impl InitialState<State, Event> as InitialState<State, Event>>::TriggerState as TriggerState<State, Event>>::TransitionState` in the current scope
[INFO] [stderr]  --> src/tests/invalid/given_an_end_state_it_should_not_be_possible_to_add_a_transition.rs:7:14
[INFO] [stderr]   |
[INFO] [stderr] 7 |             .only_transition(Event::Stop, State::Stopped).unwrap()
[INFO] [stderr]   |              ^^^^^^^^^^^^^^^ method not found in `<<impl InitialState<State, Event> as InitialState<State, Event>>::TriggerState as TriggerState<State, Event>>::TransitionState`
[INFO] [stderr] ┈┈┈┈┈┈┈┈┈┈┈┈┈┈┈┈┈┈┈┈┈┈┈┈┈┈┈┈┈┈┈┈┈┈┈┈┈┈┈┈┈┈┈┈┈┈┈┈┈┈┈┈┈┈┈┈┈┈┈┈
[INFO] [stderr] 
[INFO] [stderr] ACTUAL OUTPUT:
[INFO] [stderr] ┈┈┈┈┈┈┈┈┈┈┈┈┈┈┈┈┈┈┈┈┈┈┈┈┈┈┈┈┈┈┈┈┈┈┈┈┈┈┈┈┈┈┈┈┈┈┈┈┈┈┈┈┈┈┈┈┈┈┈┈
[INFO] [stderr] error[E0599]: no method named `only_transition` found for associated type `<<impl InitialState<State, Event> as InitialState<State, Event>>::TriggerState as TriggerState<State, Event>>::TransitionState` in the current scope
[INFO] [stderr]  --> src/tests/invalid/given_an_end_state_it_should_not_be_possible_to_add_a_transition.rs:7:14
[INFO] [stderr]   |
[INFO] [stderr] 4 |       let _fsm = StateMachineBuilder::new()
[INFO] [stderr]   |  ________________-
[INFO] [stderr] 5 | |         .add_start_state(Event::Start, State::Started).unwrap()
[INFO] [stderr] 6 | |             .no_triggers()
[INFO] [stderr] 7 | |             .only_transition(Event::Stop, State::Stopped).unwrap()
[INFO] [stderr]   | |             -^^^^^^^^^^^^^^^ method not found in `<<impl InitialState<State, Event> as InitialState<State, Event>>::TriggerState as TriggerState<State, Event>>::TransitionState`
[INFO] [stderr]   | |_____________|
[INFO] [stderr]   |
[INFO] [stderr] ┈┈┈┈┈┈┈┈┈┈┈┈┈┈┈┈┈┈┈┈┈┈┈┈┈┈┈┈┈┈┈┈┈┈┈┈┈┈┈┈┈┈┈┈┈┈┈┈┈┈┈┈┈┈┈┈┈┈┈┈
[INFO] [stderr] note: If the actual output is the correct output you can bless it by rerunning
[INFO] [stderr]       your test with the environment variable TRYBUILD=overwrite
[INFO] [stderr] 
[INFO] [stderr] test src/tests/invalid/given_a_state_it_should_have_at_least_one_transition.rs ... mismatch
[INFO] [stderr] 
[INFO] [stderr] EXPECTED:
[INFO] [stderr] ┈┈┈┈┈┈┈┈┈┈┈┈┈┈┈┈┈┈┈┈┈┈┈┈┈┈┈┈┈┈┈┈┈┈┈┈┈┈┈┈┈┈┈┈┈┈┈┈┈┈┈┈┈┈┈┈┈┈┈┈
[INFO] [stderr] error[E0599]: no method named `build` found for associated type `<<impl InitialState<State, Event> as InitialState<State, Event>>::TriggerState as TriggerState<State, Event>>::TransitionState` in the current scope
[INFO] [stderr]  --> src/tests/invalid/given_a_state_it_should_have_at_least_one_transition.rs:7:10
[INFO] [stderr]   |
[INFO] [stderr] 7 |         .build()?;
[INFO] [stderr]   |          ^^^^^ method not found in `<<impl InitialState<State, Event> as InitialState<State, Event>>::TriggerState as TriggerState<State, Event>>::TransitionState`
[INFO] [stderr] ┈┈┈┈┈┈┈┈┈┈┈┈┈┈┈┈┈┈┈┈┈┈┈┈┈┈┈┈┈┈┈┈┈┈┈┈┈┈┈┈┈┈┈┈┈┈┈┈┈┈┈┈┈┈┈┈┈┈┈┈
[INFO] [stderr] 
[INFO] [stderr] ACTUAL OUTPUT:
[INFO] [stderr] ┈┈┈┈┈┈┈┈┈┈┈┈┈┈┈┈┈┈┈┈┈┈┈┈┈┈┈┈┈┈┈┈┈┈┈┈┈┈┈┈┈┈┈┈┈┈┈┈┈┈┈┈┈┈┈┈┈┈┈┈
[INFO] [stderr] error[E0599]: no method named `build` found for associated type `<<impl InitialState<State, Event> as InitialState<State, Event>>::TriggerState as TriggerState<State, Event>>::TransitionState` in the current scope
[INFO] [stderr]  --> src/tests/invalid/given_a_state_it_should_have_at_least_one_transition.rs:7:10
[INFO] [stderr]   |
[INFO] [stderr] 4 |       let _fsm = StateMachineBuilder::new()
[INFO] [stderr]   |  ________________-
[INFO] [stderr] 5 | |         .add_start_state(Event::Start, State::Started).unwrap()
[INFO] [stderr] 6 | |             .no_triggers()
[INFO] [stderr] 7 | |         .build()?;
[INFO] [stderr]   | |         -^^^^^ method not found in `<<impl InitialState<State, Event> as InitialState<State, Event>>::TriggerState as TriggerState<State, Event>>::TransitionState`
[INFO] [stderr]   | |_________|
[INFO] [stderr]   |
[INFO] [stderr] ┈┈┈┈┈┈┈┈┈┈┈┈┈┈┈┈┈┈┈┈┈┈┈┈┈┈┈┈┈┈┈┈┈┈┈┈┈┈┈┈┈┈┈┈┈┈┈┈┈┈┈┈┈┈┈┈┈┈┈┈
[INFO] [stderr] note: If the actual output is the correct output you can bless it by rerunning
[INFO] [stderr]       your test with the environment variable TRYBUILD=overwrite
[INFO] [stderr] 
[INFO] [stderr] test src/tests/invalid/given_a_new_state_machine_builder_it_should_have_at_least_one_state.rs ... ok
[INFO] [stderr] test src/tests/invalid/given_a_new_state_machine_builder_it_should_not_be_possible_to_add_a_normal_state_first.rs ... mismatch
[INFO] [stderr] 
[INFO] [stderr] EXPECTED:
[INFO] [stderr] ┈┈┈┈┈┈┈┈┈┈┈┈┈┈┈┈┈┈┈┈┈┈┈┈┈┈┈┈┈┈┈┈┈┈┈┈┈┈┈┈┈┈┈┈┈┈┈┈┈┈┈┈┈┈┈┈┈┈┈┈
[INFO] [stderr] error[E0599]: no method named `add_state` found for opaque type `impl InitialState<_, _>` in the current scope
[INFO] [stderr]  --> src/tests/invalid/given_a_new_state_machine_builder_it_should_not_be_possible_to_add_a_normal_state_first.rs:5:10
[INFO] [stderr]   |
[INFO] [stderr] 5 |         .add_state(State::Step42);
[INFO] [stderr]   |          ^^^^^^^^^ method not found in `impl InitialState<_, _>`
[INFO] [stderr] ┈┈┈┈┈┈┈┈┈┈┈┈┈┈┈┈┈┈┈┈┈┈┈┈┈┈┈┈┈┈┈┈┈┈┈┈┈┈┈┈┈┈┈┈┈┈┈┈┈┈┈┈┈┈┈┈┈┈┈┈
[INFO] [stderr] 
[INFO] [stderr] ACTUAL OUTPUT:
[INFO] [stderr] ┈┈┈┈┈┈┈┈┈┈┈┈┈┈┈┈┈┈┈┈┈┈┈┈┈┈┈┈┈┈┈┈┈┈┈┈┈┈┈┈┈┈┈┈┈┈┈┈┈┈┈┈┈┈┈┈┈┈┈┈
[INFO] [stderr] error[E0599]: no method named `add_state` found for opaque type `impl InitialState<_, _>` in the current scope
[INFO] [stderr]  --> src/tests/invalid/given_a_new_state_machine_builder_it_should_not_be_possible_to_add_a_normal_state_first.rs:5:10
[INFO] [stderr]   |
[INFO] [stderr] 4 |       let _fsm = StateMachineBuilder::new()
[INFO] [stderr]   |  ________________-
[INFO] [stderr] 5 | |         .add_state(State::Step42);
[INFO] [stderr]   | |         -^^^^^^^^^ method not found in `impl InitialState<_, _>`
[INFO] [stderr]   | |_________|
[INFO] [stderr]   |
[INFO] [stderr] ┈┈┈┈┈┈┈┈┈┈┈┈┈┈┈┈┈┈┈┈┈┈┈┈┈┈┈┈┈┈┈┈┈┈┈┈┈┈┈┈┈┈┈┈┈┈┈┈┈┈┈┈┈┈┈┈┈┈┈┈
[INFO] [stderr] note: If the actual output is the correct output you can bless it by rerunning
[INFO] [stderr]       your test with the environment variable TRYBUILD=overwrite
[INFO] [stderr] 
[INFO] [stderr] 
[INFO] [stderr] 
[INFO] [stdout] test tests::invalid::invalid_fsm_builders ... FAILED
[INFO] [stdout] 
[INFO] [stdout] failures:
[INFO] [stdout] 
[INFO] [stdout] ---- tests::invalid::invalid_fsm_builders stdout ----
[INFO] [stdout] thread 'tests::invalid::invalid_fsm_builders' panicked at /opt/rustwide/cargo-home/registry/src/index.crates.io-6f17d22bba15001f/trybuild-1.0.80/src/run.rs:101:13:
[INFO] [stdout] 5 of 6 tests failed
[INFO] [stdout] stack backtrace:
[INFO] [stdout]    0:     0x55f1a9a5a956 - std::backtrace_rs::backtrace::libunwind::trace::h261606ad26a499c1
[INFO] [stdout]                                at /rustc/0e09125c6c3c2fd70d7de961bcf0e51575235fad/library/std/src/../../backtrace/src/backtrace/libunwind.rs:104:5
[INFO] [stdout]    1:     0x55f1a9a5a956 - std::backtrace_rs::backtrace::trace_unsynchronized::hd183f0625477fb28
[INFO] [stdout]                                at /rustc/0e09125c6c3c2fd70d7de961bcf0e51575235fad/library/std/src/../../backtrace/src/backtrace/mod.rs:66:5
[INFO] [stdout]    2:     0x55f1a9a5a956 - std::sys_common::backtrace::_print_fmt::hd7f8fef21b4eda67
[INFO] [stdout]                                at /rustc/0e09125c6c3c2fd70d7de961bcf0e51575235fad/library/std/src/sys_common/backtrace.rs:68:5
[INFO] [stdout]    3:     0x55f1a9a5a956 - <std::sys_common::backtrace::_print::DisplayBacktrace as core::fmt::Display>::fmt::h623d9b51f2f453f1
[INFO] [stdout]                                at /rustc/0e09125c6c3c2fd70d7de961bcf0e51575235fad/library/std/src/sys_common/backtrace.rs:44:22
[INFO] [stdout]    4:     0x55f1a9a86200 - core::fmt::rt::Argument::fmt::h9f417ac76a86f368
[INFO] [stdout]                                at /rustc/0e09125c6c3c2fd70d7de961bcf0e51575235fad/library/core/src/fmt/rt.rs:142:9
[INFO] [stdout]    5:     0x55f1a9a86200 - core::fmt::write::hc9b6faf4ac2aeff7
[INFO] [stdout]                                at /rustc/0e09125c6c3c2fd70d7de961bcf0e51575235fad/library/core/src/fmt/mod.rs:1120:17
[INFO] [stdout]    6:     0x55f1a9a5794f - std::io::Write::write_fmt::he04625a3a989fec3
[INFO] [stdout]                                at /rustc/0e09125c6c3c2fd70d7de961bcf0e51575235fad/library/std/src/io/mod.rs:1810:15
[INFO] [stdout]    7:     0x55f1a9a5a734 - std::sys_common::backtrace::_print::hd5d66399c7df88a2
[INFO] [stdout]                                at /rustc/0e09125c6c3c2fd70d7de961bcf0e51575235fad/library/std/src/sys_common/backtrace.rs:47:5
[INFO] [stdout]    8:     0x55f1a9a5a734 - std::sys_common::backtrace::print::he81ed2da642d37e5
[INFO] [stdout]                                at /rustc/0e09125c6c3c2fd70d7de961bcf0e51575235fad/library/std/src/sys_common/backtrace.rs:34:9
[INFO] [stdout]    9:     0x55f1a9a5c4a7 - std::panicking::default_hook::{{closure}}::h85773f4fa117163d
[INFO] [stdout]   10:     0x55f1a9a5c18d - std::panicking::default_hook::h6a1694a91d09b278
[INFO] [stdout]                                at /rustc/0e09125c6c3c2fd70d7de961bcf0e51575235fad/library/std/src/panicking.rs:289:9
[INFO] [stdout]   11:     0x55f1a9a2a287 - <alloc::boxed::Box<F,A> as core::ops::function::Fn<Args>>::call::h616ac37fa3cd6c8f
[INFO] [stdout]                                at /rustc/0e09125c6c3c2fd70d7de961bcf0e51575235fad/library/alloc/src/boxed.rs:2029:9
[INFO] [stdout]   12:     0x55f1a9a2a287 - test::test_main::{{closure}}::h00d84697cefdcbb6
[INFO] [stdout]                                at /rustc/0e09125c6c3c2fd70d7de961bcf0e51575235fad/library/test/src/lib.rs:138:21
[INFO] [stdout]   13:     0x55f1a9a5cac6 - <alloc::boxed::Box<F,A> as core::ops::function::Fn<Args>>::call::hcb3fe3b9bb537ba8
[INFO] [stdout]                                at /rustc/0e09125c6c3c2fd70d7de961bcf0e51575235fad/library/alloc/src/boxed.rs:2029:9
[INFO] [stdout]   14:     0x55f1a9a5cac6 - std::panicking::rust_panic_with_hook::h0a7ad96e90f7145b
[INFO] [stdout]                                at /rustc/0e09125c6c3c2fd70d7de961bcf0e51575235fad/library/std/src/panicking.rs:783:13
[INFO] [stdout]   15:     0x55f1a9a5c812 - std::panicking::begin_panic_handler::{{closure}}::h7919090525c6485e
[INFO] [stdout]                                at /rustc/0e09125c6c3c2fd70d7de961bcf0e51575235fad/library/std/src/panicking.rs:657:13
[INFO] [stdout]   16:     0x55f1a9a5ae56 - std::sys_common::backtrace::__rust_end_short_backtrace::hf3289479464f7dfe
[INFO] [stdout]                                at /rustc/0e09125c6c3c2fd70d7de961bcf0e51575235fad/library/std/src/sys_common/backtrace.rs:171:18
[INFO] [stdout]   17:     0x55f1a9a5c570 - rust_begin_unwind
[INFO] [stdout]                                at /rustc/0e09125c6c3c2fd70d7de961bcf0e51575235fad/library/std/src/panicking.rs:645:5
[INFO] [stdout]   18:     0x55f1a979b1a5 - core::panicking::panic_fmt::hcc9f77c5c132af55
[INFO] [stdout]                                at /rustc/0e09125c6c3c2fd70d7de961bcf0e51575235fad/library/core/src/panicking.rs:72:14
[INFO] [stdout]   19:     0x55f1a9890449 - trybuild::run::<impl trybuild::Runner>::run::h0372b4f777b2795a
[INFO] [stdout]                                at /opt/rustwide/cargo-home/registry/src/index.crates.io-6f17d22bba15001f/trybuild-1.0.80/src/run.rs:101:13
[INFO] [stdout]   20:     0x55f1a9895b08 - <trybuild::TestCases as core::ops::drop::Drop>::drop::h235b8e19d0a17956
[INFO] [stdout]                                at /opt/rustwide/cargo-home/registry/src/index.crates.io-6f17d22bba15001f/trybuild-1.0.80/src/lib.rs:315:13
[INFO] [stdout]   21:     0x55f1a97c5c47 - core::ptr::drop_in_place<trybuild::TestCases>::hd16c5d73427cf12e
[INFO] [stdout]                                at /rustc/0e09125c6c3c2fd70d7de961bcf0e51575235fad/library/core/src/ptr/mod.rs:507:1
[INFO] [stdout]   22:     0x55f1a97c20a7 - stately::tests::invalid::invalid_fsm_builders::h250702c01af44d11
[INFO] [stdout]                                at /opt/rustwide/workdir/src/tests/invalid.rs:21:1
[INFO] [stdout]   23:     0x55f1a97c1f07 - stately::tests::invalid::invalid_fsm_builders::{{closure}}::h9933719ef0f30619
[INFO] [stdout]                                at /opt/rustwide/workdir/src/tests/invalid.rs:3:26
[INFO] [stdout]   24:     0x55f1a97c35e6 - core::ops::function::FnOnce::call_once::h1aa68be4b4f0cf98
[INFO] [stdout]                                at /rustc/0e09125c6c3c2fd70d7de961bcf0e51575235fad/library/core/src/ops/function.rs:250:5
[INFO] [stdout]   25:     0x55f1a9a2fb5f - core::ops::function::FnOnce::call_once::hd64d26f405258157
[INFO] [stdout]                                at /rustc/0e09125c6c3c2fd70d7de961bcf0e51575235fad/library/core/src/ops/function.rs:250:5
[INFO] [stdout]   26:     0x55f1a9a2fb5f - test::__rust_begin_short_backtrace::he21b0b7a6d731bf9
[INFO] [stdout]                                at /rustc/0e09125c6c3c2fd70d7de961bcf0e51575235fad/library/test/src/lib.rs:627:18
[INFO] [stdout]   27:     0x55f1a9a2e8e1 - test::run_test_in_process::{{closure}}::hf5c73986d7bdfde2
[INFO] [stdout]                                at /rustc/0e09125c6c3c2fd70d7de961bcf0e51575235fad/library/test/src/lib.rs:650:60
[INFO] [stdout]   28:     0x55f1a9a2e8e1 - <core::panic::unwind_safe::AssertUnwindSafe<F> as core::ops::function::FnOnce<()>>::call_once::h330011ad032aadc0
[INFO] [stdout]                                at /rustc/0e09125c6c3c2fd70d7de961bcf0e51575235fad/library/core/src/panic/unwind_safe.rs:272:9
[INFO] [stdout]   29:     0x55f1a9a2e8e1 - std::panicking::try::do_call::he61b0a958b795a41
[INFO] [stdout]                                at /rustc/0e09125c6c3c2fd70d7de961bcf0e51575235fad/library/std/src/panicking.rs:552:40
[INFO] [stdout]   30:     0x55f1a9a2e8e1 - std::panicking::try::h7309da130f906eb7
[INFO] [stdout]                                at /rustc/0e09125c6c3c2fd70d7de961bcf0e51575235fad/library/std/src/panicking.rs:516:19
[INFO] [stdout]   31:     0x55f1a9a2e8e1 - std::panic::catch_unwind::hc5c3a06fdaf0a92a
[INFO] [stdout]                                at /rustc/0e09125c6c3c2fd70d7de961bcf0e51575235fad/library/std/src/panic.rs:142:14
[INFO] [stdout]   32:     0x55f1a9a2e8e1 - test::run_test_in_process::h7e7b7c71c3324e0f
[INFO] [stdout]                                at /rustc/0e09125c6c3c2fd70d7de961bcf0e51575235fad/library/test/src/lib.rs:650:27
[INFO] [stdout]   33:     0x55f1a9a2e8e1 - test::run_test::{{closure}}::h1f509f28f5cf20b1
[INFO] [stdout]                                at /rustc/0e09125c6c3c2fd70d7de961bcf0e51575235fad/library/test/src/lib.rs:573:43
[INFO] [stdout]   34:     0x55f1a99f5c16 - test::run_test::{{closure}}::h1754218abf443f6d
[INFO] [stdout]                                at /rustc/0e09125c6c3c2fd70d7de961bcf0e51575235fad/library/test/src/lib.rs:601:41
[INFO] [stdout]   35:     0x55f1a99f5c16 - std::sys_common::backtrace::__rust_begin_short_backtrace::h2ee174b9d5954948
[INFO] [stdout]                                at /rustc/0e09125c6c3c2fd70d7de961bcf0e51575235fad/library/std/src/sys_common/backtrace.rs:155:18
[INFO] [stdout]   36:     0x55f1a99fac77 - std::thread::Builder::spawn_unchecked_::{{closure}}::{{closure}}::hf60bee9c1a17ef09
[INFO] [stdout]                                at /rustc/0e09125c6c3c2fd70d7de961bcf0e51575235fad/library/std/src/thread/mod.rs:529:17
[INFO] [stdout]   37:     0x55f1a99fac77 - <core::panic::unwind_safe::AssertUnwindSafe<F> as core::ops::function::FnOnce<()>>::call_once::h33d0dddec5216160
[INFO] [stdout]                                at /rustc/0e09125c6c3c2fd70d7de961bcf0e51575235fad/library/core/src/panic/unwind_safe.rs:272:9
[INFO] [stdout]   38:     0x55f1a99fac77 - std::panicking::try::do_call::h144b3048b546f835
[INFO] [stdout]                                at /rustc/0e09125c6c3c2fd70d7de961bcf0e51575235fad/library/std/src/panicking.rs:552:40
[INFO] [stdout]   39:     0x55f1a99fac77 - std::panicking::try::h978244d04646189f
[INFO] [stdout]                                at /rustc/0e09125c6c3c2fd70d7de961bcf0e51575235fad/library/std/src/panicking.rs:516:19
[INFO] [stdout]   40:     0x55f1a99fac77 - std::panic::catch_unwind::hdf436369d188fe86
[INFO] [stdout]                                at /rustc/0e09125c6c3c2fd70d7de961bcf0e51575235fad/library/std/src/panic.rs:142:14
[INFO] [stdout]   41:     0x55f1a99fac77 - std::thread::Builder::spawn_unchecked_::{{closure}}::h87329cbdd33c79ec
[INFO] [stdout]                                at /rustc/0e09125c6c3c2fd70d7de961bcf0e51575235fad/library/std/src/thread/mod.rs:528:30
[INFO] [stdout]   42:     0x55f1a99fac77 - core::ops::function::FnOnce::call_once{{vtable.shim}}::h401abbe67897d450
[INFO] [stdout]                                at /rustc/0e09125c6c3c2fd70d7de961bcf0e51575235fad/library/core/src/ops/function.rs:250:5
[INFO] [stdout]   43:     0x55f1a9a62835 - <alloc::boxed::Box<F,A> as core::ops::function::FnOnce<Args>>::call_once::h5d7c8f150ab9c84c
[INFO] [stdout]                                at /rustc/0e09125c6c3c2fd70d7de961bcf0e51575235fad/library/alloc/src/boxed.rs:2015:9
[INFO] [stdout]   44:     0x55f1a9a62835 - <alloc::boxed::Box<F,A> as core::ops::function::FnOnce<Args>>::call_once::h570d5b005c242c15
[INFO] [stdout]                                at /rustc/0e09125c6c3c2fd70d7de961bcf0e51575235fad/library/alloc/src/boxed.rs:2015:9
[INFO] [stdout]   45:     0x55f1a9a62835 - std::sys::unix::thread::Thread::new::thread_start::h36b0a20c0b2361ad
[INFO] [stdout]                                at /rustc/0e09125c6c3c2fd70d7de961bcf0e51575235fad/library/std/src/sys/unix/thread.rs:108:17
[INFO] [stdout]   46:     0x7f33cda6bac3 - <unknown>
[INFO] [stdout]   47:     0x7f33cdafcbf4 - __clone
[INFO] [stdout]   48:                0x0 - <unknown>
[INFO] [stdout] 
[INFO] [stdout] 
[INFO] [stdout] failures:
[INFO] [stdout]     tests::invalid::invalid_fsm_builders
[INFO] [stdout] 
[INFO] [stdout] test result: FAILED. 41 passed; 1 failed; 0 ignored; 0 measured; 0 filtered out; finished in 5.57s
[INFO] [stdout] 
[INFO] [stderr] error: test failed, to rerun pass `--lib`
[INFO] running `Command { std: "docker" "inspect" "f27924f6cd7e853f441b3a107c21927bc30df2d0d2cd43ad96000fa5a9737d29", kill_on_drop: false }`
[INFO] running `Command { std: "docker" "rm" "-f" "f27924f6cd7e853f441b3a107c21927bc30df2d0d2cd43ad96000fa5a9737d29", kill_on_drop: false }`
[INFO] [stdout] f27924f6cd7e853f441b3a107c21927bc30df2d0d2cd43ad96000fa5a9737d29
