[INFO] cloning repository https://github.com/NeaguMihai/zero_to_prod
[INFO] running `Command { std: "git" "-c" "credential.helper=" "-c" "credential.helper=/workspace/cargo-home/bin/git-credential-null" "clone" "--bare" "https://github.com/NeaguMihai/zero_to_prod" "/workspace/cache/git-repos/https%3A%2F%2Fgithub.com%2FNeaguMihai%2Fzero_to_prod", kill_on_drop: false }`
[INFO] [stderr] Cloning into bare repository '/workspace/cache/git-repos/https%3A%2F%2Fgithub.com%2FNeaguMihai%2Fzero_to_prod'...
[INFO] running `Command { std: "git" "rev-parse" "HEAD", kill_on_drop: false }`
[INFO] [stdout] ad7251ad2f7739c1d49a70ddaa8ee4a04031c148
[INFO] testing NeaguMihai/zero_to_prod against 1.75.0 for beta-1.76-1
[INFO] running `Command { std: "git" "clone" "/workspace/cache/git-repos/https%3A%2F%2Fgithub.com%2FNeaguMihai%2Fzero_to_prod" "/workspace/builds/worker-0-tc1/source", kill_on_drop: false }`
[INFO] [stderr] Cloning into '/workspace/builds/worker-0-tc1/source'...
[INFO] [stderr] done.
[INFO] validating manifest of git repo https://github.com/NeaguMihai/zero_to_prod on toolchain 1.75.0
[INFO] running `Command { std: CARGO_HOME="/workspace/cargo-home" RUSTUP_HOME="/workspace/rustup-home" "/workspace/cargo-home/bin/cargo" "+1.75.0" "metadata" "--manifest-path" "Cargo.toml" "--no-deps", kill_on_drop: false }`
[INFO] removed /workspace/builds/worker-0-tc1/source/.cargo/config.toml
[INFO] started tweaking git repo https://github.com/NeaguMihai/zero_to_prod
[INFO] finished tweaking git repo https://github.com/NeaguMihai/zero_to_prod
[INFO] tweaked toml for git repo https://github.com/NeaguMihai/zero_to_prod written to /workspace/builds/worker-0-tc1/source/Cargo.toml
[INFO] crate git repo https://github.com/NeaguMihai/zero_to_prod already has a lockfile, it will not be regenerated
[INFO] running `Command { std: CARGO_HOME="/workspace/cargo-home" RUSTUP_HOME="/workspace/rustup-home" "/workspace/cargo-home/bin/cargo" "+1.75.0" "fetch" "--manifest-path" "Cargo.toml", kill_on_drop: false }`
[INFO] [stderr]  Downloading crates ...
[INFO] [stderr]   Downloaded rust-embed-impl v6.3.1
[INFO] [stderr]   Downloaded rust-embed-utils v7.3.0
[INFO] [stderr]   Downloaded scheduled-thread-pool v0.2.6
[INFO] [stderr]   Downloaded utoipa-gen v3.0.3
[INFO] [stderr]   Downloaded rust-embed v6.4.2
[INFO] [stderr]   Downloaded utoipa-swagger-ui v3.0.2
[INFO] [stderr]   Downloaded utoipa v3.0.3
[INFO] running `Command { std: "docker" "create" "-v" "/var/lib/crater-agent-workspace/builds/worker-0-tc1/target:/opt/rustwide/target:rw,Z" "-v" "/var/lib/crater-agent-workspace/builds/worker-0-tc1/source:/opt/rustwide/workdir:ro,Z" "-v" "/var/lib/crater-agent-workspace/cargo-home:/opt/rustwide/cargo-home:ro,Z" "-v" "/var/lib/crater-agent-workspace/rustup-home:/opt/rustwide/rustup-home:ro,Z" "-e" "SOURCE_DIR=/opt/rustwide/workdir" "-e" "CARGO_TARGET_DIR=/opt/rustwide/target" "-e" "CARGO_HOME=/opt/rustwide/cargo-home" "-e" "RUSTUP_HOME=/opt/rustwide/rustup-home" "-w" "/opt/rustwide/workdir" "-m" "1610612736" "--user" "0:0" "--network" "none" "ghcr.io/rust-lang/crates-build-env/linux@sha256:2788e3201cd34a07e3172128adcd8b3090168a8e3bcc40d7c032b9dda1df7d1c" "/opt/rustwide/cargo-home/bin/cargo" "+1.75.0" "metadata" "--no-deps" "--format-version=1", kill_on_drop: false }`
[INFO] [stdout] 388bc9972369f9b0419bad17e2b1ef01369c7ee2c15f7eb45488df9cb05e0712
[INFO] running `Command { std: "docker" "start" "-a" "388bc9972369f9b0419bad17e2b1ef01369c7ee2c15f7eb45488df9cb05e0712", kill_on_drop: false }`
[INFO] running `Command { std: "docker" "inspect" "388bc9972369f9b0419bad17e2b1ef01369c7ee2c15f7eb45488df9cb05e0712", kill_on_drop: false }`
[INFO] running `Command { std: "docker" "rm" "-f" "388bc9972369f9b0419bad17e2b1ef01369c7ee2c15f7eb45488df9cb05e0712", kill_on_drop: false }`
[INFO] [stdout] 388bc9972369f9b0419bad17e2b1ef01369c7ee2c15f7eb45488df9cb05e0712
[INFO] running `Command { std: "docker" "create" "-v" "/var/lib/crater-agent-workspace/builds/worker-0-tc1/target:/opt/rustwide/target:rw,Z" "-v" "/var/lib/crater-agent-workspace/builds/worker-0-tc1/source:/opt/rustwide/workdir:ro,Z" "-v" "/var/lib/crater-agent-workspace/cargo-home:/opt/rustwide/cargo-home:ro,Z" "-v" "/var/lib/crater-agent-workspace/rustup-home:/opt/rustwide/rustup-home:ro,Z" "-e" "SOURCE_DIR=/opt/rustwide/workdir" "-e" "CARGO_TARGET_DIR=/opt/rustwide/target" "-e" "CARGO_INCREMENTAL=0" "-e" "RUST_BACKTRACE=full" "-e" "RUSTFLAGS=--cap-lints=warn" "-e" "RUSTDOCFLAGS=--cap-lints=warn" "-e" "CARGO_HOME=/opt/rustwide/cargo-home" "-e" "RUSTUP_HOME=/opt/rustwide/rustup-home" "-w" "/opt/rustwide/workdir" "-m" "1610612736" "--user" "0:0" "--network" "none" "ghcr.io/rust-lang/crates-build-env/linux@sha256:2788e3201cd34a07e3172128adcd8b3090168a8e3bcc40d7c032b9dda1df7d1c" "/opt/rustwide/cargo-home/bin/cargo" "+1.75.0" "build" "--frozen" "--message-format=json", kill_on_drop: false }`
[INFO] [stdout] e5c73883f1de93f55aed0b82b92d22f7f39d77574cf4defef39d2173d4a1531f
[INFO] running `Command { std: "docker" "start" "-a" "e5c73883f1de93f55aed0b82b92d22f7f39d77574cf4defef39d2173d4a1531f", kill_on_drop: false }`
[INFO] [stderr]    Compiling proc-macro2 v1.0.51
[INFO] [stderr]    Compiling quote v1.0.23
[INFO] [stderr]    Compiling unicode-ident v1.0.6
[INFO] [stderr]    Compiling libc v0.2.139
[INFO] [stderr]    Compiling syn v1.0.107
[INFO] [stderr]    Compiling version_check v0.9.4
[INFO] [stderr]    Compiling memchr v2.5.0
[INFO] [stderr]    Compiling serde_derive v1.0.152
[INFO] [stderr]    Compiling serde v1.0.152
[INFO] [stderr]    Compiling pin-project-lite v0.2.9
[INFO] [stderr]    Compiling log v0.4.17
[INFO] [stderr]    Compiling parking_lot_core v0.9.7
[INFO] [stderr]    Compiling itoa v1.0.5
[INFO] [stderr]    Compiling smallvec v1.10.0
[INFO] [stderr]    Compiling lock_api v0.4.9
[INFO] [stderr]    Compiling typenum v1.16.0
[INFO] [stderr]    Compiling bytes v1.4.0
[INFO] [stderr]    Compiling once_cell v1.17.1
[INFO] [stderr]    Compiling futures-core v0.3.26
[INFO] [stderr]    Compiling regex-syntax v0.6.28
[INFO] [stderr]    Compiling tracing-core v0.1.30
[INFO] [stderr]    Compiling tokio v1.25.0
[INFO] [stderr]    Compiling generic-array v0.14.6
[INFO] [stderr]    Compiling crc32fast v1.3.2
[INFO] [stderr]    Compiling futures-task v0.3.26
[INFO] [stderr]    Compiling pkg-config v0.3.26
[INFO] [stderr]    Compiling miniz_oxide v0.6.2
[INFO] [stderr]    Compiling cpufeatures v0.2.5
[INFO] [stderr]    Compiling futures-util v0.3.26
[INFO] [stderr]    Compiling http v0.2.9
[INFO] [stderr]    Compiling proc-macro-error-attr v1.0.4
[INFO] [stderr]    Compiling indexmap v1.9.2
[INFO] [stderr]    Compiling paste v1.0.11
[INFO] [stderr]    Compiling aho-corasick v0.7.20
[INFO] [stderr]    Compiling futures-sink v0.3.26
[INFO] [stderr]    Compiling serde_json v1.0.93
[INFO] [stderr]    Compiling percent-encoding v2.2.0
[INFO] [stderr]    Compiling ryu v1.0.12
[INFO] [stderr]    Compiling jobserver v0.1.25
[INFO] [stderr]    Compiling getrandom v0.2.8
[INFO] [stderr]    Compiling signal-hook-registry v1.4.1
[INFO] [stderr]    Compiling socket2 v0.4.7
[INFO] [stderr]    Compiling mio v0.8.6
[INFO] [stderr]    Compiling num_cpus v1.15.0
[INFO] [stderr]    Compiling bytestring v1.2.0
[INFO] [stderr]    Compiling proc-macro-error v1.0.4
[INFO] [stderr]    Compiling parking_lot v0.12.1
[INFO] [stderr]    Compiling cc v1.0.79
[INFO] [stderr]    Compiling slab v0.4.7
[INFO] [stderr]    Compiling alloc-no-stdlib v2.0.4
[INFO] [stderr]    Compiling zstd-safe v6.0.4+zstd.1.5.4
[INFO] [stderr]    Compiling hashbrown v0.12.3
[INFO] [stderr]    Compiling time-core v0.1.0
[INFO] [stderr]    Compiling tinyvec_macros v0.1.1
[INFO] [stderr]    Compiling local-waker v0.1.3
[INFO] [stderr]    Compiling tinyvec v1.6.0
[INFO] [stderr]    Compiling time-macros v0.2.7
[INFO] [stderr]    Compiling alloc-stdlib v0.2.2
[INFO] [stderr]    Compiling rand_core v0.6.4
[INFO] [stderr]    Compiling unicase v2.6.0
[INFO] [stderr]    Compiling ahash v0.7.6
[INFO] [stderr]    Compiling httparse v1.8.0
[INFO] [stderr]    Compiling ppv-lite86 v0.2.17
[INFO] [stderr]    Compiling brotli-decompressor v2.3.4
[INFO] [stderr]    Compiling regex v1.7.1
[INFO] [stderr]    Compiling crypto-common v0.1.6
[INFO] [stderr]    Compiling block-buffer v0.10.3
[INFO] [stderr]    Compiling actix-utils v3.0.1
[INFO] [stderr]    Compiling digest v0.10.6
[INFO] [stderr]    Compiling rand_chacha v0.3.1
[INFO] [stderr]    Compiling form_urlencoded v1.1.0
[INFO] [stderr]    Compiling cookie v0.16.2
[INFO] [stderr]    Compiling num-traits v0.2.15
[INFO] [stderr]    Compiling tracing v0.1.37
[INFO] [stderr]    Compiling unicode-normalization v0.1.22
[INFO] [stderr]    Compiling byteorder v1.4.3
[INFO] [stderr]    Compiling mime v0.3.16
[INFO] [stderr]    Compiling actix-service v2.0.2
[INFO] [stderr]    Compiling zstd-sys v2.0.7+zstd.1.5.4
[INFO] [stderr]    Compiling unicode-bidi v0.3.10
[INFO] [stderr]    Compiling rand v0.8.5
[INFO] [stderr]    Compiling sha1 v0.10.5
[INFO] [stderr]    Compiling local-channel v0.1.3
[INFO] [stderr]    Compiling idna v0.3.0
[INFO] [stderr]    Compiling dirs-sys v0.3.7
[INFO] [stderr]    Compiling flate2 v1.0.25
[INFO] [stderr]    Compiling num-integer v0.1.45
[INFO] [stderr]    Compiling encoding_rs v0.8.32
[INFO] [stderr]    Compiling same-file v1.0.6
[INFO] [stderr]    Compiling base64 v0.21.0
[INFO] [stderr]    Compiling language-tags v0.3.2
[INFO] [stderr]    Compiling httpdate v1.0.2
[INFO] [stderr]    Compiling dirs v4.0.0
[INFO] [stderr]    Compiling brotli v3.3.4
[INFO] [stderr]    Compiling walkdir v2.3.2
[INFO] [stderr]    Compiling mime_guess v2.0.4
[INFO] [stderr]    Compiling time v0.3.19
[INFO] [stderr]    Compiling url v2.3.1
[INFO] [stderr]    Compiling sha2 v0.10.6
[INFO] [stderr]    Compiling pq-sys v0.4.7
[INFO] [stderr]    Compiling shellexpand v2.1.2
[INFO] [stderr]    Compiling zip v0.6.4
[INFO] [stderr]    Compiling rust-embed-utils v7.3.0
[INFO] [stderr]    Compiling scheduled-thread-pool v0.2.6
[INFO] [stderr]    Compiling iana-time-zone v0.1.53
[INFO] [stderr]    Compiling regex-automata v0.1.10
[INFO] [stderr]    Compiling overload v0.1.1
[INFO] [stderr]    Compiling tracing-log v0.1.3
[INFO] [stderr]    Compiling r2d2 v0.8.10
[INFO] [stderr]    Compiling nu-ansi-term v0.46.0
[INFO] [stderr]    Compiling sharded-slab v0.1.4
[INFO] [stderr]    Compiling thread_local v1.1.7
[INFO] [stderr]    Compiling askama_escape v0.10.3
[INFO] [stderr]    Compiling http-range v0.1.5
[INFO] [stderr]    Compiling dotenvy v0.15.6
[INFO] [stderr]    Compiling matchers v0.1.0
[INFO] [stderr]    Compiling utoipa-swagger-ui v3.0.2
[INFO] [stderr]    Compiling tracing-attributes v0.1.23
[INFO] [stderr]    Compiling tokio-macros v1.8.2
[INFO] [stderr]    Compiling derive_more v0.99.17
[INFO] [stderr]    Compiling actix-macros v0.2.3
[INFO] [stderr]    Compiling diesel_derives v2.0.1
[INFO] [stderr]    Compiling rust-embed-impl v6.3.1
[INFO] [stderr]    Compiling utoipa-gen v3.0.3
[INFO] [stderr]    Compiling pin-project-internal v1.0.12
[INFO] [stderr]    Compiling rust-embed v6.4.2
[INFO] [stderr]    Compiling pin-project v1.0.12
[INFO] [stderr]    Compiling tracing-subscriber v0.3.16
[INFO] [stderr]    Compiling zstd v0.12.3+zstd.1.5.2
[INFO] [stderr]    Compiling tokio-util v0.7.7
[INFO] [stderr]    Compiling actix-rt v2.8.0
[INFO] [stderr]    Compiling actix-server v2.2.0
[INFO] [stderr]    Compiling actix-codec v0.5.0
[INFO] [stderr]    Compiling actix-router v0.5.1
[INFO] [stderr]    Compiling serde_urlencoded v0.7.1
[INFO] [stderr]    Compiling toml v0.5.11
[INFO] [stderr]    Compiling uuid v1.3.0
[INFO] [stderr]    Compiling chrono v0.4.23
[INFO] [stderr]    Compiling h2 v0.3.15
[INFO] [stderr]    Compiling actix-web-codegen v4.1.0
[INFO] [stderr]    Compiling utoipa v3.0.3
[INFO] [stderr]    Compiling migrations_internals v2.0.0
[INFO] [stderr]    Compiling diesel v2.0.3
[INFO] [stderr]    Compiling migrations_macros v2.0.0
[INFO] [stderr]    Compiling actix-http v3.3.0
[INFO] [stderr]    Compiling actix-web v4.3.0
[INFO] [stderr]    Compiling actix-files v0.6.2
[INFO] [stderr]    Compiling tracing-actix-web v0.7.2
[INFO] [stderr]    Compiling diesel_migrations v2.0.0
[INFO] [stderr]    Compiling zero_to_prod v0.1.0 (/opt/rustwide/workdir)
[INFO] [stderr]     Finished dev [unoptimized + debuginfo] target(s) in 41.11s
[INFO] running `Command { std: "docker" "inspect" "e5c73883f1de93f55aed0b82b92d22f7f39d77574cf4defef39d2173d4a1531f", kill_on_drop: false }`
[INFO] running `Command { std: "docker" "rm" "-f" "e5c73883f1de93f55aed0b82b92d22f7f39d77574cf4defef39d2173d4a1531f", kill_on_drop: false }`
[INFO] [stdout] e5c73883f1de93f55aed0b82b92d22f7f39d77574cf4defef39d2173d4a1531f
[INFO] running `Command { std: "docker" "create" "-v" "/var/lib/crater-agent-workspace/builds/worker-0-tc1/target:/opt/rustwide/target:rw,Z" "-v" "/var/lib/crater-agent-workspace/builds/worker-0-tc1/source:/opt/rustwide/workdir:ro,Z" "-v" "/var/lib/crater-agent-workspace/cargo-home:/opt/rustwide/cargo-home:ro,Z" "-v" "/var/lib/crater-agent-workspace/rustup-home:/opt/rustwide/rustup-home:ro,Z" "-e" "SOURCE_DIR=/opt/rustwide/workdir" "-e" "CARGO_TARGET_DIR=/opt/rustwide/target" "-e" "CARGO_INCREMENTAL=0" "-e" "RUST_BACKTRACE=full" "-e" "RUSTFLAGS=--cap-lints=warn" "-e" "RUSTDOCFLAGS=--cap-lints=warn" "-e" "CARGO_HOME=/opt/rustwide/cargo-home" "-e" "RUSTUP_HOME=/opt/rustwide/rustup-home" "-w" "/opt/rustwide/workdir" "-m" "1610612736" "--user" "0:0" "--network" "none" "ghcr.io/rust-lang/crates-build-env/linux@sha256:2788e3201cd34a07e3172128adcd8b3090168a8e3bcc40d7c032b9dda1df7d1c" "/opt/rustwide/cargo-home/bin/cargo" "+1.75.0" "test" "--frozen" "--no-run" "--message-format=json", kill_on_drop: false }`
[INFO] [stdout] 45196cdb97a0b9f2290bf1d930b622f1a8a1e53ee91452be40ecca671fa71fcc
[INFO] running `Command { std: "docker" "start" "-a" "45196cdb97a0b9f2290bf1d930b622f1a8a1e53ee91452be40ecca671fa71fcc", kill_on_drop: false }`
[INFO] [stderr]    Compiling openssl-sys v0.9.80
[INFO] [stderr]    Compiling foreign-types-shared v0.1.1
[INFO] [stderr]    Compiling openssl v0.10.45
[INFO] [stderr]    Compiling openssl-macros v0.1.0
[INFO] [stderr]    Compiling native-tls v0.2.11
[INFO] [stderr]    Compiling futures-channel v0.3.26
[INFO] [stderr]    Compiling openssl-probe v0.1.5
[INFO] [stderr]    Compiling try-lock v0.2.4
[INFO] [stderr]    Compiling http-body v0.4.5
[INFO] [stderr]    Compiling tower-service v0.3.2
[INFO] [stderr]    Compiling cargo-husky v1.5.0
[INFO] [stderr]    Compiling ipnet v2.7.1
[INFO] [stderr]    Compiling foreign-types v0.3.2
[INFO] [stderr]    Compiling want v0.3.0
[INFO] [stderr]    Compiling hyper v0.14.24
[INFO] [stderr]    Compiling tokio-native-tls v0.3.1
[INFO] [stderr]    Compiling hyper-tls v0.5.0
[INFO] [stderr]    Compiling reqwest v0.11.14
[INFO] [stderr]    Compiling zero_to_prod v0.1.0 (/opt/rustwide/workdir)
[INFO] [stderr]     Finished test [unoptimized + debuginfo] target(s) in 11.44s
[INFO] running `Command { std: "docker" "inspect" "45196cdb97a0b9f2290bf1d930b622f1a8a1e53ee91452be40ecca671fa71fcc", kill_on_drop: false }`
[INFO] running `Command { std: "docker" "rm" "-f" "45196cdb97a0b9f2290bf1d930b622f1a8a1e53ee91452be40ecca671fa71fcc", kill_on_drop: false }`
[INFO] [stdout] 45196cdb97a0b9f2290bf1d930b622f1a8a1e53ee91452be40ecca671fa71fcc
[INFO] running `Command { std: "docker" "create" "-v" "/var/lib/crater-agent-workspace/builds/worker-0-tc1/target:/opt/rustwide/target:rw,Z" "-v" "/var/lib/crater-agent-workspace/builds/worker-0-tc1/source:/opt/rustwide/workdir:ro,Z" "-v" "/var/lib/crater-agent-workspace/cargo-home:/opt/rustwide/cargo-home:ro,Z" "-v" "/var/lib/crater-agent-workspace/rustup-home:/opt/rustwide/rustup-home:ro,Z" "-e" "SOURCE_DIR=/opt/rustwide/workdir" "-e" "CARGO_TARGET_DIR=/opt/rustwide/target" "-e" "CARGO_INCREMENTAL=0" "-e" "RUST_BACKTRACE=full" "-e" "RUSTFLAGS=--cap-lints=warn" "-e" "RUSTDOCFLAGS=--cap-lints=warn" "-e" "CARGO_HOME=/opt/rustwide/cargo-home" "-e" "RUSTUP_HOME=/opt/rustwide/rustup-home" "-w" "/opt/rustwide/workdir" "-m" "1610612736" "--user" "0:0" "--network" "none" "ghcr.io/rust-lang/crates-build-env/linux@sha256:2788e3201cd34a07e3172128adcd8b3090168a8e3bcc40d7c032b9dda1df7d1c" "/opt/rustwide/cargo-home/bin/cargo" "+1.75.0" "test" "--frozen", kill_on_drop: false }`
[INFO] [stdout] cbac42e024320bfdc1c2351129a75b3159f3e00508dced9ade096157dea8b95d
[INFO] running `Command { std: "docker" "start" "-a" "cbac42e024320bfdc1c2351129a75b3159f3e00508dced9ade096157dea8b95d", kill_on_drop: false }`
[INFO] [stderr]     Finished test [unoptimized + debuginfo] target(s) in 0.23s
[INFO] [stderr]      Running unittests src/lib.rs (/opt/rustwide/target/debug/deps/zero_to_prod-b7e7aec13808b6be)
[INFO] [stdout] 
[INFO] [stdout] running 0 tests
[INFO] [stdout] 
[INFO] [stdout] test result: ok. 0 passed; 0 failed; 0 ignored; 0 measured; 0 filtered out; finished in 0.00s
[INFO] [stdout] 
[INFO] [stderr]      Running unittests src/main.rs (/opt/rustwide/target/debug/deps/zero2prod-b4e1c56cef2c3e68)
[INFO] [stdout] 
[INFO] [stdout] running 0 tests
[INFO] [stdout] 
[INFO] [stdout] test result: ok. 0 passed; 0 failed; 0 ignored; 0 measured; 0 filtered out; finished in 0.00s
[INFO] [stdout] 
[INFO] [stderr]      Running tests/health_checks.rs (/opt/rustwide/target/debug/deps/health_checks-4e5ca8f898b0366a)
[INFO] [stdout] 
[INFO] [stdout] running 3 tests
[INFO] [stdout] test tests::subscribe_returns_a_200_for_valid_form_data ... FAILED
[INFO] [stdout] test tests::subscribe_returns_a_400_for_invalid_form_data ... FAILED
[INFO] [stdout] test tests::health_check_works ... FAILED
[INFO] [stdout] 
[INFO] [stdout] failures:
[INFO] [stdout] 
[INFO] [stdout] ---- tests::subscribe_returns_a_200_for_valid_form_data stdout ----
[INFO] [stdout] Error: environment variable not found
[INFO] [stdout] Error: environment variable not found
[INFO] [stdout] Error: environment variable not found
[INFO] [stdout] Error: environment variable not found
[INFO] [stdout] Error: environment variable not found
[INFO] [stdout] thread 'tests::subscribe_returns_a_200_for_valid_form_data' panicked at src/common/configuration/database/postgres_config.rs:54:33:
[INFO] [stdout] Error connecting to postgres://:@:/
[INFO] [stdout] stack backtrace:
[INFO] [stdout]    0:     0x559814b0421c - std::backtrace_rs::backtrace::libunwind::trace::ha637c64ce894333a
[INFO] [stdout]                                at /rustc/82e1608dfa6e0b5569232559e3d385fea5a93112/library/std/src/../../backtrace/src/backtrace/libunwind.rs:104:5
[INFO] [stdout]    1:     0x559814b0421c - std::backtrace_rs::backtrace::trace_unsynchronized::h47f62dea28e0c88d
[INFO] [stdout]                                at /rustc/82e1608dfa6e0b5569232559e3d385fea5a93112/library/std/src/../../backtrace/src/backtrace/mod.rs:66:5
[INFO] [stdout]    2:     0x559814b0421c - std::sys_common::backtrace::_print_fmt::h9eef0abe20ede486
[INFO] [stdout]                                at /rustc/82e1608dfa6e0b5569232559e3d385fea5a93112/library/std/src/sys_common/backtrace.rs:67:5
[INFO] [stdout]    3:     0x559814b0421c - <std::sys_common::backtrace::_print::DisplayBacktrace as core::fmt::Display>::fmt::hed7f999df88cc644
[INFO] [stdout]                                at /rustc/82e1608dfa6e0b5569232559e3d385fea5a93112/library/std/src/sys_common/backtrace.rs:44:22
[INFO] [stdout]    4:     0x559814b33e30 - core::fmt::rt::Argument::fmt::h1539a9308b8d058d
[INFO] [stdout]                                at /rustc/82e1608dfa6e0b5569232559e3d385fea5a93112/library/core/src/fmt/rt.rs:142:9
[INFO] [stdout]    5:     0x559814b33e30 - core::fmt::write::h3a39390d8560d9c9
[INFO] [stdout]                                at /rustc/82e1608dfa6e0b5569232559e3d385fea5a93112/library/core/src/fmt/mod.rs:1120:17
[INFO] [stdout]    6:     0x559814b00f5f - std::io::Write::write_fmt::h040b369f3a0f9cbc
[INFO] [stdout]                                at /rustc/82e1608dfa6e0b5569232559e3d385fea5a93112/library/std/src/io/mod.rs:1762:15
[INFO] [stdout]    7:     0x559814b04004 - std::sys_common::backtrace::_print::h894006fb5c6f3d45
[INFO] [stdout]                                at /rustc/82e1608dfa6e0b5569232559e3d385fea5a93112/library/std/src/sys_common/backtrace.rs:47:5
[INFO] [stdout]    8:     0x559814b04004 - std::sys_common::backtrace::print::h23a2d212c6fff936
[INFO] [stdout]                                at /rustc/82e1608dfa6e0b5569232559e3d385fea5a93112/library/std/src/sys_common/backtrace.rs:34:9
[INFO] [stdout]    9:     0x559814b05cc7 - std::panicking::default_hook::{{closure}}::h8a1d2ee00185001a
[INFO] [stdout]   10:     0x559814b059b3 - std::panicking::default_hook::h6038f2eba384e475
[INFO] [stdout]                                at /rustc/82e1608dfa6e0b5569232559e3d385fea5a93112/library/std/src/panicking.rs:289:9
[INFO] [stdout]   11:     0x55981414eb37 - <alloc::boxed::Box<F,A> as core::ops::function::Fn<Args>>::call::h0ad024c9bdc6d768
[INFO] [stdout]                                at /rustc/82e1608dfa6e0b5569232559e3d385fea5a93112/library/alloc/src/boxed.rs:2021:9
[INFO] [stdout]   12:     0x55981414eb37 - test::test_main::{{closure}}::h7500b54257359db6
[INFO] [stdout]                                at /rustc/82e1608dfa6e0b5569232559e3d385fea5a93112/library/test/src/lib.rs:138:21
[INFO] [stdout]   13:     0x559814b062d8 - <alloc::boxed::Box<F,A> as core::ops::function::Fn<Args>>::call::h1f8f335eaa9cfaee
[INFO] [stdout]                                at /rustc/82e1608dfa6e0b5569232559e3d385fea5a93112/library/alloc/src/boxed.rs:2021:9
[INFO] [stdout]   14:     0x559814b062d8 - std::panicking::rust_panic_with_hook::h2b5517d590cab22e
[INFO] [stdout]                                at /rustc/82e1608dfa6e0b5569232559e3d385fea5a93112/library/std/src/panicking.rs:783:13
[INFO] [stdout]   15:     0x559814b0602e - std::panicking::begin_panic_handler::{{closure}}::h233112c06e0ef43e
[INFO] [stdout]                                at /rustc/82e1608dfa6e0b5569232559e3d385fea5a93112/library/std/src/panicking.rs:657:13
[INFO] [stdout]   16:     0x559814b046e6 - std::sys_common::backtrace::__rust_end_short_backtrace::h6e893f24d7ebbff8
[INFO] [stdout]                                at /rustc/82e1608dfa6e0b5569232559e3d385fea5a93112/library/std/src/sys_common/backtrace.rs:170:18
[INFO] [stdout]   17:     0x559814b05d92 - rust_begin_unwind
[INFO] [stdout]                                at /rustc/82e1608dfa6e0b5569232559e3d385fea5a93112/library/std/src/panicking.rs:645:5
[INFO] [stdout]   18:     0x559813e4b775 - core::panicking::panic_fmt::hbf0e066aabfa482c
[INFO] [stdout]                                at /rustc/82e1608dfa6e0b5569232559e3d385fea5a93112/library/core/src/panicking.rs:72:14
[INFO] [stdout]   19:     0x559814166abd - <zero_to_prod::common::configuration::database::postgres_config::PgConnectionFactory as zero_to_prod::common::configuration::database::DatabaseConnectionConfig<diesel::pg::connection::PgConnection>>::get_connection::{{closure}}::h0c53f6cad0d2e5b4
[INFO] [stdout]                                at /opt/rustwide/workdir/src/common/configuration/database/postgres_config.rs:54:33
[INFO] [stdout]   20:     0x55981415deda - core::result::Result<T,E>::unwrap_or_else::h71cf2bf6deec92d4
[INFO] [stdout]                                at /rustc/82e1608dfa6e0b5569232559e3d385fea5a93112/library/core/src/result.rs:1430:23
[INFO] [stdout]   21:     0x5598141669ca - <zero_to_prod::common::configuration::database::postgres_config::PgConnectionFactory as zero_to_prod::common::configuration::database::DatabaseConnectionConfig<diesel::pg::connection::PgConnection>>::get_connection::he7dd648e7cc2e8e7
[INFO] [stdout]                                at /opt/rustwide/workdir/src/common/configuration/database/postgres_config.rs:53:9
[INFO] [stdout]   22:     0x559814166aee - zero_to_prod::common::configuration::database::DatabaseConnectionFactory::get_pg_connection::h9280cfc6485c41e2
[INFO] [stdout]                                at /opt/rustwide/workdir/src/common/configuration/database/mod.rs:67:9
[INFO] [stdout]   23:     0x559813e97238 - health_checks::tests::db_bootstrap::h322510e31189c29c
[INFO] [stdout]                                at /opt/rustwide/workdir/tests/health_checks.rs:138:33
[INFO] [stdout]   24:     0x559813e96f95 - health_checks::tests::spawn_app::h19f6626e2f822d15
[INFO] [stdout]                                at /opt/rustwide/workdir/tests/health_checks.rs:127:20
[INFO] [stdout]   25:     0x559813e983cd - health_checks::tests::subscribe_returns_a_200_for_valid_form_data::{{closure}}::h948618425b9181d5
[INFO] [stdout]                                at /opt/rustwide/workdir/tests/health_checks.rs:49:19
[INFO] [stdout]   26:     0x559813e87768 - <core::pin::Pin<P> as core::future::future::Future>::poll::h5ae45ba8048cc1e7
[INFO] [stdout]                                at /rustc/82e1608dfa6e0b5569232559e3d385fea5a93112/library/core/src/future/future.rs:125:9
[INFO] [stdout]   27:     0x559813e8780b - <core::pin::Pin<P> as core::future::future::Future>::poll::hc2a5078e1574f7b5
[INFO] [stdout]                                at /rustc/82e1608dfa6e0b5569232559e3d385fea5a93112/library/core/src/future/future.rs:125:9
[INFO] [stdout]   28:     0x559813e6d504 - tokio::runtime::scheduler::current_thread::CoreGuard::block_on::{{closure}}::{{closure}}::{{closure}}::hd06996010b07ff80
[INFO] [stdout]                                at /opt/rustwide/cargo-home/registry/src/index.crates.io-6f17d22bba15001f/tokio-1.25.0/src/runtime/scheduler/current_thread.rs:541:57
[INFO] [stdout]   29:     0x559813e6d41a - tokio::runtime::coop::with_budget::h0d5721f611778c77
[INFO] [stdout]                                at /opt/rustwide/cargo-home/registry/src/index.crates.io-6f17d22bba15001f/tokio-1.25.0/src/runtime/coop.rs:102:5
[INFO] [stdout]   30:     0x559813e6d41a - tokio::runtime::coop::budget::hae38f14391c29a2c
[INFO] [stdout]                                at /opt/rustwide/cargo-home/registry/src/index.crates.io-6f17d22bba15001f/tokio-1.25.0/src/runtime/coop.rs:68:5
[INFO] [stdout]   31:     0x559813e6d41a - tokio::runtime::scheduler::current_thread::CoreGuard::block_on::{{closure}}::{{closure}}::hae93242ba887b502
[INFO] [stdout]                                at /opt/rustwide/cargo-home/registry/src/index.crates.io-6f17d22bba15001f/tokio-1.25.0/src/runtime/scheduler/current_thread.rs:541:25
[INFO] [stdout]   32:     0x559813e6befc - tokio::runtime::scheduler::current_thread::Context::enter::hc02e5532a28d2a2d
[INFO] [stdout]                                at /opt/rustwide/cargo-home/registry/src/index.crates.io-6f17d22bba15001f/tokio-1.25.0/src/runtime/scheduler/current_thread.rs:350:19
[INFO] [stdout]   33:     0x559813e6c9e2 - tokio::runtime::scheduler::current_thread::CoreGuard::block_on::{{closure}}::h7cb9f8be696fb0fc
[INFO] [stdout]                                at /opt/rustwide/cargo-home/registry/src/index.crates.io-6f17d22bba15001f/tokio-1.25.0/src/runtime/scheduler/current_thread.rs:540:36
[INFO] [stdout]   34:     0x559813e6c6fb - tokio::runtime::scheduler::current_thread::CoreGuard::enter::{{closure}}::he47c5f50e3d7fe71
[INFO] [stdout]                                at /opt/rustwide/cargo-home/registry/src/index.crates.io-6f17d22bba15001f/tokio-1.25.0/src/runtime/scheduler/current_thread.rs:615:57
[INFO] [stdout]   35:     0x559813e9299d - tokio::macros::scoped_tls::ScopedKey<T>::set::h7c46520f46f1dd81
[INFO] [stdout]                                at /opt/rustwide/cargo-home/registry/src/index.crates.io-6f17d22bba15001f/tokio-1.25.0/src/macros/scoped_tls.rs:61:9
[INFO] [stdout]   36:     0x559813e6c48f - tokio::runtime::scheduler::current_thread::CoreGuard::enter::hb411f72a105d39f3
[INFO] [stdout]                                at /opt/rustwide/cargo-home/registry/src/index.crates.io-6f17d22bba15001f/tokio-1.25.0/src/runtime/scheduler/current_thread.rs:615:27
[INFO] [stdout]   37:     0x559813e6c72c - tokio::runtime::scheduler::current_thread::CoreGuard::block_on::hdd502ff2eefca7a1
[INFO] [stdout]                                at /opt/rustwide/cargo-home/registry/src/index.crates.io-6f17d22bba15001f/tokio-1.25.0/src/runtime/scheduler/current_thread.rs:530:19
[INFO] [stdout]   38:     0x559813e6b1dd - tokio::runtime::scheduler::current_thread::CurrentThread::block_on::h1aade9be4df90197
[INFO] [stdout]                                at /opt/rustwide/cargo-home/registry/src/index.crates.io-6f17d22bba15001f/tokio-1.25.0/src/runtime/scheduler/current_thread.rs:154:24
[INFO] [stdout]   39:     0x559813e66d4d - tokio::runtime::runtime::Runtime::block_on::h2bd270c7f2c9dd64
[INFO] [stdout]                                at /opt/rustwide/cargo-home/registry/src/index.crates.io-6f17d22bba15001f/tokio-1.25.0/src/runtime/runtime.rs:282:47
[INFO] [stdout]   40:     0x559813e982cc - health_checks::tests::subscribe_returns_a_200_for_valid_form_data::h6c2b4e3cd79a74c3
[INFO] [stdout]                                at /opt/rustwide/workdir/tests/health_checks.rs:87:9
[INFO] [stdout]   41:     0x559813e98157 - health_checks::tests::subscribe_returns_a_200_for_valid_form_data::{{closure}}::h33ca234bdcd14533
[INFO] [stdout]                                at /opt/rustwide/workdir/tests/health_checks.rs:48:59
[INFO] [stdout]   42:     0x559813e9a576 - core::ops::function::FnOnce::call_once::h0830b4770519bdc7
[INFO] [stdout]                                at /rustc/82e1608dfa6e0b5569232559e3d385fea5a93112/library/core/src/ops/function.rs:250:5
[INFO] [stdout]   43:     0x55981415418f - core::ops::function::FnOnce::call_once::h2b5d431d5046312d
[INFO] [stdout]                                at /rustc/82e1608dfa6e0b5569232559e3d385fea5a93112/library/core/src/ops/function.rs:250:5
[INFO] [stdout]   44:     0x55981415418f - test::__rust_begin_short_backtrace::h7714669af176e207
[INFO] [stdout]                                at /rustc/82e1608dfa6e0b5569232559e3d385fea5a93112/library/test/src/lib.rs:628:18
[INFO] [stdout]   45:     0x5598141531a5 - test::run_test_in_process::{{closure}}::h85218797dcbcec12
[INFO] [stdout]                                at /rustc/82e1608dfa6e0b5569232559e3d385fea5a93112/library/test/src/lib.rs:651:60
[INFO] [stdout]   46:     0x5598141531a5 - <core::panic::unwind_safe::AssertUnwindSafe<F> as core::ops::function::FnOnce<()>>::call_once::h76c106ea31c14d7b
[INFO] [stdout]                                at /rustc/82e1608dfa6e0b5569232559e3d385fea5a93112/library/core/src/panic/unwind_safe.rs:272:9
[INFO] [stdout]   47:     0x5598141531a5 - std::panicking::try::do_call::h3bd5d0f6620ee946
[INFO] [stdout]                                at /rustc/82e1608dfa6e0b5569232559e3d385fea5a93112/library/std/src/panicking.rs:552:40
[INFO] [stdout]   48:     0x5598141531a5 - std::panicking::try::h232e535e4744fe31
[INFO] [stdout]                                at /rustc/82e1608dfa6e0b5569232559e3d385fea5a93112/library/std/src/panicking.rs:516:19
[INFO] [stdout]   49:     0x5598141531a5 - std::panic::catch_unwind::h3ce3bd6ca8dbac68
[INFO] [stdout]                                at /rustc/82e1608dfa6e0b5569232559e3d385fea5a93112/library/std/src/panic.rs:142:14
[INFO] [stdout]   50:     0x5598141531a5 - test::run_test_in_process::hc97b257c9621286a
[INFO] [stdout]                                at /rustc/82e1608dfa6e0b5569232559e3d385fea5a93112/library/test/src/lib.rs:651:27
[INFO] [stdout]   51:     0x5598141531a5 - test::run_test::{{closure}}::h2aa798823a438d38
[INFO] [stdout]                                at /rustc/82e1608dfa6e0b5569232559e3d385fea5a93112/library/test/src/lib.rs:574:43
[INFO] [stdout]   52:     0x55981411b466 - test::run_test::{{closure}}::h87d231c78fb59832
[INFO] [stdout]                                at /rustc/82e1608dfa6e0b5569232559e3d385fea5a93112/library/test/src/lib.rs:602:41
[INFO] [stdout]   53:     0x55981411b466 - std::sys_common::backtrace::__rust_begin_short_backtrace::he6df152596625789
[INFO] [stdout]                                at /rustc/82e1608dfa6e0b5569232559e3d385fea5a93112/library/std/src/sys_common/backtrace.rs:154:18
[INFO] [stdout]   54:     0x559814120517 - std::thread::Builder::spawn_unchecked_::{{closure}}::{{closure}}::ha94be15d1e0acf36
[INFO] [stdout]                                at /rustc/82e1608dfa6e0b5569232559e3d385fea5a93112/library/std/src/thread/mod.rs:529:17
[INFO] [stdout]   55:     0x559814120517 - <core::panic::unwind_safe::AssertUnwindSafe<F> as core::ops::function::FnOnce<()>>::call_once::h9dc6bd6372f16606
[INFO] [stdout]                                at /rustc/82e1608dfa6e0b5569232559e3d385fea5a93112/library/core/src/panic/unwind_safe.rs:272:9
[INFO] [stdout]   56:     0x559814120517 - std::panicking::try::do_call::h9057517f80303cd4
[INFO] [stdout]                                at /rustc/82e1608dfa6e0b5569232559e3d385fea5a93112/library/std/src/panicking.rs:552:40
[INFO] [stdout]   57:     0x559814120517 - std::panicking::try::he3a30b11ee45340c
[INFO] [stdout]                                at /rustc/82e1608dfa6e0b5569232559e3d385fea5a93112/library/std/src/panicking.rs:516:19
[INFO] [stdout]   58:     0x559814120517 - std::panic::catch_unwind::h410458cfd3528b8b
[INFO] [stdout]                                at /rustc/82e1608dfa6e0b5569232559e3d385fea5a93112/library/std/src/panic.rs:142:14
[INFO] [stdout]   59:     0x559814120517 - std::thread::Builder::spawn_unchecked_::{{closure}}::h72ac3bdb567b737b
[INFO] [stdout]                                at /rustc/82e1608dfa6e0b5569232559e3d385fea5a93112/library/std/src/thread/mod.rs:528:30
[INFO] [stdout]   60:     0x559814120517 - core::ops::function::FnOnce::call_once{{vtable.shim}}::h38f34da3654a8344
[INFO] [stdout]                                at /rustc/82e1608dfa6e0b5569232559e3d385fea5a93112/library/core/src/ops/function.rs:250:5
[INFO] [stdout]   61:     0x559814b0b0a5 - <alloc::boxed::Box<F,A> as core::ops::function::FnOnce<Args>>::call_once::hc7eafaff61e32df9
[INFO] [stdout]                                at /rustc/82e1608dfa6e0b5569232559e3d385fea5a93112/library/alloc/src/boxed.rs:2007:9
[INFO] [stdout]   62:     0x559814b0b0a5 - <alloc::boxed::Box<F,A> as core::ops::function::FnOnce<Args>>::call_once::h6ba4a5de48dd2304
[INFO] [stdout]                                at /rustc/82e1608dfa6e0b5569232559e3d385fea5a93112/library/alloc/src/boxed.rs:2007:9
[INFO] [stdout]   63:     0x559814b0b0a5 - std::sys::unix::thread::Thread::new::thread_start::he469335aef763e45
[INFO] [stdout]                                at /rustc/82e1608dfa6e0b5569232559e3d385fea5a93112/library/std/src/sys/unix/thread.rs:108:17
[INFO] [stdout]   64:     0x7fe57ac23ac3 - <unknown>
[INFO] [stdout]   65:     0x7fe57acb4bf4 - __clone
[INFO] [stdout]   66:                0x0 - <unknown>
[INFO] [stdout] 
[INFO] [stdout] ---- tests::subscribe_returns_a_400_for_invalid_form_data stdout ----
[INFO] [stdout] Error: environment variable not found
[INFO] [stdout] Error: environment variable not found
[INFO] [stdout] Error: environment variable not found
[INFO] [stdout] Error: environment variable not found
[INFO] [stdout] Error: environment variable not found
[INFO] [stdout] thread 'tests::subscribe_returns_a_400_for_invalid_form_data' panicked at src/common/configuration/database/postgres_config.rs:54:33:
[INFO] [stdout] Error connecting to postgres://:@:/
[INFO] [stdout] stack backtrace:
[INFO] [stdout]    0:     0x559814b0421c - std::backtrace_rs::backtrace::libunwind::trace::ha637c64ce894333a
[INFO] [stdout]                                at /rustc/82e1608dfa6e0b5569232559e3d385fea5a93112/library/std/src/../../backtrace/src/backtrace/libunwind.rs:104:5
[INFO] [stdout]    1:     0x559814b0421c - std::backtrace_rs::backtrace::trace_unsynchronized::h47f62dea28e0c88d
[INFO] [stdout]                                at /rustc/82e1608dfa6e0b5569232559e3d385fea5a93112/library/std/src/../../backtrace/src/backtrace/mod.rs:66:5
[INFO] [stdout]    2:     0x559814b0421c - std::sys_common::backtrace::_print_fmt::h9eef0abe20ede486
[INFO] [stdout]                                at /rustc/82e1608dfa6e0b5569232559e3d385fea5a93112/library/std/src/sys_common/backtrace.rs:67:5
[INFO] [stdout]    3:     0x559814b0421c - <std::sys_common::backtrace::_print::DisplayBacktrace as core::fmt::Display>::fmt::hed7f999df88cc644
[INFO] [stdout]                                at /rustc/82e1608dfa6e0b5569232559e3d385fea5a93112/library/std/src/sys_common/backtrace.rs:44:22
[INFO] [stdout]    4:     0x559814b33e30 - core::fmt::rt::Argument::fmt::h1539a9308b8d058d
[INFO] [stdout]                                at /rustc/82e1608dfa6e0b5569232559e3d385fea5a93112/library/core/src/fmt/rt.rs:142:9
[INFO] [stdout]    5:     0x559814b33e30 - core::fmt::write::h3a39390d8560d9c9
[INFO] [stdout]                                at /rustc/82e1608dfa6e0b5569232559e3d385fea5a93112/library/core/src/fmt/mod.rs:1120:17
[INFO] [stdout]    6:     0x559814b00f5f - std::io::Write::write_fmt::h040b369f3a0f9cbc
[INFO] [stdout]                                at /rustc/82e1608dfa6e0b5569232559e3d385fea5a93112/library/std/src/io/mod.rs:1762:15
[INFO] [stdout]    7:     0x559814b04004 - std::sys_common::backtrace::_print::h894006fb5c6f3d45
[INFO] [stdout]                                at /rustc/82e1608dfa6e0b5569232559e3d385fea5a93112/library/std/src/sys_common/backtrace.rs:47:5
[INFO] [stdout]    8:     0x559814b04004 - std::sys_common::backtrace::print::h23a2d212c6fff936
[INFO] [stdout]                                at /rustc/82e1608dfa6e0b5569232559e3d385fea5a93112/library/std/src/sys_common/backtrace.rs:34:9
[INFO] [stdout]    9:     0x559814b05cc7 - std::panicking::default_hook::{{closure}}::h8a1d2ee00185001a
[INFO] [stdout]   10:     0x559814b059b3 - std::panicking::default_hook::h6038f2eba384e475
[INFO] [stdout]                                at /rustc/82e1608dfa6e0b5569232559e3d385fea5a93112/library/std/src/panicking.rs:289:9
[INFO] [stdout]   11:     0x55981414eb37 - <alloc::boxed::Box<F,A> as core::ops::function::Fn<Args>>::call::h0ad024c9bdc6d768
[INFO] [stdout]                                at /rustc/82e1608dfa6e0b5569232559e3d385fea5a93112/library/alloc/src/boxed.rs:2021:9
[INFO] [stdout]   12:     0x55981414eb37 - test::test_main::{{closure}}::h7500b54257359db6
[INFO] [stdout]                                at /rustc/82e1608dfa6e0b5569232559e3d385fea5a93112/library/test/src/lib.rs:138:21
[INFO] [stdout]   13:     0x559814b062d8 - <alloc::boxed::Box<F,A> as core::ops::function::Fn<Args>>::call::h1f8f335eaa9cfaee
[INFO] [stdout]                                at /rustc/82e1608dfa6e0b5569232559e3d385fea5a93112/library/alloc/src/boxed.rs:2021:9
[INFO] [stdout]   14:     0x559814b062d8 - std::panicking::rust_panic_with_hook::h2b5517d590cab22e
[INFO] [stdout]                                at /rustc/82e1608dfa6e0b5569232559e3d385fea5a93112/library/std/src/panicking.rs:783:13
[INFO] [stdout]   15:     0x559814b0602e - std::panicking::begin_panic_handler::{{closure}}::h233112c06e0ef43e
[INFO] [stdout]                                at /rustc/82e1608dfa6e0b5569232559e3d385fea5a93112/library/std/src/panicking.rs:657:13
[INFO] [stdout]   16:     0x559814b046e6 - std::sys_common::backtrace::__rust_end_short_backtrace::h6e893f24d7ebbff8
[INFO] [stdout]                                at /rustc/82e1608dfa6e0b5569232559e3d385fea5a93112/library/std/src/sys_common/backtrace.rs:170:18
[INFO] [stdout]   17:     0x559814b05d92 - rust_begin_unwind
[INFO] [stdout]                                at /rustc/82e1608dfa6e0b5569232559e3d385fea5a93112/library/std/src/panicking.rs:645:5
[INFO] [stdout]   18:     0x559813e4b775 - core::panicking::panic_fmt::hbf0e066aabfa482c
[INFO] [stdout]                                at /rustc/82e1608dfa6e0b5569232559e3d385fea5a93112/library/core/src/panicking.rs:72:14
[INFO] [stdout]   19:     0x559814166abd - <zero_to_prod::common::configuration::database::postgres_config::PgConnectionFactory as zero_to_prod::common::configuration::database::DatabaseConnectionConfig<diesel::pg::connection::PgConnection>>::get_connection::{{closure}}::h0c53f6cad0d2e5b4
[INFO] [stdout]                                at /opt/rustwide/workdir/src/common/configuration/database/postgres_config.rs:54:33
[INFO] [stdout]   20:     0x55981415deda - core::result::Result<T,E>::unwrap_or_else::h71cf2bf6deec92d4
[INFO] [stdout]                                at /rustc/82e1608dfa6e0b5569232559e3d385fea5a93112/library/core/src/result.rs:1430:23
[INFO] [stdout]   21:     0x5598141669ca - <zero_to_prod::common::configuration::database::postgres_config::PgConnectionFactory as zero_to_prod::common::configuration::database::DatabaseConnectionConfig<diesel::pg::connection::PgConnection>>::get_connection::he7dd648e7cc2e8e7
[INFO] [stdout]                                at /opt/rustwide/workdir/src/common/configuration/database/postgres_config.rs:53:9
[INFO] [stdout]   22:     0x559814166aee - zero_to_prod::common::configuration::database::DatabaseConnectionFactory::get_pg_connection::h9280cfc6485c41e2
[INFO] [stdout]                                at /opt/rustwide/workdir/src/common/configuration/database/mod.rs:67:9
[INFO] [stdout]   23:     0x559813e97238 - health_checks::tests::db_bootstrap::h322510e31189c29c
[INFO] [stdout]                                at /opt/rustwide/workdir/tests/health_checks.rs:138:33
[INFO] [stdout]   24:     0x559813e96f95 - health_checks::tests::spawn_app::h19f6626e2f822d15
[INFO] [stdout]                                at /opt/rustwide/workdir/tests/health_checks.rs:127:20
[INFO] [stdout]   25:     0x559813e994f7 - health_checks::tests::subscribe_returns_a_400_for_invalid_form_data::{{closure}}::hdbd847e572651bd3
[INFO] [stdout]                                at /opt/rustwide/workdir/tests/health_checks.rs:98:19
[INFO] [stdout]   26:     0x559813e87768 - <core::pin::Pin<P> as core::future::future::Future>::poll::h5ae45ba8048cc1e7
[INFO] [stdout]                                at /rustc/82e1608dfa6e0b5569232559e3d385fea5a93112/library/core/src/future/future.rs:125:9
[INFO] [stdout]   27:     0x559813e8780b - <core::pin::Pin<P> as core::future::future::Future>::poll::hc2a5078e1574f7b5
[INFO] [stdout]                                at /rustc/82e1608dfa6e0b5569232559e3d385fea5a93112/library/core/src/future/future.rs:125:9
[INFO] [stdout]   28:     0x559813e6d504 - tokio::runtime::scheduler::current_thread::CoreGuard::block_on::{{closure}}::{{closure}}::{{closure}}::hd06996010b07ff80
[INFO] [stdout]                                at /opt/rustwide/cargo-home/registry/src/index.crates.io-6f17d22bba15001f/tokio-1.25.0/src/runtime/scheduler/current_thread.rs:541:57
[INFO] [stdout]   29:     0x559813e6d41a - tokio::runtime::coop::with_budget::h0d5721f611778c77
[INFO] [stdout]                                at /opt/rustwide/cargo-home/registry/src/index.crates.io-6f17d22bba15001f/tokio-1.25.0/src/runtime/coop.rs:102:5
[INFO] [stdout]   30:     0x559813e6d41a - tokio::runtime::coop::budget::hae38f14391c29a2c
[INFO] [stdout]                                at /opt/rustwide/cargo-home/registry/src/index.crates.io-6f17d22bba15001f/tokio-1.25.0/src/runtime/coop.rs:68:5
[INFO] [stdout]   31:     0x559813e6d41a - tokio::runtime::scheduler::current_thread::CoreGuard::block_on::{{closure}}::{{closure}}::hae93242ba887b502
[INFO] [stdout]                                at /opt/rustwide/cargo-home/registry/src/index.crates.io-6f17d22bba15001f/tokio-1.25.0/src/runtime/scheduler/current_thread.rs:541:25
[INFO] [stdout]   32:     0x559813e6befc - tokio::runtime::scheduler::current_thread::Context::enter::hc02e5532a28d2a2d
[INFO] [stdout]                                at /opt/rustwide/cargo-home/registry/src/index.crates.io-6f17d22bba15001f/tokio-1.25.0/src/runtime/scheduler/current_thread.rs:350:19
[INFO] [stdout]   33:     0x559813e6c9e2 - tokio::runtime::scheduler::current_thread::CoreGuard::block_on::{{closure}}::h7cb9f8be696fb0fc
[INFO] [stdout]                                at /opt/rustwide/cargo-home/registry/src/index.crates.io-6f17d22bba15001f/tokio-1.25.0/src/runtime/scheduler/current_thread.rs:540:36
[INFO] [stdout]   34:     0x559813e6c6fb - tokio::runtime::scheduler::current_thread::CoreGuard::enter::{{closure}}::he47c5f50e3d7fe71
[INFO] [stdout]                                at /opt/rustwide/cargo-home/registry/src/index.crates.io-6f17d22bba15001f/tokio-1.25.0/src/runtime/scheduler/current_thread.rs:615:57
[INFO] [stdout]   35:     0x559813e9299d - tokio::macros::scoped_tls::ScopedKey<T>::set::h7c46520f46f1dd81
[INFO] [stdout]                                at /opt/rustwide/cargo-home/registry/src/index.crates.io-6f17d22bba15001f/tokio-1.25.0/src/macros/scoped_tls.rs:61:9
[INFO] [stdout]   36:     0x559813e6c48f - tokio::runtime::scheduler::current_thread::CoreGuard::enter::hb411f72a105d39f3
[INFO] [stdout]                                at /opt/rustwide/cargo-home/registry/src/index.crates.io-6f17d22bba15001f/tokio-1.25.0/src/runtime/scheduler/current_thread.rs:615:27
[INFO] [stdout]   37:     0x559813e6c72c - tokio::runtime::scheduler::current_thread::CoreGuard::block_on::hdd502ff2eefca7a1
[INFO] [stdout]                                at /opt/rustwide/cargo-home/registry/src/index.crates.io-6f17d22bba15001f/tokio-1.25.0/src/runtime/scheduler/current_thread.rs:530:19
[INFO] [stdout]   38:     0x559813e6b1dd - tokio::runtime::scheduler::current_thread::CurrentThread::block_on::h1aade9be4df90197
[INFO] [stdout]                                at /opt/rustwide/cargo-home/registry/src/index.crates.io-6f17d22bba15001f/tokio-1.25.0/src/runtime/scheduler/current_thread.rs:154:24
[INFO] [stdout]   39:     0x559813e66d4d - tokio::runtime::runtime::Runtime::block_on::h2bd270c7f2c9dd64
[INFO] [stdout]                                at /opt/rustwide/cargo-home/registry/src/index.crates.io-6f17d22bba15001f/tokio-1.25.0/src/runtime/runtime.rs:282:47
[INFO] [stdout]   40:     0x559813e9940c - health_checks::tests::subscribe_returns_a_400_for_invalid_form_data::h5938b3444cd0b5e6
[INFO] [stdout]                                at /opt/rustwide/workdir/tests/health_checks.rs:105:9
[INFO] [stdout]   41:     0x559813e99297 - health_checks::tests::subscribe_returns_a_400_for_invalid_form_data::{{closure}}::hee057bc9e789b611
[INFO] [stdout]                                at /opt/rustwide/workdir/tests/health_checks.rs:97:61
[INFO] [stdout]   42:     0x559813e9a706 - core::ops::function::FnOnce::call_once::h4fed86b1ea147fdc
[INFO] [stdout]                                at /rustc/82e1608dfa6e0b5569232559e3d385fea5a93112/library/core/src/ops/function.rs:250:5
[INFO] [stdout]   43:     0x55981415418f - core::ops::function::FnOnce::call_once::h2b5d431d5046312d
[INFO] [stdout]                                at /rustc/82e1608dfa6e0b5569232559e3d385fea5a93112/library/core/src/ops/function.rs:250:5
[INFO] [stdout]   44:     0x55981415418f - test::__rust_begin_short_backtrace::h7714669af176e207
[INFO] [stdout]                                at /rustc/82e1608dfa6e0b5569232559e3d385fea5a93112/library/test/src/lib.rs:628:18
[INFO] [stdout]   45:     0x5598141531a5 - test::run_test_in_process::{{closure}}::h85218797dcbcec12
[INFO] [stdout]                                at /rustc/82e1608dfa6e0b5569232559e3d385fea5a93112/library/test/src/lib.rs:651:60
[INFO] [stdout]   46:     0x5598141531a5 - <core::panic::unwind_safe::AssertUnwindSafe<F> as core::ops::function::FnOnce<()>>::call_once::h76c106ea31c14d7b
[INFO] [stdout]                                at /rustc/82e1608dfa6e0b5569232559e3d385fea5a93112/library/core/src/panic/unwind_safe.rs:272:9
[INFO] [stdout]   47:     0x5598141531a5 - std::panicking::try::do_call::h3bd5d0f6620ee946
[INFO] [stdout]                                at /rustc/82e1608dfa6e0b5569232559e3d385fea5a93112/library/std/src/panicking.rs:552:40
[INFO] [stdout]   48:     0x5598141531a5 - std::panicking::try::h232e535e4744fe31
[INFO] [stdout]                                at /rustc/82e1608dfa6e0b5569232559e3d385fea5a93112/library/std/src/panicking.rs:516:19
[INFO] [stdout]   49:     0x5598141531a5 - std::panic::catch_unwind::h3ce3bd6ca8dbac68
[INFO] [stdout]                                at /rustc/82e1608dfa6e0b5569232559e3d385fea5a93112/library/std/src/panic.rs:142:14
[INFO] [stdout]   50:     0x5598141531a5 - test::run_test_in_process::hc97b257c9621286a
[INFO] [stdout]                                at /rustc/82e1608dfa6e0b5569232559e3d385fea5a93112/library/test/src/lib.rs:651:27
[INFO] [stdout]   51:     0x5598141531a5 - test::run_test::{{closure}}::h2aa798823a438d38
[INFO] [stdout]                                at /rustc/82e1608dfa6e0b5569232559e3d385fea5a93112/library/test/src/lib.rs:574:43
[INFO] [stdout]   52:     0x55981411b466 - test::run_test::{{closure}}::h87d231c78fb59832
[INFO] [stdout]                                at /rustc/82e1608dfa6e0b5569232559e3d385fea5a93112/library/test/src/lib.rs:602:41
[INFO] [stdout]   53:     0x55981411b466 - std::sys_common::backtrace::__rust_begin_short_backtrace::he6df152596625789
[INFO] [stdout]                                at /rustc/82e1608dfa6e0b5569232559e3d385fea5a93112/library/std/src/sys_common/backtrace.rs:154:18
[INFO] [stdout]   54:     0x559814120517 - std::thread::Builder::spawn_unchecked_::{{closure}}::{{closure}}::ha94be15d1e0acf36
[INFO] [stdout]                                at /rustc/82e1608dfa6e0b5569232559e3d385fea5a93112/library/std/src/thread/mod.rs:529:17
[INFO] [stdout]   55:     0x559814120517 - <core::panic::unwind_safe::AssertUnwindSafe<F> as core::ops::function::FnOnce<()>>::call_once::h9dc6bd6372f16606
[INFO] [stdout]                                at /rustc/82e1608dfa6e0b5569232559e3d385fea5a93112/library/core/src/panic/unwind_safe.rs:272:9
[INFO] [stdout]   56:     0x559814120517 - std::panicking::try::do_call::h9057517f80303cd4
[INFO] [stdout]                                at /rustc/82e1608dfa6e0b5569232559e3d385fea5a93112/library/std/src/panicking.rs:552:40
[INFO] [stdout]   57:     0x559814120517 - std::panicking::try::he3a30b11ee45340c
[INFO] [stdout]                                at /rustc/82e1608dfa6e0b5569232559e3d385fea5a93112/library/std/src/panicking.rs:516:19
[INFO] [stdout]   58:     0x559814120517 - std::panic::catch_unwind::h410458cfd3528b8b
[INFO] [stdout]                                at /rustc/82e1608dfa6e0b5569232559e3d385fea5a93112/library/std/src/panic.rs:142:14
[INFO] [stdout]   59:     0x559814120517 - std::thread::Builder::spawn_unchecked_::{{closure}}::h72ac3bdb567b737b
[INFO] [stdout]                                at /rustc/82e1608dfa6e0b5569232559e3d385fea5a93112/library/std/src/thread/mod.rs:528:30
[INFO] [stdout]   60:     0x559814120517 - core::ops::function::FnOnce::call_once{{vtable.shim}}::h38f34da3654a8344
[INFO] [stdout]                                at /rustc/82e1608dfa6e0b5569232559e3d385fea5a93112/library/core/src/ops/function.rs:250:5
[INFO] [stdout]   61:     0x559814b0b0a5 - <alloc::boxed::Box<F,A> as core::ops::function::FnOnce<Args>>::call_once::hc7eafaff61e32df9
[INFO] [stdout]                                at /rustc/82e1608dfa6e0b5569232559e3d385fea5a93112/library/alloc/src/boxed.rs:2007:9
[INFO] [stdout]   62:     0x559814b0b0a5 - <alloc::boxed::Box<F,A> as core::ops::function::FnOnce<Args>>::call_once::h6ba4a5de48dd2304
[INFO] [stdout]                                at /rustc/82e1608dfa6e0b5569232559e3d385fea5a93112/library/alloc/src/boxed.rs:2007:9
[INFO] [stdout]   63:     0x559814b0b0a5 - std::sys::unix::thread::Thread::new::thread_start::he469335aef763e45
[INFO] [stdout]                                at /rustc/82e1608dfa6e0b5569232559e3d385fea5a93112/library/std/src/sys/unix/thread.rs:108:17
[INFO] [stdout]   64:     0x7fe57ac23ac3 - <unknown>
[INFO] [stdout]   65:     0x7fe57acb4bf4 - __clone
[INFO] [stdout]   66:                0x0 - <unknown>
[INFO] [stdout] 
[INFO] [stdout] ---- tests::health_check_works stdout ----
[INFO] [stdout] Error: environment variable not found
[INFO] [stdout] Error: environment variable not found
[INFO] [stdout] Error: environment variable not found
[INFO] [stdout] Error: environment variable not found
[INFO] [stdout] Error: environment variable not found
[INFO] [stdout] thread 'tests::health_check_works' panicked at src/common/configuration/database/postgres_config.rs:54:33:
[INFO] [stdout] Error connecting to postgres://:@:/
[INFO] [stdout] stack backtrace:
[INFO] [stdout]    0:     0x559814b0421c - std::backtrace_rs::backtrace::libunwind::trace::ha637c64ce894333a
[INFO] [stdout]                                at /rustc/82e1608dfa6e0b5569232559e3d385fea5a93112/library/std/src/../../backtrace/src/backtrace/libunwind.rs:104:5
[INFO] [stdout]    1:     0x559814b0421c - std::backtrace_rs::backtrace::trace_unsynchronized::h47f62dea28e0c88d
[INFO] [stdout]                                at /rustc/82e1608dfa6e0b5569232559e3d385fea5a93112/library/std/src/../../backtrace/src/backtrace/mod.rs:66:5
[INFO] [stdout]    2:     0x559814b0421c - std::sys_common::backtrace::_print_fmt::h9eef0abe20ede486
[INFO] [stdout]                                at /rustc/82e1608dfa6e0b5569232559e3d385fea5a93112/library/std/src/sys_common/backtrace.rs:67:5
[INFO] [stdout]    3:     0x559814b0421c - <std::sys_common::backtrace::_print::DisplayBacktrace as core::fmt::Display>::fmt::hed7f999df88cc644
[INFO] [stdout]                                at /rustc/82e1608dfa6e0b5569232559e3d385fea5a93112/library/std/src/sys_common/backtrace.rs:44:22
[INFO] [stdout]    4:     0x559814b33e30 - core::fmt::rt::Argument::fmt::h1539a9308b8d058d
[INFO] [stdout]                                at /rustc/82e1608dfa6e0b5569232559e3d385fea5a93112/library/core/src/fmt/rt.rs:142:9
[INFO] [stdout]    5:     0x559814b33e30 - core::fmt::write::h3a39390d8560d9c9
[INFO] [stdout]                                at /rustc/82e1608dfa6e0b5569232559e3d385fea5a93112/library/core/src/fmt/mod.rs:1120:17
[INFO] [stdout]    6:     0x559814b00f5f - std::io::Write::write_fmt::h040b369f3a0f9cbc
[INFO] [stdout]                                at /rustc/82e1608dfa6e0b5569232559e3d385fea5a93112/library/std/src/io/mod.rs:1762:15
[INFO] [stdout]    7:     0x559814b04004 - std::sys_common::backtrace::_print::h894006fb5c6f3d45
[INFO] [stdout]                                at /rustc/82e1608dfa6e0b5569232559e3d385fea5a93112/library/std/src/sys_common/backtrace.rs:47:5
[INFO] [stdout]    8:     0x559814b04004 - std::sys_common::backtrace::print::h23a2d212c6fff936
[INFO] [stdout]                                at /rustc/82e1608dfa6e0b5569232559e3d385fea5a93112/library/std/src/sys_common/backtrace.rs:34:9
[INFO] [stdout]    9:     0x559814b05cc7 - std::panicking::default_hook::{{closure}}::h8a1d2ee00185001a
[INFO] [stdout]   10:     0x559814b059b3 - std::panicking::default_hook::h6038f2eba384e475
[INFO] [stdout]                                at /rustc/82e1608dfa6e0b5569232559e3d385fea5a93112/library/std/src/panicking.rs:289:9
[INFO] [stdout]   11:     0x55981414eb37 - <alloc::boxed::Box<F,A> as core::ops::function::Fn<Args>>::call::h0ad024c9bdc6d768
[INFO] [stdout]                                at /rustc/82e1608dfa6e0b5569232559e3d385fea5a93112/library/alloc/src/boxed.rs:2021:9
[INFO] [stdout]   12:     0x55981414eb37 - test::test_main::{{closure}}::h7500b54257359db6
[INFO] [stdout]                                at /rustc/82e1608dfa6e0b5569232559e3d385fea5a93112/library/test/src/lib.rs:138:21
[INFO] [stdout]   13:     0x559814b062d8 - <alloc::boxed::Box<F,A> as core::ops::function::Fn<Args>>::call::h1f8f335eaa9cfaee
[INFO] [stdout]                                at /rustc/82e1608dfa6e0b5569232559e3d385fea5a93112/library/alloc/src/boxed.rs:2021:9
[INFO] [stdout]   14:     0x559814b062d8 - std::panicking::rust_panic_with_hook::h2b5517d590cab22e
[INFO] [stdout]                                at /rustc/82e1608dfa6e0b5569232559e3d385fea5a93112/library/std/src/panicking.rs:783:13
[INFO] [stdout]   15:     0x559814b0602e - std::panicking::begin_panic_handler::{{closure}}::h233112c06e0ef43e
[INFO] [stdout]                                at /rustc/82e1608dfa6e0b5569232559e3d385fea5a93112/library/std/src/panicking.rs:657:13
[INFO] [stdout]   16:     0x559814b046e6 - std::sys_common::backtrace::__rust_end_short_backtrace::h6e893f24d7ebbff8
[INFO] [stdout]                                at /rustc/82e1608dfa6e0b5569232559e3d385fea5a93112/library/std/src/sys_common/backtrace.rs:170:18
[INFO] [stdout]   17:     0x559814b05d92 - rust_begin_unwind
[INFO] [stdout]                                at /rustc/82e1608dfa6e0b5569232559e3d385fea5a93112/library/std/src/panicking.rs:645:5
[INFO] [stdout]   18:     0x559813e4b775 - core::panicking::panic_fmt::hbf0e066aabfa482c
[INFO] [stdout]                                at /rustc/82e1608dfa6e0b5569232559e3d385fea5a93112/library/core/src/panicking.rs:72:14
[INFO] [stdout]   19:     0x559814166abd - <zero_to_prod::common::configuration::database::postgres_config::PgConnectionFactory as zero_to_prod::common::configuration::database::DatabaseConnectionConfig<diesel::pg::connection::PgConnection>>::get_connection::{{closure}}::h0c53f6cad0d2e5b4
[INFO] [stdout]                                at /opt/rustwide/workdir/src/common/configuration/database/postgres_config.rs:54:33
[INFO] [stdout]   20:     0x55981415deda - core::result::Result<T,E>::unwrap_or_else::h71cf2bf6deec92d4
[INFO] [stdout]                                at /rustc/82e1608dfa6e0b5569232559e3d385fea5a93112/library/core/src/result.rs:1430:23
[INFO] [stdout]   21:     0x5598141669ca - <zero_to_prod::common::configuration::database::postgres_config::PgConnectionFactory as zero_to_prod::common::configuration::database::DatabaseConnectionConfig<diesel::pg::connection::PgConnection>>::get_connection::he7dd648e7cc2e8e7
[INFO] [stdout]                                at /opt/rustwide/workdir/src/common/configuration/database/postgres_config.rs:53:9
[INFO] [stdout]   22:     0x559814166aee - zero_to_prod::common::configuration::database::DatabaseConnectionFactory::get_pg_connection::h9280cfc6485c41e2
[INFO] [stdout]                                at /opt/rustwide/workdir/src/common/configuration/database/mod.rs:67:9
[INFO] [stdout]   23:     0x559813e97238 - health_checks::tests::db_bootstrap::h322510e31189c29c
[INFO] [stdout]                                at /opt/rustwide/workdir/tests/health_checks.rs:138:33
[INFO] [stdout]   24:     0x559813e96f95 - health_checks::tests::spawn_app::h19f6626e2f822d15
[INFO] [stdout]                                at /opt/rustwide/workdir/tests/health_checks.rs:127:20
[INFO] [stdout]   25:     0x559813e97c58 - health_checks::tests::health_check_works::{{closure}}::hc19d8d92aa724aaf
[INFO] [stdout]                                at /opt/rustwide/workdir/tests/health_checks.rs:35:19
[INFO] [stdout]   26:     0x559813e87768 - <core::pin::Pin<P> as core::future::future::Future>::poll::h5ae45ba8048cc1e7
[INFO] [stdout]                                at /rustc/82e1608dfa6e0b5569232559e3d385fea5a93112/library/core/src/future/future.rs:125:9
[INFO] [stdout]   27:     0x559813e8780b - <core::pin::Pin<P> as core::future::future::Future>::poll::hc2a5078e1574f7b5
[INFO] [stdout]                                at /rustc/82e1608dfa6e0b5569232559e3d385fea5a93112/library/core/src/future/future.rs:125:9
[INFO] [stdout]   28:     0x559813e6d504 - tokio::runtime::scheduler::current_thread::CoreGuard::block_on::{{closure}}::{{closure}}::{{closure}}::hd06996010b07ff80
[INFO] [stdout]                                at /opt/rustwide/cargo-home/registry/src/index.crates.io-6f17d22bba15001f/tokio-1.25.0/src/runtime/scheduler/current_thread.rs:541:57
[INFO] [stdout]   29:     0x559813e6d41a - tokio::runtime::coop::with_budget::h0d5721f611778c77
[INFO] [stdout]                                at /opt/rustwide/cargo-home/registry/src/index.crates.io-6f17d22bba15001f/tokio-1.25.0/src/runtime/coop.rs:102:5
[INFO] [stdout]   30:     0x559813e6d41a - tokio::runtime::coop::budget::hae38f14391c29a2c
[INFO] [stdout]                                at /opt/rustwide/cargo-home/registry/src/index.crates.io-6f17d22bba15001f/tokio-1.25.0/src/runtime/coop.rs:68:5
[INFO] [stdout]   31:     0x559813e6d41a - tokio::runtime::scheduler::current_thread::CoreGuard::block_on::{{closure}}::{{closure}}::hae93242ba887b502
[INFO] [stdout]                                at /opt/rustwide/cargo-home/registry/src/index.crates.io-6f17d22bba15001f/tokio-1.25.0/src/runtime/scheduler/current_thread.rs:541:25
[INFO] [stdout]   32:     0x559813e6befc - tokio::runtime::scheduler::current_thread::Context::enter::hc02e5532a28d2a2d
[INFO] [stdout]                                at /opt/rustwide/cargo-home/registry/src/index.crates.io-6f17d22bba15001f/tokio-1.25.0/src/runtime/scheduler/current_thread.rs:350:19
[INFO] [stdout]   33:     0x559813e6c9e2 - tokio::runtime::scheduler::current_thread::CoreGuard::block_on::{{closure}}::h7cb9f8be696fb0fc
[INFO] [stdout]                                at /opt/rustwide/cargo-home/registry/src/index.crates.io-6f17d22bba15001f/tokio-1.25.0/src/runtime/scheduler/current_thread.rs:540:36
[INFO] [stdout]   34:     0x559813e6c6fb - tokio::runtime::scheduler::current_thread::CoreGuard::enter::{{closure}}::he47c5f50e3d7fe71
[INFO] [stdout]                                at /opt/rustwide/cargo-home/registry/src/index.crates.io-6f17d22bba15001f/tokio-1.25.0/src/runtime/scheduler/current_thread.rs:615:57
[INFO] [stdout]   35:     0x559813e9299d - tokio::macros::scoped_tls::ScopedKey<T>::set::h7c46520f46f1dd81
[INFO] [stdout]                                at /opt/rustwide/cargo-home/registry/src/index.crates.io-6f17d22bba15001f/tokio-1.25.0/src/macros/scoped_tls.rs:61:9
[INFO] [stdout]   36:     0x559813e6c48f - tokio::runtime::scheduler::current_thread::CoreGuard::enter::hb411f72a105d39f3
[INFO] [stdout]                                at /opt/rustwide/cargo-home/registry/src/index.crates.io-6f17d22bba15001f/tokio-1.25.0/src/runtime/scheduler/current_thread.rs:615:27
[INFO] [stdout]   37:     0x559813e6c72c - tokio::runtime::scheduler::current_thread::CoreGuard::block_on::hdd502ff2eefca7a1
[INFO] [stdout]                                at /opt/rustwide/cargo-home/registry/src/index.crates.io-6f17d22bba15001f/tokio-1.25.0/src/runtime/scheduler/current_thread.rs:530:19
[INFO] [stdout]   38:     0x559813e6b1dd - tokio::runtime::scheduler::current_thread::CurrentThread::block_on::h1aade9be4df90197
[INFO] [stdout]                                at /opt/rustwide/cargo-home/registry/src/index.crates.io-6f17d22bba15001f/tokio-1.25.0/src/runtime/scheduler/current_thread.rs:154:24
[INFO] [stdout]   39:     0x559813e66d4d - tokio::runtime::runtime::Runtime::block_on::h2bd270c7f2c9dd64
[INFO] [stdout]                                at /opt/rustwide/cargo-home/registry/src/index.crates.io-6f17d22bba15001f/tokio-1.25.0/src/runtime/runtime.rs:282:47
[INFO] [stdout]   40:     0x559813e97b7c - health_checks::tests::health_check_works::h4fb137495bcb41f5
[INFO] [stdout]                                at /opt/rustwide/workdir/tests/health_checks.rs:44:9
[INFO] [stdout]   41:     0x559813e97a07 - health_checks::tests::health_check_works::{{closure}}::haf83a3638b466005
[INFO] [stdout]                                at /opt/rustwide/workdir/tests/health_checks.rs:34:34
[INFO] [stdout]   42:     0x559813e9a5b6 - core::ops::function::FnOnce::call_once::h0c760c0f9a175e84
[INFO] [stdout]                                at /rustc/82e1608dfa6e0b5569232559e3d385fea5a93112/library/core/src/ops/function.rs:250:5
[INFO] [stdout]   43:     0x55981415418f - core::ops::function::FnOnce::call_once::h2b5d431d5046312d
[INFO] [stdout]                                at /rustc/82e1608dfa6e0b5569232559e3d385fea5a93112/library/core/src/ops/function.rs:250:5
[INFO] [stdout]   44:     0x55981415418f - test::__rust_begin_short_backtrace::h7714669af176e207
[INFO] [stdout]                                at /rustc/82e1608dfa6e0b5569232559e3d385fea5a93112/library/test/src/lib.rs:628:18
[INFO] [stdout]   45:     0x5598141531a5 - test::run_test_in_process::{{closure}}::h85218797dcbcec12
[INFO] [stdout]                                at /rustc/82e1608dfa6e0b5569232559e3d385fea5a93112/library/test/src/lib.rs:651:60
[INFO] [stdout]   46:     0x5598141531a5 - <core::panic::unwind_safe::AssertUnwindSafe<F> as core::ops::function::FnOnce<()>>::call_once::h76c106ea31c14d7b
[INFO] [stdout]                                at /rustc/82e1608dfa6e0b5569232559e3d385fea5a93112/library/core/src/panic/unwind_safe.rs:272:9
[INFO] [stdout]   47:     0x5598141531a5 - std::panicking::try::do_call::h3bd5d0f6620ee946
[INFO] [stdout]                                at /rustc/82e1608dfa6e0b5569232559e3d385fea5a93112/library/std/src/panicking.rs:552:40
[INFO] [stdout]   48:     0x5598141531a5 - std::panicking::try::h232e535e4744fe31
[INFO] [stdout]                                at /rustc/82e1608dfa6e0b5569232559e3d385fea5a93112/library/std/src/panicking.rs:516:19
[INFO] [stdout]   49:     0x5598141531a5 - std::panic::catch_unwind::h3ce3bd6ca8dbac68
[INFO] [stdout]                                at /rustc/82e1608dfa6e0b5569232559e3d385fea5a93112/library/std/src/panic.rs:142:14
[INFO] [stdout]   50:     0x5598141531a5 - test::run_test_in_process::hc97b257c9621286a
[INFO] [stdout]                                at /rustc/82e1608dfa6e0b5569232559e3d385fea5a93112/library/test/src/lib.rs:651:27
[INFO] [stdout]   51:     0x5598141531a5 - test::run_test::{{closure}}::h2aa798823a438d38
[INFO] [stdout]                                at /rustc/82e1608dfa6e0b5569232559e3d385fea5a93112/library/test/src/lib.rs:574:43
[INFO] [stdout]   52:     0x55981411b466 - test::run_test::{{closure}}::h87d231c78fb59832
[INFO] [stdout]                                at /rustc/82e1608dfa6e0b5569232559e3d385fea5a93112/library/test/src/lib.rs:602:41
[INFO] [stdout]   53:     0x55981411b466 - std::sys_common::backtrace::__rust_begin_short_backtrace::he6df152596625789
[INFO] [stdout]                                at /rustc/82e1608dfa6e0b5569232559e3d385fea5a93112/library/std/src/sys_common/backtrace.rs:154:18
[INFO] [stdout]   54:     0x559814120517 - std::thread::Builder::spawn_unchecked_::{{closure}}::{{closure}}::ha94be15d1e0acf36
[INFO] [stdout]                                at /rustc/82e1608dfa6e0b5569232559e3d385fea5a93112/library/std/src/thread/mod.rs:529:17
[INFO] [stdout]   55:     0x559814120517 - <core::panic::unwind_safe::AssertUnwindSafe<F> as core::ops::function::FnOnce<()>>::call_once::h9dc6bd6372f16606
[INFO] [stdout]                                at /rustc/82e1608dfa6e0b5569232559e3d385fea5a93112/library/core/src/panic/unwind_safe.rs:272:9
[INFO] [stdout]   56:     0x559814120517 - std::panicking::try::do_call::h9057517f80303cd4
[INFO] [stdout]                                at /rustc/82e1608dfa6e0b5569232559e3d385fea5a93112/library/std/src/panicking.rs:552:40
[INFO] [stdout]   57:     0x559814120517 - std::panicking::try::he3a30b11ee45340c
[INFO] [stdout]                                at /rustc/82e1608dfa6e0b5569232559e3d385fea5a93112/library/std/src/panicking.rs:516:19
[INFO] [stdout]   58:     0x559814120517 - std::panic::catch_unwind::h410458cfd3528b8b
[INFO] [stdout]                                at /rustc/82e1608dfa6e0b5569232559e3d385fea5a93112/library/std/src/panic.rs:142:14
[INFO] [stdout]   59:     0x559814120517 - std::thread::Builder::spawn_unchecked_::{{closure}}::h72ac3bdb567b737b
[INFO] [stdout]                                at /rustc/82e1608dfa6e0b5569232559e3d385fea5a93112/library/std/src/thread/mod.rs:528:30
[INFO] [stdout]   60:     0x559814120517 - core::ops::function::FnOnce::call_once{{vtable.shim}}::h38f34da3654a8344
[INFO] [stdout]                                at /rustc/82e1608dfa6e0b5569232559e3d385fea5a93112/library/core/src/ops/function.rs:250:5
[INFO] [stdout]   61:     0x559814b0b0a5 - <alloc::boxed::Box<F,A> as core::ops::function::FnOnce<Args>>::call_once::hc7eafaff61e32df9
[INFO] [stdout]                                at /rustc/82e1608dfa6e0b5569232559e3d385fea5a93112/library/alloc/src/boxed.rs:2007:9
[INFO] [stdout]   62:     0x559814b0b0a5 - <alloc::boxed::Box<F,A> as core::ops::function::FnOnce<Args>>::call_once::h6ba4a5de48dd2304
[INFO] [stdout]                                at /rustc/82e1608dfa6e0b5569232559e3d385fea5a93112/library/alloc/src/boxed.rs:2007:9
[INFO] [stdout]   63:     0x559814b0b0a5 - std::sys::unix::thread::Thread::new::thread_start::he469335aef763e45
[INFO] [stdout]                                at /rustc/82e1608dfa6e0b5569232559e3d385fea5a93112/library/std/src/sys/unix/thread.rs:108:17
[INFO] [stdout]   64:     0x7fe57ac23ac3 - <unknown>
[INFO] [stdout]   65:     0x7fe57acb4bf4 - __clone
[INFO] [stdout]   66:                0x0 - <unknown>
[INFO] [stdout] 
[INFO] [stdout] 
[INFO] [stdout] failures:
[INFO] [stdout]     tests::health_check_works
[INFO] [stdout]     tests::subscribe_returns_a_200_for_valid_form_data
[INFO] [stdout]     tests::subscribe_returns_a_400_for_invalid_form_data
[INFO] [stdout] 
[INFO] [stdout] test result: FAILED. 0 passed; 3 failed; 0 ignored; 0 measured; 0 filtered out; finished in 0.06s
[INFO] [stdout] 
[INFO] [stderr] error: test failed, to rerun pass `--test health_checks`
[INFO] running `Command { std: "docker" "inspect" "cbac42e024320bfdc1c2351129a75b3159f3e00508dced9ade096157dea8b95d", kill_on_drop: false }`
[INFO] running `Command { std: "docker" "rm" "-f" "cbac42e024320bfdc1c2351129a75b3159f3e00508dced9ade096157dea8b95d", kill_on_drop: false }`
[INFO] [stdout] cbac42e024320bfdc1c2351129a75b3159f3e00508dced9ade096157dea8b95d
[INFO] testing NeaguMihai/zero_to_prod against beta-2023-12-22 for beta-1.76-1
[INFO] running `Command { std: "git" "clone" "/workspace/cache/git-repos/https%3A%2F%2Fgithub.com%2FNeaguMihai%2Fzero_to_prod" "/workspace/builds/worker-0-tc2/source", kill_on_drop: false }`
[INFO] [stderr] Cloning into '/workspace/builds/worker-0-tc2/source'...
[INFO] [stderr] done.
[INFO] validating manifest of git repo https://github.com/NeaguMihai/zero_to_prod on toolchain beta-2023-12-22
[INFO] running `Command { std: CARGO_HOME="/workspace/cargo-home" RUSTUP_HOME="/workspace/rustup-home" "/workspace/cargo-home/bin/cargo" "+beta-2023-12-22" "metadata" "--manifest-path" "Cargo.toml" "--no-deps", kill_on_drop: false }`
[INFO] removed /workspace/builds/worker-0-tc2/source/.cargo/config.toml
[INFO] started tweaking git repo https://github.com/NeaguMihai/zero_to_prod
[INFO] finished tweaking git repo https://github.com/NeaguMihai/zero_to_prod
[INFO] tweaked toml for git repo https://github.com/NeaguMihai/zero_to_prod written to /workspace/builds/worker-0-tc2/source/Cargo.toml
[INFO] crate git repo https://github.com/NeaguMihai/zero_to_prod already has a lockfile, it will not be regenerated
[INFO] running `Command { std: CARGO_HOME="/workspace/cargo-home" RUSTUP_HOME="/workspace/rustup-home" "/workspace/cargo-home/bin/cargo" "+beta-2023-12-22" "fetch" "--manifest-path" "Cargo.toml", kill_on_drop: false }`
[INFO] running `Command { std: "docker" "create" "-v" "/var/lib/crater-agent-workspace/builds/worker-0-tc2/target:/opt/rustwide/target:rw,Z" "-v" "/var/lib/crater-agent-workspace/builds/worker-0-tc2/source:/opt/rustwide/workdir:ro,Z" "-v" "/var/lib/crater-agent-workspace/cargo-home:/opt/rustwide/cargo-home:ro,Z" "-v" "/var/lib/crater-agent-workspace/rustup-home:/opt/rustwide/rustup-home:ro,Z" "-e" "SOURCE_DIR=/opt/rustwide/workdir" "-e" "CARGO_TARGET_DIR=/opt/rustwide/target" "-e" "CARGO_HOME=/opt/rustwide/cargo-home" "-e" "RUSTUP_HOME=/opt/rustwide/rustup-home" "-w" "/opt/rustwide/workdir" "-m" "1610612736" "--user" "0:0" "--network" "none" "ghcr.io/rust-lang/crates-build-env/linux@sha256:2788e3201cd34a07e3172128adcd8b3090168a8e3bcc40d7c032b9dda1df7d1c" "/opt/rustwide/cargo-home/bin/cargo" "+beta-2023-12-22" "metadata" "--no-deps" "--format-version=1", kill_on_drop: false }`
[INFO] [stdout] f8fe6713af9a83cbd2bce2ca942ee3f7c72180ee6d46351d2aecb682fb91798d
[INFO] running `Command { std: "docker" "start" "-a" "f8fe6713af9a83cbd2bce2ca942ee3f7c72180ee6d46351d2aecb682fb91798d", kill_on_drop: false }`
[INFO] running `Command { std: "docker" "inspect" "f8fe6713af9a83cbd2bce2ca942ee3f7c72180ee6d46351d2aecb682fb91798d", kill_on_drop: false }`
[INFO] running `Command { std: "docker" "rm" "-f" "f8fe6713af9a83cbd2bce2ca942ee3f7c72180ee6d46351d2aecb682fb91798d", kill_on_drop: false }`
[INFO] [stdout] f8fe6713af9a83cbd2bce2ca942ee3f7c72180ee6d46351d2aecb682fb91798d
[INFO] running `Command { std: "docker" "create" "-v" "/var/lib/crater-agent-workspace/builds/worker-0-tc2/target:/opt/rustwide/target:rw,Z" "-v" "/var/lib/crater-agent-workspace/builds/worker-0-tc2/source:/opt/rustwide/workdir:ro,Z" "-v" "/var/lib/crater-agent-workspace/cargo-home:/opt/rustwide/cargo-home:ro,Z" "-v" "/var/lib/crater-agent-workspace/rustup-home:/opt/rustwide/rustup-home:ro,Z" "-e" "SOURCE_DIR=/opt/rustwide/workdir" "-e" "CARGO_TARGET_DIR=/opt/rustwide/target" "-e" "CARGO_INCREMENTAL=0" "-e" "RUST_BACKTRACE=full" "-e" "RUSTFLAGS=--cap-lints=warn" "-e" "RUSTDOCFLAGS=--cap-lints=warn" "-e" "CARGO_HOME=/opt/rustwide/cargo-home" "-e" "RUSTUP_HOME=/opt/rustwide/rustup-home" "-w" "/opt/rustwide/workdir" "-m" "1610612736" "--user" "0:0" "--network" "none" "ghcr.io/rust-lang/crates-build-env/linux@sha256:2788e3201cd34a07e3172128adcd8b3090168a8e3bcc40d7c032b9dda1df7d1c" "/opt/rustwide/cargo-home/bin/cargo" "+beta-2023-12-22" "build" "--frozen" "--message-format=json", kill_on_drop: false }`
[INFO] [stdout] ade29906561e37d9a9f441808679715c85a188560fcbc498e2b7196afd285bf8
[INFO] running `Command { std: "docker" "start" "-a" "ade29906561e37d9a9f441808679715c85a188560fcbc498e2b7196afd285bf8", kill_on_drop: false }`
[INFO] [stderr]    Compiling proc-macro2 v1.0.51
[INFO] [stderr]    Compiling quote v1.0.23
[INFO] [stderr]    Compiling unicode-ident v1.0.6
[INFO] [stderr]    Compiling syn v1.0.107
[INFO] [stderr]    Compiling libc v0.2.139
[INFO] [stderr]    Compiling version_check v0.9.4
[INFO] [stderr]    Compiling memchr v2.5.0
[INFO] [stderr]    Compiling serde_derive v1.0.152
[INFO] [stderr]    Compiling serde v1.0.152
[INFO] [stderr]    Compiling pin-project-lite v0.2.9
[INFO] [stderr]    Compiling log v0.4.17
[INFO] [stderr]    Compiling itoa v1.0.5
[INFO] [stderr]    Compiling parking_lot_core v0.9.7
[INFO] [stderr]    Compiling smallvec v1.10.0
[INFO] [stderr]    Compiling lock_api v0.4.9
[INFO] [stderr]    Compiling bytes v1.4.0
[INFO] [stderr]    Compiling typenum v1.16.0
[INFO] [stderr]    Compiling once_cell v1.17.1
[INFO] [stderr]    Compiling regex-syntax v0.6.28
[INFO] [stderr]    Compiling futures-core v0.3.26
[INFO] [stderr]    Compiling tracing-core v0.1.30
[INFO] [stderr]    Compiling tokio v1.25.0
[INFO] [stderr]    Compiling crc32fast v1.3.2
[INFO] [stderr]    Compiling pkg-config v0.3.26
[INFO] [stderr]    Compiling futures-task v0.3.26
[INFO] [stderr]    Compiling generic-array v0.14.6
[INFO] [stderr]    Compiling miniz_oxide v0.6.2
[INFO] [stderr]    Compiling futures-util v0.3.26
[INFO] [stderr]    Compiling cpufeatures v0.2.5
[INFO] [stderr]    Compiling http v0.2.9
[INFO] [stderr]    Compiling proc-macro-error-attr v1.0.4
[INFO] [stderr]    Compiling indexmap v1.9.2
[INFO] [stderr]    Compiling percent-encoding v2.2.0
[INFO] [stderr]    Compiling serde_json v1.0.93
[INFO] [stderr]    Compiling ryu v1.0.12
[INFO] [stderr]    Compiling aho-corasick v0.7.20
[INFO] [stderr]    Compiling paste v1.0.11
[INFO] [stderr]    Compiling futures-sink v0.3.26
[INFO] [stderr]    Compiling bytestring v1.2.0
[INFO] [stderr]    Compiling proc-macro-error v1.0.4
[INFO] [stderr]    Compiling slab v0.4.7
[INFO] [stderr]    Compiling getrandom v0.2.8
[INFO] [stderr]    Compiling jobserver v0.1.25
[INFO] [stderr]    Compiling signal-hook-registry v1.4.1
[INFO] [stderr]    Compiling mio v0.8.6
[INFO] [stderr]    Compiling num_cpus v1.15.0
[INFO] [stderr]    Compiling socket2 v0.4.7
[INFO] [stderr]    Compiling local-waker v0.1.3
[INFO] [stderr]    Compiling time-core v0.1.0
[INFO] [stderr]    Compiling parking_lot v0.12.1
[INFO] [stderr]    Compiling zstd-safe v6.0.4+zstd.1.5.4
[INFO] [stderr]    Compiling tinyvec_macros v0.1.1
[INFO] [stderr]    Compiling cc v1.0.79
[INFO] [stderr]    Compiling alloc-no-stdlib v2.0.4
[INFO] [stderr]    Compiling hashbrown v0.12.3
[INFO] [stderr]    Compiling alloc-stdlib v0.2.2
[INFO] [stderr]    Compiling tinyvec v1.6.0
[INFO] [stderr]    Compiling time-macros v0.2.7
[INFO] [stderr]    Compiling rand_core v0.6.4
[INFO] [stderr]    Compiling ahash v0.7.6
[INFO] [stderr]    Compiling unicase v2.6.0
[INFO] [stderr]    Compiling ppv-lite86 v0.2.17
[INFO] [stderr]    Compiling httparse v1.8.0
[INFO] [stderr]    Compiling regex v1.7.1
[INFO] [stderr]    Compiling brotli-decompressor v2.3.4
[INFO] [stderr]    Compiling crypto-common v0.1.6
[INFO] [stderr]    Compiling block-buffer v0.10.3
[INFO] [stderr]    Compiling actix-service v2.0.2
[INFO] [stderr]    Compiling actix-utils v3.0.1
[INFO] [stderr]    Compiling form_urlencoded v1.1.0
[INFO] [stderr]    Compiling digest v0.10.6
[INFO] [stderr]    Compiling tracing v0.1.37
[INFO] [stderr]    Compiling unicode-normalization v0.1.22
[INFO] [stderr]    Compiling rand_chacha v0.3.1
[INFO] [stderr]    Compiling cookie v0.16.2
[INFO] [stderr]    Compiling num-traits v0.2.15
[INFO] [stderr]    Compiling byteorder v1.4.3
[INFO] [stderr]    Compiling mime v0.3.16
[INFO] [stderr]    Compiling unicode-bidi v0.3.10
[INFO] [stderr]    Compiling sha1 v0.10.5
[INFO] [stderr]    Compiling zstd-sys v2.0.7+zstd.1.5.4
[INFO] [stderr]    Compiling rand v0.8.5
[INFO] [stderr]    Compiling dirs-sys v0.3.7
[INFO] [stderr]    Compiling idna v0.3.0
[INFO] [stderr]    Compiling local-channel v0.1.3
[INFO] [stderr]    Compiling flate2 v1.0.25
[INFO] [stderr]    Compiling num-integer v0.1.45
[INFO] [stderr]    Compiling encoding_rs v0.8.32
[INFO] [stderr]    Compiling httpdate v1.0.2
[INFO] [stderr]    Compiling base64 v0.21.0
[INFO] [stderr]    Compiling same-file v1.0.6
[INFO] [stderr]    Compiling language-tags v0.3.2
[INFO] [stderr]    Compiling walkdir v2.3.2
[INFO] [stderr]    Compiling time v0.3.19
[INFO] [stderr]    Compiling brotli v3.3.4
[INFO] [stderr]    Compiling url v2.3.1
[INFO] [stderr]    Compiling dirs v4.0.0
[INFO] [stderr]    Compiling mime_guess v2.0.4
[INFO] [stderr]    Compiling sha2 v0.10.6
[INFO] [stderr]    Compiling pq-sys v0.4.7
[INFO] [stderr]    Compiling shellexpand v2.1.2
[INFO] [stderr]    Compiling scheduled-thread-pool v0.2.6
[INFO] [stderr]    Compiling zip v0.6.4
[INFO] [stderr]    Compiling rust-embed-utils v7.3.0
[INFO] [stderr]    Compiling iana-time-zone v0.1.53
[INFO] [stderr]    Compiling r2d2 v0.8.10
[INFO] [stderr]    Compiling regex-automata v0.1.10
[INFO] [stderr]    Compiling overload v0.1.1
[INFO] [stderr]    Compiling sharded-slab v0.1.4
[INFO] [stderr]    Compiling nu-ansi-term v0.46.0
[INFO] [stderr]    Compiling tracing-log v0.1.3
[INFO] [stderr]    Compiling thread_local v1.1.7
[INFO] [stderr]    Compiling http-range v0.1.5
[INFO] [stderr]    Compiling askama_escape v0.10.3
[INFO] [stderr]    Compiling dotenvy v0.15.6
[INFO] [stderr]    Compiling matchers v0.1.0
[INFO] [stderr]    Compiling utoipa-swagger-ui v3.0.2
[INFO] [stderr]    Compiling tracing-attributes v0.1.23
[INFO] [stderr]    Compiling tokio-macros v1.8.2
[INFO] [stderr]    Compiling derive_more v0.99.17
[INFO] [stderr]    Compiling actix-macros v0.2.3
[INFO] [stderr]    Compiling diesel_derives v2.0.1
[INFO] [stderr]    Compiling pin-project-internal v1.0.12
[INFO] [stderr]    Compiling rust-embed-impl v6.3.1
[INFO] [stderr]    Compiling utoipa-gen v3.0.3
[INFO] [stderr]    Compiling rust-embed v6.4.2
[INFO] [stderr]    Compiling pin-project v1.0.12
[INFO] [stderr]    Compiling tracing-subscriber v0.3.16
[INFO] [stderr]    Compiling zstd v0.12.3+zstd.1.5.2
[INFO] [stderr]    Compiling tokio-util v0.7.7
[INFO] [stderr]    Compiling actix-rt v2.8.0
[INFO] [stderr]    Compiling actix-server v2.2.0
[INFO] [stderr]    Compiling actix-codec v0.5.0
[INFO] [stderr]    Compiling actix-router v0.5.1
[INFO] [stderr]    Compiling serde_urlencoded v0.7.1
[INFO] [stderr]    Compiling toml v0.5.11
[INFO] [stderr]    Compiling uuid v1.3.0
[INFO] [stderr]    Compiling chrono v0.4.23
[INFO] [stderr]    Compiling h2 v0.3.15
[INFO] [stderr]    Compiling actix-web-codegen v4.1.0
[INFO] [stderr]    Compiling utoipa v3.0.3
[INFO] [stderr]    Compiling migrations_internals v2.0.0
[INFO] [stderr]    Compiling diesel v2.0.3
[INFO] [stderr]    Compiling migrations_macros v2.0.0
[INFO] [stderr]    Compiling actix-http v3.3.0
[INFO] [stderr]    Compiling actix-web v4.3.0
[INFO] [stderr]    Compiling actix-files v0.6.2
[INFO] [stderr]    Compiling tracing-actix-web v0.7.2
[INFO] [stderr]    Compiling diesel_migrations v2.0.0
[INFO] [stderr]    Compiling zero_to_prod v0.1.0 (/opt/rustwide/workdir)
[INFO] [stderr]     Finished dev [unoptimized + debuginfo] target(s) in 41.96s
[INFO] running `Command { std: "docker" "inspect" "ade29906561e37d9a9f441808679715c85a188560fcbc498e2b7196afd285bf8", kill_on_drop: false }`
[INFO] running `Command { std: "docker" "rm" "-f" "ade29906561e37d9a9f441808679715c85a188560fcbc498e2b7196afd285bf8", kill_on_drop: false }`
[INFO] [stdout] ade29906561e37d9a9f441808679715c85a188560fcbc498e2b7196afd285bf8
[INFO] running `Command { std: "docker" "create" "-v" "/var/lib/crater-agent-workspace/builds/worker-0-tc2/target:/opt/rustwide/target:rw,Z" "-v" "/var/lib/crater-agent-workspace/builds/worker-0-tc2/source:/opt/rustwide/workdir:ro,Z" "-v" "/var/lib/crater-agent-workspace/cargo-home:/opt/rustwide/cargo-home:ro,Z" "-v" "/var/lib/crater-agent-workspace/rustup-home:/opt/rustwide/rustup-home:ro,Z" "-e" "SOURCE_DIR=/opt/rustwide/workdir" "-e" "CARGO_TARGET_DIR=/opt/rustwide/target" "-e" "CARGO_INCREMENTAL=0" "-e" "RUST_BACKTRACE=full" "-e" "RUSTFLAGS=--cap-lints=warn" "-e" "RUSTDOCFLAGS=--cap-lints=warn" "-e" "CARGO_HOME=/opt/rustwide/cargo-home" "-e" "RUSTUP_HOME=/opt/rustwide/rustup-home" "-w" "/opt/rustwide/workdir" "-m" "1610612736" "--user" "0:0" "--network" "none" "ghcr.io/rust-lang/crates-build-env/linux@sha256:2788e3201cd34a07e3172128adcd8b3090168a8e3bcc40d7c032b9dda1df7d1c" "/opt/rustwide/cargo-home/bin/cargo" "+beta-2023-12-22" "test" "--frozen" "--no-run" "--message-format=json", kill_on_drop: false }`
[INFO] [stdout] 37ac17b68445121b3c2fc3f9e56ca6d733e033e43b5567f7aa880b37cc76863b
[INFO] running `Command { std: "docker" "start" "-a" "37ac17b68445121b3c2fc3f9e56ca6d733e033e43b5567f7aa880b37cc76863b", kill_on_drop: false }`
[INFO] [stderr]    Compiling openssl-sys v0.9.80
[INFO] [stderr]    Compiling foreign-types-shared v0.1.1
[INFO] [stderr]    Compiling openssl v0.10.45
[INFO] [stderr]    Compiling openssl-macros v0.1.0
[INFO] [stderr]    Compiling futures-channel v0.3.26
[INFO] [stderr]    Compiling native-tls v0.2.11
[INFO] [stderr]    Compiling openssl-probe v0.1.5
[INFO] [stderr]    Compiling try-lock v0.2.4
[INFO] [stderr]    Compiling http-body v0.4.5
[INFO] [stderr]    Compiling tower-service v0.3.2
[INFO] [stderr]    Compiling cargo-husky v1.5.0
[INFO] [stderr]    Compiling ipnet v2.7.1
[INFO] [stderr]    Compiling foreign-types v0.3.2
[INFO] [stderr]    Compiling want v0.3.0
[INFO] [stderr]    Compiling hyper v0.14.24
[INFO] [stderr]    Compiling tokio-native-tls v0.3.1
[INFO] [stderr]    Compiling hyper-tls v0.5.0
[INFO] [stderr]    Compiling reqwest v0.11.14
[INFO] [stderr]    Compiling zero_to_prod v0.1.0 (/opt/rustwide/workdir)
[INFO] [stderr]     Finished test [unoptimized + debuginfo] target(s) in 13.69s
[INFO] running `Command { std: "docker" "inspect" "37ac17b68445121b3c2fc3f9e56ca6d733e033e43b5567f7aa880b37cc76863b", kill_on_drop: false }`
[INFO] running `Command { std: "docker" "rm" "-f" "37ac17b68445121b3c2fc3f9e56ca6d733e033e43b5567f7aa880b37cc76863b", kill_on_drop: false }`
[INFO] [stdout] 37ac17b68445121b3c2fc3f9e56ca6d733e033e43b5567f7aa880b37cc76863b
[INFO] running `Command { std: "docker" "create" "-v" "/var/lib/crater-agent-workspace/builds/worker-0-tc2/target:/opt/rustwide/target:rw,Z" "-v" "/var/lib/crater-agent-workspace/builds/worker-0-tc2/source:/opt/rustwide/workdir:ro,Z" "-v" "/var/lib/crater-agent-workspace/cargo-home:/opt/rustwide/cargo-home:ro,Z" "-v" "/var/lib/crater-agent-workspace/rustup-home:/opt/rustwide/rustup-home:ro,Z" "-e" "SOURCE_DIR=/opt/rustwide/workdir" "-e" "CARGO_TARGET_DIR=/opt/rustwide/target" "-e" "CARGO_INCREMENTAL=0" "-e" "RUST_BACKTRACE=full" "-e" "RUSTFLAGS=--cap-lints=warn" "-e" "RUSTDOCFLAGS=--cap-lints=warn" "-e" "CARGO_HOME=/opt/rustwide/cargo-home" "-e" "RUSTUP_HOME=/opt/rustwide/rustup-home" "-w" "/opt/rustwide/workdir" "-m" "1610612736" "--user" "0:0" "--network" "none" "ghcr.io/rust-lang/crates-build-env/linux@sha256:2788e3201cd34a07e3172128adcd8b3090168a8e3bcc40d7c032b9dda1df7d1c" "/opt/rustwide/cargo-home/bin/cargo" "+beta-2023-12-22" "test" "--frozen", kill_on_drop: false }`
[INFO] [stdout] 18ff3b46e9e3b1e4d7789f9470e62ac8c1819bba9ef36aaca8d6ced5cb523cba
[INFO] running `Command { std: "docker" "start" "-a" "18ff3b46e9e3b1e4d7789f9470e62ac8c1819bba9ef36aaca8d6ced5cb523cba", kill_on_drop: false }`
[INFO] [stderr]     Finished test [unoptimized + debuginfo] target(s) in 0.20s
[INFO] [stderr]      Running unittests src/lib.rs (/opt/rustwide/target/debug/deps/zero_to_prod-f2827716b935fa30)
[INFO] [stdout] 
[INFO] [stdout] running 0 tests
[INFO] [stdout] 
[INFO] [stdout] test result: ok. 0 passed; 0 failed; 0 ignored; 0 measured; 0 filtered out; finished in 0.00s
[INFO] [stdout] 
[INFO] [stderr]      Running unittests src/main.rs (/opt/rustwide/target/debug/deps/zero2prod-bf4767084a4531ef)
[INFO] [stdout] 
[INFO] [stdout] running 0 tests
[INFO] [stdout] 
[INFO] [stdout] test result: ok. 0 passed; 0 failed; 0 ignored; 0 measured; 0 filtered out; finished in 0.00s
[INFO] [stdout] 
[INFO] [stderr]      Running tests/health_checks.rs (/opt/rustwide/target/debug/deps/health_checks-c53f061cc98fee0a)
[INFO] [stdout] 
[INFO] [stdout] running 3 tests
[INFO] [stdout] test tests::subscribe_returns_a_200_for_valid_form_data ... FAILED
[INFO] [stdout] test tests::subscribe_returns_a_400_for_invalid_form_data ... FAILED
[INFO] [stdout] test tests::health_check_works ... FAILED
[INFO] [stdout] 
[INFO] [stdout] failures:
[INFO] [stdout] 
[INFO] [stdout] ---- tests::subscribe_returns_a_200_for_valid_form_data stdout ----
[INFO] [stdout] Error: environment variable not found
[INFO] [stdout] Error: environment variable not found
[INFO] [stdout] Error: environment variable not found
[INFO] [stdout] Error: environment variable not found
[INFO] [stdout] Error: environment variable not found
[INFO] [stdout] thread 'tests::subscribe_returns_a_200_for_valid_form_data' panicked at src/common/configuration/database/postgres_config.rs:54:33:
[INFO] [stdout] Error connecting to postgres://:@:/
[INFO] [stdout] stack backtrace:
[INFO] [stdout]    0:     0x5593eaa6e206 - std::backtrace_rs::backtrace::libunwind::trace::h261606ad26a499c1
[INFO] [stdout]                                at /rustc/0e09125c6c3c2fd70d7de961bcf0e51575235fad/library/std/src/../../backtrace/src/backtrace/libunwind.rs:104:5
[INFO] [stdout]    1:     0x5593eaa6e206 - std::backtrace_rs::backtrace::trace_unsynchronized::hd183f0625477fb28
[INFO] [stdout]                                at /rustc/0e09125c6c3c2fd70d7de961bcf0e51575235fad/library/std/src/../../backtrace/src/backtrace/mod.rs:66:5
[INFO] [stdout]    2:     0x5593eaa6e206 - std::sys_common::backtrace::_print_fmt::hd7f8fef21b4eda67
[INFO] [stdout]                                at /rustc/0e09125c6c3c2fd70d7de961bcf0e51575235fad/library/std/src/sys_common/backtrace.rs:68:5
[INFO] [stdout]    3:     0x5593eaa6e206 - <std::sys_common::backtrace::_print::DisplayBacktrace as core::fmt::Display>::fmt::h623d9b51f2f453f1
[INFO] [stdout]                                at /rustc/0e09125c6c3c2fd70d7de961bcf0e51575235fad/library/std/src/sys_common/backtrace.rs:44:22
[INFO] [stdout]    4:     0x5593eaa9d0c0 - core::fmt::rt::Argument::fmt::h9f417ac76a86f368
[INFO] [stdout]                                at /rustc/0e09125c6c3c2fd70d7de961bcf0e51575235fad/library/core/src/fmt/rt.rs:142:9
[INFO] [stdout]    5:     0x5593eaa9d0c0 - core::fmt::write::hc9b6faf4ac2aeff7
[INFO] [stdout]                                at /rustc/0e09125c6c3c2fd70d7de961bcf0e51575235fad/library/core/src/fmt/mod.rs:1120:17
[INFO] [stdout]    6:     0x5593eaa6aeff - std::io::Write::write_fmt::he04625a3a989fec3
[INFO] [stdout]                                at /rustc/0e09125c6c3c2fd70d7de961bcf0e51575235fad/library/std/src/io/mod.rs:1810:15
[INFO] [stdout]    7:     0x5593eaa6dfe4 - std::sys_common::backtrace::_print::hd5d66399c7df88a2
[INFO] [stdout]                                at /rustc/0e09125c6c3c2fd70d7de961bcf0e51575235fad/library/std/src/sys_common/backtrace.rs:47:5
[INFO] [stdout]    8:     0x5593eaa6dfe4 - std::sys_common::backtrace::print::he81ed2da642d37e5
[INFO] [stdout]                                at /rustc/0e09125c6c3c2fd70d7de961bcf0e51575235fad/library/std/src/sys_common/backtrace.rs:34:9
[INFO] [stdout]    9:     0x5593eaa6fd57 - std::panicking::default_hook::{{closure}}::h85773f4fa117163d
[INFO] [stdout]   10:     0x5593eaa6fa3d - std::panicking::default_hook::h6a1694a91d09b278
[INFO] [stdout]                                at /rustc/0e09125c6c3c2fd70d7de961bcf0e51575235fad/library/std/src/panicking.rs:289:9
[INFO] [stdout]   11:     0x5593ea0ae4d7 - <alloc::boxed::Box<F,A> as core::ops::function::Fn<Args>>::call::h616ac37fa3cd6c8f
[INFO] [stdout]                                at /rustc/0e09125c6c3c2fd70d7de961bcf0e51575235fad/library/alloc/src/boxed.rs:2029:9
[INFO] [stdout]   12:     0x5593ea0ae4d7 - test::test_main::{{closure}}::h00d84697cefdcbb6
[INFO] [stdout]                                at /rustc/0e09125c6c3c2fd70d7de961bcf0e51575235fad/library/test/src/lib.rs:138:21
[INFO] [stdout]   13:     0x5593eaa70376 - <alloc::boxed::Box<F,A> as core::ops::function::Fn<Args>>::call::hcb3fe3b9bb537ba8
[INFO] [stdout]                                at /rustc/0e09125c6c3c2fd70d7de961bcf0e51575235fad/library/alloc/src/boxed.rs:2029:9
[INFO] [stdout]   14:     0x5593eaa70376 - std::panicking::rust_panic_with_hook::h0a7ad96e90f7145b
[INFO] [stdout]                                at /rustc/0e09125c6c3c2fd70d7de961bcf0e51575235fad/library/std/src/panicking.rs:783:13
[INFO] [stdout]   15:     0x5593eaa700c2 - std::panicking::begin_panic_handler::{{closure}}::h7919090525c6485e
[INFO] [stdout]                                at /rustc/0e09125c6c3c2fd70d7de961bcf0e51575235fad/library/std/src/panicking.rs:657:13
[INFO] [stdout]   16:     0x5593eaa6e706 - std::sys_common::backtrace::__rust_end_short_backtrace::hf3289479464f7dfe
[INFO] [stdout]                                at /rustc/0e09125c6c3c2fd70d7de961bcf0e51575235fad/library/std/src/sys_common/backtrace.rs:171:18
[INFO] [stdout]   17:     0x5593eaa6fe20 - rust_begin_unwind
[INFO] [stdout]                                at /rustc/0e09125c6c3c2fd70d7de961bcf0e51575235fad/library/std/src/panicking.rs:645:5
[INFO] [stdout]   18:     0x5593e9da9755 - core::panicking::panic_fmt::hcc9f77c5c132af55
[INFO] [stdout]                                at /rustc/0e09125c6c3c2fd70d7de961bcf0e51575235fad/library/core/src/panicking.rs:72:14
[INFO] [stdout]   19:     0x5593ea12c3dd - <zero_to_prod::common::configuration::database::postgres_config::PgConnectionFactory as zero_to_prod::common::configuration::database::DatabaseConnectionConfig<diesel::pg::connection::PgConnection>>::get_connection::{{closure}}::hd7e6c9c6d0327992
[INFO] [stdout]                                at /opt/rustwide/workdir/src/common/configuration/database/postgres_config.rs:54:33
[INFO] [stdout]   20:     0x5593ea1c062a - core::result::Result<T,E>::unwrap_or_else::h1d15cfe434377249
[INFO] [stdout]                                at /rustc/0e09125c6c3c2fd70d7de961bcf0e51575235fad/library/core/src/result.rs:1426:23
[INFO] [stdout]   21:     0x5593ea12c2ea - <zero_to_prod::common::configuration::database::postgres_config::PgConnectionFactory as zero_to_prod::common::configuration::database::DatabaseConnectionConfig<diesel::pg::connection::PgConnection>>::get_connection::h9c7c3f646da23681
[INFO] [stdout]                                at /opt/rustwide/workdir/src/common/configuration/database/postgres_config.rs:53:9
[INFO] [stdout]   22:     0x5593ea0eaeae - zero_to_prod::common::configuration::database::DatabaseConnectionFactory::get_pg_connection::h6b333162a62a751f
[INFO] [stdout]                                at /opt/rustwide/workdir/src/common/configuration/database/mod.rs:67:9
[INFO] [stdout]   23:     0x5593e9de9928 - health_checks::tests::db_bootstrap::h9d0e9911ae0ee560
[INFO] [stdout]                                at /opt/rustwide/workdir/tests/health_checks.rs:138:33
[INFO] [stdout]   24:     0x5593e9de9685 - health_checks::tests::spawn_app::h273398991725b8aa
[INFO] [stdout]                                at /opt/rustwide/workdir/tests/health_checks.rs:127:20
[INFO] [stdout]   25:     0x5593e9deaabd - health_checks::tests::subscribe_returns_a_200_for_valid_form_data::{{closure}}::h5e48cb7aa2ab36d8
[INFO] [stdout]                                at /opt/rustwide/workdir/tests/health_checks.rs:49:19
[INFO] [stdout]   26:     0x5593e9dc2d48 - <core::pin::Pin<P> as core::future::future::Future>::poll::h1d3f08f56c47c031
[INFO] [stdout]                                at /rustc/0e09125c6c3c2fd70d7de961bcf0e51575235fad/library/core/src/future/future.rs:124:9
[INFO] [stdout]   27:     0x5593e9dc2d9b - <core::pin::Pin<P> as core::future::future::Future>::poll::hcddfbb20a51730cd
[INFO] [stdout]                                at /rustc/0e09125c6c3c2fd70d7de961bcf0e51575235fad/library/core/src/future/future.rs:124:9
[INFO] [stdout]   28:     0x5593e9db6ef4 - tokio::runtime::scheduler::current_thread::CoreGuard::block_on::{{closure}}::{{closure}}::{{closure}}::h4c4565099618a8e6
[INFO] [stdout]                                at /opt/rustwide/cargo-home/registry/src/index.crates.io-6f17d22bba15001f/tokio-1.25.0/src/runtime/scheduler/current_thread.rs:541:57
[INFO] [stdout]   29:     0x5593e9db6dda - tokio::runtime::coop::with_budget::he6cb6a972068450d
[INFO] [stdout]                                at /opt/rustwide/cargo-home/registry/src/index.crates.io-6f17d22bba15001f/tokio-1.25.0/src/runtime/coop.rs:102:5
[INFO] [stdout]   30:     0x5593e9db6dda - tokio::runtime::coop::budget::he5b5c0b50aa81889
[INFO] [stdout]                                at /opt/rustwide/cargo-home/registry/src/index.crates.io-6f17d22bba15001f/tokio-1.25.0/src/runtime/coop.rs:68:5
[INFO] [stdout]   31:     0x5593e9db6dda - tokio::runtime::scheduler::current_thread::CoreGuard::block_on::{{closure}}::{{closure}}::h0614a7d07262ce98
[INFO] [stdout]                                at /opt/rustwide/cargo-home/registry/src/index.crates.io-6f17d22bba15001f/tokio-1.25.0/src/runtime/scheduler/current_thread.rs:541:25
[INFO] [stdout]   32:     0x5593e9db560c - tokio::runtime::scheduler::current_thread::Context::enter::hb336430ea87e4204
[INFO] [stdout]                                at /opt/rustwide/cargo-home/registry/src/index.crates.io-6f17d22bba15001f/tokio-1.25.0/src/runtime/scheduler/current_thread.rs:350:19
[INFO] [stdout]   33:     0x5593e9db63e2 - tokio::runtime::scheduler::current_thread::CoreGuard::block_on::{{closure}}::h817f75223123e284
[INFO] [stdout]                                at /opt/rustwide/cargo-home/registry/src/index.crates.io-6f17d22bba15001f/tokio-1.25.0/src/runtime/scheduler/current_thread.rs:540:36
[INFO] [stdout]   34:     0x5593e9db610b - tokio::runtime::scheduler::current_thread::CoreGuard::enter::{{closure}}::h849a4d8e130c90c9
[INFO] [stdout]                                at /opt/rustwide/cargo-home/registry/src/index.crates.io-6f17d22bba15001f/tokio-1.25.0/src/runtime/scheduler/current_thread.rs:615:57
[INFO] [stdout]   35:     0x5593e9de0eed - tokio::macros::scoped_tls::ScopedKey<T>::set::h573714f0407746df
[INFO] [stdout]                                at /opt/rustwide/cargo-home/registry/src/index.crates.io-6f17d22bba15001f/tokio-1.25.0/src/macros/scoped_tls.rs:61:9
[INFO] [stdout]   36:     0x5593e9db5e9f - tokio::runtime::scheduler::current_thread::CoreGuard::enter::h66adad72bff08ea1
[INFO] [stdout]                                at /opt/rustwide/cargo-home/registry/src/index.crates.io-6f17d22bba15001f/tokio-1.25.0/src/runtime/scheduler/current_thread.rs:615:27
[INFO] [stdout]   37:     0x5593e9db613c - tokio::runtime::scheduler::current_thread::CoreGuard::block_on::h83edc438b459145e
[INFO] [stdout]                                at /opt/rustwide/cargo-home/registry/src/index.crates.io-6f17d22bba15001f/tokio-1.25.0/src/runtime/scheduler/current_thread.rs:530:19
[INFO] [stdout]   38:     0x5593e9db4beb - tokio::runtime::scheduler::current_thread::CurrentThread::block_on::h0c7371becdf6ae88
[INFO] [stdout]                                at /opt/rustwide/cargo-home/registry/src/index.crates.io-6f17d22bba15001f/tokio-1.25.0/src/runtime/scheduler/current_thread.rs:154:24
[INFO] [stdout]   39:     0x5593e9dbb5ad - tokio::runtime::runtime::Runtime::block_on::h0679190c5d883897
[INFO] [stdout]                                at /opt/rustwide/cargo-home/registry/src/index.crates.io-6f17d22bba15001f/tokio-1.25.0/src/runtime/runtime.rs:282:47
[INFO] [stdout]   40:     0x5593e9dea9bc - health_checks::tests::subscribe_returns_a_200_for_valid_form_data::h821743db6de131d8
[INFO] [stdout]                                at /opt/rustwide/workdir/tests/health_checks.rs:87:9
[INFO] [stdout]   41:     0x5593e9dea847 - health_checks::tests::subscribe_returns_a_200_for_valid_form_data::{{closure}}::h2effd329649847d1
[INFO] [stdout]                                at /opt/rustwide/workdir/tests/health_checks.rs:48:59
[INFO] [stdout]   42:     0x5593e9dc93f6 - core::ops::function::FnOnce::call_once::h6a5897b99dc794fa
[INFO] [stdout]                                at /rustc/0e09125c6c3c2fd70d7de961bcf0e51575235fad/library/core/src/ops/function.rs:250:5
[INFO] [stdout]   43:     0x5593ea0b3daf - core::ops::function::FnOnce::call_once::hd64d26f405258157
[INFO] [stdout]                                at /rustc/0e09125c6c3c2fd70d7de961bcf0e51575235fad/library/core/src/ops/function.rs:250:5
[INFO] [stdout]   44:     0x5593ea0b3daf - test::__rust_begin_short_backtrace::he21b0b7a6d731bf9
[INFO] [stdout]                                at /rustc/0e09125c6c3c2fd70d7de961bcf0e51575235fad/library/test/src/lib.rs:627:18
[INFO] [stdout]   45:     0x5593ea0b2b31 - test::run_test_in_process::{{closure}}::hf5c73986d7bdfde2
[INFO] [stdout]                                at /rustc/0e09125c6c3c2fd70d7de961bcf0e51575235fad/library/test/src/lib.rs:650:60
[INFO] [stdout]   46:     0x5593ea0b2b31 - <core::panic::unwind_safe::AssertUnwindSafe<F> as core::ops::function::FnOnce<()>>::call_once::h330011ad032aadc0
[INFO] [stdout]                                at /rustc/0e09125c6c3c2fd70d7de961bcf0e51575235fad/library/core/src/panic/unwind_safe.rs:272:9
[INFO] [stdout]   47:     0x5593ea0b2b31 - std::panicking::try::do_call::he61b0a958b795a41
[INFO] [stdout]                                at /rustc/0e09125c6c3c2fd70d7de961bcf0e51575235fad/library/std/src/panicking.rs:552:40
[INFO] [stdout]   48:     0x5593ea0b2b31 - std::panicking::try::h7309da130f906eb7
[INFO] [stdout]                                at /rustc/0e09125c6c3c2fd70d7de961bcf0e51575235fad/library/std/src/panicking.rs:516:19
[INFO] [stdout]   49:     0x5593ea0b2b31 - std::panic::catch_unwind::hc5c3a06fdaf0a92a
[INFO] [stdout]                                at /rustc/0e09125c6c3c2fd70d7de961bcf0e51575235fad/library/std/src/panic.rs:142:14
[INFO] [stdout]   50:     0x5593ea0b2b31 - test::run_test_in_process::h7e7b7c71c3324e0f
[INFO] [stdout]                                at /rustc/0e09125c6c3c2fd70d7de961bcf0e51575235fad/library/test/src/lib.rs:650:27
[INFO] [stdout]   51:     0x5593ea0b2b31 - test::run_test::{{closure}}::h1f509f28f5cf20b1
[INFO] [stdout]                                at /rustc/0e09125c6c3c2fd70d7de961bcf0e51575235fad/library/test/src/lib.rs:573:43
[INFO] [stdout]   52:     0x5593ea079e66 - test::run_test::{{closure}}::h1754218abf443f6d
[INFO] [stdout]                                at /rustc/0e09125c6c3c2fd70d7de961bcf0e51575235fad/library/test/src/lib.rs:601:41
[INFO] [stdout]   53:     0x5593ea079e66 - std::sys_common::backtrace::__rust_begin_short_backtrace::h2ee174b9d5954948
[INFO] [stdout]                                at /rustc/0e09125c6c3c2fd70d7de961bcf0e51575235fad/library/std/src/sys_common/backtrace.rs:155:18
[INFO] [stdout]   54:     0x5593ea07eec7 - std::thread::Builder::spawn_unchecked_::{{closure}}::{{closure}}::hf60bee9c1a17ef09
[INFO] [stdout]                                at /rustc/0e09125c6c3c2fd70d7de961bcf0e51575235fad/library/std/src/thread/mod.rs:529:17
[INFO] [stdout]   55:     0x5593ea07eec7 - <core::panic::unwind_safe::AssertUnwindSafe<F> as core::ops::function::FnOnce<()>>::call_once::h33d0dddec5216160
[INFO] [stdout]                                at /rustc/0e09125c6c3c2fd70d7de961bcf0e51575235fad/library/core/src/panic/unwind_safe.rs:272:9
[INFO] [stdout]   56:     0x5593ea07eec7 - std::panicking::try::do_call::h144b3048b546f835
[INFO] [stdout]                                at /rustc/0e09125c6c3c2fd70d7de961bcf0e51575235fad/library/std/src/panicking.rs:552:40
[INFO] [stdout]   57:     0x5593ea07eec7 - std::panicking::try::h978244d04646189f
[INFO] [stdout]                                at /rustc/0e09125c6c3c2fd70d7de961bcf0e51575235fad/library/std/src/panicking.rs:516:19
[INFO] [stdout]   58:     0x5593ea07eec7 - std::panic::catch_unwind::hdf436369d188fe86
[INFO] [stdout]                                at /rustc/0e09125c6c3c2fd70d7de961bcf0e51575235fad/library/std/src/panic.rs:142:14
[INFO] [stdout]   59:     0x5593ea07eec7 - std::thread::Builder::spawn_unchecked_::{{closure}}::h87329cbdd33c79ec
[INFO] [stdout]                                at /rustc/0e09125c6c3c2fd70d7de961bcf0e51575235fad/library/std/src/thread/mod.rs:528:30
[INFO] [stdout]   60:     0x5593ea07eec7 - core::ops::function::FnOnce::call_once{{vtable.shim}}::h401abbe67897d450
[INFO] [stdout]                                at /rustc/0e09125c6c3c2fd70d7de961bcf0e51575235fad/library/core/src/ops/function.rs:250:5
[INFO] [stdout]   61:     0x5593eaa75165 - <alloc::boxed::Box<F,A> as core::ops::function::FnOnce<Args>>::call_once::h5d7c8f150ab9c84c
[INFO] [stdout]                                at /rustc/0e09125c6c3c2fd70d7de961bcf0e51575235fad/library/alloc/src/boxed.rs:2015:9
[INFO] [stdout]   62:     0x5593eaa75165 - <alloc::boxed::Box<F,A> as core::ops::function::FnOnce<Args>>::call_once::h570d5b005c242c15
[INFO] [stdout]                                at /rustc/0e09125c6c3c2fd70d7de961bcf0e51575235fad/library/alloc/src/boxed.rs:2015:9
[INFO] [stdout]   63:     0x5593eaa75165 - std::sys::unix::thread::Thread::new::thread_start::h36b0a20c0b2361ad
[INFO] [stdout]                                at /rustc/0e09125c6c3c2fd70d7de961bcf0e51575235fad/library/std/src/sys/unix/thread.rs:108:17
[INFO] [stdout]   64:     0x7fec877deac3 - <unknown>
[INFO] [stdout]   65:     0x7fec8786fbf4 - __clone
[INFO] [stdout]   66:                0x0 - <unknown>
[INFO] [stdout] 
[INFO] [stdout] ---- tests::subscribe_returns_a_400_for_invalid_form_data stdout ----
[INFO] [stdout] Error: environment variable not found
[INFO] [stdout] Error: environment variable not found
[INFO] [stdout] Error: environment variable not found
[INFO] [stdout] Error: environment variable not found
[INFO] [stdout] Error: environment variable not found
[INFO] [stdout] thread 'tests::subscribe_returns_a_400_for_invalid_form_data' panicked at src/common/configuration/database/postgres_config.rs:54:33:
[INFO] [stdout] Error connecting to postgres://:@:/
[INFO] [stdout] stack backtrace:
[INFO] [stdout]    0:     0x5593eaa6e206 - std::backtrace_rs::backtrace::libunwind::trace::h261606ad26a499c1
[INFO] [stdout]                                at /rustc/0e09125c6c3c2fd70d7de961bcf0e51575235fad/library/std/src/../../backtrace/src/backtrace/libunwind.rs:104:5
[INFO] [stdout]    1:     0x5593eaa6e206 - std::backtrace_rs::backtrace::trace_unsynchronized::hd183f0625477fb28
[INFO] [stdout]                                at /rustc/0e09125c6c3c2fd70d7de961bcf0e51575235fad/library/std/src/../../backtrace/src/backtrace/mod.rs:66:5
[INFO] [stdout]    2:     0x5593eaa6e206 - std::sys_common::backtrace::_print_fmt::hd7f8fef21b4eda67
[INFO] [stdout]                                at /rustc/0e09125c6c3c2fd70d7de961bcf0e51575235fad/library/std/src/sys_common/backtrace.rs:68:5
[INFO] [stdout]    3:     0x5593eaa6e206 - <std::sys_common::backtrace::_print::DisplayBacktrace as core::fmt::Display>::fmt::h623d9b51f2f453f1
[INFO] [stdout]                                at /rustc/0e09125c6c3c2fd70d7de961bcf0e51575235fad/library/std/src/sys_common/backtrace.rs:44:22
[INFO] [stdout]    4:     0x5593eaa9d0c0 - core::fmt::rt::Argument::fmt::h9f417ac76a86f368
[INFO] [stdout]                                at /rustc/0e09125c6c3c2fd70d7de961bcf0e51575235fad/library/core/src/fmt/rt.rs:142:9
[INFO] [stdout]    5:     0x5593eaa9d0c0 - core::fmt::write::hc9b6faf4ac2aeff7
[INFO] [stdout]                                at /rustc/0e09125c6c3c2fd70d7de961bcf0e51575235fad/library/core/src/fmt/mod.rs:1120:17
[INFO] [stdout]    6:     0x5593eaa6aeff - std::io::Write::write_fmt::he04625a3a989fec3
[INFO] [stdout]                                at /rustc/0e09125c6c3c2fd70d7de961bcf0e51575235fad/library/std/src/io/mod.rs:1810:15
[INFO] [stdout]    7:     0x5593eaa6dfe4 - std::sys_common::backtrace::_print::hd5d66399c7df88a2
[INFO] [stdout]                                at /rustc/0e09125c6c3c2fd70d7de961bcf0e51575235fad/library/std/src/sys_common/backtrace.rs:47:5
[INFO] [stdout]    8:     0x5593eaa6dfe4 - std::sys_common::backtrace::print::he81ed2da642d37e5
[INFO] [stdout]                                at /rustc/0e09125c6c3c2fd70d7de961bcf0e51575235fad/library/std/src/sys_common/backtrace.rs:34:9
[INFO] [stdout]    9:     0x5593eaa6fd57 - std::panicking::default_hook::{{closure}}::h85773f4fa117163d
[INFO] [stdout]   10:     0x5593eaa6fa3d - std::panicking::default_hook::h6a1694a91d09b278
[INFO] [stdout]                                at /rustc/0e09125c6c3c2fd70d7de961bcf0e51575235fad/library/std/src/panicking.rs:289:9
[INFO] [stdout]   11:     0x5593ea0ae4d7 - <alloc::boxed::Box<F,A> as core::ops::function::Fn<Args>>::call::h616ac37fa3cd6c8f
[INFO] [stdout]                                at /rustc/0e09125c6c3c2fd70d7de961bcf0e51575235fad/library/alloc/src/boxed.rs:2029:9
[INFO] [stdout]   12:     0x5593ea0ae4d7 - test::test_main::{{closure}}::h00d84697cefdcbb6
[INFO] [stdout]                                at /rustc/0e09125c6c3c2fd70d7de961bcf0e51575235fad/library/test/src/lib.rs:138:21
[INFO] [stdout]   13:     0x5593eaa70376 - <alloc::boxed::Box<F,A> as core::ops::function::Fn<Args>>::call::hcb3fe3b9bb537ba8
[INFO] [stdout]                                at /rustc/0e09125c6c3c2fd70d7de961bcf0e51575235fad/library/alloc/src/boxed.rs:2029:9
[INFO] [stdout]   14:     0x5593eaa70376 - std::panicking::rust_panic_with_hook::h0a7ad96e90f7145b
[INFO] [stdout]                                at /rustc/0e09125c6c3c2fd70d7de961bcf0e51575235fad/library/std/src/panicking.rs:783:13
[INFO] [stdout]   15:     0x5593eaa700c2 - std::panicking::begin_panic_handler::{{closure}}::h7919090525c6485e
[INFO] [stdout]                                at /rustc/0e09125c6c3c2fd70d7de961bcf0e51575235fad/library/std/src/panicking.rs:657:13
[INFO] [stdout]   16:     0x5593eaa6e706 - std::sys_common::backtrace::__rust_end_short_backtrace::hf3289479464f7dfe
[INFO] [stdout]                                at /rustc/0e09125c6c3c2fd70d7de961bcf0e51575235fad/library/std/src/sys_common/backtrace.rs:171:18
[INFO] [stdout]   17:     0x5593eaa6fe20 - rust_begin_unwind
[INFO] [stdout]                                at /rustc/0e09125c6c3c2fd70d7de961bcf0e51575235fad/library/std/src/panicking.rs:645:5
[INFO] [stdout]   18:     0x5593e9da9755 - core::panicking::panic_fmt::hcc9f77c5c132af55
[INFO] [stdout]                                at /rustc/0e09125c6c3c2fd70d7de961bcf0e51575235fad/library/core/src/panicking.rs:72:14
[INFO] [stdout]   19:     0x5593ea12c3dd - <zero_to_prod::common::configuration::database::postgres_config::PgConnectionFactory as zero_to_prod::common::configuration::database::DatabaseConnectionConfig<diesel::pg::connection::PgConnection>>::get_connection::{{closure}}::hd7e6c9c6d0327992
[INFO] [stdout]                                at /opt/rustwide/workdir/src/common/configuration/database/postgres_config.rs:54:33
[INFO] [stdout]   20:     0x5593ea1c062a - core::result::Result<T,E>::unwrap_or_else::h1d15cfe434377249
[INFO] [stdout]                                at /rustc/0e09125c6c3c2fd70d7de961bcf0e51575235fad/library/core/src/result.rs:1426:23
[INFO] [stdout]   21:     0x5593ea12c2ea - <zero_to_prod::common::configuration::database::postgres_config::PgConnectionFactory as zero_to_prod::common::configuration::database::DatabaseConnectionConfig<diesel::pg::connection::PgConnection>>::get_connection::h9c7c3f646da23681
[INFO] [stdout]                                at /opt/rustwide/workdir/src/common/configuration/database/postgres_config.rs:53:9
[INFO] [stdout]   22:     0x5593ea0eaeae - zero_to_prod::common::configuration::database::DatabaseConnectionFactory::get_pg_connection::h6b333162a62a751f
[INFO] [stdout]                                at /opt/rustwide/workdir/src/common/configuration/database/mod.rs:67:9
[INFO] [stdout]   23:     0x5593e9de9928 - health_checks::tests::db_bootstrap::h9d0e9911ae0ee560
[INFO] [stdout]                                at /opt/rustwide/workdir/tests/health_checks.rs:138:33
[INFO] [stdout]   24:     0x5593e9de9685 - health_checks::tests::spawn_app::h273398991725b8aa
[INFO] [stdout]                                at /opt/rustwide/workdir/tests/health_checks.rs:127:20
[INFO] [stdout]   25:     0x5593e9debbd7 - health_checks::tests::subscribe_returns_a_400_for_invalid_form_data::{{closure}}::h59b8ca69fa1dfd31
[INFO] [stdout]                                at /opt/rustwide/workdir/tests/health_checks.rs:98:19
[INFO] [stdout]   26:     0x5593e9dc2d48 - <core::pin::Pin<P> as core::future::future::Future>::poll::h1d3f08f56c47c031
[INFO] [stdout]                                at /rustc/0e09125c6c3c2fd70d7de961bcf0e51575235fad/library/core/src/future/future.rs:124:9
[INFO] [stdout]   27:     0x5593e9dc2d9b - <core::pin::Pin<P> as core::future::future::Future>::poll::hcddfbb20a51730cd
[INFO] [stdout]                                at /rustc/0e09125c6c3c2fd70d7de961bcf0e51575235fad/library/core/src/future/future.rs:124:9
[INFO] [stdout]   28:     0x5593e9db6ef4 - tokio::runtime::scheduler::current_thread::CoreGuard::block_on::{{closure}}::{{closure}}::{{closure}}::h4c4565099618a8e6
[INFO] [stdout]                                at /opt/rustwide/cargo-home/registry/src/index.crates.io-6f17d22bba15001f/tokio-1.25.0/src/runtime/scheduler/current_thread.rs:541:57
[INFO] [stdout]   29:     0x5593e9db6dda - tokio::runtime::coop::with_budget::he6cb6a972068450d
[INFO] [stdout]                                at /opt/rustwide/cargo-home/registry/src/index.crates.io-6f17d22bba15001f/tokio-1.25.0/src/runtime/coop.rs:102:5
[INFO] [stdout]   30:     0x5593e9db6dda - tokio::runtime::coop::budget::he5b5c0b50aa81889
[INFO] [stdout]                                at /opt/rustwide/cargo-home/registry/src/index.crates.io-6f17d22bba15001f/tokio-1.25.0/src/runtime/coop.rs:68:5
[INFO] [stdout]   31:     0x5593e9db6dda - tokio::runtime::scheduler::current_thread::CoreGuard::block_on::{{closure}}::{{closure}}::h0614a7d07262ce98
[INFO] [stdout]                                at /opt/rustwide/cargo-home/registry/src/index.crates.io-6f17d22bba15001f/tokio-1.25.0/src/runtime/scheduler/current_thread.rs:541:25
[INFO] [stdout]   32:     0x5593e9db560c - tokio::runtime::scheduler::current_thread::Context::enter::hb336430ea87e4204
[INFO] [stdout]                                at /opt/rustwide/cargo-home/registry/src/index.crates.io-6f17d22bba15001f/tokio-1.25.0/src/runtime/scheduler/current_thread.rs:350:19
[INFO] [stdout]   33:     0x5593e9db63e2 - tokio::runtime::scheduler::current_thread::CoreGuard::block_on::{{closure}}::h817f75223123e284
[INFO] [stdout]                                at /opt/rustwide/cargo-home/registry/src/index.crates.io-6f17d22bba15001f/tokio-1.25.0/src/runtime/scheduler/current_thread.rs:540:36
[INFO] [stdout]   34:     0x5593e9db610b - tokio::runtime::scheduler::current_thread::CoreGuard::enter::{{closure}}::h849a4d8e130c90c9
[INFO] [stdout]                                at /opt/rustwide/cargo-home/registry/src/index.crates.io-6f17d22bba15001f/tokio-1.25.0/src/runtime/scheduler/current_thread.rs:615:57
[INFO] [stdout]   35:     0x5593e9de0eed - tokio::macros::scoped_tls::ScopedKey<T>::set::h573714f0407746df
[INFO] [stdout]                                at /opt/rustwide/cargo-home/registry/src/index.crates.io-6f17d22bba15001f/tokio-1.25.0/src/macros/scoped_tls.rs:61:9
[INFO] [stdout]   36:     0x5593e9db5e9f - tokio::runtime::scheduler::current_thread::CoreGuard::enter::h66adad72bff08ea1
[INFO] [stdout]                                at /opt/rustwide/cargo-home/registry/src/index.crates.io-6f17d22bba15001f/tokio-1.25.0/src/runtime/scheduler/current_thread.rs:615:27
[INFO] [stdout]   37:     0x5593e9db613c - tokio::runtime::scheduler::current_thread::CoreGuard::block_on::h83edc438b459145e
[INFO] [stdout]                                at /opt/rustwide/cargo-home/registry/src/index.crates.io-6f17d22bba15001f/tokio-1.25.0/src/runtime/scheduler/current_thread.rs:530:19
[INFO] [stdout]   38:     0x5593e9db4beb - tokio::runtime::scheduler::current_thread::CurrentThread::block_on::h0c7371becdf6ae88
[INFO] [stdout]                                at /opt/rustwide/cargo-home/registry/src/index.crates.io-6f17d22bba15001f/tokio-1.25.0/src/runtime/scheduler/current_thread.rs:154:24
[INFO] [stdout]   39:     0x5593e9dbb5ad - tokio::runtime::runtime::Runtime::block_on::h0679190c5d883897
[INFO] [stdout]                                at /opt/rustwide/cargo-home/registry/src/index.crates.io-6f17d22bba15001f/tokio-1.25.0/src/runtime/runtime.rs:282:47
[INFO] [stdout]   40:     0x5593e9debaec - health_checks::tests::subscribe_returns_a_400_for_invalid_form_data::h6b994e5ec4d58be1
[INFO] [stdout]                                at /opt/rustwide/workdir/tests/health_checks.rs:105:9
[INFO] [stdout]   41:     0x5593e9deb977 - health_checks::tests::subscribe_returns_a_400_for_invalid_form_data::{{closure}}::h9ab66a53931e2fc5
[INFO] [stdout]                                at /opt/rustwide/workdir/tests/health_checks.rs:97:61
[INFO] [stdout]   42:     0x5593e9dc94b6 - core::ops::function::FnOnce::call_once::h7d8d768d1bd1812d
[INFO] [stdout]                                at /rustc/0e09125c6c3c2fd70d7de961bcf0e51575235fad/library/core/src/ops/function.rs:250:5
[INFO] [stdout]   43:     0x5593ea0b3daf - core::ops::function::FnOnce::call_once::hd64d26f405258157
[INFO] [stdout]                                at /rustc/0e09125c6c3c2fd70d7de961bcf0e51575235fad/library/core/src/ops/function.rs:250:5
[INFO] [stdout]   44:     0x5593ea0b3daf - test::__rust_begin_short_backtrace::he21b0b7a6d731bf9
[INFO] [stdout]                                at /rustc/0e09125c6c3c2fd70d7de961bcf0e51575235fad/library/test/src/lib.rs:627:18
[INFO] [stdout]   45:     0x5593ea0b2b31 - test::run_test_in_process::{{closure}}::hf5c73986d7bdfde2
[INFO] [stdout]                                at /rustc/0e09125c6c3c2fd70d7de961bcf0e51575235fad/library/test/src/lib.rs:650:60
[INFO] [stdout]   46:     0x5593ea0b2b31 - <core::panic::unwind_safe::AssertUnwindSafe<F> as core::ops::function::FnOnce<()>>::call_once::h330011ad032aadc0
[INFO] [stdout]                                at /rustc/0e09125c6c3c2fd70d7de961bcf0e51575235fad/library/core/src/panic/unwind_safe.rs:272:9
[INFO] [stdout]   47:     0x5593ea0b2b31 - std::panicking::try::do_call::he61b0a958b795a41
[INFO] [stdout]                                at /rustc/0e09125c6c3c2fd70d7de961bcf0e51575235fad/library/std/src/panicking.rs:552:40
[INFO] [stdout]   48:     0x5593ea0b2b31 - std::panicking::try::h7309da130f906eb7
[INFO] [stdout]                                at /rustc/0e09125c6c3c2fd70d7de961bcf0e51575235fad/library/std/src/panicking.rs:516:19
[INFO] [stdout]   49:     0x5593ea0b2b31 - std::panic::catch_unwind::hc5c3a06fdaf0a92a
[INFO] [stdout]                                at /rustc/0e09125c6c3c2fd70d7de961bcf0e51575235fad/library/std/src/panic.rs:142:14
[INFO] [stdout]   50:     0x5593ea0b2b31 - test::run_test_in_process::h7e7b7c71c3324e0f
[INFO] [stdout]                                at /rustc/0e09125c6c3c2fd70d7de961bcf0e51575235fad/library/test/src/lib.rs:650:27
[INFO] [stdout]   51:     0x5593ea0b2b31 - test::run_test::{{closure}}::h1f509f28f5cf20b1
[INFO] [stdout]                                at /rustc/0e09125c6c3c2fd70d7de961bcf0e51575235fad/library/test/src/lib.rs:573:43
[INFO] [stdout]   52:     0x5593ea079e66 - test::run_test::{{closure}}::h1754218abf443f6d
[INFO] [stdout]                                at /rustc/0e09125c6c3c2fd70d7de961bcf0e51575235fad/library/test/src/lib.rs:601:41
[INFO] [stdout]   53:     0x5593ea079e66 - std::sys_common::backtrace::__rust_begin_short_backtrace::h2ee174b9d5954948
[INFO] [stdout]                                at /rustc/0e09125c6c3c2fd70d7de961bcf0e51575235fad/library/std/src/sys_common/backtrace.rs:155:18
[INFO] [stdout]   54:     0x5593ea07eec7 - std::thread::Builder::spawn_unchecked_::{{closure}}::{{closure}}::hf60bee9c1a17ef09
[INFO] [stdout]                                at /rustc/0e09125c6c3c2fd70d7de961bcf0e51575235fad/library/std/src/thread/mod.rs:529:17
[INFO] [stdout]   55:     0x5593ea07eec7 - <core::panic::unwind_safe::AssertUnwindSafe<F> as core::ops::function::FnOnce<()>>::call_once::h33d0dddec5216160
[INFO] [stdout]                                at /rustc/0e09125c6c3c2fd70d7de961bcf0e51575235fad/library/core/src/panic/unwind_safe.rs:272:9
[INFO] [stdout]   56:     0x5593ea07eec7 - std::panicking::try::do_call::h144b3048b546f835
[INFO] [stdout]                                at /rustc/0e09125c6c3c2fd70d7de961bcf0e51575235fad/library/std/src/panicking.rs:552:40
[INFO] [stdout]   57:     0x5593ea07eec7 - std::panicking::try::h978244d04646189f
[INFO] [stdout]                                at /rustc/0e09125c6c3c2fd70d7de961bcf0e51575235fad/library/std/src/panicking.rs:516:19
[INFO] [stdout]   58:     0x5593ea07eec7 - std::panic::catch_unwind::hdf436369d188fe86
[INFO] [stdout]                                at /rustc/0e09125c6c3c2fd70d7de961bcf0e51575235fad/library/std/src/panic.rs:142:14
[INFO] [stdout]   59:     0x5593ea07eec7 - std::thread::Builder::spawn_unchecked_::{{closure}}::h87329cbdd33c79ec
[INFO] [stdout]                                at /rustc/0e09125c6c3c2fd70d7de961bcf0e51575235fad/library/std/src/thread/mod.rs:528:30
[INFO] [stdout]   60:     0x5593ea07eec7 - core::ops::function::FnOnce::call_once{{vtable.shim}}::h401abbe67897d450
[INFO] [stdout]                                at /rustc/0e09125c6c3c2fd70d7de961bcf0e51575235fad/library/core/src/ops/function.rs:250:5
[INFO] [stdout]   61:     0x5593eaa75165 - <alloc::boxed::Box<F,A> as core::ops::function::FnOnce<Args>>::call_once::h5d7c8f150ab9c84c
[INFO] [stdout]                                at /rustc/0e09125c6c3c2fd70d7de961bcf0e51575235fad/library/alloc/src/boxed.rs:2015:9
[INFO] [stdout]   62:     0x5593eaa75165 - <alloc::boxed::Box<F,A> as core::ops::function::FnOnce<Args>>::call_once::h570d5b005c242c15
[INFO] [stdout]                                at /rustc/0e09125c6c3c2fd70d7de961bcf0e51575235fad/library/alloc/src/boxed.rs:2015:9
[INFO] [stdout]   63:     0x5593eaa75165 - std::sys::unix::thread::Thread::new::thread_start::h36b0a20c0b2361ad
[INFO] [stdout]                                at /rustc/0e09125c6c3c2fd70d7de961bcf0e51575235fad/library/std/src/sys/unix/thread.rs:108:17
[INFO] [stdout]   64:     0x7fec877deac3 - <unknown>
[INFO] [stdout]   65:     0x7fec8786fbf4 - __clone
[INFO] [stdout]   66:                0x0 - <unknown>
[INFO] [stdout] 
[INFO] [stdout] ---- tests::health_check_works stdout ----
[INFO] [stdout] Error: environment variable not found
[INFO] [stdout] Error: environment variable not found
[INFO] [stdout] Error: environment variable not found
[INFO] [stdout] Error: environment variable not found
[INFO] [stdout] Error: environment variable not found
[INFO] [stdout] thread 'tests::health_check_works' panicked at src/common/configuration/database/postgres_config.rs:54:33:
[INFO] [stdout] Error connecting to postgres://:@:/
[INFO] [stdout] stack backtrace:
[INFO] [stdout]    0:     0x5593eaa6e206 - std::backtrace_rs::backtrace::libunwind::trace::h261606ad26a499c1
[INFO] [stdout]                                at /rustc/0e09125c6c3c2fd70d7de961bcf0e51575235fad/library/std/src/../../backtrace/src/backtrace/libunwind.rs:104:5
[INFO] [stdout]    1:     0x5593eaa6e206 - std::backtrace_rs::backtrace::trace_unsynchronized::hd183f0625477fb28
[INFO] [stdout]                                at /rustc/0e09125c6c3c2fd70d7de961bcf0e51575235fad/library/std/src/../../backtrace/src/backtrace/mod.rs:66:5
[INFO] [stdout]    2:     0x5593eaa6e206 - std::sys_common::backtrace::_print_fmt::hd7f8fef21b4eda67
[INFO] [stdout]                                at /rustc/0e09125c6c3c2fd70d7de961bcf0e51575235fad/library/std/src/sys_common/backtrace.rs:68:5
[INFO] [stdout]    3:     0x5593eaa6e206 - <std::sys_common::backtrace::_print::DisplayBacktrace as core::fmt::Display>::fmt::h623d9b51f2f453f1
[INFO] [stdout]                                at /rustc/0e09125c6c3c2fd70d7de961bcf0e51575235fad/library/std/src/sys_common/backtrace.rs:44:22
[INFO] [stdout]    4:     0x5593eaa9d0c0 - core::fmt::rt::Argument::fmt::h9f417ac76a86f368
[INFO] [stdout]                                at /rustc/0e09125c6c3c2fd70d7de961bcf0e51575235fad/library/core/src/fmt/rt.rs:142:9
[INFO] [stdout]    5:     0x5593eaa9d0c0 - core::fmt::write::hc9b6faf4ac2aeff7
[INFO] [stdout]                                at /rustc/0e09125c6c3c2fd70d7de961bcf0e51575235fad/library/core/src/fmt/mod.rs:1120:17
[INFO] [stdout]    6:     0x5593eaa6aeff - std::io::Write::write_fmt::he04625a3a989fec3
[INFO] [stdout]                                at /rustc/0e09125c6c3c2fd70d7de961bcf0e51575235fad/library/std/src/io/mod.rs:1810:15
[INFO] [stdout]    7:     0x5593eaa6dfe4 - std::sys_common::backtrace::_print::hd5d66399c7df88a2
[INFO] [stdout]                                at /rustc/0e09125c6c3c2fd70d7de961bcf0e51575235fad/library/std/src/sys_common/backtrace.rs:47:5
[INFO] [stdout]    8:     0x5593eaa6dfe4 - std::sys_common::backtrace::print::he81ed2da642d37e5
[INFO] [stdout]                                at /rustc/0e09125c6c3c2fd70d7de961bcf0e51575235fad/library/std/src/sys_common/backtrace.rs:34:9
[INFO] [stdout]    9:     0x5593eaa6fd57 - std::panicking::default_hook::{{closure}}::h85773f4fa117163d
[INFO] [stdout]   10:     0x5593eaa6fa3d - std::panicking::default_hook::h6a1694a91d09b278
[INFO] [stdout]                                at /rustc/0e09125c6c3c2fd70d7de961bcf0e51575235fad/library/std/src/panicking.rs:289:9
[INFO] [stdout]   11:     0x5593ea0ae4d7 - <alloc::boxed::Box<F,A> as core::ops::function::Fn<Args>>::call::h616ac37fa3cd6c8f
[INFO] [stdout]                                at /rustc/0e09125c6c3c2fd70d7de961bcf0e51575235fad/library/alloc/src/boxed.rs:2029:9
[INFO] [stdout]   12:     0x5593ea0ae4d7 - test::test_main::{{closure}}::h00d84697cefdcbb6
[INFO] [stdout]                                at /rustc/0e09125c6c3c2fd70d7de961bcf0e51575235fad/library/test/src/lib.rs:138:21
[INFO] [stdout]   13:     0x5593eaa70376 - <alloc::boxed::Box<F,A> as core::ops::function::Fn<Args>>::call::hcb3fe3b9bb537ba8
[INFO] [stdout]                                at /rustc/0e09125c6c3c2fd70d7de961bcf0e51575235fad/library/alloc/src/boxed.rs:2029:9
[INFO] [stdout]   14:     0x5593eaa70376 - std::panicking::rust_panic_with_hook::h0a7ad96e90f7145b
[INFO] [stdout]                                at /rustc/0e09125c6c3c2fd70d7de961bcf0e51575235fad/library/std/src/panicking.rs:783:13
[INFO] [stdout]   15:     0x5593eaa700c2 - std::panicking::begin_panic_handler::{{closure}}::h7919090525c6485e
[INFO] [stdout]                                at /rustc/0e09125c6c3c2fd70d7de961bcf0e51575235fad/library/std/src/panicking.rs:657:13
[INFO] [stdout]   16:     0x5593eaa6e706 - std::sys_common::backtrace::__rust_end_short_backtrace::hf3289479464f7dfe
[INFO] [stdout]                                at /rustc/0e09125c6c3c2fd70d7de961bcf0e51575235fad/library/std/src/sys_common/backtrace.rs:171:18
[INFO] [stdout]   17:     0x5593eaa6fe20 - rust_begin_unwind
[INFO] [stdout]                                at /rustc/0e09125c6c3c2fd70d7de961bcf0e51575235fad/library/std/src/panicking.rs:645:5
[INFO] [stdout]   18:     0x5593e9da9755 - core::panicking::panic_fmt::hcc9f77c5c132af55
[INFO] [stdout]                                at /rustc/0e09125c6c3c2fd70d7de961bcf0e51575235fad/library/core/src/panicking.rs:72:14
[INFO] [stdout]   19:     0x5593ea12c3dd - <zero_to_prod::common::configuration::database::postgres_config::PgConnectionFactory as zero_to_prod::common::configuration::database::DatabaseConnectionConfig<diesel::pg::connection::PgConnection>>::get_connection::{{closure}}::hd7e6c9c6d0327992
[INFO] [stdout]                                at /opt/rustwide/workdir/src/common/configuration/database/postgres_config.rs:54:33
[INFO] [stdout]   20:     0x5593ea1c062a - core::result::Result<T,E>::unwrap_or_else::h1d15cfe434377249
[INFO] [stdout]                                at /rustc/0e09125c6c3c2fd70d7de961bcf0e51575235fad/library/core/src/result.rs:1426:23
[INFO] [stdout]   21:     0x5593ea12c2ea - <zero_to_prod::common::configuration::database::postgres_config::PgConnectionFactory as zero_to_prod::common::configuration::database::DatabaseConnectionConfig<diesel::pg::connection::PgConnection>>::get_connection::h9c7c3f646da23681
[INFO] [stdout]                                at /opt/rustwide/workdir/src/common/configuration/database/postgres_config.rs:53:9
[INFO] [stdout]   22:     0x5593ea0eaeae - zero_to_prod::common::configuration::database::DatabaseConnectionFactory::get_pg_connection::h6b333162a62a751f
[INFO] [stdout]                                at /opt/rustwide/workdir/src/common/configuration/database/mod.rs:67:9
[INFO] [stdout]   23:     0x5593e9de9928 - health_checks::tests::db_bootstrap::h9d0e9911ae0ee560
[INFO] [stdout]                                at /opt/rustwide/workdir/tests/health_checks.rs:138:33
[INFO] [stdout]   24:     0x5593e9de9685 - health_checks::tests::spawn_app::h273398991725b8aa
[INFO] [stdout]                                at /opt/rustwide/workdir/tests/health_checks.rs:127:20
[INFO] [stdout]   25:     0x5593e9dea348 - health_checks::tests::health_check_works::{{closure}}::h6e56ac81f655dcd3
[INFO] [stdout]                                at /opt/rustwide/workdir/tests/health_checks.rs:35:19
[INFO] [stdout]   26:     0x5593e9dc2d48 - <core::pin::Pin<P> as core::future::future::Future>::poll::h1d3f08f56c47c031
[INFO] [stdout]                                at /rustc/0e09125c6c3c2fd70d7de961bcf0e51575235fad/library/core/src/future/future.rs:124:9
[INFO] [stdout]   27:     0x5593e9dc2d9b - <core::pin::Pin<P> as core::future::future::Future>::poll::hcddfbb20a51730cd
[INFO] [stdout]                                at /rustc/0e09125c6c3c2fd70d7de961bcf0e51575235fad/library/core/src/future/future.rs:124:9
[INFO] [stdout]   28:     0x5593e9db6ef4 - tokio::runtime::scheduler::current_thread::CoreGuard::block_on::{{closure}}::{{closure}}::{{closure}}::h4c4565099618a8e6
[INFO] [stdout]                                at /opt/rustwide/cargo-home/registry/src/index.crates.io-6f17d22bba15001f/tokio-1.25.0/src/runtime/scheduler/current_thread.rs:541:57
[INFO] [stdout]   29:     0x5593e9db6dda - tokio::runtime::coop::with_budget::he6cb6a972068450d
[INFO] [stdout]                                at /opt/rustwide/cargo-home/registry/src/index.crates.io-6f17d22bba15001f/tokio-1.25.0/src/runtime/coop.rs:102:5
[INFO] [stdout]   30:     0x5593e9db6dda - tokio::runtime::coop::budget::he5b5c0b50aa81889
[INFO] [stdout]                                at /opt/rustwide/cargo-home/registry/src/index.crates.io-6f17d22bba15001f/tokio-1.25.0/src/runtime/coop.rs:68:5
[INFO] [stdout]   31:     0x5593e9db6dda - tokio::runtime::scheduler::current_thread::CoreGuard::block_on::{{closure}}::{{closure}}::h0614a7d07262ce98
[INFO] [stdout]                                at /opt/rustwide/cargo-home/registry/src/index.crates.io-6f17d22bba15001f/tokio-1.25.0/src/runtime/scheduler/current_thread.rs:541:25
[INFO] [stdout]   32:     0x5593e9db560c - tokio::runtime::scheduler::current_thread::Context::enter::hb336430ea87e4204
[INFO] [stdout]                                at /opt/rustwide/cargo-home/registry/src/index.crates.io-6f17d22bba15001f/tokio-1.25.0/src/runtime/scheduler/current_thread.rs:350:19
[INFO] [stdout]   33:     0x5593e9db63e2 - tokio::runtime::scheduler::current_thread::CoreGuard::block_on::{{closure}}::h817f75223123e284
[INFO] [stdout]                                at /opt/rustwide/cargo-home/registry/src/index.crates.io-6f17d22bba15001f/tokio-1.25.0/src/runtime/scheduler/current_thread.rs:540:36
[INFO] [stdout]   34:     0x5593e9db610b - tokio::runtime::scheduler::current_thread::CoreGuard::enter::{{closure}}::h849a4d8e130c90c9
[INFO] [stdout]                                at /opt/rustwide/cargo-home/registry/src/index.crates.io-6f17d22bba15001f/tokio-1.25.0/src/runtime/scheduler/current_thread.rs:615:57
[INFO] [stdout]   35:     0x5593e9de0eed - tokio::macros::scoped_tls::ScopedKey<T>::set::h573714f0407746df
[INFO] [stdout]                                at /opt/rustwide/cargo-home/registry/src/index.crates.io-6f17d22bba15001f/tokio-1.25.0/src/macros/scoped_tls.rs:61:9
[INFO] [stdout]   36:     0x5593e9db5e9f - tokio::runtime::scheduler::current_thread::CoreGuard::enter::h66adad72bff08ea1
[INFO] [stdout]                                at /opt/rustwide/cargo-home/registry/src/index.crates.io-6f17d22bba15001f/tokio-1.25.0/src/runtime/scheduler/current_thread.rs:615:27
[INFO] [stdout]   37:     0x5593e9db613c - tokio::runtime::scheduler::current_thread::CoreGuard::block_on::h83edc438b459145e
[INFO] [stdout]                                at /opt/rustwide/cargo-home/registry/src/index.crates.io-6f17d22bba15001f/tokio-1.25.0/src/runtime/scheduler/current_thread.rs:530:19
[INFO] [stdout]   38:     0x5593e9db4beb - tokio::runtime::scheduler::current_thread::CurrentThread::block_on::h0c7371becdf6ae88
[INFO] [stdout]                                at /opt/rustwide/cargo-home/registry/src/index.crates.io-6f17d22bba15001f/tokio-1.25.0/src/runtime/scheduler/current_thread.rs:154:24
[INFO] [stdout]   39:     0x5593e9dbb5ad - tokio::runtime::runtime::Runtime::block_on::h0679190c5d883897
[INFO] [stdout]                                at /opt/rustwide/cargo-home/registry/src/index.crates.io-6f17d22bba15001f/tokio-1.25.0/src/runtime/runtime.rs:282:47
[INFO] [stdout]   40:     0x5593e9dea26c - health_checks::tests::health_check_works::ha538a53431f21769
[INFO] [stdout]                                at /opt/rustwide/workdir/tests/health_checks.rs:44:9
[INFO] [stdout]   41:     0x5593e9dea0f7 - health_checks::tests::health_check_works::{{closure}}::h40ec947f48a55e6b
[INFO] [stdout]                                at /opt/rustwide/workdir/tests/health_checks.rs:34:34
[INFO] [stdout]   42:     0x5593e9dc97a6 - core::ops::function::FnOnce::call_once::he02bf2e1f5070db1
[INFO] [stdout]                                at /rustc/0e09125c6c3c2fd70d7de961bcf0e51575235fad/library/core/src/ops/function.rs:250:5
[INFO] [stdout]   43:     0x5593ea0b3daf - core::ops::function::FnOnce::call_once::hd64d26f405258157
[INFO] [stdout]                                at /rustc/0e09125c6c3c2fd70d7de961bcf0e51575235fad/library/core/src/ops/function.rs:250:5
[INFO] [stdout]   44:     0x5593ea0b3daf - test::__rust_begin_short_backtrace::he21b0b7a6d731bf9
[INFO] [stdout]                                at /rustc/0e09125c6c3c2fd70d7de961bcf0e51575235fad/library/test/src/lib.rs:627:18
[INFO] [stdout]   45:     0x5593ea0b2b31 - test::run_test_in_process::{{closure}}::hf5c73986d7bdfde2
[INFO] [stdout]                                at /rustc/0e09125c6c3c2fd70d7de961bcf0e51575235fad/library/test/src/lib.rs:650:60
[INFO] [stdout]   46:     0x5593ea0b2b31 - <core::panic::unwind_safe::AssertUnwindSafe<F> as core::ops::function::FnOnce<()>>::call_once::h330011ad032aadc0
[INFO] [stdout]                                at /rustc/0e09125c6c3c2fd70d7de961bcf0e51575235fad/library/core/src/panic/unwind_safe.rs:272:9
[INFO] [stdout]   47:     0x5593ea0b2b31 - std::panicking::try::do_call::he61b0a958b795a41
[INFO] [stdout]                                at /rustc/0e09125c6c3c2fd70d7de961bcf0e51575235fad/library/std/src/panicking.rs:552:40
[INFO] [stdout]   48:     0x5593ea0b2b31 - std::panicking::try::h7309da130f906eb7
[INFO] [stdout]                                at /rustc/0e09125c6c3c2fd70d7de961bcf0e51575235fad/library/std/src/panicking.rs:516:19
[INFO] [stdout]   49:     0x5593ea0b2b31 - std::panic::catch_unwind::hc5c3a06fdaf0a92a
[INFO] [stdout]                                at /rustc/0e09125c6c3c2fd70d7de961bcf0e51575235fad/library/std/src/panic.rs:142:14
[INFO] [stdout]   50:     0x5593ea0b2b31 - test::run_test_in_process::h7e7b7c71c3324e0f
[INFO] [stdout]                                at /rustc/0e09125c6c3c2fd70d7de961bcf0e51575235fad/library/test/src/lib.rs:650:27
[INFO] [stdout]   51:     0x5593ea0b2b31 - test::run_test::{{closure}}::h1f509f28f5cf20b1
[INFO] [stdout]                                at /rustc/0e09125c6c3c2fd70d7de961bcf0e51575235fad/library/test/src/lib.rs:573:43
[INFO] [stdout]   52:     0x5593ea079e66 - test::run_test::{{closure}}::h1754218abf443f6d
[INFO] [stdout]                                at /rustc/0e09125c6c3c2fd70d7de961bcf0e51575235fad/library/test/src/lib.rs:601:41
[INFO] [stdout]   53:     0x5593ea079e66 - std::sys_common::backtrace::__rust_begin_short_backtrace::h2ee174b9d5954948
[INFO] [stdout]                                at /rustc/0e09125c6c3c2fd70d7de961bcf0e51575235fad/library/std/src/sys_common/backtrace.rs:155:18
[INFO] [stdout]   54:     0x5593ea07eec7 - std::thread::Builder::spawn_unchecked_::{{closure}}::{{closure}}::hf60bee9c1a17ef09
[INFO] [stdout]                                at /rustc/0e09125c6c3c2fd70d7de961bcf0e51575235fad/library/std/src/thread/mod.rs:529:17
[INFO] [stdout]   55:     0x5593ea07eec7 - <core::panic::unwind_safe::AssertUnwindSafe<F> as core::ops::function::FnOnce<()>>::call_once::h33d0dddec5216160
[INFO] [stdout]                                at /rustc/0e09125c6c3c2fd70d7de961bcf0e51575235fad/library/core/src/panic/unwind_safe.rs:272:9
[INFO] [stdout]   56:     0x5593ea07eec7 - std::panicking::try::do_call::h144b3048b546f835
[INFO] [stdout]                                at /rustc/0e09125c6c3c2fd70d7de961bcf0e51575235fad/library/std/src/panicking.rs:552:40
[INFO] [stdout]   57:     0x5593ea07eec7 - std::panicking::try::h978244d04646189f
[INFO] [stdout]                                at /rustc/0e09125c6c3c2fd70d7de961bcf0e51575235fad/library/std/src/panicking.rs:516:19
[INFO] [stdout]   58:     0x5593ea07eec7 - std::panic::catch_unwind::hdf436369d188fe86
[INFO] [stdout]                                at /rustc/0e09125c6c3c2fd70d7de961bcf0e51575235fad/library/std/src/panic.rs:142:14
[INFO] [stdout]   59:     0x5593ea07eec7 - std::thread::Builder::spawn_unchecked_::{{closure}}::h87329cbdd33c79ec
[INFO] [stdout]                                at /rustc/0e09125c6c3c2fd70d7de961bcf0e51575235fad/library/std/src/thread/mod.rs:528:30
[INFO] [stdout]   60:     0x5593ea07eec7 - core::ops::function::FnOnce::call_once{{vtable.shim}}::h401abbe67897d450
[INFO] [stdout]                                at /rustc/0e09125c6c3c2fd70d7de961bcf0e51575235fad/library/core/src/ops/function.rs:250:5
[INFO] [stdout]   61:     0x5593eaa75165 - <alloc::boxed::Box<F,A> as core::ops::function::FnOnce<Args>>::call_once::h5d7c8f150ab9c84c
[INFO] [stdout]                                at /rustc/0e09125c6c3c2fd70d7de961bcf0e51575235fad/library/alloc/src/boxed.rs:2015:9
[INFO] [stdout]   62:     0x5593eaa75165 - <alloc::boxed::Box<F,A> as core::ops::function::FnOnce<Args>>::call_once::h570d5b005c242c15
[INFO] [stdout]                                at /rustc/0e09125c6c3c2fd70d7de961bcf0e51575235fad/library/alloc/src/boxed.rs:2015:9
[INFO] [stdout]   63:     0x5593eaa75165 - std::sys::unix::thread::Thread::new::thread_start::h36b0a20c0b2361ad
[INFO] [stdout]                                at /rustc/0e09125c6c3c2fd70d7de961bcf0e51575235fad/library/std/src/sys/unix/thread.rs:108:17
[INFO] [stdout]   64:     0x7fec877deac3 - <unknown>
[INFO] [stdout]   65:     0x7fec8786fbf4 - __clone
[INFO] [stdout]   66:                0x0 - <unknown>
[INFO] [stdout] 
[INFO] [stdout] 
[INFO] [stdout] failures:
[INFO] [stdout]     tests::health_check_works
[INFO] [stdout]     tests::subscribe_returns_a_200_for_valid_form_data
[INFO] [stdout]     tests::subscribe_returns_a_400_for_invalid_form_data
[INFO] [stdout] 
[INFO] [stdout] test result: FAILED. 0 passed; 3 failed; 0 ignored; 0 measured; 0 filtered out; finished in 0.07s
[INFO] [stdout] 
[INFO] [stderr] error: test failed, to rerun pass `--test health_checks`
[INFO] running `Command { std: "docker" "inspect" "18ff3b46e9e3b1e4d7789f9470e62ac8c1819bba9ef36aaca8d6ced5cb523cba", kill_on_drop: false }`
[INFO] running `Command { std: "docker" "rm" "-f" "18ff3b46e9e3b1e4d7789f9470e62ac8c1819bba9ef36aaca8d6ced5cb523cba", kill_on_drop: false }`
[INFO] [stdout] 18ff3b46e9e3b1e4d7789f9470e62ac8c1819bba9ef36aaca8d6ced5cb523cba
