[INFO] cloning repository https://github.com/Nadrieril/improved_slice_patterns
[INFO] running `Command { std: "git" "-c" "credential.helper=" "-c" "credential.helper=/workspace/cargo-home/bin/git-credential-null" "clone" "--bare" "https://github.com/Nadrieril/improved_slice_patterns" "/workspace/cache/git-repos/https%3A%2F%2Fgithub.com%2FNadrieril%2Fimproved_slice_patterns", kill_on_drop: false }`
[INFO] [stderr] Cloning into bare repository '/workspace/cache/git-repos/https%3A%2F%2Fgithub.com%2FNadrieril%2Fimproved_slice_patterns'...
[INFO] running `Command { std: "git" "rev-parse" "HEAD", kill_on_drop: false }`
[INFO] [stdout] 120406af35c90880ca03556129d30a224b4e911c
[INFO] testing Nadrieril/improved_slice_patterns against 1.75.0 for beta-1.76-1
[INFO] running `Command { std: "git" "clone" "/workspace/cache/git-repos/https%3A%2F%2Fgithub.com%2FNadrieril%2Fimproved_slice_patterns" "/workspace/builds/worker-6-tc1/source", kill_on_drop: false }`
[INFO] [stderr] Cloning into '/workspace/builds/worker-6-tc1/source'...
[INFO] [stderr] done.
[INFO] validating manifest of git repo https://github.com/Nadrieril/improved_slice_patterns on toolchain 1.75.0
[INFO] running `Command { std: CARGO_HOME="/workspace/cargo-home" RUSTUP_HOME="/workspace/rustup-home" "/workspace/cargo-home/bin/cargo" "+1.75.0" "metadata" "--manifest-path" "Cargo.toml" "--no-deps", kill_on_drop: false }`
[INFO] removed /workspace/builds/worker-6-tc1/source/rust-toolchain
[INFO] started tweaking git repo https://github.com/Nadrieril/improved_slice_patterns
[INFO] finished tweaking git repo https://github.com/Nadrieril/improved_slice_patterns
[INFO] tweaked toml for git repo https://github.com/Nadrieril/improved_slice_patterns written to /workspace/builds/worker-6-tc1/source/Cargo.toml
[INFO] crate git repo https://github.com/Nadrieril/improved_slice_patterns already has a lockfile, it will not be regenerated
[INFO] running `Command { std: CARGO_HOME="/workspace/cargo-home" RUSTUP_HOME="/workspace/rustup-home" "/workspace/cargo-home/bin/cargo" "+1.75.0" "fetch" "--manifest-path" "Cargo.toml", kill_on_drop: false }`
[INFO] running `Command { std: "docker" "create" "-v" "/var/lib/crater-agent-workspace/builds/worker-6-tc1/target:/opt/rustwide/target:rw,Z" "-v" "/var/lib/crater-agent-workspace/builds/worker-6-tc1/source:/opt/rustwide/workdir:ro,Z" "-v" "/var/lib/crater-agent-workspace/cargo-home:/opt/rustwide/cargo-home:ro,Z" "-v" "/var/lib/crater-agent-workspace/rustup-home:/opt/rustwide/rustup-home:ro,Z" "-e" "SOURCE_DIR=/opt/rustwide/workdir" "-e" "CARGO_TARGET_DIR=/opt/rustwide/target" "-e" "CARGO_HOME=/opt/rustwide/cargo-home" "-e" "RUSTUP_HOME=/opt/rustwide/rustup-home" "-w" "/opt/rustwide/workdir" "-m" "1610612736" "--user" "0:0" "--network" "none" "ghcr.io/rust-lang/crates-build-env/linux@sha256:2788e3201cd34a07e3172128adcd8b3090168a8e3bcc40d7c032b9dda1df7d1c" "/opt/rustwide/cargo-home/bin/cargo" "+1.75.0" "metadata" "--no-deps" "--format-version=1", kill_on_drop: false }`
[INFO] [stdout] fb27f461ec21b1b2181f835ee20039297dc488e84bb12a06f589f79b2907c6c7
[INFO] running `Command { std: "docker" "start" "-a" "fb27f461ec21b1b2181f835ee20039297dc488e84bb12a06f589f79b2907c6c7", kill_on_drop: false }`
[INFO] running `Command { std: "docker" "inspect" "fb27f461ec21b1b2181f835ee20039297dc488e84bb12a06f589f79b2907c6c7", kill_on_drop: false }`
[INFO] running `Command { std: "docker" "rm" "-f" "fb27f461ec21b1b2181f835ee20039297dc488e84bb12a06f589f79b2907c6c7", kill_on_drop: false }`
[INFO] [stdout] fb27f461ec21b1b2181f835ee20039297dc488e84bb12a06f589f79b2907c6c7
[INFO] running `Command { std: "docker" "create" "-v" "/var/lib/crater-agent-workspace/builds/worker-6-tc1/target:/opt/rustwide/target:rw,Z" "-v" "/var/lib/crater-agent-workspace/builds/worker-6-tc1/source:/opt/rustwide/workdir:ro,Z" "-v" "/var/lib/crater-agent-workspace/cargo-home:/opt/rustwide/cargo-home:ro,Z" "-v" "/var/lib/crater-agent-workspace/rustup-home:/opt/rustwide/rustup-home:ro,Z" "-e" "SOURCE_DIR=/opt/rustwide/workdir" "-e" "CARGO_TARGET_DIR=/opt/rustwide/target" "-e" "CARGO_INCREMENTAL=0" "-e" "RUST_BACKTRACE=full" "-e" "RUSTFLAGS=--cap-lints=warn" "-e" "RUSTDOCFLAGS=--cap-lints=warn" "-e" "CARGO_HOME=/opt/rustwide/cargo-home" "-e" "RUSTUP_HOME=/opt/rustwide/rustup-home" "-w" "/opt/rustwide/workdir" "-m" "1610612736" "--user" "0:0" "--network" "none" "ghcr.io/rust-lang/crates-build-env/linux@sha256:2788e3201cd34a07e3172128adcd8b3090168a8e3bcc40d7c032b9dda1df7d1c" "/opt/rustwide/cargo-home/bin/cargo" "+1.75.0" "build" "--frozen" "--message-format=json", kill_on_drop: false }`
[INFO] [stdout] b349a4e917dc89433108baba0bc5b7bf45917c04a39d042ada6fc0e9dc8f2525
[INFO] running `Command { std: "docker" "start" "-a" "b349a4e917dc89433108baba0bc5b7bf45917c04a39d042ada6fc0e9dc8f2525", kill_on_drop: false }`
[INFO] [stderr]    Compiling improved_slice_patterns v2.0.1 (/opt/rustwide/workdir)
[INFO] [stderr]     Finished dev [unoptimized + debuginfo] target(s) in 0.04s
[INFO] running `Command { std: "docker" "inspect" "b349a4e917dc89433108baba0bc5b7bf45917c04a39d042ada6fc0e9dc8f2525", kill_on_drop: false }`
[INFO] running `Command { std: "docker" "rm" "-f" "b349a4e917dc89433108baba0bc5b7bf45917c04a39d042ada6fc0e9dc8f2525", kill_on_drop: false }`
[INFO] [stdout] b349a4e917dc89433108baba0bc5b7bf45917c04a39d042ada6fc0e9dc8f2525
[INFO] running `Command { std: "docker" "create" "-v" "/var/lib/crater-agent-workspace/builds/worker-6-tc1/target:/opt/rustwide/target:rw,Z" "-v" "/var/lib/crater-agent-workspace/builds/worker-6-tc1/source:/opt/rustwide/workdir:ro,Z" "-v" "/var/lib/crater-agent-workspace/cargo-home:/opt/rustwide/cargo-home:ro,Z" "-v" "/var/lib/crater-agent-workspace/rustup-home:/opt/rustwide/rustup-home:ro,Z" "-e" "SOURCE_DIR=/opt/rustwide/workdir" "-e" "CARGO_TARGET_DIR=/opt/rustwide/target" "-e" "CARGO_INCREMENTAL=0" "-e" "RUST_BACKTRACE=full" "-e" "RUSTFLAGS=--cap-lints=warn" "-e" "RUSTDOCFLAGS=--cap-lints=warn" "-e" "CARGO_HOME=/opt/rustwide/cargo-home" "-e" "RUSTUP_HOME=/opt/rustwide/rustup-home" "-w" "/opt/rustwide/workdir" "-m" "1610612736" "--user" "0:0" "--network" "none" "ghcr.io/rust-lang/crates-build-env/linux@sha256:2788e3201cd34a07e3172128adcd8b3090168a8e3bcc40d7c032b9dda1df7d1c" "/opt/rustwide/cargo-home/bin/cargo" "+1.75.0" "test" "--frozen" "--no-run" "--message-format=json", kill_on_drop: false }`
[INFO] [stdout] 32401c18e2407e51ef8773e646c5009e5abf93d85ca4a1946c39225ae3f4fee9
[INFO] running `Command { std: "docker" "start" "-a" "32401c18e2407e51ef8773e646c5009e5abf93d85ca4a1946c39225ae3f4fee9", kill_on_drop: false }`
[INFO] [stderr]    Compiling improved_slice_patterns v2.0.1 (/opt/rustwide/workdir)
[INFO] [stderr]     Finished test [unoptimized + debuginfo] target(s) in 0.37s
[INFO] running `Command { std: "docker" "inspect" "32401c18e2407e51ef8773e646c5009e5abf93d85ca4a1946c39225ae3f4fee9", kill_on_drop: false }`
[INFO] running `Command { std: "docker" "rm" "-f" "32401c18e2407e51ef8773e646c5009e5abf93d85ca4a1946c39225ae3f4fee9", kill_on_drop: false }`
[INFO] [stdout] 32401c18e2407e51ef8773e646c5009e5abf93d85ca4a1946c39225ae3f4fee9
[INFO] running `Command { std: "docker" "create" "-v" "/var/lib/crater-agent-workspace/builds/worker-6-tc1/target:/opt/rustwide/target:rw,Z" "-v" "/var/lib/crater-agent-workspace/builds/worker-6-tc1/source:/opt/rustwide/workdir:ro,Z" "-v" "/var/lib/crater-agent-workspace/cargo-home:/opt/rustwide/cargo-home:ro,Z" "-v" "/var/lib/crater-agent-workspace/rustup-home:/opt/rustwide/rustup-home:ro,Z" "-e" "SOURCE_DIR=/opt/rustwide/workdir" "-e" "CARGO_TARGET_DIR=/opt/rustwide/target" "-e" "CARGO_INCREMENTAL=0" "-e" "RUST_BACKTRACE=full" "-e" "RUSTFLAGS=--cap-lints=warn" "-e" "RUSTDOCFLAGS=--cap-lints=warn" "-e" "CARGO_HOME=/opt/rustwide/cargo-home" "-e" "RUSTUP_HOME=/opt/rustwide/rustup-home" "-w" "/opt/rustwide/workdir" "-m" "1610612736" "--user" "0:0" "--network" "none" "ghcr.io/rust-lang/crates-build-env/linux@sha256:2788e3201cd34a07e3172128adcd8b3090168a8e3bcc40d7c032b9dda1df7d1c" "/opt/rustwide/cargo-home/bin/cargo" "+1.75.0" "test" "--frozen", kill_on_drop: false }`
[INFO] [stdout] 54b05fdf7dff0d078bfe019cd99d9533966ed0ad6eedf53b7c009967bfd9647c
[INFO] running `Command { std: "docker" "start" "-a" "54b05fdf7dff0d078bfe019cd99d9533966ed0ad6eedf53b7c009967bfd9647c", kill_on_drop: false }`
[INFO] [stderr]     Finished test [unoptimized + debuginfo] target(s) in 0.00s
[INFO] [stderr]      Running unittests src/lib.rs (/opt/rustwide/target/debug/deps/improved_slice_patterns-9f5ea6616c3cf840)
[INFO] [stdout] 
[INFO] [stdout] running 1 test
[INFO] [stdout] test test ... ok
[INFO] [stdout] 
[INFO] [stdout] test result: ok. 1 passed; 0 failed; 0 ignored; 0 measured; 0 filtered out; finished in 0.00s
[INFO] [stdout] 
[INFO] [stderr]    Doc-tests improved_slice_patterns
[INFO] [stdout] 
[INFO] [stdout] running 2 tests
[INFO] [stdout] test src/lib.rs - match_vec (line 139) ... FAILED
[INFO] [stdout] test src/lib.rs - destructure_iter (line 21) ... ok
[INFO] [stdout] 
[INFO] [stdout] failures:
[INFO] [stdout] 
[INFO] [stdout] ---- src/lib.rs - match_vec (line 139) stdout ----
[INFO] [stdout] error[E0554]: `#![feature]` may not be used on the stable release channel
[INFO] [stdout]  --> src/lib.rs:138:1
[INFO] [stdout]   |
[INFO] [stdout] 2 | #![feature(slice_patterns)]
[INFO] [stdout]   | ^^^^^^^^^^^^^^^^^^^^^^^^^^^ help: remove the attribute
[INFO] [stdout]   |
[INFO] [stdout]   = help: the feature `slice_patterns` has been stable since `1.42.0` and no longer requires an attribute to enable
[INFO] [stdout] 
[INFO] [stdout] warning: the feature `slice_patterns` has been stable since 1.42.0 and no longer requires an attribute to enable
[INFO] [stdout]  --> src/lib.rs:138:12
[INFO] [stdout]   |
[INFO] [stdout] 2 | #![feature(slice_patterns)]
[INFO] [stdout]   |            ^^^^^^^^^^^^^^
[INFO] [stdout]   |
[INFO] [stdout]   = note: `#[warn(stable_features)]` on by default
[INFO] [stdout] 
[INFO] [stdout] error: aborting due to previous error; 1 warning emitted
[INFO] [stdout] 
[INFO] [stdout] For more information about this error, try `rustc --explain E0554`.
[INFO] [stdout] Couldn't compile the test.
[INFO] [stdout] 
[INFO] [stdout] failures:
[INFO] [stdout]     src/lib.rs - match_vec (line 139)
[INFO] [stdout] 
[INFO] [stdout] test result: FAILED. 1 passed; 1 failed; 0 ignored; 0 measured; 0 filtered out; finished in 0.28s
[INFO] [stdout] 
[INFO] [stderr] error: doctest failed, to rerun pass `--doc`
[INFO] running `Command { std: "docker" "inspect" "54b05fdf7dff0d078bfe019cd99d9533966ed0ad6eedf53b7c009967bfd9647c", kill_on_drop: false }`
[INFO] running `Command { std: "docker" "rm" "-f" "54b05fdf7dff0d078bfe019cd99d9533966ed0ad6eedf53b7c009967bfd9647c", kill_on_drop: false }`
[INFO] [stdout] 54b05fdf7dff0d078bfe019cd99d9533966ed0ad6eedf53b7c009967bfd9647c
