[INFO] cloning repository https://github.com/N8BWert/ncomm
[INFO] running `Command { std: "git" "-c" "credential.helper=" "-c" "credential.helper=/workspace/cargo-home/bin/git-credential-null" "clone" "--bare" "https://github.com/N8BWert/ncomm" "/workspace/cache/git-repos/https%3A%2F%2Fgithub.com%2FN8BWert%2Fncomm", kill_on_drop: false }`
[INFO] [stderr] Cloning into bare repository '/workspace/cache/git-repos/https%3A%2F%2Fgithub.com%2FN8BWert%2Fncomm'...
[INFO] running `Command { std: "git" "rev-parse" "HEAD", kill_on_drop: false }`
[INFO] [stdout] c0b088741ce20040ec0bf06e83cb20970ba6f12f
[INFO] testing N8BWert/ncomm against 1.75.0 for beta-1.76-1
[INFO] running `Command { std: "git" "clone" "/workspace/cache/git-repos/https%3A%2F%2Fgithub.com%2FN8BWert%2Fncomm" "/workspace/builds/worker-6-tc1/source", kill_on_drop: false }`
[INFO] [stderr] Cloning into '/workspace/builds/worker-6-tc1/source'...
[INFO] [stderr] done.
[INFO] validating manifest of git repo https://github.com/N8BWert/ncomm on toolchain 1.75.0
[INFO] running `Command { std: CARGO_HOME="/workspace/cargo-home" RUSTUP_HOME="/workspace/rustup-home" "/workspace/cargo-home/bin/cargo" "+1.75.0" "metadata" "--manifest-path" "Cargo.toml" "--no-deps", kill_on_drop: false }`
[INFO] started tweaking git repo https://github.com/N8BWert/ncomm
[INFO] finished tweaking git repo https://github.com/N8BWert/ncomm
[INFO] tweaked toml for git repo https://github.com/N8BWert/ncomm written to /workspace/builds/worker-6-tc1/source/Cargo.toml
[INFO] crate git repo https://github.com/N8BWert/ncomm already has a lockfile, it will not be regenerated
[INFO] running `Command { std: CARGO_HOME="/workspace/cargo-home" RUSTUP_HOME="/workspace/rustup-home" "/workspace/cargo-home/bin/cargo" "+1.75.0" "fetch" "--manifest-path" "Cargo.toml", kill_on_drop: false }`
[INFO] [stderr]     Blocking waiting for file lock on package cache
[INFO] [stderr]     Updating crates.io index
[INFO] [stderr]  Downloading crates ...
[INFO] [stderr]   Downloaded packed_struct_codegen v0.10.1
[INFO] [stderr]   Downloaded packed_struct v0.10.1
[INFO] running `Command { std: "docker" "create" "-v" "/var/lib/crater-agent-workspace/builds/worker-6-tc1/target:/opt/rustwide/target:rw,Z" "-v" "/var/lib/crater-agent-workspace/builds/worker-6-tc1/source:/opt/rustwide/workdir:ro,Z" "-v" "/var/lib/crater-agent-workspace/cargo-home:/opt/rustwide/cargo-home:ro,Z" "-v" "/var/lib/crater-agent-workspace/rustup-home:/opt/rustwide/rustup-home:ro,Z" "-e" "SOURCE_DIR=/opt/rustwide/workdir" "-e" "CARGO_TARGET_DIR=/opt/rustwide/target" "-e" "CARGO_HOME=/opt/rustwide/cargo-home" "-e" "RUSTUP_HOME=/opt/rustwide/rustup-home" "-w" "/opt/rustwide/workdir" "-m" "1610612736" "--user" "0:0" "--network" "none" "ghcr.io/rust-lang/crates-build-env/linux@sha256:2788e3201cd34a07e3172128adcd8b3090168a8e3bcc40d7c032b9dda1df7d1c" "/opt/rustwide/cargo-home/bin/cargo" "+1.75.0" "metadata" "--no-deps" "--format-version=1", kill_on_drop: false }`
[INFO] [stdout] 8db841ed220e645852e45a474dd87bcf1c006d74d803617122130b3845b505c4
[INFO] running `Command { std: "docker" "start" "-a" "8db841ed220e645852e45a474dd87bcf1c006d74d803617122130b3845b505c4", kill_on_drop: false }`
[INFO] running `Command { std: "docker" "inspect" "8db841ed220e645852e45a474dd87bcf1c006d74d803617122130b3845b505c4", kill_on_drop: false }`
[INFO] running `Command { std: "docker" "rm" "-f" "8db841ed220e645852e45a474dd87bcf1c006d74d803617122130b3845b505c4", kill_on_drop: false }`
[INFO] [stdout] 8db841ed220e645852e45a474dd87bcf1c006d74d803617122130b3845b505c4
[INFO] running `Command { std: "docker" "create" "-v" "/var/lib/crater-agent-workspace/builds/worker-6-tc1/target:/opt/rustwide/target:rw,Z" "-v" "/var/lib/crater-agent-workspace/builds/worker-6-tc1/source:/opt/rustwide/workdir:ro,Z" "-v" "/var/lib/crater-agent-workspace/cargo-home:/opt/rustwide/cargo-home:ro,Z" "-v" "/var/lib/crater-agent-workspace/rustup-home:/opt/rustwide/rustup-home:ro,Z" "-e" "SOURCE_DIR=/opt/rustwide/workdir" "-e" "CARGO_TARGET_DIR=/opt/rustwide/target" "-e" "CARGO_INCREMENTAL=0" "-e" "RUST_BACKTRACE=full" "-e" "RUSTFLAGS=--cap-lints=warn" "-e" "RUSTDOCFLAGS=--cap-lints=warn" "-e" "CARGO_HOME=/opt/rustwide/cargo-home" "-e" "RUSTUP_HOME=/opt/rustwide/rustup-home" "-w" "/opt/rustwide/workdir" "-m" "1610612736" "--user" "0:0" "--network" "none" "ghcr.io/rust-lang/crates-build-env/linux@sha256:2788e3201cd34a07e3172128adcd8b3090168a8e3bcc40d7c032b9dda1df7d1c" "/opt/rustwide/cargo-home/bin/cargo" "+1.75.0" "build" "--frozen" "--message-format=json", kill_on_drop: false }`
[INFO] [stdout] 047b5604a0f23fe6663537163e92be5c3b4aff153a368040088c7e59ef35bae9
[INFO] running `Command { std: "docker" "start" "-a" "047b5604a0f23fe6663537163e92be5c3b4aff153a368040088c7e59ef35bae9", kill_on_drop: false }`
[INFO] [stderr]    Compiling bitflags v2.4.1
[INFO] [stderr]    Compiling nix v0.27.1
[INFO] [stderr]    Compiling ctrlc v3.4.1
[INFO] [stderr]    Compiling ncomm v0.4.1 (/opt/rustwide/workdir)
[INFO] [stderr]     Finished dev [unoptimized + debuginfo] target(s) in 2.85s
[INFO] running `Command { std: "docker" "inspect" "047b5604a0f23fe6663537163e92be5c3b4aff153a368040088c7e59ef35bae9", kill_on_drop: false }`
[INFO] running `Command { std: "docker" "rm" "-f" "047b5604a0f23fe6663537163e92be5c3b4aff153a368040088c7e59ef35bae9", kill_on_drop: false }`
[INFO] [stdout] 047b5604a0f23fe6663537163e92be5c3b4aff153a368040088c7e59ef35bae9
[INFO] running `Command { std: "docker" "create" "-v" "/var/lib/crater-agent-workspace/builds/worker-6-tc1/target:/opt/rustwide/target:rw,Z" "-v" "/var/lib/crater-agent-workspace/builds/worker-6-tc1/source:/opt/rustwide/workdir:ro,Z" "-v" "/var/lib/crater-agent-workspace/cargo-home:/opt/rustwide/cargo-home:ro,Z" "-v" "/var/lib/crater-agent-workspace/rustup-home:/opt/rustwide/rustup-home:ro,Z" "-e" "SOURCE_DIR=/opt/rustwide/workdir" "-e" "CARGO_TARGET_DIR=/opt/rustwide/target" "-e" "CARGO_INCREMENTAL=0" "-e" "RUST_BACKTRACE=full" "-e" "RUSTFLAGS=--cap-lints=warn" "-e" "RUSTDOCFLAGS=--cap-lints=warn" "-e" "CARGO_HOME=/opt/rustwide/cargo-home" "-e" "RUSTUP_HOME=/opt/rustwide/rustup-home" "-w" "/opt/rustwide/workdir" "-m" "1610612736" "--user" "0:0" "--network" "none" "ghcr.io/rust-lang/crates-build-env/linux@sha256:2788e3201cd34a07e3172128adcd8b3090168a8e3bcc40d7c032b9dda1df7d1c" "/opt/rustwide/cargo-home/bin/cargo" "+1.75.0" "test" "--frozen" "--no-run" "--message-format=json", kill_on_drop: false }`
[INFO] [stdout] 94b79c19529cc79f2c9e842384a2f9004910c38f0bfd7a1710298e151bf006c6
[INFO] running `Command { std: "docker" "start" "-a" "94b79c19529cc79f2c9e842384a2f9004910c38f0bfd7a1710298e151bf006c6", kill_on_drop: false }`
[INFO] [stderr]    Compiling ncomm v0.4.1 (/opt/rustwide/workdir)
[INFO] [stderr]     Finished test [unoptimized + debuginfo] target(s) in 3.35s
[INFO] running `Command { std: "docker" "inspect" "94b79c19529cc79f2c9e842384a2f9004910c38f0bfd7a1710298e151bf006c6", kill_on_drop: false }`
[INFO] running `Command { std: "docker" "rm" "-f" "94b79c19529cc79f2c9e842384a2f9004910c38f0bfd7a1710298e151bf006c6", kill_on_drop: false }`
[INFO] [stdout] 94b79c19529cc79f2c9e842384a2f9004910c38f0bfd7a1710298e151bf006c6
[INFO] running `Command { std: "docker" "create" "-v" "/var/lib/crater-agent-workspace/builds/worker-6-tc1/target:/opt/rustwide/target:rw,Z" "-v" "/var/lib/crater-agent-workspace/builds/worker-6-tc1/source:/opt/rustwide/workdir:ro,Z" "-v" "/var/lib/crater-agent-workspace/cargo-home:/opt/rustwide/cargo-home:ro,Z" "-v" "/var/lib/crater-agent-workspace/rustup-home:/opt/rustwide/rustup-home:ro,Z" "-e" "SOURCE_DIR=/opt/rustwide/workdir" "-e" "CARGO_TARGET_DIR=/opt/rustwide/target" "-e" "CARGO_INCREMENTAL=0" "-e" "RUST_BACKTRACE=full" "-e" "RUSTFLAGS=--cap-lints=warn" "-e" "RUSTDOCFLAGS=--cap-lints=warn" "-e" "CARGO_HOME=/opt/rustwide/cargo-home" "-e" "RUSTUP_HOME=/opt/rustwide/rustup-home" "-w" "/opt/rustwide/workdir" "-m" "1610612736" "--user" "0:0" "--network" "none" "ghcr.io/rust-lang/crates-build-env/linux@sha256:2788e3201cd34a07e3172128adcd8b3090168a8e3bcc40d7c032b9dda1df7d1c" "/opt/rustwide/cargo-home/bin/cargo" "+1.75.0" "test" "--frozen", kill_on_drop: false }`
[INFO] [stdout] 970d7b7b27a940c902c0489596a5d810481d28eca9175a184adc0f5b05854c6d
[INFO] running `Command { std: "docker" "start" "-a" "970d7b7b27a940c902c0489596a5d810481d28eca9175a184adc0f5b05854c6d", kill_on_drop: false }`
[INFO] [stderr]     Finished test [unoptimized + debuginfo] target(s) in 0.02s
[INFO] [stderr]      Running unittests src/lib.rs (/opt/rustwide/target/debug/deps/ncomm-d758c890c1a28b43)
[INFO] [stdout] 
[INFO] [stdout] running 83 tests
[INFO] [stdout] test client_server::local::tests::test_send_many_requests_from_same_client_client_server ... ok
[INFO] [stdout] test client_server::local::tests::test_send_multiple_responses_to_multiple_clients_client_server ... ok
[INFO] [stdout] test client_server::local::tests::test_send_multiple_responses_to_same_client_client_server ... ok
[INFO] [stdout] test executor::simple_executor::tests::test_simple_executor_new_with ... ok
[INFO] [stdout] test client_server::local::tests::test_send_resopnse_to_one_of_many_clients_client_server ... ok
[INFO] [stdout] test client_server::local::tests::test_send_response_client_server ... ok
[INFO] [stdout] test client_server::local::tests::test_receive_empty_response_client_server ... ok
[INFO] [stdout] test client_server::local::tests::test_send_responses_to_multiple_clients_client_server ... ok
[INFO] [stdout] test client_server::local::tests::test_create_client_server ... ok
[INFO] [stdout] test client_server::local::tests::test_send_request_client_server ... ok
[INFO] [stdout] test executor::simple_executor::tests::test_simple_executor_basic_node ... ok
[INFO] [stdout] test client_server::local::tests::test_get_clients_client_server ... ok
[INFO] [stdout] test client_server::local::tests::test_send_multiple_requests_client_server ... ok
[INFO] [stdout] test executor::simple_multi_executor::tests::test_simple_multi_executor_add_new_node ... ok
[INFO] [stdout] test executor::simple_executor::tests::test_simple_executor_pubsub_node ... ok
[INFO] [stdout] test executor::simple_multi_executor::tests::test_simple_multi_executor_new_with ... ok
[INFO] [stdout] test executor::simple_multi_executor::tests::test_simple_multi_executor_new ... ok
[INFO] [stdout] test executor::simple_multi_executor::tests::test_simple_multi_executor_start ... ok
[INFO] [stdout] test executor::simple_executor::tests::test_simple_executor_client_server_nodes ... ok
[INFO] [stdout] test node::basic_node::tests::test_create_basic_node ... ok
[INFO] [stdout] test node::basic_node::tests::test_get_update_delay ... ok
[INFO] [stdout] test node::basic_node::tests::test_shutdown_basic_node ... ok
[INFO] [stdout] test node::basic_node::tests::test_start_basic_node ... ok
[INFO] [stdout] test node::basic_node::tests::test_update_basic_node ... ok
[INFO] [stdout] test node::client_server_node::tests::test_create_client_server_nodes ... ok
[INFO] [stdout] test node::client_server_node::tests::test_shutdown_client_server_nodes ... ok
[INFO] [stdout] test node::client_server_node::tests::test_start_client_server_nodes ... ok
[INFO] [stdout] test executor::simple_executor::tests::test_simple_executor_update_client_server_nodes ... ok
[INFO] [stdout] test node::client_server_node::tests::test_update_client_server_nodes ... ok
[INFO] [stdout] test node::pubsub_node::tests::test_start_pubsub_node ... ok
[INFO] [stdout] test node::pubsub_node::tests::test_create_pubsub_node ... ok
[INFO] [stdout] test node::pubsub_node::tests::test_update_pubsub_node ... ok
[INFO] [stdout] test node::udp_pubsub_node::tests::test_create_udp_pubsub_node ... ok
[INFO] [stdout] test executor::simple_executor::tests::test_simple_executor_udp_pubsub_nodes ... ok
[INFO] [stdout] test node::udp_pubsub_node::tests::test_shutdown_udp_pubsub_node ... ok
[INFO] [stdout] test node::udp_pubsub_node::tests::test_start_udp_pubsub_node ... ok
[INFO] [stdout] test executor::simple_executor::tests::test_two_simple_executors ... ok
[INFO] [stdout] test node::update_client_server_node::tests::test_start_update_client_server_nodes ... ok
[INFO] [stdout] test node::update_client_server_node::tests::test_update_update_client_server_nodes ... ok
[INFO] [stdout] test node::update_client_server_node::tests::test_shutdown_client_server_nodes ... ok
[INFO] [stdout] test publisher_subscriber::local::tests::test_create_publisher_and_subscriber ... ok
[INFO] [stdout] test node::udp_pubsub_node::tests::test_update_udp_pubsub_node ... ok
[INFO] [stdout] test publisher_subscriber::local::tests::test_no_data_sent ... ok
[INFO] [stdout] test publisher_subscriber::local::tests::test_send_many_data ... ok
[INFO] [stdout] test node::update_client_server_node::tests::test_create_update_client_server_nodes ... ok
[INFO] [stdout] test publisher_subscriber::udp::tests::test_create_buffered_udp_subscriber ... ok
[INFO] [stdout] test publisher_subscriber::local::tests::test_mapped_subscriber ... ok
[INFO] [stdout] test publisher_subscriber::local::tests::test_send_data ... ok
[INFO] [stdout] test publisher_subscriber::udp::tests::test_create_udp_publisher_and_subscriber ... ok
[INFO] [stdout] test publisher_subscriber::udp::tests::test_mapped_udp_subscriber ... ok
[INFO] [stdout] test publisher_subscriber::udp::tests::test_send_many_data_udp_publisher_and_subscriber ... ok
[INFO] [stdout] test publisher_subscriber::udp::tests::test_send_data_udp_publisher_and_buffered_subscriber ... ok
[INFO] [stdout] test publisher_subscriber::udp::tests::test_send_multiple_data_udp_publisher_and_buffered_subscriber ... ok
[INFO] [stdout] test update_client_server::local::tests::test_create_update_client_server ... ok
[INFO] [stdout] test update_client_server::local::tests::test_receive_empty_update_update_client_server ... ok
[INFO] [stdout] test update_client_server::local::tests::test_receive_empty_response_update_client_server ... ok
[INFO] [stdout] test update_client_server::local::tests::test_send_multiple_requests_update_client_server ... ok
[INFO] [stdout] test update_client_server::local::tests::test_send_multiple_responses_to_multiple_clients_update_client_server ... ok
[INFO] [stdout] test update_client_server::local::tests::test_send_multiple_responses_to_same_client_update_client_server ... ok
[INFO] [stdout] test update_client_server::local::tests::test_send_multiple_updates_to_multiple_clients_update_client_server ... ok
[INFO] [stdout] test update_client_server::local::tests::test_send_multiple_updates_to_same_client_update_client_server ... ok
[INFO] [stdout] test update_client_server::local::tests::test_send_request_update_client_server ... ok
[INFO] [stdout] test update_client_server::local::tests::test_send_response_to_one_of_many_clients_update_client_server ... ok
[INFO] [stdout] test update_client_server::local::tests::test_send_response_update_client_server ... ok
[INFO] [stdout] test update_client_server::local::tests::test_send_responses_to_multiple_clients_update_client_server ... ok
[INFO] [stdout] test update_client_server::local::tests::test_send_update_to_one_of_many_clients_update_client_server ... ok
[INFO] [stdout] test update_client_server::local::tests::test_send_update_update_client_server ... ok
[INFO] [stdout] test update_client_server::local::tests::test_send_updates_to_multiple_clients_update_client_server ... ok
[INFO] [stdout] test update_client_server::local::tests::test_get_clients_update_client_server ... ok
[INFO] [stdout] test update_client_server::local::tests::test_send_many_requests_from_same_client_update_client_server ... ok
[INFO] [stdout] test publisher_subscriber::udp::tests::test_send_data_udp_publisher_and_subscriber ... ok
[INFO] [stdout] test executor::simple_executor::tests::test_simple_executor_update_client_server_nodes_different_executors ... ok
[INFO] [stdout] test executor::simple_executor::tests::test_simple_executor_client_server_nodes_different_executors ... FAILED
[INFO] [stdout] test executor::simple_executor::tests::test_simple_executor_pubsub_node_different_executors ... FAILED
[INFO] [stdout] test executor::simple_executor::tests::test_simple_executor_udp_pubsub_nodes_different_executors ... ok
[INFO] [stdout] test executor::simple_executor::tests::test_simple_executor_update_client_server_nodes_different_executors_time ... ok
[INFO] [stdout] test executor::simple_executor::tests::test_simple_executor_update_loop_interrupt ... ok
[INFO] [stdout] test executor::simple_multi_executor::tests::test_simple_multi_executor_update_for_seconds ... ok
[INFO] [stdout] test executor::simple_multi_executor::tests::test_simple_multi_executor_update_loop_for_one_second ... ok
[INFO] [stdout] test executor::simple_executor::tests::test_simple_executor_client_server_nodes_different_executors_time ... FAILED
[INFO] [stdout] test executor::simple_executor::tests::test_simple_executor_pubsub_node_different_executors_time ... FAILED
[INFO] [stdout] test executor::simple_executor::tests::test_simple_executor_time ... ok
[INFO] [stdout] test executor::simple_executor::tests::test_two_simple_executors_time ... ok
[INFO] [stdout] 
[INFO] [stdout] failures:
[INFO] [stdout] 
[INFO] [stdout] ---- executor::simple_executor::tests::test_simple_executor_client_server_nodes_different_executors stdout ----
[INFO] [stdout] starting client node
[INFO] [stdout] starting client node
[INFO] [stdout] previous test number: 1
[INFO] [stdout] new test number: 3
[INFO] [stdout] previous test number: 3
[INFO] [stdout] new test number: 9
[INFO] [stdout] previous test number: 9
[INFO] [stdout] new test number: 27
[INFO] [stdout] thread 'executor::simple_executor::tests::test_simple_executor_client_server_nodes_different_executors' panicked at src/executor/simple_executor.rs:538:17:
[INFO] [stdout] assertion `left == right` failed
[INFO] [stdout]   left: "Client Node:\nclient node 2\n22\n1"
[INFO] [stdout]  right: "Client Node:\nclient node 2\n22\n9"
[INFO] [stdout] stack backtrace:
[INFO] [stdout]    0:     0x55dfefeee4fc - std::backtrace_rs::backtrace::libunwind::trace::ha637c64ce894333a
[INFO] [stdout]                                at /rustc/82e1608dfa6e0b5569232559e3d385fea5a93112/library/std/src/../../backtrace/src/backtrace/libunwind.rs:104:5
[INFO] [stdout]    1:     0x55dfefeee4fc - std::backtrace_rs::backtrace::trace_unsynchronized::h47f62dea28e0c88d
[INFO] [stdout]                                at /rustc/82e1608dfa6e0b5569232559e3d385fea5a93112/library/std/src/../../backtrace/src/backtrace/mod.rs:66:5
[INFO] [stdout]    2:     0x55dfefeee4fc - std::sys_common::backtrace::_print_fmt::h9eef0abe20ede486
[INFO] [stdout]                                at /rustc/82e1608dfa6e0b5569232559e3d385fea5a93112/library/std/src/sys_common/backtrace.rs:67:5
[INFO] [stdout]    3:     0x55dfefeee4fc - <std::sys_common::backtrace::_print::DisplayBacktrace as core::fmt::Display>::fmt::hed7f999df88cc644
[INFO] [stdout]                                at /rustc/82e1608dfa6e0b5569232559e3d385fea5a93112/library/std/src/sys_common/backtrace.rs:44:22
[INFO] [stdout]    4:     0x55dfeff1b190 - core::fmt::rt::Argument::fmt::h1539a9308b8d058d
[INFO] [stdout]                                at /rustc/82e1608dfa6e0b5569232559e3d385fea5a93112/library/core/src/fmt/rt.rs:142:9
[INFO] [stdout]    5:     0x55dfeff1b190 - core::fmt::write::h3a39390d8560d9c9
[INFO] [stdout]                                at /rustc/82e1608dfa6e0b5569232559e3d385fea5a93112/library/core/src/fmt/mod.rs:1120:17
[INFO] [stdout]    6:     0x55dfefeeba2f - std::io::Write::write_fmt::h040b369f3a0f9cbc
[INFO] [stdout]                                at /rustc/82e1608dfa6e0b5569232559e3d385fea5a93112/library/std/src/io/mod.rs:1762:15
[INFO] [stdout]    7:     0x55dfefeee2e4 - std::sys_common::backtrace::_print::h894006fb5c6f3d45
[INFO] [stdout]                                at /rustc/82e1608dfa6e0b5569232559e3d385fea5a93112/library/std/src/sys_common/backtrace.rs:47:5
[INFO] [stdout]    8:     0x55dfefeee2e4 - std::sys_common::backtrace::print::h23a2d212c6fff936
[INFO] [stdout]                                at /rustc/82e1608dfa6e0b5569232559e3d385fea5a93112/library/std/src/sys_common/backtrace.rs:34:9
[INFO] [stdout]    9:     0x55dfefeeffa7 - std::panicking::default_hook::{{closure}}::h8a1d2ee00185001a
[INFO] [stdout]   10:     0x55dfefeefc93 - std::panicking::default_hook::h6038f2eba384e475
[INFO] [stdout]                                at /rustc/82e1608dfa6e0b5569232559e3d385fea5a93112/library/std/src/panicking.rs:289:9
[INFO] [stdout]   11:     0x55dfefebfe67 - <alloc::boxed::Box<F,A> as core::ops::function::Fn<Args>>::call::h0ad024c9bdc6d768
[INFO] [stdout]                                at /rustc/82e1608dfa6e0b5569232559e3d385fea5a93112/library/alloc/src/boxed.rs:2021:9
[INFO] [stdout]   12:     0x55dfefebfe67 - test::test_main::{{closure}}::h7500b54257359db6
[INFO] [stdout]                                at /rustc/82e1608dfa6e0b5569232559e3d385fea5a93112/library/test/src/lib.rs:138:21
[INFO] [stdout]   13:     0x55dfefef05b8 - <alloc::boxed::Box<F,A> as core::ops::function::Fn<Args>>::call::h1f8f335eaa9cfaee
[INFO] [stdout]                                at /rustc/82e1608dfa6e0b5569232559e3d385fea5a93112/library/alloc/src/boxed.rs:2021:9
[INFO] [stdout]   14:     0x55dfefef05b8 - std::panicking::rust_panic_with_hook::h2b5517d590cab22e
[INFO] [stdout]                                at /rustc/82e1608dfa6e0b5569232559e3d385fea5a93112/library/std/src/panicking.rs:783:13
[INFO] [stdout]   15:     0x55dfefef030e - std::panicking::begin_panic_handler::{{closure}}::h233112c06e0ef43e
[INFO] [stdout]                                at /rustc/82e1608dfa6e0b5569232559e3d385fea5a93112/library/std/src/panicking.rs:657:13
[INFO] [stdout]   16:     0x55dfefeee9c6 - std::sys_common::backtrace::__rust_end_short_backtrace::h6e893f24d7ebbff8
[INFO] [stdout]                                at /rustc/82e1608dfa6e0b5569232559e3d385fea5a93112/library/std/src/sys_common/backtrace.rs:170:18
[INFO] [stdout]   17:     0x55dfefef0072 - rust_begin_unwind
[INFO] [stdout]                                at /rustc/82e1608dfa6e0b5569232559e3d385fea5a93112/library/std/src/panicking.rs:645:5
[INFO] [stdout]   18:     0x55dfefd67e85 - core::panicking::panic_fmt::hbf0e066aabfa482c
[INFO] [stdout]                                at /rustc/82e1608dfa6e0b5569232559e3d385fea5a93112/library/core/src/panicking.rs:72:14
[INFO] [stdout]   19:     0x55dfefd6829b - core::panicking::assert_failed_inner::h0bba8b7c26ee4492
[INFO] [stdout]   20:     0x55dfefdd6152 - core::panicking::assert_failed::hdf8df544c6ff3079
[INFO] [stdout]                                at /rustc/82e1608dfa6e0b5569232559e3d385fea5a93112/library/core/src/panicking.rs:279:5
[INFO] [stdout]   21:     0x55dfefe112b8 - ncomm::executor::simple_executor::tests::test_simple_executor_client_server_nodes_different_executors::h6865303e42dcf781
[INFO] [stdout]                                at /opt/rustwide/workdir/src/executor/simple_executor.rs:538:17
[INFO] [stdout]   22:     0x55dfefe10907 - ncomm::executor::simple_executor::tests::test_simple_executor_client_server_nodes_different_executors::{{closure}}::hba7f272bede2e95e
[INFO] [stdout]                                at /opt/rustwide/workdir/src/executor/simple_executor.rs:500:70
[INFO] [stdout]   23:     0x55dfefded8b6 - core::ops::function::FnOnce::call_once::h2552bfc5a3ebb87c
[INFO] [stdout]                                at /rustc/82e1608dfa6e0b5569232559e3d385fea5a93112/library/core/src/ops/function.rs:250:5
[INFO] [stdout]   24:     0x55dfefec54bf - core::ops::function::FnOnce::call_once::h2b5d431d5046312d
[INFO] [stdout]                                at /rustc/82e1608dfa6e0b5569232559e3d385fea5a93112/library/core/src/ops/function.rs:250:5
[INFO] [stdout]   25:     0x55dfefec54bf - test::__rust_begin_short_backtrace::h7714669af176e207
[INFO] [stdout]                                at /rustc/82e1608dfa6e0b5569232559e3d385fea5a93112/library/test/src/lib.rs:628:18
[INFO] [stdout]   26:     0x55dfefec44d5 - test::run_test_in_process::{{closure}}::h85218797dcbcec12
[INFO] [stdout]                                at /rustc/82e1608dfa6e0b5569232559e3d385fea5a93112/library/test/src/lib.rs:651:60
[INFO] [stdout]   27:     0x55dfefec44d5 - <core::panic::unwind_safe::AssertUnwindSafe<F> as core::ops::function::FnOnce<()>>::call_once::h76c106ea31c14d7b
[INFO] [stdout]                                at /rustc/82e1608dfa6e0b5569232559e3d385fea5a93112/library/core/src/panic/unwind_safe.rs:272:9
[INFO] [stdout]   28:     0x55dfefec44d5 - std::panicking::try::do_call::h3bd5d0f6620ee946
[INFO] [stdout]                                at /rustc/82e1608dfa6e0b5569232559e3d385fea5a93112/library/std/src/panicking.rs:552:40
[INFO] [stdout]   29:     0x55dfefec44d5 - std::panicking::try::h232e535e4744fe31
[INFO] [stdout]                                at /rustc/82e1608dfa6e0b5569232559e3d385fea5a93112/library/std/src/panicking.rs:516:19
[INFO] [stdout]   30:     0x55dfefec44d5 - std::panic::catch_unwind::h3ce3bd6ca8dbac68
[INFO] [stdout]                                at /rustc/82e1608dfa6e0b5569232559e3d385fea5a93112/library/std/src/panic.rs:142:14
[INFO] [stdout]   31:     0x55dfefec44d5 - test::run_test_in_process::hc97b257c9621286a
[INFO] [stdout]                                at /rustc/82e1608dfa6e0b5569232559e3d385fea5a93112/library/test/src/lib.rs:651:27
[INFO] [stdout]   32:     0x55dfefec44d5 - test::run_test::{{closure}}::h2aa798823a438d38
[INFO] [stdout]                                at /rustc/82e1608dfa6e0b5569232559e3d385fea5a93112/library/test/src/lib.rs:574:43
[INFO] [stdout]   33:     0x55dfefe8c796 - test::run_test::{{closure}}::h87d231c78fb59832
[INFO] [stdout]                                at /rustc/82e1608dfa6e0b5569232559e3d385fea5a93112/library/test/src/lib.rs:602:41
[INFO] [stdout]   34:     0x55dfefe8c796 - std::sys_common::backtrace::__rust_begin_short_backtrace::he6df152596625789
[INFO] [stdout]                                at /rustc/82e1608dfa6e0b5569232559e3d385fea5a93112/library/std/src/sys_common/backtrace.rs:154:18
[INFO] [stdout]   35:     0x55dfefe91847 - std::thread::Builder::spawn_unchecked_::{{closure}}::{{closure}}::ha94be15d1e0acf36
[INFO] [stdout]                                at /rustc/82e1608dfa6e0b5569232559e3d385fea5a93112/library/std/src/thread/mod.rs:529:17
[INFO] [stdout]   36:     0x55dfefe91847 - <core::panic::unwind_safe::AssertUnwindSafe<F> as core::ops::function::FnOnce<()>>::call_once::h9dc6bd6372f16606
[INFO] [stdout]                                at /rustc/82e1608dfa6e0b5569232559e3d385fea5a93112/library/core/src/panic/unwind_safe.rs:272:9
[INFO] [stdout]   37:     0x55dfefe91847 - std::panicking::try::do_call::h9057517f80303cd4
[INFO] [stdout]                                at /rustc/82e1608dfa6e0b5569232559e3d385fea5a93112/library/std/src/panicking.rs:552:40
[INFO] [stdout]   38:     0x55dfefe91847 - std::panicking::try::he3a30b11ee45340c
[INFO] [stdout]                                at /rustc/82e1608dfa6e0b5569232559e3d385fea5a93112/library/std/src/panicking.rs:516:19
[INFO] [stdout]   39:     0x55dfefe91847 - std::panic::catch_unwind::h410458cfd3528b8b
[INFO] [stdout]                                at /rustc/82e1608dfa6e0b5569232559e3d385fea5a93112/library/std/src/panic.rs:142:14
[INFO] [stdout]   40:     0x55dfefe91847 - std::thread::Builder::spawn_unchecked_::{{closure}}::h72ac3bdb567b737b
[INFO] [stdout]                                at /rustc/82e1608dfa6e0b5569232559e3d385fea5a93112/library/std/src/thread/mod.rs:528:30
[INFO] [stdout]   41:     0x55dfefe91847 - core::ops::function::FnOnce::call_once{{vtable.shim}}::h38f34da3654a8344
[INFO] [stdout]                                at /rustc/82e1608dfa6e0b5569232559e3d385fea5a93112/library/core/src/ops/function.rs:250:5
[INFO] [stdout]   42:     0x55dfefef5125 - <alloc::boxed::Box<F,A> as core::ops::function::FnOnce<Args>>::call_once::hc7eafaff61e32df9
[INFO] [stdout]                                at /rustc/82e1608dfa6e0b5569232559e3d385fea5a93112/library/alloc/src/boxed.rs:2007:9
[INFO] [stdout]   43:     0x55dfefef5125 - <alloc::boxed::Box<F,A> as core::ops::function::FnOnce<Args>>::call_once::h6ba4a5de48dd2304
[INFO] [stdout]                                at /rustc/82e1608dfa6e0b5569232559e3d385fea5a93112/library/alloc/src/boxed.rs:2007:9
[INFO] [stdout]   44:     0x55dfefef5125 - std::sys::unix::thread::Thread::new::thread_start::he469335aef763e45
[INFO] [stdout]                                at /rustc/82e1608dfa6e0b5569232559e3d385fea5a93112/library/std/src/sys/unix/thread.rs:108:17
[INFO] [stdout]   45:     0x7f965b770ac3 - <unknown>
[INFO] [stdout]   46:     0x7f965b801bf4 - __clone
[INFO] [stdout]   47:                0x0 - <unknown>
[INFO] [stdout] 
[INFO] [stdout] ---- executor::simple_executor::tests::test_simple_executor_pubsub_node_different_executors stdout ----
[INFO] [stdout] thread 'executor::simple_executor::tests::test_simple_executor_pubsub_node_different_executors' panicked at src/executor/simple_executor.rs:416:17:
[INFO] [stdout] assertion `left == right` failed
[INFO] [stdout]   left: "Subscriber Node:\nsubscriber node\n10\n9"
[INFO] [stdout]  right: "Subscriber Node:\nsubscriber node\n10\n8"
[INFO] [stdout] stack backtrace:
[INFO] [stdout]    0:     0x55dfefeee4fc - std::backtrace_rs::backtrace::libunwind::trace::ha637c64ce894333a
[INFO] [stdout]                                at /rustc/82e1608dfa6e0b5569232559e3d385fea5a93112/library/std/src/../../backtrace/src/backtrace/libunwind.rs:104:5
[INFO] [stdout]    1:     0x55dfefeee4fc - std::backtrace_rs::backtrace::trace_unsynchronized::h47f62dea28e0c88d
[INFO] [stdout]                                at /rustc/82e1608dfa6e0b5569232559e3d385fea5a93112/library/std/src/../../backtrace/src/backtrace/mod.rs:66:5
[INFO] [stdout]    2:     0x55dfefeee4fc - std::sys_common::backtrace::_print_fmt::h9eef0abe20ede486
[INFO] [stdout]                                at /rustc/82e1608dfa6e0b5569232559e3d385fea5a93112/library/std/src/sys_common/backtrace.rs:67:5
[INFO] [stdout]    3:     0x55dfefeee4fc - <std::sys_common::backtrace::_print::DisplayBacktrace as core::fmt::Display>::fmt::hed7f999df88cc644
[INFO] [stdout]                                at /rustc/82e1608dfa6e0b5569232559e3d385fea5a93112/library/std/src/sys_common/backtrace.rs:44:22
[INFO] [stdout]    4:     0x55dfeff1b190 - core::fmt::rt::Argument::fmt::h1539a9308b8d058d
[INFO] [stdout]                                at /rustc/82e1608dfa6e0b5569232559e3d385fea5a93112/library/core/src/fmt/rt.rs:142:9
[INFO] [stdout]    5:     0x55dfeff1b190 - core::fmt::write::h3a39390d8560d9c9
[INFO] [stdout]                                at /rustc/82e1608dfa6e0b5569232559e3d385fea5a93112/library/core/src/fmt/mod.rs:1120:17
[INFO] [stdout]    6:     0x55dfefeeba2f - std::io::Write::write_fmt::h040b369f3a0f9cbc
[INFO] [stdout]                                at /rustc/82e1608dfa6e0b5569232559e3d385fea5a93112/library/std/src/io/mod.rs:1762:15
[INFO] [stdout]    7:     0x55dfefeee2e4 - std::sys_common::backtrace::_print::h894006fb5c6f3d45
[INFO] [stdout]                                at /rustc/82e1608dfa6e0b5569232559e3d385fea5a93112/library/std/src/sys_common/backtrace.rs:47:5
[INFO] [stdout]    8:     0x55dfefeee2e4 - std::sys_common::backtrace::print::h23a2d212c6fff936
[INFO] [stdout]                                at /rustc/82e1608dfa6e0b5569232559e3d385fea5a93112/library/std/src/sys_common/backtrace.rs:34:9
[INFO] [stdout]    9:     0x55dfefeeffa7 - std::panicking::default_hook::{{closure}}::h8a1d2ee00185001a
[INFO] [stdout]   10:     0x55dfefeefc93 - std::panicking::default_hook::h6038f2eba384e475
[INFO] [stdout]                                at /rustc/82e1608dfa6e0b5569232559e3d385fea5a93112/library/std/src/panicking.rs:289:9
[INFO] [stdout]   11:     0x55dfefebfe67 - <alloc::boxed::Box<F,A> as core::ops::function::Fn<Args>>::call::h0ad024c9bdc6d768
[INFO] [stdout]                                at /rustc/82e1608dfa6e0b5569232559e3d385fea5a93112/library/alloc/src/boxed.rs:2021:9
[INFO] [stdout]   12:     0x55dfefebfe67 - test::test_main::{{closure}}::h7500b54257359db6
[INFO] [stdout]                                at /rustc/82e1608dfa6e0b5569232559e3d385fea5a93112/library/test/src/lib.rs:138:21
[INFO] [stdout]   13:     0x55dfefef05b8 - <alloc::boxed::Box<F,A> as core::ops::function::Fn<Args>>::call::h1f8f335eaa9cfaee
[INFO] [stdout]                                at /rustc/82e1608dfa6e0b5569232559e3d385fea5a93112/library/alloc/src/boxed.rs:2021:9
[INFO] [stdout]   14:     0x55dfefef05b8 - std::panicking::rust_panic_with_hook::h2b5517d590cab22e
[INFO] [stdout]                                at /rustc/82e1608dfa6e0b5569232559e3d385fea5a93112/library/std/src/panicking.rs:783:13
[INFO] [stdout]   15:     0x55dfefef030e - std::panicking::begin_panic_handler::{{closure}}::h233112c06e0ef43e
[INFO] [stdout]                                at /rustc/82e1608dfa6e0b5569232559e3d385fea5a93112/library/std/src/panicking.rs:657:13
[INFO] [stdout]   16:     0x55dfefeee9c6 - std::sys_common::backtrace::__rust_end_short_backtrace::h6e893f24d7ebbff8
[INFO] [stdout]                                at /rustc/82e1608dfa6e0b5569232559e3d385fea5a93112/library/std/src/sys_common/backtrace.rs:170:18
[INFO] [stdout]   17:     0x55dfefef0072 - rust_begin_unwind
[INFO] [stdout]                                at /rustc/82e1608dfa6e0b5569232559e3d385fea5a93112/library/std/src/panicking.rs:645:5
[INFO] [stdout]   18:     0x55dfefd67e85 - core::panicking::panic_fmt::hbf0e066aabfa482c
[INFO] [stdout]                                at /rustc/82e1608dfa6e0b5569232559e3d385fea5a93112/library/core/src/panicking.rs:72:14
[INFO] [stdout]   19:     0x55dfefd6829b - core::panicking::assert_failed_inner::h0bba8b7c26ee4492
[INFO] [stdout]   20:     0x55dfefdd6152 - core::panicking::assert_failed::hdf8df544c6ff3079
[INFO] [stdout]                                at /rustc/82e1608dfa6e0b5569232559e3d385fea5a93112/library/core/src/panicking.rs:279:5
[INFO] [stdout]   21:     0x55dfefe0e733 - ncomm::executor::simple_executor::tests::test_simple_executor_pubsub_node_different_executors::hd5448e8e7c0090b6
[INFO] [stdout]                                at /opt/rustwide/workdir/src/executor/simple_executor.rs:416:17
[INFO] [stdout]   22:     0x55dfefe0df27 - ncomm::executor::simple_executor::tests::test_simple_executor_pubsub_node_different_executors::{{closure}}::heea73eaf7be95c18
[INFO] [stdout]                                at /opt/rustwide/workdir/src/executor/simple_executor.rs:382:62
[INFO] [stdout]   23:     0x55dfefdee6b6 - core::ops::function::FnOnce::call_once::h95232e66be453923
[INFO] [stdout]                                at /rustc/82e1608dfa6e0b5569232559e3d385fea5a93112/library/core/src/ops/function.rs:250:5
[INFO] [stdout]   24:     0x55dfefec54bf - core::ops::function::FnOnce::call_once::h2b5d431d5046312d
[INFO] [stdout]                                at /rustc/82e1608dfa6e0b5569232559e3d385fea5a93112/library/core/src/ops/function.rs:250:5
[INFO] [stdout]   25:     0x55dfefec54bf - test::__rust_begin_short_backtrace::h7714669af176e207
[INFO] [stdout]                                at /rustc/82e1608dfa6e0b5569232559e3d385fea5a93112/library/test/src/lib.rs:628:18
[INFO] [stdout]   26:     0x55dfefec44d5 - test::run_test_in_process::{{closure}}::h85218797dcbcec12
[INFO] [stdout]                                at /rustc/82e1608dfa6e0b5569232559e3d385fea5a93112/library/test/src/lib.rs:651:60
[INFO] [stdout]   27:     0x55dfefec44d5 - <core::panic::unwind_safe::AssertUnwindSafe<F> as core::ops::function::FnOnce<()>>::call_once::h76c106ea31c14d7b
[INFO] [stdout]                                at /rustc/82e1608dfa6e0b5569232559e3d385fea5a93112/library/core/src/panic/unwind_safe.rs:272:9
[INFO] [stdout]   28:     0x55dfefec44d5 - std::panicking::try::do_call::h3bd5d0f6620ee946
[INFO] [stdout]                                at /rustc/82e1608dfa6e0b5569232559e3d385fea5a93112/library/std/src/panicking.rs:552:40
[INFO] [stdout]   29:     0x55dfefec44d5 - std::panicking::try::h232e535e4744fe31
[INFO] [stdout]                                at /rustc/82e1608dfa6e0b5569232559e3d385fea5a93112/library/std/src/panicking.rs:516:19
[INFO] [stdout]   30:     0x55dfefec44d5 - std::panic::catch_unwind::h3ce3bd6ca8dbac68
[INFO] [stdout]                                at /rustc/82e1608dfa6e0b5569232559e3d385fea5a93112/library/std/src/panic.rs:142:14
[INFO] [stdout]   31:     0x55dfefec44d5 - test::run_test_in_process::hc97b257c9621286a
[INFO] [stdout]                                at /rustc/82e1608dfa6e0b5569232559e3d385fea5a93112/library/test/src/lib.rs:651:27
[INFO] [stdout]   32:     0x55dfefec44d5 - test::run_test::{{closure}}::h2aa798823a438d38
[INFO] [stdout]                                at /rustc/82e1608dfa6e0b5569232559e3d385fea5a93112/library/test/src/lib.rs:574:43
[INFO] [stdout]   33:     0x55dfefe8c796 - test::run_test::{{closure}}::h87d231c78fb59832
[INFO] [stdout]                                at /rustc/82e1608dfa6e0b5569232559e3d385fea5a93112/library/test/src/lib.rs:602:41
[INFO] [stdout]   34:     0x55dfefe8c796 - std::sys_common::backtrace::__rust_begin_short_backtrace::he6df152596625789
[INFO] [stdout]                                at /rustc/82e1608dfa6e0b5569232559e3d385fea5a93112/library/std/src/sys_common/backtrace.rs:154:18
[INFO] [stdout]   35:     0x55dfefe91847 - std::thread::Builder::spawn_unchecked_::{{closure}}::{{closure}}::ha94be15d1e0acf36
[INFO] [stdout]                                at /rustc/82e1608dfa6e0b5569232559e3d385fea5a93112/library/std/src/thread/mod.rs:529:17
[INFO] [stdout]   36:     0x55dfefe91847 - <core::panic::unwind_safe::AssertUnwindSafe<F> as core::ops::function::FnOnce<()>>::call_once::h9dc6bd6372f16606
[INFO] [stdout]                                at /rustc/82e1608dfa6e0b5569232559e3d385fea5a93112/library/core/src/panic/unwind_safe.rs:272:9
[INFO] [stdout]   37:     0x55dfefe91847 - std::panicking::try::do_call::h9057517f80303cd4
[INFO] [stdout]                                at /rustc/82e1608dfa6e0b5569232559e3d385fea5a93112/library/std/src/panicking.rs:552:40
[INFO] [stdout]   38:     0x55dfefe91847 - std::panicking::try::he3a30b11ee45340c
[INFO] [stdout]                                at /rustc/82e1608dfa6e0b5569232559e3d385fea5a93112/library/std/src/panicking.rs:516:19
[INFO] [stdout]   39:     0x55dfefe91847 - std::panic::catch_unwind::h410458cfd3528b8b
[INFO] [stdout]                                at /rustc/82e1608dfa6e0b5569232559e3d385fea5a93112/library/std/src/panic.rs:142:14
[INFO] [stdout]   40:     0x55dfefe91847 - std::thread::Builder::spawn_unchecked_::{{closure}}::h72ac3bdb567b737b
[INFO] [stdout]                                at /rustc/82e1608dfa6e0b5569232559e3d385fea5a93112/library/std/src/thread/mod.rs:528:30
[INFO] [stdout]   41:     0x55dfefe91847 - core::ops::function::FnOnce::call_once{{vtable.shim}}::h38f34da3654a8344
[INFO] [stdout]                                at /rustc/82e1608dfa6e0b5569232559e3d385fea5a93112/library/core/src/ops/function.rs:250:5
[INFO] [stdout]   42:     0x55dfefef5125 - <alloc::boxed::Box<F,A> as core::ops::function::FnOnce<Args>>::call_once::hc7eafaff61e32df9
[INFO] [stdout]                                at /rustc/82e1608dfa6e0b5569232559e3d385fea5a93112/library/alloc/src/boxed.rs:2007:9
[INFO] [stdout]   43:     0x55dfefef5125 - <alloc::boxed::Box<F,A> as core::ops::function::FnOnce<Args>>::call_once::h6ba4a5de48dd2304
[INFO] [stdout]                                at /rustc/82e1608dfa6e0b5569232559e3d385fea5a93112/library/alloc/src/boxed.rs:2007:9
[INFO] [stdout]   44:     0x55dfefef5125 - std::sys::unix::thread::Thread::new::thread_start::he469335aef763e45
[INFO] [stdout]                                at /rustc/82e1608dfa6e0b5569232559e3d385fea5a93112/library/std/src/sys/unix/thread.rs:108:17
[INFO] [stdout]   45:     0x7f965b770ac3 - <unknown>
[INFO] [stdout]   46:     0x7f965b801bf4 - __clone
[INFO] [stdout]   47:                0x0 - <unknown>
[INFO] [stdout] 
[INFO] [stdout] ---- executor::simple_executor::tests::test_simple_executor_client_server_nodes_different_executors_time stdout ----
[INFO] [stdout] starting client node
[INFO] [stdout] starting client node
[INFO] [stdout] previous test number: 1
[INFO] [stdout] new test number: 3
[INFO] [stdout] previous test number: 3
[INFO] [stdout] new test number: 9
[INFO] [stdout] previous test number: 9
[INFO] [stdout] new test number: 27
[INFO] [stdout] previous test number: 1
[INFO] [stdout] new test number: 3
[INFO] [stdout] previous test number: 27
[INFO] [stdout] new test number: 81
[INFO] [stdout] previous test number: 81
[INFO] [stdout] new test number: 243
[INFO] [stdout] previous test number: 3
[INFO] [stdout] new test number: 9
[INFO] [stdout] previous test number: 243
[INFO] [stdout] new test number: 729
[INFO] [stdout] previous test number: 729
[INFO] [stdout] new test number: 2187
[INFO] [stdout] previous test number: 2187
[INFO] [stdout] new test number: 6561
[INFO] [stdout] previous test number: 9
[INFO] [stdout] new test number: 27
[INFO] [stdout] previous test number: 6561
[INFO] [stdout] new test number: 19683
[INFO] [stdout] previous test number: 27
[INFO] [stdout] new test number: 81
[INFO] [stdout] previous test number: 19683
[INFO] [stdout] new test number: 59049
[INFO] [stdout] previous test number: 59049
[INFO] [stdout] new test number: 177147
[INFO] [stdout] previous test number: 81
[INFO] [stdout] new test number: 243
[INFO] [stdout] previous test number: 177147
[INFO] [stdout] new test number: 531441
[INFO] [stdout] previous test number: 531441
[INFO] [stdout] new test number: 1594323
[INFO] [stdout] previous test number: 1594323
[INFO] [stdout] new test number: 4782969
[INFO] [stdout] previous test number: 243
[INFO] [stdout] new test number: 729
[INFO] [stdout] previous test number: 4782969
[INFO] [stdout] new test number: 14348907
[INFO] [stdout] previous test number: 14348907
[INFO] [stdout] new test number: 43046721
[INFO] [stdout] previous test number: 729
[INFO] [stdout] new test number: 2187
[INFO] [stdout] previous test number: 43046721
[INFO] [stdout] new test number: 129140163
[INFO] [stdout] previous test number: 129140163
[INFO] [stdout] new test number: 387420489
[INFO] [stdout] previous test number: 2187
[INFO] [stdout] new test number: 6561
[INFO] [stdout] previous test number: 387420489
[INFO] [stdout] new test number: 1162261467
[INFO] [stdout] previous test number: 1162261467
[INFO] [stdout] new test number: 3486784401
[INFO] [stdout] previous test number: 6561
[INFO] [stdout] new test number: 19683
[INFO] [stdout] previous test number: 3486784401
[INFO] [stdout] new test number: 10460353203
[INFO] [stdout] previous test number: 10460353203
[INFO] [stdout] new test number: 31381059609
[INFO] [stdout] previous test number: 19683
[INFO] [stdout] new test number: 59049
[INFO] [stdout] previous test number: 31381059609
[INFO] [stdout] new test number: 94143178827
[INFO] [stdout] previous test number: 94143178827
[INFO] [stdout] new test number: 282429536481
[INFO] [stdout] previous test number: 59049
[INFO] [stdout] new test number: 177147
[INFO] [stdout] previous test number: 282429536481
[INFO] [stdout] new test number: 847288609443
[INFO] [stdout] previous test number: 847288609443
[INFO] [stdout] new test number: 2541865828329
[INFO] [stdout] previous test number: 177147
[INFO] [stdout] new test number: 531441
[INFO] [stdout] previous test number: 2541865828329
[INFO] [stdout] new test number: 7625597484987
[INFO] [stdout] previous test number: 7625597484987
[INFO] [stdout] new test number: 22876792454961
[INFO] [stdout] previous test number: 531441
[INFO] [stdout] new test number: 1594323
[INFO] [stdout] previous test number: 22876792454961
[INFO] [stdout] new test number: 68630377364883
[INFO] [stdout] previous test number: 68630377364883
[INFO] [stdout] new test number: 205891132094649
[INFO] [stdout] previous test number: 205891132094649
[INFO] [stdout] new test number: 617673396283947
[INFO] [stdout] previous test number: 1594323
[INFO] [stdout] new test number: 4782969
[INFO] [stdout] previous test number: 617673396283947
[INFO] [stdout] new test number: 1853020188851841
[INFO] [stdout] previous test number: 1853020188851841
[INFO] [stdout] new test number: 5559060566555523
[INFO] [stdout] previous test number: 4782969
[INFO] [stdout] new test number: 14348907
[INFO] [stdout] previous test number: 5559060566555523
[INFO] [stdout] new test number: 16677181699666569
[INFO] [stdout] previous test number: 14348907
[INFO] [stdout] new test number: 43046721
[INFO] [stdout] previous test number: 16677181699666569
[INFO] [stdout] new test number: 50031545098999707
[INFO] [stdout] previous test number: 50031545098999707
[INFO] [stdout] new test number: 150094635296999121
[INFO] [stdout] previous test number: 43046721
[INFO] [stdout] new test number: 129140163
[INFO] [stdout] previous test number: 150094635296999121
[INFO] [stdout] new test number: 450283905890997363
[INFO] [stdout] previous test number: 450283905890997363
[INFO] [stdout] new test number: 1350851717672992089
[INFO] [stdout] previous test number: 1350851717672992089
[INFO] [stdout] new test number: 4052555153018976267
[INFO] [stdout] previous test number: 129140163
[INFO] [stdout] new test number: 387420489
[INFO] [stdout] previous test number: 4052555153018976267
[INFO] [stdout] new test number: 12157665459056928801
[INFO] [stdout] previous test number: 12157665459056928801
[INFO] [stdout] new test number: 36472996377170786403
[INFO] [stdout] previous test number: 387420489
[INFO] [stdout] new test number: 1162261467
[INFO] [stdout] previous test number: 36472996377170786403
[INFO] [stdout] new test number: 109418989131512359209
[INFO] [stdout] previous test number: 109418989131512359209
[INFO] [stdout] new test number: 328256967394537077627
[INFO] [stdout] previous test number: 1162261467
[INFO] [stdout] new test number: 3486784401
[INFO] [stdout] previous test number: 328256967394537077627
[INFO] [stdout] new test number: 984770902183611232881
[INFO] [stdout] previous test number: 984770902183611232881
[INFO] [stdout] new test number: 2954312706550833698643
[INFO] [stdout] previous test number: 3486784401
[INFO] [stdout] new test number: 10460353203
[INFO] [stdout] previous test number: 2954312706550833698643
[INFO] [stdout] new test number: 8862938119652501095929
[INFO] [stdout] previous test number: 8862938119652501095929
[INFO] [stdout] new test number: 26588814358957503287787
[INFO] [stdout] previous test number: 10460353203
[INFO] [stdout] new test number: 31381059609
[INFO] [stdout] previous test number: 26588814358957503287787
[INFO] [stdout] new test number: 79766443076872509863361
[INFO] [stdout] previous test number: 79766443076872509863361
[INFO] [stdout] new test number: 239299329230617529590083
[INFO] [stdout] previous test number: 31381059609
[INFO] [stdout] new test number: 94143178827
[INFO] [stdout] previous test number: 239299329230617529590083
[INFO] [stdout] new test number: 717897987691852588770249
[INFO] [stdout] previous test number: 717897987691852588770249
[INFO] [stdout] new test number: 2153693963075557766310747
[INFO] [stdout] previous test number: 94143178827
[INFO] [stdout] new test number: 282429536481
[INFO] [stdout] previous test number: 2153693963075557766310747
[INFO] [stdout] new test number: 6461081889226673298932241
[INFO] [stdout] previous test number: 6461081889226673298932241
[INFO] [stdout] new test number: 19383245667680019896796723
[INFO] [stdout] previous test number: 282429536481
[INFO] [stdout] new test number: 847288609443
[INFO] [stdout] previous test number: 19383245667680019896796723
[INFO] [stdout] new test number: 58149737003040059690390169
[INFO] [stdout] previous test number: 58149737003040059690390169
[INFO] [stdout] new test number: 174449211009120179071170507
[INFO] [stdout] previous test number: 847288609443
[INFO] [stdout] new test number: 2541865828329
[INFO] [stdout] previous test number: 174449211009120179071170507
[INFO] [stdout] new test number: 523347633027360537213511521
[INFO] [stdout] previous test number: 523347633027360537213511521
[INFO] [stdout] new test number: 1570042899082081611640534563
[INFO] [stdout] previous test number: 2541865828329
[INFO] [stdout] new test number: 7625597484987
[INFO] [stdout] previous test number: 1570042899082081611640534563
[INFO] [stdout] new test number: 4710128697246244834921603689
[INFO] [stdout] previous test number: 4710128697246244834921603689
[INFO] [stdout] new test number: 14130386091738734504764811067
[INFO] [stdout] previous test number: 7625597484987
[INFO] [stdout] new test number: 22876792454961
[INFO] [stdout] previous test number: 14130386091738734504764811067
[INFO] [stdout] new test number: 42391158275216203514294433201
[INFO] [stdout] previous test number: 42391158275216203514294433201
[INFO] [stdout] new test number: 127173474825648610542883299603
[INFO] [stdout] previous test number: 127173474825648610542883299603
[INFO] [stdout] new test number: 381520424476945831628649898809
[INFO] [stdout] previous test number: 22876792454961
[INFO] [stdout] new test number: 68630377364883
[INFO] [stdout] previous test number: 381520424476945831628649898809
[INFO] [stdout] new test number: 1144561273430837494885949696427
[INFO] [stdout] previous test number: 1144561273430837494885949696427
[INFO] [stdout] new test number: 3433683820292512484657849089281
[INFO] [stdout] previous test number: 68630377364883
[INFO] [stdout] new test number: 205891132094649
[INFO] [stdout] previous test number: 3433683820292512484657849089281
[INFO] [stdout] new test number: 10301051460877537453973547267843
[INFO] [stdout] previous test number: 10301051460877537453973547267843
[INFO] [stdout] new test number: 30903154382632612361920641803529
[INFO] [stdout] previous test number: 205891132094649
[INFO] [stdout] new test number: 617673396283947
[INFO] [stdout] previous test number: 30903154382632612361920641803529
[INFO] [stdout] new test number: 92709463147897837085761925410587
[INFO] [stdout] previous test number: 92709463147897837085761925410587
[INFO] [stdout] new test number: 278128389443693511257285776231761
[INFO] [stdout] previous test number: 617673396283947
[INFO] [stdout] new test number: 1853020188851841
[INFO] [stdout] previous test number: 278128389443693511257285776231761
[INFO] [stdout] new test number: 834385168331080533771857328695283
[INFO] [stdout] previous test number: 834385168331080533771857328695283
[INFO] [stdout] new test number: 2503155504993241601315571986085849
[INFO] [stdout] previous test number: 1853020188851841
[INFO] [stdout] new test number: 5559060566555523
[INFO] [stdout] previous test number: 2503155504993241601315571986085849
[INFO] [stdout] new test number: 7509466514979724803946715958257547
[INFO] [stdout] previous test number: 7509466514979724803946715958257547
[INFO] [stdout] new test number: 22528399544939174411840147874772641
[INFO] [stdout] previous test number: 5559060566555523
[INFO] [stdout] new test number: 16677181699666569
[INFO] [stdout] previous test number: 22528399544939174411840147874772641
[INFO] [stdout] new test number: 67585198634817523235520443624317923
[INFO] [stdout] previous test number: 67585198634817523235520443624317923
[INFO] [stdout] new test number: 202755595904452569706561330872953769
[INFO] [stdout] previous test number: 16677181699666569
[INFO] [stdout] new test number: 50031545098999707
[INFO] [stdout] previous test number: 202755595904452569706561330872953769
[INFO] [stdout] new test number: 608266787713357709119683992618861307
[INFO] [stdout] previous test number: 608266787713357709119683992618861307
[INFO] [stdout] new test number: 1824800363140073127359051977856583921
[INFO] [stdout] previous test number: 1824800363140073127359051977856583921
[INFO] [stdout] new test number: 5474401089420219382077155933569751763
[INFO] [stdout] previous test number: 50031545098999707
[INFO] [stdout] new test number: 150094635296999121
[INFO] [stdout] previous test number: 5474401089420219382077155933569751763
[INFO] [stdout] new test number: 16423203268260658146231467800709255289
[INFO] [stdout] previous test number: 150094635296999121
[INFO] [stdout] new test number: 450283905890997363
[INFO] [stdout] previous test number: 16423203268260658146231467800709255289
[INFO] [stdout] new test number: 49269609804781974438694403402127765867
[INFO] [stdout] previous test number: 49269609804781974438694403402127765867
[INFO] [stdout] new test number: 147808829414345923316083210206383297601
[INFO] [stdout] previous test number: 450283905890997363
[INFO] [stdout] new test number: 1350851717672992089
[INFO] [stdout] previous test number: 147808829414345923316083210206383297601
[INFO] [stdout] new test number: 103144121322099306484875023187381681347
[INFO] [stdout] previous test number: 103144121322099306484875023187381681347
[INFO] [stdout] new test number: 309432363966297919454625069562145044041
[INFO] [stdout] previous test number: 1350851717672992089
[INFO] [stdout] new test number: 4052555153018976267
[INFO] [stdout] previous test number: 309432363966297919454625069562145044041
[INFO] [stdout] new test number: 247732358057016831437125993822898709211
[INFO] [stdout] previous test number: 247732358057016831437125993822898709211
[INFO] [stdout] new test number: 62632340329173567384628766605159704721
[INFO] [stdout] previous test number: 62632340329173567384628766605159704721
[INFO] [stdout] new test number: 187897020987520702153886299815479114163
[INFO] [stdout] previous test number: 4052555153018976267
[INFO] [stdout] new test number: 12157665459056928801
[INFO] [stdout] previous test number: 187897020987520702153886299815479114163
[INFO] [stdout] new test number: 223408696041623642998284292014669131033
[INFO] [stdout] previous test number: 223408696041623642998284292014669131033
[INFO] [stdout] new test number: 329943721203932465531478268612239181643
[INFO] [stdout] previous test number: 12157665459056928801
[INFO] [stdout] new test number: 36472996377170786403
[INFO] [stdout] previous test number: 329943721203932465531478268612239181643
[INFO] [stdout] new test number: 309266429769920469667685590973181122017
[INFO] [stdout] previous test number: 36472996377170786403
[INFO] [stdout] new test number: 109418989131512359209
[INFO] [stdout] previous test number: 309266429769920469667685590973181122017
[INFO] [stdout] new test number: 247234555467884482076307558056006943139
[INFO] [stdout] previous test number: 247234555467884482076307558056006943139
[INFO] [stdout] new test number: 61138932561776519302173459304484406505
[INFO] [stdout] previous test number: 61138932561776519302173459304484406505
[INFO] [stdout] new test number: 183416797685329557906520377913453219515
[INFO] [stdout] previous test number: 109418989131512359209
[INFO] [stdout] new test number: 328256967394537077627
[INFO] [stdout] previous test number: 183416797685329557906520377913453219515
[INFO] [stdout] new test number: 209968026135050210256186526308591447089
[INFO] [stdout] previous test number: 209968026135050210256186526308591447089
[INFO] [stdout] new test number: 289621711484212167305184971494006129811
[INFO] [stdout] previous test number: 328256967394537077627
[INFO] [stdout] new test number: 984770902183611232881
[INFO] [stdout] previous test number: 289621711484212167305184971494006129811
[INFO] [stdout] new test number: 188300400610759574988805699618481966521
[INFO] [stdout] previous test number: 188300400610759574988805699618481966521
[INFO] [stdout] new test number: 224618834911340261503042491423677688107
[INFO] [stdout] previous test number: 984770902183611232881
[INFO] [stdout] new test number: 2954312706550833698643
[INFO] [stdout] previous test number: 224618834911340261503042491423677688107
[INFO] [stdout] new test number: 333574137813082321045752866839264852865
[INFO] [stdout] previous test number: 333574137813082321045752866839264852865
[INFO] [stdout] new test number: 320157679597370036210509385654258135683
[INFO] [stdout] previous test number: 2954312706550833698643
[INFO] [stdout] new test number: 8862938119652501095929
[INFO] [stdout] previous test number: 320157679597370036210509385654258135683
[INFO] [stdout] new test number: 279908304950233181704778942099237984137
[INFO] [stdout] previous test number: 279908304950233181704778942099237984137
[INFO] [stdout] new test number: 159160181008822618187587611434177529499
[INFO] [stdout] previous test number: 8862938119652501095929
[INFO] [stdout] new test number: 26588814358957503287787
[INFO] [stdout] previous test number: 159160181008822618187587611434177529499
[INFO] [stdout] new test number: 137198176105529391099388226870764377041
[INFO] [stdout] previous test number: 137198176105529391099388226870764377041
[INFO] [stdout] new test number: 71312161395649709834790073180524919667
[INFO] [stdout] previous test number: 26588814358957503287787
[INFO] [stdout] new test number: 79766443076872509863361
[INFO] [stdout] previous test number: 71312161395649709834790073180524919667
[INFO] [stdout] new test number: 213936484186949129504370219541574759001
[INFO] [stdout] previous test number: 213936484186949129504370219541574759001
[INFO] [stdout] new test number: 301527085639908925049736051192956065547
[INFO] [stdout] previous test number: 79766443076872509863361
[INFO] [stdout] new test number: 239299329230617529590083
[INFO] [stdout] previous test number: 301527085639908925049736051192956065547
[INFO] [stdout] new test number: 224016523077849848222458938715331773729
[INFO] [stdout] previous test number: 224016523077849848222458938715331773729
[INFO] [stdout] new test number: 331767202312611081204002208714227109731
[INFO] [stdout] previous test number: 239299329230617529590083
[INFO] [stdout] new test number: 717897987691852588770249
[INFO] [stdout] previous test number: 331767202312611081204002208714227109731
[INFO] [stdout] new test number: 314736873095956316685257411279144906281
[INFO] [stdout] previous test number: 314736873095956316685257411279144906281
[INFO] [stdout] new test number: 263645885445992023129023018973898295931
[INFO] [stdout] previous test number: 263645885445992023129023018973898295931
[INFO] [stdout] new test number: 110372922496099142460319842058158464881
[INFO] [stdout] previous test number: 717897987691852588770249
[INFO] [stdout] new test number: 2153693963075557766310747
[INFO] [stdout] previous test number: 110372922496099142460319842058158464881
[INFO] [stdout] new test number: 331118767488297427380959526174475394643
[INFO] [stdout] previous test number: 331118767488297427380959526174475394643
[INFO] [stdout] new test number: 312791568623015355216129363659889761017
[INFO] [stdout] previous test number: 2153693963075557766310747
[INFO] [stdout] new test number: 6461081889226673298932241
[INFO] [stdout] previous test number: 312791568623015355216129363659889761017
[INFO] [stdout] new test number: 257809972027169138721638876116132860139
[INFO] [stdout] previous test number: 6461081889226673298932241
[INFO] [stdout] new test number: 19383245667680019896796723
[INFO] [stdout] previous test number: 257809972027169138721638876116132860139
[INFO] [stdout] new test number: 92865182239630489238167413484862157505
[INFO] [stdout] previous test number: 92865182239630489238167413484862157505
[INFO] [stdout] new test number: 278595546718891467714502240454586472515
[INFO] [stdout] previous test number: 278595546718891467714502240454586472515
[INFO] [stdout] new test number: 155221906314797476216757506500222994633
[INFO] [stdout] previous test number: 19383245667680019896796723
[INFO] [stdout] new test number: 58149737003040059690390169
[INFO] [stdout] previous test number: 155221906314797476216757506500222994633
[INFO] [stdout] new test number: 125383352023453965186897912068900772443
[INFO] [stdout] previous test number: 125383352023453965186897912068900772443
[INFO] [stdout] new test number: 35867689149423432097319128774934105873
[INFO] [stdout] previous test number: 58149737003040059690390169
[INFO] [stdout] new test number: 174449211009120179071170507
[INFO] [stdout] previous test number: 35867689149423432097319128774934105873
[INFO] [stdout] new test number: 107603067448270296291957386324802317619
[INFO] [stdout] previous test number: 107603067448270296291957386324802317619
[INFO] [stdout] new test number: 322809202344810888875872158974406952857
[INFO] [stdout] previous test number: 174449211009120179071170507
[INFO] [stdout] new test number: 523347633027360537213511521
[INFO] [stdout] previous test number: 322809202344810888875872158974406952857
[INFO] [stdout] new test number: 287862873192555739700867262059684435659
[INFO] [stdout] previous test number: 287862873192555739700867262059684435659
[INFO] [stdout] new test number: 183023885735790292175852571315516884065
[INFO] [stdout] previous test number: 523347633027360537213511521
[INFO] [stdout] new test number: 1570042899082081611640534563
[INFO] [stdout] previous test number: 183023885735790292175852571315516884065
[INFO] [stdout] new test number: 208789290286432413064183106514782440739
[INFO] [stdout] previous test number: 208789290286432413064183106514782440739
[INFO] [stdout] new test number: 286085503938358775729174712112579110761
[INFO] [stdout] previous test number: 1570042899082081611640534563
[INFO] [stdout] new test number: 4710128697246244834921603689
[INFO] [stdout] previous test number: 286085503938358775729174712112579110761
[INFO] [stdout] new test number: 177691777973199400260774921474200909371
[INFO] [stdout] previous test number: 177691777973199400260774921474200909371
[INFO] [stdout] new test number: 192792966998659737318950156990834516657
[INFO] [stdout] previous test number: 4710128697246244834921603689
[INFO] [stdout] new test number: 14130386091738734504764811067
[INFO] [stdout] previous test number: 192792966998659737318950156990834516657
[INFO] [stdout] new test number: 238096534075040748493475863540735338515
[INFO] [stdout] previous test number: 238096534075040748493475863540735338515
[INFO] [stdout] new test number: 33724868383245318553678375758669592633
[INFO] [stdout] previous test number: 14130386091738734504764811067
[INFO] [stdout] new test number: 42391158275216203514294433201
[INFO] [stdout] previous test number: 33724868383245318553678375758669592633
[INFO] [stdout] new test number: 101174605149735955661035127276008777899
[INFO] [stdout] previous test number: 101174605149735955661035127276008777899
[INFO] [stdout] new test number: 303523815449207866983105381828026333697
[INFO] [stdout] previous test number: 42391158275216203514294433201
[INFO] [stdout] new test number: 127173474825648610542883299603
[INFO] [stdout] previous test number: 303523815449207866983105381828026333697
[INFO] [stdout] new test number: 230006712505746674022566930620542578179
[INFO] [stdout] previous test number: 230006712505746674022566930620542578179
[INFO] [stdout] new test number: 9455403675363095140951576998091311625
[INFO] [stdout] previous test number: 9455403675363095140951576998091311625
[INFO] [stdout] new test number: 28366211026089285422854730994273934875
[INFO] [stdout] previous test number: 127173474825648610542883299603
[INFO] [stdout] new test number: 381520424476945831628649898809
[INFO] [stdout] previous test number: 28366211026089285422854730994273934875
[INFO] [stdout] new test number: 85098633078267856268564192982821804625
[INFO] [stdout] previous test number: 381520424476945831628649898809
[INFO] [stdout] new test number: 1144561273430837494885949696427
[INFO] [stdout] previous test number: 85098633078267856268564192982821804625
[INFO] [stdout] new test number: 255295899234803568805692578948465413875
[INFO] [stdout] previous test number: 255295899234803568805692578948465413875
[INFO] [stdout] new test number: 85322963862533779490328521981859818713
[INFO] [stdout] previous test number: 1144561273430837494885949696427
[INFO] [stdout] new test number: 3433683820292512484657849089281
[INFO] [stdout] previous test number: 85322963862533779490328521981859818713
[INFO] [stdout] new test number: 255968891587601338470985565945579456139
[INFO] [stdout] previous test number: 255968891587601338470985565945579456139
[INFO] [stdout] new test number: 87341940920927088486207482973201945505
[INFO] [stdout] previous test number: 87341940920927088486207482973201945505
[INFO] [stdout] new test number: 262025822762781265458622448919605836515
[INFO] [stdout] previous test number: 3433683820292512484657849089281
[INFO] [stdout] new test number: 10301051460877537453973547267843
[INFO] [stdout] previous test number: 262025822762781265458622448919605836515
[INFO] [stdout] new test number: 105512734446466869449118131895281086633
[INFO] [stdout] previous test number: 105512734446466869449118131895281086633
[INFO] [stdout] new test number: 316538203339400608347354395685843259899
[INFO] [stdout] previous test number: 10301051460877537453973547267843
[INFO] [stdout] new test number: 30903154382632612361920641803529
[INFO] [stdout] previous test number: 316538203339400608347354395685843259899
[INFO] [stdout] new test number: 269049876176324898115313972193993356785
[INFO] [stdout] previous test number: 269049876176324898115313972193993356785
[INFO] [stdout] new test number: 126584894687097767419192701718443647443
[INFO] [stdout] previous test number: 30903154382632612361920641803529
[INFO] [stdout] new test number: 92709463147897837085761925410587
[INFO] [stdout] previous test number: 126584894687097767419192701718443647443
[INFO] [stdout] new test number: 39472317140354838794203497723562730873
[INFO] [stdout] previous test number: 39472317140354838794203497723562730873
[INFO] [stdout] new test number: 118416951421064516382610493170688192619
[INFO] [stdout] previous test number: 92709463147897837085761925410587
[INFO] [stdout] new test number: 278128389443693511257285776231761
[INFO] [stdout] previous test number: 118416951421064516382610493170688192619
[INFO] [stdout] new test number: 14968487342255085684456872080296366401
[INFO] [stdout] previous test number: 14968487342255085684456872080296366401
[INFO] [stdout] new test number: 44905462026765257053370616240889099203
[INFO] [stdout] previous test number: 278128389443693511257285776231761
[INFO] [stdout] new test number: 834385168331080533771857328695283
[INFO] [stdout] previous test number: 44905462026765257053370616240889099203
[INFO] [stdout] new test number: 134716386080295771160111848722667297609
[INFO] [stdout] previous test number: 134716386080295771160111848722667297609
[INFO] [stdout] new test number: 63866791319948850016960938736233681371
[INFO] [stdout] previous test number: 834385168331080533771857328695283
[INFO] [stdout] new test number: 2503155504993241601315571986085849
[INFO] [stdout] previous test number: 63866791319948850016960938736233681371
[INFO] [stdout] new test number: 191600373959846550050882816208701044113
[INFO] [stdout] previous test number: 191600373959846550050882816208701044113
[INFO] [stdout] new test number: 234518754958601186689273841194334920883
[INFO] [stdout] previous test number: 2503155504993241601315571986085849
[INFO] [stdout] new test number: 7509466514979724803946715958257547
[INFO] [stdout] previous test number: 234518754958601186689273841194334920883
[INFO] [stdout] new test number: 22991531033926633141072308719468339737
[INFO] [stdout] previous test number: 22991531033926633141072308719468339737
[INFO] [stdout] new test number: 68974593101779899423216926158405019211
[INFO] [stdout] previous test number: 7509466514979724803946715958257547
[INFO] [stdout] new test number: 22528399544939174411840147874772641
[INFO] [stdout] previous test number: 68974593101779899423216926158405019211
[INFO] [stdout] new test number: 206923779305339698269650778475215057633
[INFO] [stdout] previous test number: 206923779305339698269650778475215057633
[INFO] [stdout] new test number: 280488970995080631345577727993876961443
[INFO] [stdout] previous test number: 280488970995080631345577727993876961443
[INFO] [stdout] new test number: 160902179143364967109983969118094461417
[INFO] [stdout] previous test number: 22528399544939174411840147874772641
[INFO] [stdout] new test number: 67585198634817523235520443624317923
[INFO] [stdout] previous test number: 160902179143364967109983969118094461417
[INFO] [stdout] new test number: 142424170509156437866577299922515172795
[INFO] [stdout] previous test number: 67585198634817523235520443624317923
[INFO] [stdout] new test number: 202755595904452569706561330872953769
[INFO] [stdout] previous test number: 142424170509156437866577299922515172795
[INFO] [stdout] new test number: 86990144606530850136357292335777306929
[INFO] [stdout] previous test number: 86990144606530850136357292335777306929
[INFO] [stdout] new test number: 260970433819592550409071877007331920787
[INFO] [stdout] previous test number: 202755595904452569706561330872953769
[INFO] [stdout] new test number: 608266787713357709119683992618861307
[INFO] [stdout] previous test number: 260970433819592550409071877007331920787
[INFO] [stdout] new test number: 102346567616900724300466416158459339449
[INFO] [stdout] previous test number: 102346567616900724300466416158459339449
[INFO] [stdout] new test number: 307039702850702172901399248475378018347
[INFO] [stdout] previous test number: 608266787713357709119683992618861307
[INFO] [stdout] new test number: 1824800363140073127359051977856583921
[INFO] [stdout] previous test number: 307039702850702172901399248475378018347
[INFO] [stdout] new test number: 240554374710229591777448530562597632129
[INFO] [stdout] previous test number: 240554374710229591777448530562597632129
[INFO] [stdout] new test number: 41098390288811848405596376824256473475
[INFO] [stdout] previous test number: 41098390288811848405596376824256473475
[INFO] [stdout] new test number: 123295170866435545216789130472769420425
[INFO] [stdout] previous test number: 1824800363140073127359051977856583921
[INFO] [stdout] new test number: 5474401089420219382077155933569751763
[INFO] [stdout] previous test number: 123295170866435545216789130472769420425
[INFO] [stdout] new test number: 29603145678368172186992783986540049819
[INFO] [stdout] previous test number: 29603145678368172186992783986540049819
[INFO] [stdout] new test number: 88809437035104516560978351959620149457
[INFO] [stdout] previous test number: 5474401089420219382077155933569751763
[INFO] [stdout] new test number: 16423203268260658146231467800709255289
[INFO] [stdout] previous test number: 88809437035104516560978351959620149457
[INFO] [stdout] new test number: 266428311105313549682935055878860448371
[INFO] [stdout] previous test number: 16423203268260658146231467800709255289
[INFO] [stdout] new test number: 49269609804781974438694403402127765867
[INFO] [stdout] previous test number: 266428311105313549682935055878860448371
[INFO] [stdout] new test number: 118720199474063722122055952773044922201
[INFO] [stdout] thread 'executor::simple_executor::tests::test_simple_executor_client_server_nodes_different_executors_time' panicked at src/executor/simple_executor.rs:589:17:
[INFO] [stdout] assertion failed: 2000 <= end_time - start_time && end_time - start_time <= 2010
[INFO] [stdout] stack backtrace:
[INFO] [stdout]    0:     0x55dfefeee4fc - std::backtrace_rs::backtrace::libunwind::trace::ha637c64ce894333a
[INFO] [stdout]                                at /rustc/82e1608dfa6e0b5569232559e3d385fea5a93112/library/std/src/../../backtrace/src/backtrace/libunwind.rs:104:5
[INFO] [stdout]    1:     0x55dfefeee4fc - std::backtrace_rs::backtrace::trace_unsynchronized::h47f62dea28e0c88d
[INFO] [stdout]                                at /rustc/82e1608dfa6e0b5569232559e3d385fea5a93112/library/std/src/../../backtrace/src/backtrace/mod.rs:66:5
[INFO] [stdout]    2:     0x55dfefeee4fc - std::sys_common::backtrace::_print_fmt::h9eef0abe20ede486
[INFO] [stdout]                                at /rustc/82e1608dfa6e0b5569232559e3d385fea5a93112/library/std/src/sys_common/backtrace.rs:67:5
[INFO] [stdout]    3:     0x55dfefeee4fc - <std::sys_common::backtrace::_print::DisplayBacktrace as core::fmt::Display>::fmt::hed7f999df88cc644
[INFO] [stdout]                                at /rustc/82e1608dfa6e0b5569232559e3d385fea5a93112/library/std/src/sys_common/backtrace.rs:44:22
[INFO] [stdout]    4:     0x55dfeff1b190 - core::fmt::rt::Argument::fmt::h1539a9308b8d058d
[INFO] [stdout]                                at /rustc/82e1608dfa6e0b5569232559e3d385fea5a93112/library/core/src/fmt/rt.rs:142:9
[INFO] [stdout]    5:     0x55dfeff1b190 - core::fmt::write::h3a39390d8560d9c9
[INFO] [stdout]                                at /rustc/82e1608dfa6e0b5569232559e3d385fea5a93112/library/core/src/fmt/mod.rs:1120:17
[INFO] [stdout]    6:     0x55dfefeeba2f - std::io::Write::write_fmt::h040b369f3a0f9cbc
[INFO] [stdout]                                at /rustc/82e1608dfa6e0b5569232559e3d385fea5a93112/library/std/src/io/mod.rs:1762:15
[INFO] [stdout]    7:     0x55dfefeee2e4 - std::sys_common::backtrace::_print::h894006fb5c6f3d45
[INFO] [stdout]                                at /rustc/82e1608dfa6e0b5569232559e3d385fea5a93112/library/std/src/sys_common/backtrace.rs:47:5
[INFO] [stdout]    8:     0x55dfefeee2e4 - std::sys_common::backtrace::print::h23a2d212c6fff936
[INFO] [stdout]                                at /rustc/82e1608dfa6e0b5569232559e3d385fea5a93112/library/std/src/sys_common/backtrace.rs:34:9
[INFO] [stdout]    9:     0x55dfefeeffa7 - std::panicking::default_hook::{{closure}}::h8a1d2ee00185001a
[INFO] [stdout]   10:     0x55dfefeefc93 - std::panicking::default_hook::h6038f2eba384e475
[INFO] [stdout]                                at /rustc/82e1608dfa6e0b5569232559e3d385fea5a93112/library/std/src/panicking.rs:289:9
[INFO] [stdout]   11:     0x55dfefebfe67 - <alloc::boxed::Box<F,A> as core::ops::function::Fn<Args>>::call::h0ad024c9bdc6d768
[INFO] [stdout]                                at /rustc/82e1608dfa6e0b5569232559e3d385fea5a93112/library/alloc/src/boxed.rs:2021:9
[INFO] [stdout]   12:     0x55dfefebfe67 - test::test_main::{{closure}}::h7500b54257359db6
[INFO] [stdout]                                at /rustc/82e1608dfa6e0b5569232559e3d385fea5a93112/library/test/src/lib.rs:138:21
[INFO] [stdout]   13:     0x55dfefef05b8 - <alloc::boxed::Box<F,A> as core::ops::function::Fn<Args>>::call::h1f8f335eaa9cfaee
[INFO] [stdout]                                at /rustc/82e1608dfa6e0b5569232559e3d385fea5a93112/library/alloc/src/boxed.rs:2021:9
[INFO] [stdout]   14:     0x55dfefef05b8 - std::panicking::rust_panic_with_hook::h2b5517d590cab22e
[INFO] [stdout]                                at /rustc/82e1608dfa6e0b5569232559e3d385fea5a93112/library/std/src/panicking.rs:783:13
[INFO] [stdout]   15:     0x55dfefef02d9 - std::panicking::begin_panic_handler::{{closure}}::h233112c06e0ef43e
[INFO] [stdout]                                at /rustc/82e1608dfa6e0b5569232559e3d385fea5a93112/library/std/src/panicking.rs:649:13
[INFO] [stdout]   16:     0x55dfefeee9c6 - std::sys_common::backtrace::__rust_end_short_backtrace::h6e893f24d7ebbff8
[INFO] [stdout]                                at /rustc/82e1608dfa6e0b5569232559e3d385fea5a93112/library/std/src/sys_common/backtrace.rs:170:18
[INFO] [stdout]   17:     0x55dfefef0072 - rust_begin_unwind
[INFO] [stdout]                                at /rustc/82e1608dfa6e0b5569232559e3d385fea5a93112/library/std/src/panicking.rs:645:5
[INFO] [stdout]   18:     0x55dfefd67e85 - core::panicking::panic_fmt::hbf0e066aabfa482c
[INFO] [stdout]                                at /rustc/82e1608dfa6e0b5569232559e3d385fea5a93112/library/core/src/panicking.rs:72:14
[INFO] [stdout]   19:     0x55dfefd67f23 - core::panicking::panic::h195fc2a96298d4c3
[INFO] [stdout]                                at /rustc/82e1608dfa6e0b5569232559e3d385fea5a93112/library/core/src/panicking.rs:127:5
[INFO] [stdout]   20:     0x55dfefe127da - ncomm::executor::simple_executor::tests::test_simple_executor_client_server_nodes_different_executors_time::h168e794184b84ebc
[INFO] [stdout]                                at /opt/rustwide/workdir/src/executor/simple_executor.rs:589:17
[INFO] [stdout]   21:     0x55dfefe11a77 - ncomm::executor::simple_executor::tests::test_simple_executor_client_server_nodes_different_executors_time::{{closure}}::hcc49a3f8d8019511
[INFO] [stdout]                                at /opt/rustwide/workdir/src/executor/simple_executor.rs:545:75
[INFO] [stdout]   22:     0x55dfefdedcd6 - core::ops::function::FnOnce::call_once::h3ea65b000b9b19c9
[INFO] [stdout]                                at /rustc/82e1608dfa6e0b5569232559e3d385fea5a93112/library/core/src/ops/function.rs:250:5
[INFO] [stdout]   23:     0x55dfefec54bf - core::ops::function::FnOnce::call_once::h2b5d431d5046312d
[INFO] [stdout]                                at /rustc/82e1608dfa6e0b5569232559e3d385fea5a93112/library/core/src/ops/function.rs:250:5
[INFO] [stdout]   24:     0x55dfefec54bf - test::__rust_begin_short_backtrace::h7714669af176e207
[INFO] [stdout]                                at /rustc/82e1608dfa6e0b5569232559e3d385fea5a93112/library/test/src/lib.rs:628:18
[INFO] [stdout]   25:     0x55dfefec44d5 - test::run_test_in_process::{{closure}}::h85218797dcbcec12
[INFO] [stdout]                                at /rustc/82e1608dfa6e0b5569232559e3d385fea5a93112/library/test/src/lib.rs:651:60
[INFO] [stdout]   26:     0x55dfefec44d5 - <core::panic::unwind_safe::AssertUnwindSafe<F> as core::ops::function::FnOnce<()>>::call_once::h76c106ea31c14d7b
[INFO] [stdout]                                at /rustc/82e1608dfa6e0b5569232559e3d385fea5a93112/library/core/src/panic/unwind_safe.rs:272:9
[INFO] [stdout]   27:     0x55dfefec44d5 - std::panicking::try::do_call::h3bd5d0f6620ee946
[INFO] [stdout]                                at /rustc/82e1608dfa6e0b5569232559e3d385fea5a93112/library/std/src/panicking.rs:552:40
[INFO] [stdout]   28:     0x55dfefec44d5 - std::panicking::try::h232e535e4744fe31
[INFO] [stdout]                                at /rustc/82e1608dfa6e0b5569232559e3d385fea5a93112/library/std/src/panicking.rs:516:19
[INFO] [stdout]   29:     0x55dfefec44d5 - std::panic::catch_unwind::h3ce3bd6ca8dbac68
[INFO] [stdout]                                at /rustc/82e1608dfa6e0b5569232559e3d385fea5a93112/library/std/src/panic.rs:142:14
[INFO] [stdout]   30:     0x55dfefec44d5 - test::run_test_in_process::hc97b257c9621286a
[INFO] [stdout]                                at /rustc/82e1608dfa6e0b5569232559e3d385fea5a93112/library/test/src/lib.rs:651:27
[INFO] [stdout]   31:     0x55dfefec44d5 - test::run_test::{{closure}}::h2aa798823a438d38
[INFO] [stdout]                                at /rustc/82e1608dfa6e0b5569232559e3d385fea5a93112/library/test/src/lib.rs:574:43
[INFO] [stdout]   32:     0x55dfefe8c796 - test::run_test::{{closure}}::h87d231c78fb59832
[INFO] [stdout]                                at /rustc/82e1608dfa6e0b5569232559e3d385fea5a93112/library/test/src/lib.rs:602:41
[INFO] [stdout]   33:     0x55dfefe8c796 - std::sys_common::backtrace::__rust_begin_short_backtrace::he6df152596625789
[INFO] [stdout]                                at /rustc/82e1608dfa6e0b5569232559e3d385fea5a93112/library/std/src/sys_common/backtrace.rs:154:18
[INFO] [stdout]   34:     0x55dfefe91847 - std::thread::Builder::spawn_unchecked_::{{closure}}::{{closure}}::ha94be15d1e0acf36
[INFO] [stdout]                                at /rustc/82e1608dfa6e0b5569232559e3d385fea5a93112/library/std/src/thread/mod.rs:529:17
[INFO] [stdout]   35:     0x55dfefe91847 - <core::panic::unwind_safe::AssertUnwindSafe<F> as core::ops::function::FnOnce<()>>::call_once::h9dc6bd6372f16606
[INFO] [stdout]                                at /rustc/82e1608dfa6e0b5569232559e3d385fea5a93112/library/core/src/panic/unwind_safe.rs:272:9
[INFO] [stdout]   36:     0x55dfefe91847 - std::panicking::try::do_call::h9057517f80303cd4
[INFO] [stdout]                                at /rustc/82e1608dfa6e0b5569232559e3d385fea5a93112/library/std/src/panicking.rs:552:40
[INFO] [stdout]   37:     0x55dfefe91847 - std::panicking::try::he3a30b11ee45340c
[INFO] [stdout]                                at /rustc/82e1608dfa6e0b5569232559e3d385fea5a93112/library/std/src/panicking.rs:516:19
[INFO] [stdout]   38:     0x55dfefe91847 - std::panic::catch_unwind::h410458cfd3528b8b
[INFO] [stdout]                                at /rustc/82e1608dfa6e0b5569232559e3d385fea5a93112/library/std/src/panic.rs:142:14
[INFO] [stdout]   39:     0x55dfefe91847 - std::thread::Builder::spawn_unchecked_::{{closure}}::h72ac3bdb567b737b
[INFO] [stdout]                                at /rustc/82e1608dfa6e0b5569232559e3d385fea5a93112/library/std/src/thread/mod.rs:528:30
[INFO] [stdout]   40:     0x55dfefe91847 - core::ops::function::FnOnce::call_once{{vtable.shim}}::h38f34da3654a8344
[INFO] [stdout]                                at /rustc/82e1608dfa6e0b5569232559e3d385fea5a93112/library/core/src/ops/function.rs:250:5
[INFO] [stdout]   41:     0x55dfefef5125 - <alloc::boxed::Box<F,A> as core::ops::function::FnOnce<Args>>::call_once::hc7eafaff61e32df9
[INFO] [stdout]                                at /rustc/82e1608dfa6e0b5569232559e3d385fea5a93112/library/alloc/src/boxed.rs:2007:9
[INFO] [stdout]   42:     0x55dfefef5125 - <alloc::boxed::Box<F,A> as core::ops::function::FnOnce<Args>>::call_once::h6ba4a5de48dd2304
[INFO] [stdout]                                at /rustc/82e1608dfa6e0b5569232559e3d385fea5a93112/library/alloc/src/boxed.rs:2007:9
[INFO] [stdout]   43:     0x55dfefef5125 - std::sys::unix::thread::Thread::new::thread_start::he469335aef763e45
[INFO] [stdout]                                at /rustc/82e1608dfa6e0b5569232559e3d385fea5a93112/library/std/src/sys/unix/thread.rs:108:17
[INFO] [stdout]   44:     0x7f965b770ac3 - <unknown>
[INFO] [stdout]   45:     0x7f965b801bf4 - __clone
[INFO] [stdout]   46:                0x0 - <unknown>
[INFO] [stdout] 
[INFO] [stdout] ---- executor::simple_executor::tests::test_simple_executor_pubsub_node_different_executors_time stdout ----
[INFO] [stdout] Elapsed Time 2027
[INFO] [stdout] thread 'executor::simple_executor::tests::test_simple_executor_pubsub_node_different_executors_time' panicked at src/executor/simple_executor.rs:464:17:
[INFO] [stdout] assertion failed: 2000 <= end_time - start_time && end_time - start_time <= 2020
[INFO] [stdout] stack backtrace:
[INFO] [stdout]    0:     0x55dfefeee4fc - std::backtrace_rs::backtrace::libunwind::trace::ha637c64ce894333a
[INFO] [stdout]                                at /rustc/82e1608dfa6e0b5569232559e3d385fea5a93112/library/std/src/../../backtrace/src/backtrace/libunwind.rs:104:5
[INFO] [stdout]    1:     0x55dfefeee4fc - std::backtrace_rs::backtrace::trace_unsynchronized::h47f62dea28e0c88d
[INFO] [stdout]                                at /rustc/82e1608dfa6e0b5569232559e3d385fea5a93112/library/std/src/../../backtrace/src/backtrace/mod.rs:66:5
[INFO] [stdout]    2:     0x55dfefeee4fc - std::sys_common::backtrace::_print_fmt::h9eef0abe20ede486
[INFO] [stdout]                                at /rustc/82e1608dfa6e0b5569232559e3d385fea5a93112/library/std/src/sys_common/backtrace.rs:67:5
[INFO] [stdout]    3:     0x55dfefeee4fc - <std::sys_common::backtrace::_print::DisplayBacktrace as core::fmt::Display>::fmt::hed7f999df88cc644
[INFO] [stdout]                                at /rustc/82e1608dfa6e0b5569232559e3d385fea5a93112/library/std/src/sys_common/backtrace.rs:44:22
[INFO] [stdout]    4:     0x55dfeff1b190 - core::fmt::rt::Argument::fmt::h1539a9308b8d058d
[INFO] [stdout]                                at /rustc/82e1608dfa6e0b5569232559e3d385fea5a93112/library/core/src/fmt/rt.rs:142:9
[INFO] [stdout]    5:     0x55dfeff1b190 - core::fmt::write::h3a39390d8560d9c9
[INFO] [stdout]                                at /rustc/82e1608dfa6e0b5569232559e3d385fea5a93112/library/core/src/fmt/mod.rs:1120:17
[INFO] [stdout]    6:     0x55dfefeeba2f - std::io::Write::write_fmt::h040b369f3a0f9cbc
[INFO] [stdout]                                at /rustc/82e1608dfa6e0b5569232559e3d385fea5a93112/library/std/src/io/mod.rs:1762:15
[INFO] [stdout]    7:     0x55dfefeee2e4 - std::sys_common::backtrace::_print::h894006fb5c6f3d45
[INFO] [stdout]                                at /rustc/82e1608dfa6e0b5569232559e3d385fea5a93112/library/std/src/sys_common/backtrace.rs:47:5
[INFO] [stdout]    8:     0x55dfefeee2e4 - std::sys_common::backtrace::print::h23a2d212c6fff936
[INFO] [stdout]                                at /rustc/82e1608dfa6e0b5569232559e3d385fea5a93112/library/std/src/sys_common/backtrace.rs:34:9
[INFO] [stdout]    9:     0x55dfefeeffa7 - std::panicking::default_hook::{{closure}}::h8a1d2ee00185001a
[INFO] [stdout]   10:     0x55dfefeefc93 - std::panicking::default_hook::h6038f2eba384e475
[INFO] [stdout]                                at /rustc/82e1608dfa6e0b5569232559e3d385fea5a93112/library/std/src/panicking.rs:289:9
[INFO] [stdout]   11:     0x55dfefebfe67 - <alloc::boxed::Box<F,A> as core::ops::function::Fn<Args>>::call::h0ad024c9bdc6d768
[INFO] [stdout]                                at /rustc/82e1608dfa6e0b5569232559e3d385fea5a93112/library/alloc/src/boxed.rs:2021:9
[INFO] [stdout]   12:     0x55dfefebfe67 - test::test_main::{{closure}}::h7500b54257359db6
[INFO] [stdout]                                at /rustc/82e1608dfa6e0b5569232559e3d385fea5a93112/library/test/src/lib.rs:138:21
[INFO] [stdout]   13:     0x55dfefef05b8 - <alloc::boxed::Box<F,A> as core::ops::function::Fn<Args>>::call::h1f8f335eaa9cfaee
[INFO] [stdout]                                at /rustc/82e1608dfa6e0b5569232559e3d385fea5a93112/library/alloc/src/boxed.rs:2021:9
[INFO] [stdout]   14:     0x55dfefef05b8 - std::panicking::rust_panic_with_hook::h2b5517d590cab22e
[INFO] [stdout]                                at /rustc/82e1608dfa6e0b5569232559e3d385fea5a93112/library/std/src/panicking.rs:783:13
[INFO] [stdout]   15:     0x55dfefef02d9 - std::panicking::begin_panic_handler::{{closure}}::h233112c06e0ef43e
[INFO] [stdout]                                at /rustc/82e1608dfa6e0b5569232559e3d385fea5a93112/library/std/src/panicking.rs:649:13
[INFO] [stdout]   16:     0x55dfefeee9c6 - std::sys_common::backtrace::__rust_end_short_backtrace::h6e893f24d7ebbff8
[INFO] [stdout]                                at /rustc/82e1608dfa6e0b5569232559e3d385fea5a93112/library/std/src/sys_common/backtrace.rs:170:18
[INFO] [stdout]   17:     0x55dfefef0072 - rust_begin_unwind
[INFO] [stdout]                                at /rustc/82e1608dfa6e0b5569232559e3d385fea5a93112/library/std/src/panicking.rs:645:5
[INFO] [stdout]   18:     0x55dfefd67e85 - core::panicking::panic_fmt::hbf0e066aabfa482c
[INFO] [stdout]                                at /rustc/82e1608dfa6e0b5569232559e3d385fea5a93112/library/core/src/panicking.rs:72:14
[INFO] [stdout]   19:     0x55dfefd67f23 - core::panicking::panic::h195fc2a96298d4c3
[INFO] [stdout]                                at /rustc/82e1608dfa6e0b5569232559e3d385fea5a93112/library/core/src/panicking.rs:127:5
[INFO] [stdout]   20:     0x55dfefe0fa27 - ncomm::executor::simple_executor::tests::test_simple_executor_pubsub_node_different_executors_time::h38a8a8e1e6f68295
[INFO] [stdout]                                at /opt/rustwide/workdir/src/executor/simple_executor.rs:464:17
[INFO] [stdout]   21:     0x55dfefe0eea7 - ncomm::executor::simple_executor::tests::test_simple_executor_pubsub_node_different_executors_time::{{closure}}::ha1de45550fca45fe
[INFO] [stdout]                                at /opt/rustwide/workdir/src/executor/simple_executor.rs:423:67
[INFO] [stdout]   22:     0x55dfefdef0e6 - core::ops::function::FnOnce::call_once::he190e8bbfb96d0a1
[INFO] [stdout]                                at /rustc/82e1608dfa6e0b5569232559e3d385fea5a93112/library/core/src/ops/function.rs:250:5
[INFO] [stdout]   23:     0x55dfefec54bf - core::ops::function::FnOnce::call_once::h2b5d431d5046312d
[INFO] [stdout]                                at /rustc/82e1608dfa6e0b5569232559e3d385fea5a93112/library/core/src/ops/function.rs:250:5
[INFO] [stdout]   24:     0x55dfefec54bf - test::__rust_begin_short_backtrace::h7714669af176e207
[INFO] [stdout]                                at /rustc/82e1608dfa6e0b5569232559e3d385fea5a93112/library/test/src/lib.rs:628:18
[INFO] [stdout]   25:     0x55dfefec44d5 - test::run_test_in_process::{{closure}}::h85218797dcbcec12
[INFO] [stdout]                                at /rustc/82e1608dfa6e0b5569232559e3d385fea5a93112/library/test/src/lib.rs:651:60
[INFO] [stdout]   26:     0x55dfefec44d5 - <core::panic::unwind_safe::AssertUnwindSafe<F> as core::ops::function::FnOnce<()>>::call_once::h76c106ea31c14d7b
[INFO] [stdout]                                at /rustc/82e1608dfa6e0b5569232559e3d385fea5a93112/library/core/src/panic/unwind_safe.rs:272:9
[INFO] [stdout]   27:     0x55dfefec44d5 - std::panicking::try::do_call::h3bd5d0f6620ee946
[INFO] [stdout]                                at /rustc/82e1608dfa6e0b5569232559e3d385fea5a93112/library/std/src/panicking.rs:552:40
[INFO] [stdout]   28:     0x55dfefec44d5 - std::panicking::try::h232e535e4744fe31
[INFO] [stdout]                                at /rustc/82e1608dfa6e0b5569232559e3d385fea5a93112/library/std/src/panicking.rs:516:19
[INFO] [stdout]   29:     0x55dfefec44d5 - std::panic::catch_unwind::h3ce3bd6ca8dbac68
[INFO] [stdout]                                at /rustc/82e1608dfa6e0b5569232559e3d385fea5a93112/library/std/src/panic.rs:142:14
[INFO] [stdout]   30:     0x55dfefec44d5 - test::run_test_in_process::hc97b257c9621286a
[INFO] [stdout]                                at /rustc/82e1608dfa6e0b5569232559e3d385fea5a93112/library/test/src/lib.rs:651:27
[INFO] [stdout]   31:     0x55dfefec44d5 - test::run_test::{{closure}}::h2aa798823a438d38
[INFO] [stdout]                                at /rustc/82e1608dfa6e0b5569232559e3d385fea5a93112/library/test/src/lib.rs:574:43
[INFO] [stdout]   32:     0x55dfefe8c796 - test::run_test::{{closure}}::h87d231c78fb59832
[INFO] [stdout]                                at /rustc/82e1608dfa6e0b5569232559e3d385fea5a93112/library/test/src/lib.rs:602:41
[INFO] [stdout]   33:     0x55dfefe8c796 - std::sys_common::backtrace::__rust_begin_short_backtrace::he6df152596625789
[INFO] [stdout]                                at /rustc/82e1608dfa6e0b5569232559e3d385fea5a93112/library/std/src/sys_common/backtrace.rs:154:18
[INFO] [stdout]   34:     0x55dfefe91847 - std::thread::Builder::spawn_unchecked_::{{closure}}::{{closure}}::ha94be15d1e0acf36
[INFO] [stdout]                                at /rustc/82e1608dfa6e0b5569232559e3d385fea5a93112/library/std/src/thread/mod.rs:529:17
[INFO] [stdout]   35:     0x55dfefe91847 - <core::panic::unwind_safe::AssertUnwindSafe<F> as core::ops::function::FnOnce<()>>::call_once::h9dc6bd6372f16606
[INFO] [stdout]                                at /rustc/82e1608dfa6e0b5569232559e3d385fea5a93112/library/core/src/panic/unwind_safe.rs:272:9
[INFO] [stdout]   36:     0x55dfefe91847 - std::panicking::try::do_call::h9057517f80303cd4
[INFO] [stdout]                                at /rustc/82e1608dfa6e0b5569232559e3d385fea5a93112/library/std/src/panicking.rs:552:40
[INFO] [stdout]   37:     0x55dfefe91847 - std::panicking::try::he3a30b11ee45340c
[INFO] [stdout]                                at /rustc/82e1608dfa6e0b5569232559e3d385fea5a93112/library/std/src/panicking.rs:516:19
[INFO] [stdout]   38:     0x55dfefe91847 - std::panic::catch_unwind::h410458cfd3528b8b
[INFO] [stdout]                                at /rustc/82e1608dfa6e0b5569232559e3d385fea5a93112/library/std/src/panic.rs:142:14
[INFO] [stdout]   39:     0x55dfefe91847 - std::thread::Builder::spawn_unchecked_::{{closure}}::h72ac3bdb567b737b
[INFO] [stdout]                                at /rustc/82e1608dfa6e0b5569232559e3d385fea5a93112/library/std/src/thread/mod.rs:528:30
[INFO] [stdout]   40:     0x55dfefe91847 - core::ops::function::FnOnce::call_once{{vtable.shim}}::h38f34da3654a8344
[INFO] [stdout]                                at /rustc/82e1608dfa6e0b5569232559e3d385fea5a93112/library/core/src/ops/function.rs:250:5
[INFO] [stdout]   41:     0x55dfefef5125 - <alloc::boxed::Box<F,A> as core::ops::function::FnOnce<Args>>::call_once::hc7eafaff61e32df9
[INFO] [stdout]                                at /rustc/82e1608dfa6e0b5569232559e3d385fea5a93112/library/alloc/src/boxed.rs:2007:9
[INFO] [stdout]   42:     0x55dfefef5125 - <alloc::boxed::Box<F,A> as core::ops::function::FnOnce<Args>>::call_once::h6ba4a5de48dd2304
[INFO] [stdout]                                at /rustc/82e1608dfa6e0b5569232559e3d385fea5a93112/library/alloc/src/boxed.rs:2007:9
[INFO] [stdout]   43:     0x55dfefef5125 - std::sys::unix::thread::Thread::new::thread_start::he469335aef763e45
[INFO] [stdout]                                at /rustc/82e1608dfa6e0b5569232559e3d385fea5a93112/library/std/src/sys/unix/thread.rs:108:17
[INFO] [stdout]   44:     0x7f965b770ac3 - <unknown>
[INFO] [stdout]   45:     0x7f965b801bf4 - __clone
[INFO] [stdout]   46:                0x0 - <unknown>
[INFO] [stdout] 
[INFO] [stdout] 
[INFO] [stdout] failures:
[INFO] [stdout]     executor::simple_executor::tests::test_simple_executor_client_server_nodes_different_executors
[INFO] [stdout]     executor::simple_executor::tests::test_simple_executor_client_server_nodes_different_executors_time
[INFO] [stdout]     executor::simple_executor::tests::test_simple_executor_pubsub_node_different_executors
[INFO] [stdout]     executor::simple_executor::tests::test_simple_executor_pubsub_node_different_executors_time
[INFO] [stdout] 
[INFO] [stdout] test result: FAILED. 79 passed; 4 failed; 0 ignored; 0 measured; 0 filtered out; finished in 2.10s
[INFO] [stdout] 
[INFO] [stderr] error: test failed, to rerun pass `--lib`
[INFO] running `Command { std: "docker" "inspect" "970d7b7b27a940c902c0489596a5d810481d28eca9175a184adc0f5b05854c6d", kill_on_drop: false }`
[INFO] running `Command { std: "docker" "rm" "-f" "970d7b7b27a940c902c0489596a5d810481d28eca9175a184adc0f5b05854c6d", kill_on_drop: false }`
[INFO] [stdout] 970d7b7b27a940c902c0489596a5d810481d28eca9175a184adc0f5b05854c6d
