[INFO] cloning repository https://github.com/Myrannas/yata-impl
[INFO] running `Command { std: "git" "-c" "credential.helper=" "-c" "credential.helper=/workspace/cargo-home/bin/git-credential-null" "clone" "--bare" "https://github.com/Myrannas/yata-impl" "/workspace/cache/git-repos/https%3A%2F%2Fgithub.com%2FMyrannas%2Fyata-impl", kill_on_drop: false }`
[INFO] [stderr] Cloning into bare repository '/workspace/cache/git-repos/https%3A%2F%2Fgithub.com%2FMyrannas%2Fyata-impl'...
[INFO] running `Command { std: "git" "rev-parse" "HEAD", kill_on_drop: false }`
[INFO] [stdout] 9ef461e96759f274668887d413d1cf1801665f0c
[INFO] testing Myrannas/yata-impl against 1.75.0 for beta-1.76-1
[INFO] running `Command { std: "git" "clone" "/workspace/cache/git-repos/https%3A%2F%2Fgithub.com%2FMyrannas%2Fyata-impl" "/workspace/builds/worker-2-tc1/source", kill_on_drop: false }`
[INFO] [stderr] Cloning into '/workspace/builds/worker-2-tc1/source'...
[INFO] [stderr] done.
[INFO] validating manifest of git repo https://github.com/Myrannas/yata-impl on toolchain 1.75.0
[INFO] running `Command { std: CARGO_HOME="/workspace/cargo-home" RUSTUP_HOME="/workspace/rustup-home" "/workspace/cargo-home/bin/cargo" "+1.75.0" "metadata" "--manifest-path" "Cargo.toml" "--no-deps", kill_on_drop: false }`
[INFO] started tweaking git repo https://github.com/Myrannas/yata-impl
[INFO] finished tweaking git repo https://github.com/Myrannas/yata-impl
[INFO] tweaked toml for git repo https://github.com/Myrannas/yata-impl written to /workspace/builds/worker-2-tc1/source/Cargo.toml
[INFO] crate git repo https://github.com/Myrannas/yata-impl already has a lockfile, it will not be regenerated
[INFO] running `Command { std: CARGO_HOME="/workspace/cargo-home" RUSTUP_HOME="/workspace/rustup-home" "/workspace/cargo-home/bin/cargo" "+1.75.0" "fetch" "--manifest-path" "Cargo.toml", kill_on_drop: false }`
[INFO] [stderr]  Downloading crates ...
[INFO] [stderr]   Downloaded virtue v0.0.7
[INFO] [stderr]   Downloaded bincode_derive v2.0.0-rc.1
[INFO] [stderr]   Downloaded bincode v2.0.0-rc.1
[INFO] running `Command { std: "docker" "create" "-v" "/var/lib/crater-agent-workspace/builds/worker-2-tc1/target:/opt/rustwide/target:rw,Z" "-v" "/var/lib/crater-agent-workspace/builds/worker-2-tc1/source:/opt/rustwide/workdir:ro,Z" "-v" "/var/lib/crater-agent-workspace/cargo-home:/opt/rustwide/cargo-home:ro,Z" "-v" "/var/lib/crater-agent-workspace/rustup-home:/opt/rustwide/rustup-home:ro,Z" "-e" "SOURCE_DIR=/opt/rustwide/workdir" "-e" "CARGO_TARGET_DIR=/opt/rustwide/target" "-e" "CARGO_HOME=/opt/rustwide/cargo-home" "-e" "RUSTUP_HOME=/opt/rustwide/rustup-home" "-w" "/opt/rustwide/workdir" "-m" "1610612736" "--user" "0:0" "--network" "none" "ghcr.io/rust-lang/crates-build-env/linux@sha256:2788e3201cd34a07e3172128adcd8b3090168a8e3bcc40d7c032b9dda1df7d1c" "/opt/rustwide/cargo-home/bin/cargo" "+1.75.0" "metadata" "--no-deps" "--format-version=1", kill_on_drop: false }`
[INFO] [stdout] 8946a3ec2ef38144862856554b4fb3c60ec19496aac74eb052721d2ed1d81121
[INFO] running `Command { std: "docker" "start" "-a" "8946a3ec2ef38144862856554b4fb3c60ec19496aac74eb052721d2ed1d81121", kill_on_drop: false }`
[INFO] running `Command { std: "docker" "inspect" "8946a3ec2ef38144862856554b4fb3c60ec19496aac74eb052721d2ed1d81121", kill_on_drop: false }`
[INFO] running `Command { std: "docker" "rm" "-f" "8946a3ec2ef38144862856554b4fb3c60ec19496aac74eb052721d2ed1d81121", kill_on_drop: false }`
[INFO] [stdout] 8946a3ec2ef38144862856554b4fb3c60ec19496aac74eb052721d2ed1d81121
[INFO] running `Command { std: "docker" "create" "-v" "/var/lib/crater-agent-workspace/builds/worker-2-tc1/target:/opt/rustwide/target:rw,Z" "-v" "/var/lib/crater-agent-workspace/builds/worker-2-tc1/source:/opt/rustwide/workdir:ro,Z" "-v" "/var/lib/crater-agent-workspace/cargo-home:/opt/rustwide/cargo-home:ro,Z" "-v" "/var/lib/crater-agent-workspace/rustup-home:/opt/rustwide/rustup-home:ro,Z" "-e" "SOURCE_DIR=/opt/rustwide/workdir" "-e" "CARGO_TARGET_DIR=/opt/rustwide/target" "-e" "CARGO_INCREMENTAL=0" "-e" "RUST_BACKTRACE=full" "-e" "RUSTFLAGS=--cap-lints=warn" "-e" "RUSTDOCFLAGS=--cap-lints=warn" "-e" "CARGO_HOME=/opt/rustwide/cargo-home" "-e" "RUSTUP_HOME=/opt/rustwide/rustup-home" "-w" "/opt/rustwide/workdir" "-m" "1610612736" "--user" "0:0" "--network" "none" "ghcr.io/rust-lang/crates-build-env/linux@sha256:2788e3201cd34a07e3172128adcd8b3090168a8e3bcc40d7c032b9dda1df7d1c" "/opt/rustwide/cargo-home/bin/cargo" "+1.75.0" "build" "--frozen" "--message-format=json", kill_on_drop: false }`
[INFO] [stdout] c70a5cf8bb3afd78cfddcb0bd048ec5e375dd78f277cb81bbe6bc30fe4ba69ad
[INFO] running `Command { std: "docker" "start" "-a" "c70a5cf8bb3afd78cfddcb0bd048ec5e375dd78f277cb81bbe6bc30fe4ba69ad", kill_on_drop: false }`
[INFO] [stderr]    Compiling libc v0.2.121
[INFO] [stderr]    Compiling getrandom v0.1.16
[INFO] [stderr]    Compiling cfg-if v1.0.0
[INFO] [stderr]    Compiling virtue v0.0.7
[INFO] [stderr]    Compiling ppv-lite86 v0.2.16
[INFO] [stderr]    Compiling bincode_derive v2.0.0-rc.1
[INFO] [stderr]    Compiling rand_core v0.5.1
[INFO] [stderr]    Compiling bincode v2.0.0-rc.1
[INFO] [stderr]    Compiling rand_chacha v0.2.2
[INFO] [stderr]    Compiling rand v0.7.3
[INFO] [stderr]    Compiling yata-impl v0.1.0 (/opt/rustwide/workdir)
[INFO] [stdout] warning: unused import: `std::ops::Add`
[INFO] [stdout]  --> src/block.rs:2:5
[INFO] [stdout]   |
[INFO] [stdout] 2 | use std::ops::Add;
[INFO] [stdout]   |     ^^^^^^^^^^^^^
[INFO] [stdout]   |
[INFO] [stdout]   = note: `#[warn(unused_imports)]` on by default
[INFO] [stdout] 
[INFO] [stdout] 
[INFO] [stdout] warning: unused import: `Clock`
[INFO] [stdout]  --> src/store.rs:2:42
[INFO] [stdout]   |
[INFO] [stdout] 2 | use crate::document::{BlockId, ClientId, Clock};
[INFO] [stdout]   |                                          ^^^^^
[INFO] [stdout] 
[INFO] [stdout] 
[INFO] [stdout] warning: unused import: `bincode::de::Decoder`
[INFO] [stdout]  --> src/update.rs:8:5
[INFO] [stdout]   |
[INFO] [stdout] 8 | use bincode::de::Decoder;
[INFO] [stdout]   |     ^^^^^^^^^^^^^^^^^^^^
[INFO] [stdout] 
[INFO] [stdout] 
[INFO] [stdout] warning: unused import: `bincode::enc::Encoder`
[INFO] [stdout]  --> src/update.rs:9:5
[INFO] [stdout]   |
[INFO] [stdout] 9 | use bincode::enc::Encoder;
[INFO] [stdout]   |     ^^^^^^^^^^^^^^^^^^^^^
[INFO] [stdout] 
[INFO] [stdout] 
[INFO] [stdout] warning: unused imports: `DecodeError`, `EncodeError`
[INFO] [stdout]   --> src/update.rs:10:22
[INFO] [stdout]    |
[INFO] [stdout] 10 | use bincode::error::{DecodeError, EncodeError};
[INFO] [stdout]    |                      ^^^^^^^^^^^  ^^^^^^^^^^^
[INFO] [stdout] 
[INFO] [stdout] 
[INFO] [stdout] warning: unused variable: `deleted`
[INFO] [stdout]   --> src/delete_set.rs:34:43
[INFO] [stdout]    |
[INFO] [stdout] 34 | ...                   .map(|Block { deleted, id, .. }| (*id, 1))
[INFO] [stdout]    |                                     ^^^^^^^-
[INFO] [stdout]    |                                     |
[INFO] [stdout]    |                                     help: try removing the field
[INFO] [stdout]    |
[INFO] [stdout]    = note: `#[warn(unused_variables)]` on by default
[INFO] [stdout] 
[INFO] [stdout] 
[INFO] [stdout] warning: unused variable: `cid`
[INFO] [stdout]    --> src/update.rs:241:20
[INFO] [stdout]     |
[INFO] [stdout] 241 |             .map(|(cid, range)| range.clone())
[INFO] [stdout]     |                    ^^^ help: if this is intentional, prefix it with an underscore: `_cid`
[INFO] [stdout] 
[INFO] [stdout] 
[INFO] [stdout] warning: method `delete` is never used
[INFO] [stdout]   --> src/block.rs:42:19
[INFO] [stdout]    |
[INFO] [stdout] 41 | impl<T: Clone> Block<T> {
[INFO] [stdout]    | ----------------------- method in this implementation
[INFO] [stdout] 42 |     pub(crate) fn delete(&mut self) {
[INFO] [stdout]    |                   ^^^^^^
[INFO] [stdout]    |
[INFO] [stdout]    = note: `#[warn(dead_code)]` on by default
[INFO] [stdout] 
[INFO] [stdout] 
[INFO] [stdout] warning: associated items `with_value`, `with_value_and_right`, `merge_with_right`, and `split_at` are never used
[INFO] [stdout]   --> src/block.rs:51:12
[INFO] [stdout]    |
[INFO] [stdout] 50 | impl<T: Item> Block<T> {
[INFO] [stdout]    | ---------------------- associated items in this implementation
[INFO] [stdout] 51 |     pub fn with_value(id: Clock, left: Option<BlockId>, value: T) -> Block<T> {
[INFO] [stdout]    |            ^^^^^^^^^^
[INFO] [stdout] ...
[INFO] [stdout] 64 |     pub fn with_value_and_right(
[INFO] [stdout]    |            ^^^^^^^^^^^^^^^^^^^^
[INFO] [stdout] ...
[INFO] [stdout] 82 |     pub fn merge_with_right(mut self, next: Block<T>) -> Block<T> {
[INFO] [stdout]    |            ^^^^^^^^^^^^^^^^
[INFO] [stdout] ...
[INFO] [stdout] 99 |     pub fn split_at(self, client_id: ClientId, index: Clock) -> (Block<T>, Block<T>) {
[INFO] [stdout]    |            ^^^^^^^^
[INFO] [stdout] 
[INFO] [stdout] 
[INFO] [stdout] warning: associated items `apply`, `from`, and `empty` are never used
[INFO] [stdout]   --> src/delete_set.rs:12:12
[INFO] [stdout]    |
[INFO] [stdout] 11 | impl DeleteSet {
[INFO] [stdout]    | -------------- associated items in this implementation
[INFO] [stdout] 12 |     pub fn apply<T: Item>(&self, document: &mut Document<T>) {
[INFO] [stdout]    |            ^^^^^
[INFO] [stdout] ...
[INFO] [stdout] 22 |     pub fn from<T: Item>(document: &Document<T>) -> DeleteSet {
[INFO] [stdout]    |            ^^^^
[INFO] [stdout] ...
[INFO] [stdout] 42 |     pub fn empty() -> DeleteSet {
[INFO] [stdout]    |            ^^^^^
[INFO] [stdout] 
[INFO] [stdout] 
[INFO] [stdout] warning: associated function `new` is never used
[INFO] [stdout]   --> src/document.rs:19:12
[INFO] [stdout]    |
[INFO] [stdout] 18 | impl BlockId {
[INFO] [stdout]    | ------------ associated function in this implementation
[INFO] [stdout] 19 |     pub fn new(client_id: ClientId, clock: Clock) -> BlockId {
[INFO] [stdout]    |            ^^^
[INFO] [stdout] 
[INFO] [stdout] 
[INFO] [stdout] warning: fields `clock`, `client_id`, `clients`, and `store` are never read
[INFO] [stdout]   --> src/document.rs:26:5
[INFO] [stdout]    |
[INFO] [stdout] 25 | pub struct Document<T: Item> {
[INFO] [stdout]    |            -------- fields in this struct
[INFO] [stdout] 26 |     clock: Clock,
[INFO] [stdout]    |     ^^^^^
[INFO] [stdout] 27 |     pub(crate) client_id: ClientId,
[INFO] [stdout]    |                ^^^^^^^^^
[INFO] [stdout] 28 |     pub(crate) clients: ClockVector,
[INFO] [stdout]    |                ^^^^^^^
[INFO] [stdout] 29 |     pub(crate) store: Store<T>,
[INFO] [stdout]    |                ^^^^^
[INFO] [stdout]    |
[INFO] [stdout]    = note: `Document` has a derived impl for the trait `Debug`, but this is intentionally ignored during dead code analysis
[INFO] [stdout] 
[INFO] [stdout] 
[INFO] [stdout] warning: associated functions `with_client_id` and `new` are never used
[INFO] [stdout]   --> src/document.rs:33:19
[INFO] [stdout]    |
[INFO] [stdout] 32 | impl<T: Item> Document<T> {
[INFO] [stdout]    | ------------------------- associated functions in this implementation
[INFO] [stdout] 33 |     pub(crate) fn with_client_id(client_id: u64) -> Document<T> {
[INFO] [stdout]    |                   ^^^^^^^^^^^^^^
[INFO] [stdout] ...
[INFO] [stdout] 42 |     pub fn new() -> Document<T> {
[INFO] [stdout]    |            ^^^
[INFO] [stdout] 
[INFO] [stdout] 
[INFO] [stdout] warning: fields `end` and `client_id` are never read
[INFO] [stdout]   --> src/store.rs:9:5
[INFO] [stdout]    |
[INFO] [stdout] 7  | pub struct Store<T: Item> {
[INFO] [stdout]    |            ----- fields in this struct
[INFO] [stdout] 8  |     start: Option<BlockId>,
[INFO] [stdout] 9  |     end: Option<BlockId>,
[INFO] [stdout]    |     ^^^
[INFO] [stdout] 10 |     client_id: u64,
[INFO] [stdout]    |     ^^^^^^^^^
[INFO] [stdout]    |
[INFO] [stdout]    = note: `Store` has a derived impl for the trait `Debug`, but this is intentionally ignored during dead code analysis
[INFO] [stdout] 
[INFO] [stdout] 
[INFO] [stdout] warning: field `block_id` is never read
[INFO] [stdout]   --> src/store.rs:16:5
[INFO] [stdout]    |
[INFO] [stdout] 14 | pub struct BlockWithClientId<'a, T: Item> {
[INFO] [stdout]    |            ----------------- field in this struct
[INFO] [stdout] 15 |     block: &'a Block<T>,
[INFO] [stdout] 16 |     block_id: BlockId,
[INFO] [stdout]    |     ^^^^^^^^
[INFO] [stdout] 
[INFO] [stdout] 
[INFO] [stdout] warning: methods `integrate` and `find_insertion_point` are never used
[INFO] [stdout]   --> src/store.rs:20:19
[INFO] [stdout]    |
[INFO] [stdout] 19 | impl<T: Item> Store<T> {
[INFO] [stdout]    | ---------------------- methods in this implementation
[INFO] [stdout] 20 |     pub(crate) fn integrate(&mut self, client_id: ClientId, blocks: Vec<Block<T>>) {
[INFO] [stdout]    |                   ^^^^^^^^^
[INFO] [stdout] ...
[INFO] [stdout] 69 |     fn find_insertion_point(
[INFO] [stdout]    |        ^^^^^^^^^^^^^^^^^^^^
[INFO] [stdout] 
[INFO] [stdout] 
[INFO] [stdout] warning: multiple associated items are never used
[INFO] [stdout]    --> src/store.rs:112:12
[INFO] [stdout]     |
[INFO] [stdout] 111 | impl<T: Item> Store<T> {
[INFO] [stdout]     | ---------------------- associated items in this implementation
[INFO] [stdout] 112 |     pub fn new(client_id: u64) -> Store<T> {
[INFO] [stdout]     |            ^^^
[INFO] [stdout] ...
[INFO] [stdout] 121 |     pub fn append(&mut self, value: T) {
[INFO] [stdout]     |            ^^^^^^
[INFO] [stdout] ...
[INFO] [stdout] 125 |     pub fn insert(&mut self, index: usize, value: T) {
[INFO] [stdout]     |            ^^^^^^
[INFO] [stdout] ...
[INFO] [stdout] 136 |     pub fn delete_range(&mut self, index: usize, count: usize) {
[INFO] [stdout]     |            ^^^^^^^^^^^^
[INFO] [stdout] ...
[INFO] [stdout] 149 |     pub fn delete(&mut self, index: usize) {
[INFO] [stdout]     |            ^^^^^^
[INFO] [stdout] ...
[INFO] [stdout] 153 |     fn add_block(&mut self, previous: Option<BlockId>, next: Option<BlockId>, value: T) {
[INFO] [stdout]     |        ^^^^^^^^^
[INFO] [stdout] ...
[INFO] [stdout] 203 |     pub fn iter_blocks(&self) -> impl Iterator<Item = BlockWithClientId<T>> {
[INFO] [stdout]     |            ^^^^^^^^^^^
[INFO] [stdout] ...
[INFO] [stdout] 211 |     fn iter_live_blocks(&self) -> impl Iterator<Item = BlockWithClientId<T>> {
[INFO] [stdout]     |        ^^^^^^^^^^^^^^^^
[INFO] [stdout] ...
[INFO] [stdout] 220 |     pub fn iter_blocks_with_offset(
[INFO] [stdout]     |            ^^^^^^^^^^^^^^^^^^^^^^^
[INFO] [stdout] ...
[INFO] [stdout] 231 |     pub fn iter_values(&self) -> impl Iterator<Item = &T> {
[INFO] [stdout]     |            ^^^^^^^^^^^
[INFO] [stdout] 
[INFO] [stdout] 
[INFO] [stdout] warning: method `merge` is never used
[INFO] [stdout]   --> src/update.rs:19:8
[INFO] [stdout]    |
[INFO] [stdout] 18 | impl<T: Item> Content<T> {
[INFO] [stdout]    | ------------------------ method in this implementation
[INFO] [stdout] 19 |     fn merge(self, other: Self) -> Self {
[INFO] [stdout]    |        ^^^^^
[INFO] [stdout] 
[INFO] [stdout] 
[INFO] [stdout] warning: enum `MergeResult` is never used
[INFO] [stdout]   --> src/update.rs:34:6
[INFO] [stdout]    |
[INFO] [stdout] 34 | enum MergeResult<T> {
[INFO] [stdout]    |      ^^^^^^^^^^^
[INFO] [stdout] 
[INFO] [stdout] 
[INFO] [stdout] warning: associated items `hydrate`, `from_block`, `with_value`, `length`, and `try_merge` are never used
[INFO] [stdout]   --> src/update.rs:47:8
[INFO] [stdout]    |
[INFO] [stdout] 46 | impl<T: Item> UpdateBlock<T> {
[INFO] [stdout]    | ---------------------------- associated items in this implementation
[INFO] [stdout] 47 |     fn hydrate(self, id: Clock) -> Block<T> {
[INFO] [stdout]    |        ^^^^^^^
[INFO] [stdout] ...
[INFO] [stdout] 65 |     fn from_block(block: &Block<T>) -> UpdateBlock<T> {
[INFO] [stdout]    |        ^^^^^^^^^^
[INFO] [stdout] ...
[INFO] [stdout] 79 |     fn with_value(left: Option<BlockId>, right: Option<BlockId>, value: T) -> UpdateBlock<T> {
[INFO] [stdout]    |        ^^^^^^^^^^
[INFO] [stdout] ...
[INFO] [stdout] 87 |     fn length(&self) -> u64 {
[INFO] [stdout]    |        ^^^^^^
[INFO] [stdout] ...
[INFO] [stdout] 94 |     fn try_merge(
[INFO] [stdout]    |        ^^^^^^^^^
[INFO] [stdout] 
[INFO] [stdout] 
[INFO] [stdout] warning: variants `ClientDoesNotExist`, `UpdateOutsideRange`, and `InvalidUpdateRange` are never constructed
[INFO] [stdout]    --> src/update.rs:144:5
[INFO] [stdout]     |
[INFO] [stdout] 143 | enum ValidationError {
[INFO] [stdout]     |      --------------- variants in this enum
[INFO] [stdout] 144 |     ClientDoesNotExist(ClientId),
[INFO] [stdout]     |     ^^^^^^^^^^^^^^^^^^
[INFO] [stdout] 145 |     UpdateOutsideRange(BlockId),
[INFO] [stdout]     |     ^^^^^^^^^^^^^^^^^^
[INFO] [stdout] 146 |     InvalidUpdateRange(ClientId),
[INFO] [stdout]     |     ^^^^^^^^^^^^^^^^^^
[INFO] [stdout]     |
[INFO] [stdout]     = note: `ValidationError` has a derived impl for the trait `Debug`, but this is intentionally ignored during dead code analysis
[INFO] [stdout] 
[INFO] [stdout] 
[INFO] [stdout] warning: multiple associated items are never used
[INFO] [stdout]    --> src/update.rs:150:12
[INFO] [stdout]     |
[INFO] [stdout] 149 | impl<T: Item> Update<T> {
[INFO] [stdout]     | ----------------------- associated items in this implementation
[INFO] [stdout] 150 |     pub fn from_document(document: &Document<T>) -> Update<T> {
[INFO] [stdout]     |            ^^^^^^^^^^^^^
[INFO] [stdout] ...
[INFO] [stdout] 172 |     pub fn apply(self, document: &mut Document<T>) -> Result<(), ()> {
[INFO] [stdout]     |            ^^^^^
[INFO] [stdout] ...
[INFO] [stdout] 195 |     pub(crate) fn from_blocks(
[INFO] [stdout]     |                   ^^^^^^^^^^^
[INFO] [stdout] ...
[INFO] [stdout] 209 |     fn validate(&self) -> Result<(), ValidationError> {
[INFO] [stdout]     |        ^^^^^^^^
[INFO] [stdout] ...
[INFO] [stdout] 237 |     fn get_version_range(&self, client_id: ClientId) -> Option<Range<Clock>> {
[INFO] [stdout]     |        ^^^^^^^^^^^^^^^^^
[INFO] [stdout] ...
[INFO] [stdout] 244 |     fn does_clock_exist(&self, block: Option<BlockId>) -> bool {
[INFO] [stdout]     |        ^^^^^^^^^^^^^^^^
[INFO] [stdout] ...
[INFO] [stdout] 258 |     fn compact(self) -> Self {
[INFO] [stdout]     |        ^^^^^^^
[INFO] [stdout] 
[INFO] [stdout] 
[INFO] [stdout] warning: 22 warnings emitted
[INFO] [stdout] 
[INFO] [stdout] 
[INFO] [stderr]     Finished dev [unoptimized + debuginfo] target(s) in 2.65s
[INFO] running `Command { std: "docker" "inspect" "c70a5cf8bb3afd78cfddcb0bd048ec5e375dd78f277cb81bbe6bc30fe4ba69ad", kill_on_drop: false }`
[INFO] running `Command { std: "docker" "rm" "-f" "c70a5cf8bb3afd78cfddcb0bd048ec5e375dd78f277cb81bbe6bc30fe4ba69ad", kill_on_drop: false }`
[INFO] [stdout] c70a5cf8bb3afd78cfddcb0bd048ec5e375dd78f277cb81bbe6bc30fe4ba69ad
[INFO] running `Command { std: "docker" "create" "-v" "/var/lib/crater-agent-workspace/builds/worker-2-tc1/target:/opt/rustwide/target:rw,Z" "-v" "/var/lib/crater-agent-workspace/builds/worker-2-tc1/source:/opt/rustwide/workdir:ro,Z" "-v" "/var/lib/crater-agent-workspace/cargo-home:/opt/rustwide/cargo-home:ro,Z" "-v" "/var/lib/crater-agent-workspace/rustup-home:/opt/rustwide/rustup-home:ro,Z" "-e" "SOURCE_DIR=/opt/rustwide/workdir" "-e" "CARGO_TARGET_DIR=/opt/rustwide/target" "-e" "CARGO_INCREMENTAL=0" "-e" "RUST_BACKTRACE=full" "-e" "RUSTFLAGS=--cap-lints=warn" "-e" "RUSTDOCFLAGS=--cap-lints=warn" "-e" "CARGO_HOME=/opt/rustwide/cargo-home" "-e" "RUSTUP_HOME=/opt/rustwide/rustup-home" "-w" "/opt/rustwide/workdir" "-m" "1610612736" "--user" "0:0" "--network" "none" "ghcr.io/rust-lang/crates-build-env/linux@sha256:2788e3201cd34a07e3172128adcd8b3090168a8e3bcc40d7c032b9dda1df7d1c" "/opt/rustwide/cargo-home/bin/cargo" "+1.75.0" "test" "--frozen" "--no-run" "--message-format=json", kill_on_drop: false }`
[INFO] [stdout] a2175ee07aecd4bdb328b9f2e2bf45b2de01c977553962c00a79fd0b91f48b7f
[INFO] running `Command { std: "docker" "start" "-a" "a2175ee07aecd4bdb328b9f2e2bf45b2de01c977553962c00a79fd0b91f48b7f", kill_on_drop: false }`
[INFO] [stderr]    Compiling yata-impl v0.1.0 (/opt/rustwide/workdir)
[INFO] [stdout] warning: unused import: `std::ops::Add`
[INFO] [stdout]  --> src/block.rs:2:5
[INFO] [stdout]   |
[INFO] [stdout] 2 | use std::ops::Add;
[INFO] [stdout]   |     ^^^^^^^^^^^^^
[INFO] [stdout]   |
[INFO] [stdout]   = note: `#[warn(unused_imports)]` on by default
[INFO] [stdout] 
[INFO] [stdout] 
[INFO] [stdout] warning: unused import: `Clock`
[INFO] [stdout]  --> src/store.rs:2:42
[INFO] [stdout]   |
[INFO] [stdout] 2 | use crate::document::{BlockId, ClientId, Clock};
[INFO] [stdout]   |                                          ^^^^^
[INFO] [stdout] 
[INFO] [stdout] 
[INFO] [stdout] warning: unused import: `bincode::de::Decoder`
[INFO] [stdout]  --> src/update.rs:8:5
[INFO] [stdout]   |
[INFO] [stdout] 8 | use bincode::de::Decoder;
[INFO] [stdout]   |     ^^^^^^^^^^^^^^^^^^^^
[INFO] [stdout] 
[INFO] [stdout] 
[INFO] [stdout] warning: unused import: `bincode::enc::Encoder`
[INFO] [stdout]  --> src/update.rs:9:5
[INFO] [stdout]   |
[INFO] [stdout] 9 | use bincode::enc::Encoder;
[INFO] [stdout]   |     ^^^^^^^^^^^^^^^^^^^^^
[INFO] [stdout] 
[INFO] [stdout] 
[INFO] [stdout] warning: unused imports: `DecodeError`, `EncodeError`
[INFO] [stdout]   --> src/update.rs:10:22
[INFO] [stdout]    |
[INFO] [stdout] 10 | use bincode::error::{DecodeError, EncodeError};
[INFO] [stdout]    |                      ^^^^^^^^^^^  ^^^^^^^^^^^
[INFO] [stdout] 
[INFO] [stdout] 
[INFO] [stdout] warning: unused import: `crate::block::Block`
[INFO] [stdout]    --> src/update.rs:286:9
[INFO] [stdout]     |
[INFO] [stdout] 286 |     use crate::block::Block;
[INFO] [stdout]     |         ^^^^^^^^^^^^^^^^^^^
[INFO] [stdout] 
[INFO] [stdout] 
[INFO] [stdout] warning: unused variable: `deleted`
[INFO] [stdout]   --> src/delete_set.rs:34:43
[INFO] [stdout]    |
[INFO] [stdout] 34 | ...                   .map(|Block { deleted, id, .. }| (*id, 1))
[INFO] [stdout]    |                                     ^^^^^^^-
[INFO] [stdout]    |                                     |
[INFO] [stdout]    |                                     help: try removing the field
[INFO] [stdout]    |
[INFO] [stdout]    = note: `#[warn(unused_variables)]` on by default
[INFO] [stdout] 
[INFO] [stdout] 
[INFO] [stdout] warning: unused variable: `cid`
[INFO] [stdout]    --> src/update.rs:241:20
[INFO] [stdout]     |
[INFO] [stdout] 241 |             .map(|(cid, range)| range.clone())
[INFO] [stdout]     |                    ^^^ help: if this is intentional, prefix it with an underscore: `_cid`
[INFO] [stdout] 
[INFO] [stdout] 
[INFO] [stdout] warning: unused variable: `size`
[INFO] [stdout]    --> src/update.rs:470:30
[INFO] [stdout]     |
[INFO] [stdout] 470 |         let (decoded_update, size): (Update<String>, usize) =
[INFO] [stdout]     |                              ^^^^ help: if this is intentional, prefix it with an underscore: `_size`
[INFO] [stdout] 
[INFO] [stdout] 
[INFO] [stdout] warning: associated items `with_value`, `merge_with_right`, and `split_at` are never used
[INFO] [stdout]   --> src/block.rs:51:12
[INFO] [stdout]    |
[INFO] [stdout] 50 | impl<T: Item> Block<T> {
[INFO] [stdout]    | ---------------------- associated items in this implementation
[INFO] [stdout] 51 |     pub fn with_value(id: Clock, left: Option<BlockId>, value: T) -> Block<T> {
[INFO] [stdout]    |            ^^^^^^^^^^
[INFO] [stdout] ...
[INFO] [stdout] 82 |     pub fn merge_with_right(mut self, next: Block<T>) -> Block<T> {
[INFO] [stdout]    |            ^^^^^^^^^^^^^^^^
[INFO] [stdout] ...
[INFO] [stdout] 99 |     pub fn split_at(self, client_id: ClientId, index: Clock) -> (Block<T>, Block<T>) {
[INFO] [stdout]    |            ^^^^^^^^
[INFO] [stdout]    |
[INFO] [stdout]    = note: `#[warn(dead_code)]` on by default
[INFO] [stdout] 
[INFO] [stdout] 
[INFO] [stdout] warning: method `apply` is never used
[INFO] [stdout]   --> src/delete_set.rs:12:12
[INFO] [stdout]    |
[INFO] [stdout] 11 | impl DeleteSet {
[INFO] [stdout]    | -------------- method in this implementation
[INFO] [stdout] 12 |     pub fn apply<T: Item>(&self, document: &mut Document<T>) {
[INFO] [stdout]    |            ^^^^^
[INFO] [stdout] 
[INFO] [stdout] 
[INFO] [stdout] warning: field `clock` is never read
[INFO] [stdout]   --> src/document.rs:26:5
[INFO] [stdout]    |
[INFO] [stdout] 25 | pub struct Document<T: Item> {
[INFO] [stdout]    |            -------- field in this struct
[INFO] [stdout] 26 |     clock: Clock,
[INFO] [stdout]    |     ^^^^^
[INFO] [stdout]    |
[INFO] [stdout]    = note: `Document` has a derived impl for the trait `Debug`, but this is intentionally ignored during dead code analysis
[INFO] [stdout] 
[INFO] [stdout] 
[INFO] [stdout] warning: method `delete` is never used
[INFO] [stdout]    --> src/store.rs:149:12
[INFO] [stdout]     |
[INFO] [stdout] 111 | impl<T: Item> Store<T> {
[INFO] [stdout]     | ---------------------- method in this implementation
[INFO] [stdout] ...
[INFO] [stdout] 149 |     pub fn delete(&mut self, index: usize) {
[INFO] [stdout]     |            ^^^^^^
[INFO] [stdout] 
[INFO] [stdout] 
[INFO] [stdout] warning: method `merge` is never used
[INFO] [stdout]   --> src/update.rs:19:8
[INFO] [stdout]    |
[INFO] [stdout] 18 | impl<T: Item> Content<T> {
[INFO] [stdout]    | ------------------------ method in this implementation
[INFO] [stdout] 19 |     fn merge(self, other: Self) -> Self {
[INFO] [stdout]    |        ^^^^^
[INFO] [stdout] 
[INFO] [stdout] 
[INFO] [stdout] warning: enum `MergeResult` is never used
[INFO] [stdout]   --> src/update.rs:34:6
[INFO] [stdout]    |
[INFO] [stdout] 34 | enum MergeResult<T> {
[INFO] [stdout]    |      ^^^^^^^^^^^
[INFO] [stdout] 
[INFO] [stdout] 
[INFO] [stdout] warning: associated items `from_block`, `length`, and `try_merge` are never used
[INFO] [stdout]   --> src/update.rs:65:8
[INFO] [stdout]    |
[INFO] [stdout] 46 | impl<T: Item> UpdateBlock<T> {
[INFO] [stdout]    | ---------------------------- associated items in this implementation
[INFO] [stdout] ...
[INFO] [stdout] 65 |     fn from_block(block: &Block<T>) -> UpdateBlock<T> {
[INFO] [stdout]    |        ^^^^^^^^^^
[INFO] [stdout] ...
[INFO] [stdout] 87 |     fn length(&self) -> u64 {
[INFO] [stdout]    |        ^^^^^^
[INFO] [stdout] ...
[INFO] [stdout] 94 |     fn try_merge(
[INFO] [stdout]    |        ^^^^^^^^^
[INFO] [stdout] 
[INFO] [stdout] 
[INFO] [stdout] warning: method `compact` is never used
[INFO] [stdout]    --> src/update.rs:258:8
[INFO] [stdout]     |
[INFO] [stdout] 149 | impl<T: Item> Update<T> {
[INFO] [stdout]     | ----------------------- method in this implementation
[INFO] [stdout] ...
[INFO] [stdout] 258 |     fn compact(self) -> Self {
[INFO] [stdout]     |        ^^^^^^^
[INFO] [stdout] 
[INFO] [stdout] 
[INFO] [stdout] warning: unused `Result` that must be used
[INFO] [stdout]    --> src/update.rs:317:9
[INFO] [stdout]     |
[INFO] [stdout] 317 |         update.apply(&mut doc2);
[INFO] [stdout]     |         ^^^^^^^^^^^^^^^^^^^^^^^
[INFO] [stdout]     |
[INFO] [stdout]     = note: this `Result` may be an `Err` variant, which should be handled
[INFO] [stdout]     = note: `#[warn(unused_must_use)]` on by default
[INFO] [stdout] help: use `let _ = ...` to ignore the resulting value
[INFO] [stdout]     |
[INFO] [stdout] 317 |         let _ = update.apply(&mut doc2);
[INFO] [stdout]     |         +++++++
[INFO] [stdout] 
[INFO] [stdout] 
[INFO] [stdout] warning: unused `Result` that must be used
[INFO] [stdout]    --> src/update.rs:345:9
[INFO] [stdout]     |
[INFO] [stdout] 345 |         update.apply(&mut doc2);
[INFO] [stdout]     |         ^^^^^^^^^^^^^^^^^^^^^^^
[INFO] [stdout]     |
[INFO] [stdout]     = note: this `Result` may be an `Err` variant, which should be handled
[INFO] [stdout] help: use `let _ = ...` to ignore the resulting value
[INFO] [stdout]     |
[INFO] [stdout] 345 |         let _ = update.apply(&mut doc2);
[INFO] [stdout]     |         +++++++
[INFO] [stdout] 
[INFO] [stdout] 
[INFO] [stdout] warning: 19 warnings emitted
[INFO] [stdout] 
[INFO] [stdout] 
[INFO] [stderr]     Finished test [unoptimized + debuginfo] target(s) in 0.73s
[INFO] running `Command { std: "docker" "inspect" "a2175ee07aecd4bdb328b9f2e2bf45b2de01c977553962c00a79fd0b91f48b7f", kill_on_drop: false }`
[INFO] running `Command { std: "docker" "rm" "-f" "a2175ee07aecd4bdb328b9f2e2bf45b2de01c977553962c00a79fd0b91f48b7f", kill_on_drop: false }`
[INFO] [stdout] a2175ee07aecd4bdb328b9f2e2bf45b2de01c977553962c00a79fd0b91f48b7f
[INFO] running `Command { std: "docker" "create" "-v" "/var/lib/crater-agent-workspace/builds/worker-2-tc1/target:/opt/rustwide/target:rw,Z" "-v" "/var/lib/crater-agent-workspace/builds/worker-2-tc1/source:/opt/rustwide/workdir:ro,Z" "-v" "/var/lib/crater-agent-workspace/cargo-home:/opt/rustwide/cargo-home:ro,Z" "-v" "/var/lib/crater-agent-workspace/rustup-home:/opt/rustwide/rustup-home:ro,Z" "-e" "SOURCE_DIR=/opt/rustwide/workdir" "-e" "CARGO_TARGET_DIR=/opt/rustwide/target" "-e" "CARGO_INCREMENTAL=0" "-e" "RUST_BACKTRACE=full" "-e" "RUSTFLAGS=--cap-lints=warn" "-e" "RUSTDOCFLAGS=--cap-lints=warn" "-e" "CARGO_HOME=/opt/rustwide/cargo-home" "-e" "RUSTUP_HOME=/opt/rustwide/rustup-home" "-w" "/opt/rustwide/workdir" "-m" "1610612736" "--user" "0:0" "--network" "none" "ghcr.io/rust-lang/crates-build-env/linux@sha256:2788e3201cd34a07e3172128adcd8b3090168a8e3bcc40d7c032b9dda1df7d1c" "/opt/rustwide/cargo-home/bin/cargo" "+1.75.0" "test" "--frozen", kill_on_drop: false }`
[INFO] [stdout] 6be0f706873c307dd8b5350e31df451463338427a9c8c2acb82bee0b4fc1b3df
[INFO] running `Command { std: "docker" "start" "-a" "6be0f706873c307dd8b5350e31df451463338427a9c8c2acb82bee0b4fc1b3df", kill_on_drop: false }`
[INFO] [stderr] warning: unused import: `std::ops::Add`
[INFO] [stderr]  --> src/block.rs:2:5
[INFO] [stderr]   |
[INFO] [stderr] 2 | use std::ops::Add;
[INFO] [stderr]   |     ^^^^^^^^^^^^^
[INFO] [stderr]   |
[INFO] [stderr]   = note: `#[warn(unused_imports)]` on by default
[INFO] [stderr] 
[INFO] [stderr] warning: unused import: `Clock`
[INFO] [stderr]  --> src/store.rs:2:42
[INFO] [stderr]   |
[INFO] [stderr] 2 | use crate::document::{BlockId, ClientId, Clock};
[INFO] [stderr]   |                                          ^^^^^
[INFO] [stderr] 
[INFO] [stderr] warning: unused import: `bincode::de::Decoder`
[INFO] [stderr]  --> src/update.rs:8:5
[INFO] [stderr]   |
[INFO] [stderr] 8 | use bincode::de::Decoder;
[INFO] [stderr]   |     ^^^^^^^^^^^^^^^^^^^^
[INFO] [stderr] 
[INFO] [stderr] warning: unused import: `bincode::enc::Encoder`
[INFO] [stderr]  --> src/update.rs:9:5
[INFO] [stderr]   |
[INFO] [stderr] 9 | use bincode::enc::Encoder;
[INFO] [stderr]   |     ^^^^^^^^^^^^^^^^^^^^^
[INFO] [stderr] 
[INFO] [stderr] warning: unused imports: `DecodeError`, `EncodeError`
[INFO] [stderr]   --> src/update.rs:10:22
[INFO] [stderr]    |
[INFO] [stderr] 10 | use bincode::error::{DecodeError, EncodeError};
[INFO] [stderr]    |                      ^^^^^^^^^^^  ^^^^^^^^^^^
[INFO] [stderr] 
[INFO] [stderr] warning: unused import: `crate::block::Block`
[INFO] [stderr]    --> src/update.rs:286:9
[INFO] [stderr]     |
[INFO] [stderr] 286 |     use crate::block::Block;
[INFO] [stderr]     |         ^^^^^^^^^^^^^^^^^^^
[INFO] [stderr] 
[INFO] [stderr] warning: unused variable: `deleted`
[INFO] [stderr]   --> src/delete_set.rs:34:43
[INFO] [stderr]    |
[INFO] [stderr] 34 | ...                   .map(|Block { deleted, id, .. }| (*id, 1))
[INFO] [stderr]    |                                     ^^^^^^^-
[INFO] [stderr]    |                                     |
[INFO] [stderr]    |                                     help: try removing the field
[INFO] [stderr]    |
[INFO] [stderr]    = note: `#[warn(unused_variables)]` on by default
[INFO] [stderr] 
[INFO] [stderr] warning: unused variable: `cid`
[INFO] [stderr]    --> src/update.rs:241:20
[INFO] [stderr]     |
[INFO] [stderr] 241 |             .map(|(cid, range)| range.clone())
[INFO] [stderr]     |                    ^^^ help: if this is intentional, prefix it with an underscore: `_cid`
[INFO] [stderr] 
[INFO] [stderr] warning: unused variable: `size`
[INFO] [stderr]    --> src/update.rs:470:30
[INFO] [stderr]     |
[INFO] [stderr] 470 |         let (decoded_update, size): (Update<String>, usize) =
[INFO] [stderr]     |                              ^^^^ help: if this is intentional, prefix it with an underscore: `_size`
[INFO] [stderr] 
[INFO] [stderr] warning: associated items `with_value`, `merge_with_right`, and `split_at` are never used
[INFO] [stderr]   --> src/block.rs:51:12
[INFO] [stderr]    |
[INFO] [stderr] 50 | impl<T: Item> Block<T> {
[INFO] [stderr]    | ---------------------- associated items in this implementation
[INFO] [stderr] 51 |     pub fn with_value(id: Clock, left: Option<BlockId>, value: T) -> Block<T> {
[INFO] [stderr]    |            ^^^^^^^^^^
[INFO] [stderr] ...
[INFO] [stderr] 82 |     pub fn merge_with_right(mut self, next: Block<T>) -> Block<T> {
[INFO] [stderr]    |            ^^^^^^^^^^^^^^^^
[INFO] [stderr] ...
[INFO] [stderr] 99 |     pub fn split_at(self, client_id: ClientId, index: Clock) -> (Block<T>, Block<T>) {
[INFO] [stderr]    |            ^^^^^^^^
[INFO] [stderr]    |
[INFO] [stderr]    = note: `#[warn(dead_code)]` on by default
[INFO] [stderr] 
[INFO] [stderr] warning: method `apply` is never used
[INFO] [stderr]   --> src/delete_set.rs:12:12
[INFO] [stderr]    |
[INFO] [stderr] 11 | impl DeleteSet {
[INFO] [stderr]    | -------------- method in this implementation
[INFO] [stderr] 12 |     pub fn apply<T: Item>(&self, document: &mut Document<T>) {
[INFO] [stderr]    |            ^^^^^
[INFO] [stderr] 
[INFO] [stderr] warning: field `clock` is never read
[INFO] [stderr]   --> src/document.rs:26:5
[INFO] [stderr]    |
[INFO] [stderr] 25 | pub struct Document<T: Item> {
[INFO] [stderr]    |            -------- field in this struct
[INFO] [stderr] 26 |     clock: Clock,
[INFO] [stderr]    |     ^^^^^
[INFO] [stderr]    |
[INFO] [stderr]    = note: `Document` has a derived impl for the trait `Debug`, but this is intentionally ignored during dead code analysis
[INFO] [stderr] 
[INFO] [stderr] warning: method `delete` is never used
[INFO] [stderr]    --> src/store.rs:149:12
[INFO] [stderr]     |
[INFO] [stderr] 111 | impl<T: Item> Store<T> {
[INFO] [stderr]     | ---------------------- method in this implementation
[INFO] [stderr] ...
[INFO] [stderr] 149 |     pub fn delete(&mut self, index: usize) {
[INFO] [stderr]     |            ^^^^^^
[INFO] [stderr] 
[INFO] [stderr] warning: method `merge` is never used
[INFO] [stderr]   --> src/update.rs:19:8
[INFO] [stderr]    |
[INFO] [stderr] 18 | impl<T: Item> Content<T> {
[INFO] [stderr]    | ------------------------ method in this implementation
[INFO] [stderr] 19 |     fn merge(self, other: Self) -> Self {
[INFO] [stderr]    |        ^^^^^
[INFO] [stderr] 
[INFO] [stderr] warning: enum `MergeResult` is never used
[INFO] [stderr]   --> src/update.rs:34:6
[INFO] [stderr]    |
[INFO] [stderr] 34 | enum MergeResult<T> {
[INFO] [stderr]    |      ^^^^^^^^^^^
[INFO] [stderr] 
[INFO] [stderr] warning: associated items `from_block`, `length`, and `try_merge` are never used
[INFO] [stderr]   --> src/update.rs:65:8
[INFO] [stderr]    |
[INFO] [stderr] 46 | impl<T: Item> UpdateBlock<T> {
[INFO] [stderr]    | ---------------------------- associated items in this implementation
[INFO] [stderr] ...
[INFO] [stderr] 65 |     fn from_block(block: &Block<T>) -> UpdateBlock<T> {
[INFO] [stderr]    |        ^^^^^^^^^^
[INFO] [stderr] ...
[INFO] [stderr] 87 |     fn length(&self) -> u64 {
[INFO] [stderr]    |        ^^^^^^
[INFO] [stderr] ...
[INFO] [stderr] 94 |     fn try_merge(
[INFO] [stderr]    |        ^^^^^^^^^
[INFO] [stderr] 
[INFO] [stderr] warning: method `compact` is never used
[INFO] [stderr]    --> src/update.rs:258:8
[INFO] [stderr]     |
[INFO] [stderr] 149 | impl<T: Item> Update<T> {
[INFO] [stderr]     | ----------------------- method in this implementation
[INFO] [stderr] ...
[INFO] [stderr] 258 |     fn compact(self) -> Self {
[INFO] [stderr]     |        ^^^^^^^
[INFO] [stderr] 
[INFO] [stderr] warning: unused `Result` that must be used
[INFO] [stderr]    --> src/update.rs:317:9
[INFO] [stderr]     |
[INFO] [stderr] 317 |         update.apply(&mut doc2);
[INFO] [stderr]     |         ^^^^^^^^^^^^^^^^^^^^^^^
[INFO] [stderr]     |
[INFO] [stderr]     = note: this `Result` may be an `Err` variant, which should be handled
[INFO] [stderr]     = note: `#[warn(unused_must_use)]` on by default
[INFO] [stderr] help: use `let _ = ...` to ignore the resulting value
[INFO] [stderr]     |
[INFO] [stderr] 317 |         let _ = update.apply(&mut doc2);
[INFO] [stderr]     |         +++++++
[INFO] [stderr] 
[INFO] [stderr] warning: unused `Result` that must be used
[INFO] [stderr]    --> src/update.rs:345:9
[INFO] [stderr]     |
[INFO] [stderr] 345 |         update.apply(&mut doc2);
[INFO] [stderr]     |         ^^^^^^^^^^^^^^^^^^^^^^^
[INFO] [stderr]     |
[INFO] [stderr]     = note: this `Result` may be an `Err` variant, which should be handled
[INFO] [stderr] help: use `let _ = ...` to ignore the resulting value
[INFO] [stderr]     |
[INFO] [stderr] 345 |         let _ = update.apply(&mut doc2);
[INFO] [stderr]     |         +++++++
[INFO] [stderr] 
[INFO] [stderr] warning: `yata-impl` (bin "yata-impl" test) generated 19 warnings (run `cargo fix --bin "yata-impl" --tests` to apply 9 suggestions)
[INFO] [stderr]     Finished test [unoptimized + debuginfo] target(s) in 0.01s
[INFO] [stderr]      Running unittests src/main.rs (/opt/rustwide/target/debug/deps/yata_impl-9061ec6ca0bf4e9f)
[INFO] [stdout] 
[INFO] [stdout] running 21 tests
[INFO] [stdout] test store::tests::insert_at_start_after_existing ... ok
[INFO] [stdout] test store::tests::insert_at_start_before_existing ... ok
[INFO] [stdout] test store::tests::insert_at_start_when_empty ... ok
[INFO] [stdout] test store::tests::insert_no_conflicts ... ok
[INFO] [stdout] test store::tests::integrate_changes ... ok
[INFO] [stdout] test store::tests::test_deletion ... ok
[INFO] [stdout] test update::tests::can_validate_empty_doc ... ok
[INFO] [stdout] test update::tests::can_merge_two_documents ... ok
[INFO] [stdout] test update::tests::throws_error_if_update_client_doesnt_exist_range ... ok
[INFO] [stdout] test update::tests::throws_error_if_update_outside_range_left ... ok
[INFO] [stdout] test update::tests::can_apply_update_to_document ... ok
[INFO] [stdout] test update::tests::validate_apply_serialized_update ... ok
[INFO] [stdout] test update::tests::validate_ok_if_valid_update ... ok
[INFO] [stdout] test update::tests::can_create_update_from_document ... ok
[INFO] [stdout] test update::tests::cant_apply_update_with_missing_dependency ... ok
[INFO] [stdout] test update::tests::throws_error_if_client_doesnt_exist_range ... ok
[INFO] [stdout] test update::tests::throws_error_if_update_outside_range_right ... ok
[INFO] [stdout] test store::tests::insert_changes ... FAILED
[INFO] [stdout] test store::tests::integrate_conflicts_smaller_client_id ... FAILED
[INFO] [stdout] test store::tests::integrate_multiple_changes ... FAILED
[INFO] [stdout] test store::tests::integrate_conflicts ... FAILED
[INFO] [stdout] 
[INFO] [stdout] failures:
[INFO] [stdout] 
[INFO] [stdout] ---- store::tests::insert_changes stdout ----
[INFO] [stdout] thread 'store::tests::insert_changes' panicked at src/store.rs:364:9:
[INFO] [stdout] assertion `left == right` failed
[INFO] [stdout]   left: ["Test", "Test 2", "Test 3"]
[INFO] [stdout]  right: ["Test", "Test 3", "Test 2"]
[INFO] [stdout] stack backtrace:
[INFO] [stdout]    0:     0x5640ef63309c - std::backtrace_rs::backtrace::libunwind::trace::ha637c64ce894333a
[INFO] [stdout]                                at /rustc/82e1608dfa6e0b5569232559e3d385fea5a93112/library/std/src/../../backtrace/src/backtrace/libunwind.rs:104:5
[INFO] [stdout]    1:     0x5640ef63309c - std::backtrace_rs::backtrace::trace_unsynchronized::h47f62dea28e0c88d
[INFO] [stdout]                                at /rustc/82e1608dfa6e0b5569232559e3d385fea5a93112/library/std/src/../../backtrace/src/backtrace/mod.rs:66:5
[INFO] [stdout]    2:     0x5640ef63309c - std::sys_common::backtrace::_print_fmt::h9eef0abe20ede486
[INFO] [stdout]                                at /rustc/82e1608dfa6e0b5569232559e3d385fea5a93112/library/std/src/sys_common/backtrace.rs:67:5
[INFO] [stdout]    3:     0x5640ef63309c - <std::sys_common::backtrace::_print::DisplayBacktrace as core::fmt::Display>::fmt::hed7f999df88cc644
[INFO] [stdout]                                at /rustc/82e1608dfa6e0b5569232559e3d385fea5a93112/library/std/src/sys_common/backtrace.rs:44:22
[INFO] [stdout]    4:     0x5640ef65cc40 - core::fmt::rt::Argument::fmt::h1539a9308b8d058d
[INFO] [stdout]                                at /rustc/82e1608dfa6e0b5569232559e3d385fea5a93112/library/core/src/fmt/rt.rs:142:9
[INFO] [stdout]    5:     0x5640ef65cc40 - core::fmt::write::h3a39390d8560d9c9
[INFO] [stdout]                                at /rustc/82e1608dfa6e0b5569232559e3d385fea5a93112/library/core/src/fmt/mod.rs:1120:17
[INFO] [stdout]    6:     0x5640ef6309cf - std::io::Write::write_fmt::h040b369f3a0f9cbc
[INFO] [stdout]                                at /rustc/82e1608dfa6e0b5569232559e3d385fea5a93112/library/std/src/io/mod.rs:1762:15
[INFO] [stdout]    7:     0x5640ef632e84 - std::sys_common::backtrace::_print::h894006fb5c6f3d45
[INFO] [stdout]                                at /rustc/82e1608dfa6e0b5569232559e3d385fea5a93112/library/std/src/sys_common/backtrace.rs:47:5
[INFO] [stdout]    8:     0x5640ef632e84 - std::sys_common::backtrace::print::h23a2d212c6fff936
[INFO] [stdout]                                at /rustc/82e1608dfa6e0b5569232559e3d385fea5a93112/library/std/src/sys_common/backtrace.rs:34:9
[INFO] [stdout]    9:     0x5640ef634b47 - std::panicking::default_hook::{{closure}}::h8a1d2ee00185001a
[INFO] [stdout]   10:     0x5640ef634833 - std::panicking::default_hook::h6038f2eba384e475
[INFO] [stdout]                                at /rustc/82e1608dfa6e0b5569232559e3d385fea5a93112/library/std/src/panicking.rs:289:9
[INFO] [stdout]   11:     0x5640ef601797 - <alloc::boxed::Box<F,A> as core::ops::function::Fn<Args>>::call::h0ad024c9bdc6d768
[INFO] [stdout]                                at /rustc/82e1608dfa6e0b5569232559e3d385fea5a93112/library/alloc/src/boxed.rs:2021:9
[INFO] [stdout]   12:     0x5640ef601797 - test::test_main::{{closure}}::h7500b54257359db6
[INFO] [stdout]                                at /rustc/82e1608dfa6e0b5569232559e3d385fea5a93112/library/test/src/lib.rs:138:21
[INFO] [stdout]   13:     0x5640ef635158 - <alloc::boxed::Box<F,A> as core::ops::function::Fn<Args>>::call::h1f8f335eaa9cfaee
[INFO] [stdout]                                at /rustc/82e1608dfa6e0b5569232559e3d385fea5a93112/library/alloc/src/boxed.rs:2021:9
[INFO] [stdout]   14:     0x5640ef635158 - std::panicking::rust_panic_with_hook::h2b5517d590cab22e
[INFO] [stdout]                                at /rustc/82e1608dfa6e0b5569232559e3d385fea5a93112/library/std/src/panicking.rs:783:13
[INFO] [stdout]   15:     0x5640ef634eae - std::panicking::begin_panic_handler::{{closure}}::h233112c06e0ef43e
[INFO] [stdout]                                at /rustc/82e1608dfa6e0b5569232559e3d385fea5a93112/library/std/src/panicking.rs:657:13
[INFO] [stdout]   16:     0x5640ef633566 - std::sys_common::backtrace::__rust_end_short_backtrace::h6e893f24d7ebbff8
[INFO] [stdout]                                at /rustc/82e1608dfa6e0b5569232559e3d385fea5a93112/library/std/src/sys_common/backtrace.rs:170:18
[INFO] [stdout]   17:     0x5640ef634c12 - rust_begin_unwind
[INFO] [stdout]                                at /rustc/82e1608dfa6e0b5569232559e3d385fea5a93112/library/std/src/panicking.rs:645:5
[INFO] [stdout]   18:     0x5640ef552155 - core::panicking::panic_fmt::hbf0e066aabfa482c
[INFO] [stdout]                                at /rustc/82e1608dfa6e0b5569232559e3d385fea5a93112/library/core/src/panicking.rs:72:14
[INFO] [stdout]   19:     0x5640ef55256b - core::panicking::assert_failed_inner::h0bba8b7c26ee4492
[INFO] [stdout]   20:     0x5640ef583eb2 - core::panicking::assert_failed::hbf99fb8882163752
[INFO] [stdout]                                at /rustc/82e1608dfa6e0b5569232559e3d385fea5a93112/library/core/src/panicking.rs:279:5
[INFO] [stdout]   21:     0x5640ef58f721 - yata_impl::store::tests::insert_changes::h6a1522e81473f631
[INFO] [stdout]                                at /opt/rustwide/workdir/src/store.rs:364:9
[INFO] [stdout]   22:     0x5640ef58f497 - yata_impl::store::tests::insert_changes::{{closure}}::h92e0e01fdb436554
[INFO] [stdout]                                at /opt/rustwide/workdir/src/store.rs:358:24
[INFO] [stdout]   23:     0x5640ef5760e6 - core::ops::function::FnOnce::call_once::hb3067d784188e728
[INFO] [stdout]                                at /rustc/82e1608dfa6e0b5569232559e3d385fea5a93112/library/core/src/ops/function.rs:250:5
[INFO] [stdout]   24:     0x5640ef606def - core::ops::function::FnOnce::call_once::h2b5d431d5046312d
[INFO] [stdout]                                at /rustc/82e1608dfa6e0b5569232559e3d385fea5a93112/library/core/src/ops/function.rs:250:5
[INFO] [stdout]   25:     0x5640ef606def - test::__rust_begin_short_backtrace::h7714669af176e207
[INFO] [stdout]                                at /rustc/82e1608dfa6e0b5569232559e3d385fea5a93112/library/test/src/lib.rs:628:18
[INFO] [stdout]   26:     0x5640ef605e05 - test::run_test_in_process::{{closure}}::h85218797dcbcec12
[INFO] [stdout]                                at /rustc/82e1608dfa6e0b5569232559e3d385fea5a93112/library/test/src/lib.rs:651:60
[INFO] [stdout]   27:     0x5640ef605e05 - <core::panic::unwind_safe::AssertUnwindSafe<F> as core::ops::function::FnOnce<()>>::call_once::h76c106ea31c14d7b
[INFO] [stdout]                                at /rustc/82e1608dfa6e0b5569232559e3d385fea5a93112/library/core/src/panic/unwind_safe.rs:272:9
[INFO] [stdout]   28:     0x5640ef605e05 - std::panicking::try::do_call::h3bd5d0f6620ee946
[INFO] [stdout]                                at /rustc/82e1608dfa6e0b5569232559e3d385fea5a93112/library/std/src/panicking.rs:552:40
[INFO] [stdout]   29:     0x5640ef605e05 - std::panicking::try::h232e535e4744fe31
[INFO] [stdout]                                at /rustc/82e1608dfa6e0b5569232559e3d385fea5a93112/library/std/src/panicking.rs:516:19
[INFO] [stdout]   30:     0x5640ef605e05 - std::panic::catch_unwind::h3ce3bd6ca8dbac68
[INFO] [stdout]                                at /rustc/82e1608dfa6e0b5569232559e3d385fea5a93112/library/std/src/panic.rs:142:14
[INFO] [stdout]   31:     0x5640ef605e05 - test::run_test_in_process::hc97b257c9621286a
[INFO] [stdout]                                at /rustc/82e1608dfa6e0b5569232559e3d385fea5a93112/library/test/src/lib.rs:651:27
[INFO] [stdout]   32:     0x5640ef605e05 - test::run_test::{{closure}}::h2aa798823a438d38
[INFO] [stdout]                                at /rustc/82e1608dfa6e0b5569232559e3d385fea5a93112/library/test/src/lib.rs:574:43
[INFO] [stdout]   33:     0x5640ef5ce0c6 - test::run_test::{{closure}}::h87d231c78fb59832
[INFO] [stdout]                                at /rustc/82e1608dfa6e0b5569232559e3d385fea5a93112/library/test/src/lib.rs:602:41
[INFO] [stdout]   34:     0x5640ef5ce0c6 - std::sys_common::backtrace::__rust_begin_short_backtrace::he6df152596625789
[INFO] [stdout]                                at /rustc/82e1608dfa6e0b5569232559e3d385fea5a93112/library/std/src/sys_common/backtrace.rs:154:18
[INFO] [stdout]   35:     0x5640ef5d3177 - std::thread::Builder::spawn_unchecked_::{{closure}}::{{closure}}::ha94be15d1e0acf36
[INFO] [stdout]                                at /rustc/82e1608dfa6e0b5569232559e3d385fea5a93112/library/std/src/thread/mod.rs:529:17
[INFO] [stdout]   36:     0x5640ef5d3177 - <core::panic::unwind_safe::AssertUnwindSafe<F> as core::ops::function::FnOnce<()>>::call_once::h9dc6bd6372f16606
[INFO] [stdout]                                at /rustc/82e1608dfa6e0b5569232559e3d385fea5a93112/library/core/src/panic/unwind_safe.rs:272:9
[INFO] [stdout]   37:     0x5640ef5d3177 - std::panicking::try::do_call::h9057517f80303cd4
[INFO] [stdout]                                at /rustc/82e1608dfa6e0b5569232559e3d385fea5a93112/library/std/src/panicking.rs:552:40
[INFO] [stdout]   38:     0x5640ef5d3177 - std::panicking::try::he3a30b11ee45340c
[INFO] [stdout]                                at /rustc/82e1608dfa6e0b5569232559e3d385fea5a93112/library/std/src/panicking.rs:516:19
[INFO] [stdout]   39:     0x5640ef5d3177 - std::panic::catch_unwind::h410458cfd3528b8b
[INFO] [stdout]                                at /rustc/82e1608dfa6e0b5569232559e3d385fea5a93112/library/std/src/panic.rs:142:14
[INFO] [stdout]   40:     0x5640ef5d3177 - std::thread::Builder::spawn_unchecked_::{{closure}}::h72ac3bdb567b737b
[INFO] [stdout]                                at /rustc/82e1608dfa6e0b5569232559e3d385fea5a93112/library/std/src/thread/mod.rs:528:30
[INFO] [stdout]   41:     0x5640ef5d3177 - core::ops::function::FnOnce::call_once{{vtable.shim}}::h38f34da3654a8344
[INFO] [stdout]                                at /rustc/82e1608dfa6e0b5569232559e3d385fea5a93112/library/core/src/ops/function.rs:250:5
[INFO] [stdout]   42:     0x5640ef639be5 - <alloc::boxed::Box<F,A> as core::ops::function::FnOnce<Args>>::call_once::hc7eafaff61e32df9
[INFO] [stdout]                                at /rustc/82e1608dfa6e0b5569232559e3d385fea5a93112/library/alloc/src/boxed.rs:2007:9
[INFO] [stdout]   43:     0x5640ef639be5 - <alloc::boxed::Box<F,A> as core::ops::function::FnOnce<Args>>::call_once::h6ba4a5de48dd2304
[INFO] [stdout]                                at /rustc/82e1608dfa6e0b5569232559e3d385fea5a93112/library/alloc/src/boxed.rs:2007:9
[INFO] [stdout]   44:     0x5640ef639be5 - std::sys::unix::thread::Thread::new::thread_start::he469335aef763e45
[INFO] [stdout]                                at /rustc/82e1608dfa6e0b5569232559e3d385fea5a93112/library/std/src/sys/unix/thread.rs:108:17
[INFO] [stdout]   45:     0x7fbded703ac3 - <unknown>
[INFO] [stdout]   46:     0x7fbded794bf4 - __clone
[INFO] [stdout]   47:                0x0 - <unknown>
[INFO] [stdout] 
[INFO] [stdout] ---- store::tests::integrate_conflicts_smaller_client_id stdout ----
[INFO] [stdout] thread 'store::tests::integrate_conflicts_smaller_client_id' panicked at src/store.rs:410:9:
[INFO] [stdout] assertion `left == right` failed
[INFO] [stdout]   left: ["Test", "Test 4", "Test 2", "Test 3"]
[INFO] [stdout]  right: ["Test", "Test 4", "Test 3", "Test 2"]
[INFO] [stdout] stack backtrace:
[INFO] [stdout]    0:     0x5640ef63309c - std::backtrace_rs::backtrace::libunwind::trace::ha637c64ce894333a
[INFO] [stdout]                                at /rustc/82e1608dfa6e0b5569232559e3d385fea5a93112/library/std/src/../../backtrace/src/backtrace/libunwind.rs:104:5
[INFO] [stdout]    1:     0x5640ef63309c - std::backtrace_rs::backtrace::trace_unsynchronized::h47f62dea28e0c88d
[INFO] [stdout]                                at /rustc/82e1608dfa6e0b5569232559e3d385fea5a93112/library/std/src/../../backtrace/src/backtrace/mod.rs:66:5
[INFO] [stdout]    2:     0x5640ef63309c - std::sys_common::backtrace::_print_fmt::h9eef0abe20ede486
[INFO] [stdout]                                at /rustc/82e1608dfa6e0b5569232559e3d385fea5a93112/library/std/src/sys_common/backtrace.rs:67:5
[INFO] [stdout]    3:     0x5640ef63309c - <std::sys_common::backtrace::_print::DisplayBacktrace as core::fmt::Display>::fmt::hed7f999df88cc644
[INFO] [stdout]                                at /rustc/82e1608dfa6e0b5569232559e3d385fea5a93112/library/std/src/sys_common/backtrace.rs:44:22
[INFO] [stdout]    4:     0x5640ef65cc40 - core::fmt::rt::Argument::fmt::h1539a9308b8d058d
[INFO] [stdout]                                at /rustc/82e1608dfa6e0b5569232559e3d385fea5a93112/library/core/src/fmt/rt.rs:142:9
[INFO] [stdout]    5:     0x5640ef65cc40 - core::fmt::write::h3a39390d8560d9c9
[INFO] [stdout]                                at /rustc/82e1608dfa6e0b5569232559e3d385fea5a93112/library/core/src/fmt/mod.rs:1120:17
[INFO] [stdout]    6:     0x5640ef6309cf - std::io::Write::write_fmt::h040b369f3a0f9cbc
[INFO] [stdout]                                at /rustc/82e1608dfa6e0b5569232559e3d385fea5a93112/library/std/src/io/mod.rs:1762:15
[INFO] [stdout]    7:     0x5640ef632e84 - std::sys_common::backtrace::_print::h894006fb5c6f3d45
[INFO] [stdout]                                at /rustc/82e1608dfa6e0b5569232559e3d385fea5a93112/library/std/src/sys_common/backtrace.rs:47:5
[INFO] [stdout]    8:     0x5640ef632e84 - std::sys_common::backtrace::print::h23a2d212c6fff936
[INFO] [stdout]                                at /rustc/82e1608dfa6e0b5569232559e3d385fea5a93112/library/std/src/sys_common/backtrace.rs:34:9
[INFO] [stdout]    9:     0x5640ef634b47 - std::panicking::default_hook::{{closure}}::h8a1d2ee00185001a
[INFO] [stdout]   10:     0x5640ef634833 - std::panicking::default_hook::h6038f2eba384e475
[INFO] [stdout]                                at /rustc/82e1608dfa6e0b5569232559e3d385fea5a93112/library/std/src/panicking.rs:289:9
[INFO] [stdout]   11:     0x5640ef601797 - <alloc::boxed::Box<F,A> as core::ops::function::Fn<Args>>::call::h0ad024c9bdc6d768
[INFO] [stdout]                                at /rustc/82e1608dfa6e0b5569232559e3d385fea5a93112/library/alloc/src/boxed.rs:2021:9
[INFO] [stdout]   12:     0x5640ef601797 - test::test_main::{{closure}}::h7500b54257359db6
[INFO] [stdout]                                at /rustc/82e1608dfa6e0b5569232559e3d385fea5a93112/library/test/src/lib.rs:138:21
[INFO] [stdout]   13:     0x5640ef635158 - <alloc::boxed::Box<F,A> as core::ops::function::Fn<Args>>::call::h1f8f335eaa9cfaee
[INFO] [stdout]                                at /rustc/82e1608dfa6e0b5569232559e3d385fea5a93112/library/alloc/src/boxed.rs:2021:9
[INFO] [stdout]   14:     0x5640ef635158 - std::panicking::rust_panic_with_hook::h2b5517d590cab22e
[INFO] [stdout]                                at /rustc/82e1608dfa6e0b5569232559e3d385fea5a93112/library/std/src/panicking.rs:783:13
[INFO] [stdout]   15:     0x5640ef634eae - std::panicking::begin_panic_handler::{{closure}}::h233112c06e0ef43e
[INFO] [stdout]                                at /rustc/82e1608dfa6e0b5569232559e3d385fea5a93112/library/std/src/panicking.rs:657:13
[INFO] [stdout]   16:     0x5640ef633566 - std::sys_common::backtrace::__rust_end_short_backtrace::h6e893f24d7ebbff8
[INFO] [stdout]                                at /rustc/82e1608dfa6e0b5569232559e3d385fea5a93112/library/std/src/sys_common/backtrace.rs:170:18
[INFO] [stdout]   17:     0x5640ef634c12 - rust_begin_unwind
[INFO] [stdout]                                at /rustc/82e1608dfa6e0b5569232559e3d385fea5a93112/library/std/src/panicking.rs:645:5
[INFO] [stdout]   18:     0x5640ef552155 - core::panicking::panic_fmt::hbf0e066aabfa482c
[INFO] [stdout]                                at /rustc/82e1608dfa6e0b5569232559e3d385fea5a93112/library/core/src/panicking.rs:72:14
[INFO] [stdout]   19:     0x5640ef55256b - core::panicking::assert_failed_inner::h0bba8b7c26ee4492
[INFO] [stdout]   20:     0x5640ef583eb2 - core::panicking::assert_failed::hbf99fb8882163752
[INFO] [stdout]                                at /rustc/82e1608dfa6e0b5569232559e3d385fea5a93112/library/core/src/panicking.rs:279:5
[INFO] [stdout]   21:     0x5640ef5900fe - yata_impl::store::tests::integrate_conflicts_smaller_client_id::h6179e8e70a464244
[INFO] [stdout]                                at /opt/rustwide/workdir/src/store.rs:410:9
[INFO] [stdout]   22:     0x5640ef58fcc7 - yata_impl::store::tests::integrate_conflicts_smaller_client_id::{{closure}}::h1679dbef9e84bbb0
[INFO] [stdout]                                at /opt/rustwide/workdir/src/store.rs:394:47
[INFO] [stdout]   23:     0x5640ef575ed6 - core::ops::function::FnOnce::call_once::h73219282c85f8ed1
[INFO] [stdout]                                at /rustc/82e1608dfa6e0b5569232559e3d385fea5a93112/library/core/src/ops/function.rs:250:5
[INFO] [stdout]   24:     0x5640ef606def - core::ops::function::FnOnce::call_once::h2b5d431d5046312d
[INFO] [stdout]                                at /rustc/82e1608dfa6e0b5569232559e3d385fea5a93112/library/core/src/ops/function.rs:250:5
[INFO] [stdout]   25:     0x5640ef606def - test::__rust_begin_short_backtrace::h7714669af176e207
[INFO] [stdout]                                at /rustc/82e1608dfa6e0b5569232559e3d385fea5a93112/library/test/src/lib.rs:628:18
[INFO] [stdout]   26:     0x5640ef605e05 - test::run_test_in_process::{{closure}}::h85218797dcbcec12
[INFO] [stdout]                                at /rustc/82e1608dfa6e0b5569232559e3d385fea5a93112/library/test/src/lib.rs:651:60
[INFO] [stdout]   27:     0x5640ef605e05 - <core::panic::unwind_safe::AssertUnwindSafe<F> as core::ops::function::FnOnce<()>>::call_once::h76c106ea31c14d7b
[INFO] [stdout]                                at /rustc/82e1608dfa6e0b5569232559e3d385fea5a93112/library/core/src/panic/unwind_safe.rs:272:9
[INFO] [stdout]   28:     0x5640ef605e05 - std::panicking::try::do_call::h3bd5d0f6620ee946
[INFO] [stdout]                                at /rustc/82e1608dfa6e0b5569232559e3d385fea5a93112/library/std/src/panicking.rs:552:40
[INFO] [stdout]   29:     0x5640ef605e05 - std::panicking::try::h232e535e4744fe31
[INFO] [stdout]                                at /rustc/82e1608dfa6e0b5569232559e3d385fea5a93112/library/std/src/panicking.rs:516:19
[INFO] [stdout]   30:     0x5640ef605e05 - std::panic::catch_unwind::h3ce3bd6ca8dbac68
[INFO] [stdout]                                at /rustc/82e1608dfa6e0b5569232559e3d385fea5a93112/library/std/src/panic.rs:142:14
[INFO] [stdout]   31:     0x5640ef605e05 - test::run_test_in_process::hc97b257c9621286a
[INFO] [stdout]                                at /rustc/82e1608dfa6e0b5569232559e3d385fea5a93112/library/test/src/lib.rs:651:27
[INFO] [stdout]   32:     0x5640ef605e05 - test::run_test::{{closure}}::h2aa798823a438d38
[INFO] [stdout]                                at /rustc/82e1608dfa6e0b5569232559e3d385fea5a93112/library/test/src/lib.rs:574:43
[INFO] [stdout]   33:     0x5640ef5ce0c6 - test::run_test::{{closure}}::h87d231c78fb59832
[INFO] [stdout]                                at /rustc/82e1608dfa6e0b5569232559e3d385fea5a93112/library/test/src/lib.rs:602:41
[INFO] [stdout]   34:     0x5640ef5ce0c6 - std::sys_common::backtrace::__rust_begin_short_backtrace::he6df152596625789
[INFO] [stdout]                                at /rustc/82e1608dfa6e0b5569232559e3d385fea5a93112/library/std/src/sys_common/backtrace.rs:154:18
[INFO] [stdout]   35:     0x5640ef5d3177 - std::thread::Builder::spawn_unchecked_::{{closure}}::{{closure}}::ha94be15d1e0acf36
[INFO] [stdout]                                at /rustc/82e1608dfa6e0b5569232559e3d385fea5a93112/library/std/src/thread/mod.rs:529:17
[INFO] [stdout]   36:     0x5640ef5d3177 - <core::panic::unwind_safe::AssertUnwindSafe<F> as core::ops::function::FnOnce<()>>::call_once::h9dc6bd6372f16606
[INFO] [stdout]                                at /rustc/82e1608dfa6e0b5569232559e3d385fea5a93112/library/core/src/panic/unwind_safe.rs:272:9
[INFO] [stdout]   37:     0x5640ef5d3177 - std::panicking::try::do_call::h9057517f80303cd4
[INFO] [stdout]                                at /rustc/82e1608dfa6e0b5569232559e3d385fea5a93112/library/std/src/panicking.rs:552:40
[INFO] [stdout]   38:     0x5640ef5d3177 - std::panicking::try::he3a30b11ee45340c
[INFO] [stdout]                                at /rustc/82e1608dfa6e0b5569232559e3d385fea5a93112/library/std/src/panicking.rs:516:19
[INFO] [stdout]   39:     0x5640ef5d3177 - std::panic::catch_unwind::h410458cfd3528b8b
[INFO] [stdout]                                at /rustc/82e1608dfa6e0b5569232559e3d385fea5a93112/library/std/src/panic.rs:142:14
[INFO] [stdout]   40:     0x5640ef5d3177 - std::thread::Builder::spawn_unchecked_::{{closure}}::h72ac3bdb567b737b
[INFO] [stdout]                                at /rustc/82e1608dfa6e0b5569232559e3d385fea5a93112/library/std/src/thread/mod.rs:528:30
[INFO] [stdout]   41:     0x5640ef5d3177 - core::ops::function::FnOnce::call_once{{vtable.shim}}::h38f34da3654a8344
[INFO] [stdout]                                at /rustc/82e1608dfa6e0b5569232559e3d385fea5a93112/library/core/src/ops/function.rs:250:5
[INFO] [stdout]   42:     0x5640ef639be5 - <alloc::boxed::Box<F,A> as core::ops::function::FnOnce<Args>>::call_once::hc7eafaff61e32df9
[INFO] [stdout]                                at /rustc/82e1608dfa6e0b5569232559e3d385fea5a93112/library/alloc/src/boxed.rs:2007:9
[INFO] [stdout]   43:     0x5640ef639be5 - <alloc::boxed::Box<F,A> as core::ops::function::FnOnce<Args>>::call_once::h6ba4a5de48dd2304
[INFO] [stdout]                                at /rustc/82e1608dfa6e0b5569232559e3d385fea5a93112/library/alloc/src/boxed.rs:2007:9
[INFO] [stdout]   44:     0x5640ef639be5 - std::sys::unix::thread::Thread::new::thread_start::he469335aef763e45
[INFO] [stdout]                                at /rustc/82e1608dfa6e0b5569232559e3d385fea5a93112/library/std/src/sys/unix/thread.rs:108:17
[INFO] [stdout]   45:     0x7fbded703ac3 - <unknown>
[INFO] [stdout]   46:     0x7fbded794bf4 - __clone
[INFO] [stdout]   47:                0x0 - <unknown>
[INFO] [stdout] 
[INFO] [stdout] ---- store::tests::integrate_multiple_changes stdout ----
[INFO] [stdout] thread 'store::tests::integrate_multiple_changes' panicked at src/store.rs:441:9:
[INFO] [stdout] assertion `left == right` failed
[INFO] [stdout]   left: ["Test", "Test 4", "Test 5", "Test 2", "Test 3"]
[INFO] [stdout]  right: ["Test", "Test 4", "Test 5", "Test 3", "Test 2"]
[INFO] [stdout] stack backtrace:
[INFO] [stdout]    0:     0x5640ef63309c - std::backtrace_rs::backtrace::libunwind::trace::ha637c64ce894333a
[INFO] [stdout]                                at /rustc/82e1608dfa6e0b5569232559e3d385fea5a93112/library/std/src/../../backtrace/src/backtrace/libunwind.rs:104:5
[INFO] [stdout]    1:     0x5640ef63309c - std::backtrace_rs::backtrace::trace_unsynchronized::h47f62dea28e0c88d
[INFO] [stdout]                                at /rustc/82e1608dfa6e0b5569232559e3d385fea5a93112/library/std/src/../../backtrace/src/backtrace/mod.rs:66:5
[INFO] [stdout]    2:     0x5640ef63309c - std::sys_common::backtrace::_print_fmt::h9eef0abe20ede486
[INFO] [stdout]                                at /rustc/82e1608dfa6e0b5569232559e3d385fea5a93112/library/std/src/sys_common/backtrace.rs:67:5
[INFO] [stdout]    3:     0x5640ef63309c - <std::sys_common::backtrace::_print::DisplayBacktrace as core::fmt::Display>::fmt::hed7f999df88cc644
[INFO] [stdout]                                at /rustc/82e1608dfa6e0b5569232559e3d385fea5a93112/library/std/src/sys_common/backtrace.rs:44:22
[INFO] [stdout]    4:     0x5640ef65cc40 - core::fmt::rt::Argument::fmt::h1539a9308b8d058d
[INFO] [stdout]                                at /rustc/82e1608dfa6e0b5569232559e3d385fea5a93112/library/core/src/fmt/rt.rs:142:9
[INFO] [stdout]    5:     0x5640ef65cc40 - core::fmt::write::h3a39390d8560d9c9
[INFO] [stdout]                                at /rustc/82e1608dfa6e0b5569232559e3d385fea5a93112/library/core/src/fmt/mod.rs:1120:17
[INFO] [stdout]    6:     0x5640ef6309cf - std::io::Write::write_fmt::h040b369f3a0f9cbc
[INFO] [stdout]                                at /rustc/82e1608dfa6e0b5569232559e3d385fea5a93112/library/std/src/io/mod.rs:1762:15
[INFO] [stdout]    7:     0x5640ef632e84 - std::sys_common::backtrace::_print::h894006fb5c6f3d45
[INFO] [stdout]                                at /rustc/82e1608dfa6e0b5569232559e3d385fea5a93112/library/std/src/sys_common/backtrace.rs:47:5
[INFO] [stdout]    8:     0x5640ef632e84 - std::sys_common::backtrace::print::h23a2d212c6fff936
[INFO] [stdout]                                at /rustc/82e1608dfa6e0b5569232559e3d385fea5a93112/library/std/src/sys_common/backtrace.rs:34:9
[INFO] [stdout]    9:     0x5640ef634b47 - std::panicking::default_hook::{{closure}}::h8a1d2ee00185001a
[INFO] [stdout]   10:     0x5640ef634833 - std::panicking::default_hook::h6038f2eba384e475
[INFO] [stdout]                                at /rustc/82e1608dfa6e0b5569232559e3d385fea5a93112/library/std/src/panicking.rs:289:9
[INFO] [stdout]   11:     0x5640ef601797 - <alloc::boxed::Box<F,A> as core::ops::function::Fn<Args>>::call::h0ad024c9bdc6d768
[INFO] [stdout]                                at /rustc/82e1608dfa6e0b5569232559e3d385fea5a93112/library/alloc/src/boxed.rs:2021:9
[INFO] [stdout]   12:     0x5640ef601797 - test::test_main::{{closure}}::h7500b54257359db6
[INFO] [stdout]                                at /rustc/82e1608dfa6e0b5569232559e3d385fea5a93112/library/test/src/lib.rs:138:21
[INFO] [stdout]   13:     0x5640ef635158 - <alloc::boxed::Box<F,A> as core::ops::function::Fn<Args>>::call::h1f8f335eaa9cfaee
[INFO] [stdout]                                at /rustc/82e1608dfa6e0b5569232559e3d385fea5a93112/library/alloc/src/boxed.rs:2021:9
[INFO] [stdout]   14:     0x5640ef635158 - std::panicking::rust_panic_with_hook::h2b5517d590cab22e
[INFO] [stdout]                                at /rustc/82e1608dfa6e0b5569232559e3d385fea5a93112/library/std/src/panicking.rs:783:13
[INFO] [stdout]   15:     0x5640ef634eae - std::panicking::begin_panic_handler::{{closure}}::h233112c06e0ef43e
[INFO] [stdout]                                at /rustc/82e1608dfa6e0b5569232559e3d385fea5a93112/library/std/src/panicking.rs:657:13
[INFO] [stdout]   16:     0x5640ef633566 - std::sys_common::backtrace::__rust_end_short_backtrace::h6e893f24d7ebbff8
[INFO] [stdout]                                at /rustc/82e1608dfa6e0b5569232559e3d385fea5a93112/library/std/src/sys_common/backtrace.rs:170:18
[INFO] [stdout]   17:     0x5640ef634c12 - rust_begin_unwind
[INFO] [stdout]                                at /rustc/82e1608dfa6e0b5569232559e3d385fea5a93112/library/std/src/panicking.rs:645:5
[INFO] [stdout]   18:     0x5640ef552155 - core::panicking::panic_fmt::hbf0e066aabfa482c
[INFO] [stdout]                                at /rustc/82e1608dfa6e0b5569232559e3d385fea5a93112/library/core/src/panicking.rs:72:14
[INFO] [stdout]   19:     0x5640ef55256b - core::panicking::assert_failed_inner::h0bba8b7c26ee4492
[INFO] [stdout]   20:     0x5640ef583eb2 - core::panicking::assert_failed::hbf99fb8882163752
[INFO] [stdout]                                at /rustc/82e1608dfa6e0b5569232559e3d385fea5a93112/library/core/src/panicking.rs:279:5
[INFO] [stdout]   21:     0x5640ef59073e - yata_impl::store::tests::integrate_multiple_changes::hd795344364144126
[INFO] [stdout]                                at /opt/rustwide/workdir/src/store.rs:441:9
[INFO] [stdout]   22:     0x5640ef5901b7 - yata_impl::store::tests::integrate_multiple_changes::{{closure}}::ha368e4207b8baabf
[INFO] [stdout]                                at /opt/rustwide/workdir/src/store.rs:417:36
[INFO] [stdout]   23:     0x5640ef575cb6 - core::ops::function::FnOnce::call_once::h37f2d25af1b963b0
[INFO] [stdout]                                at /rustc/82e1608dfa6e0b5569232559e3d385fea5a93112/library/core/src/ops/function.rs:250:5
[INFO] [stdout]   24:     0x5640ef606def - core::ops::function::FnOnce::call_once::h2b5d431d5046312d
[INFO] [stdout]                                at /rustc/82e1608dfa6e0b5569232559e3d385fea5a93112/library/core/src/ops/function.rs:250:5
[INFO] [stdout]   25:     0x5640ef606def - test::__rust_begin_short_backtrace::h7714669af176e207
[INFO] [stdout]                                at /rustc/82e1608dfa6e0b5569232559e3d385fea5a93112/library/test/src/lib.rs:628:18
[INFO] [stdout]   26:     0x5640ef605e05 - test::run_test_in_process::{{closure}}::h85218797dcbcec12
[INFO] [stdout]                                at /rustc/82e1608dfa6e0b5569232559e3d385fea5a93112/library/test/src/lib.rs:651:60
[INFO] [stdout]   27:     0x5640ef605e05 - <core::panic::unwind_safe::AssertUnwindSafe<F> as core::ops::function::FnOnce<()>>::call_once::h76c106ea31c14d7b
[INFO] [stdout]                                at /rustc/82e1608dfa6e0b5569232559e3d385fea5a93112/library/core/src/panic/unwind_safe.rs:272:9
[INFO] [stdout]   28:     0x5640ef605e05 - std::panicking::try::do_call::h3bd5d0f6620ee946
[INFO] [stdout]                                at /rustc/82e1608dfa6e0b5569232559e3d385fea5a93112/library/std/src/panicking.rs:552:40
[INFO] [stdout]   29:     0x5640ef605e05 - std::panicking::try::h232e535e4744fe31
[INFO] [stdout]                                at /rustc/82e1608dfa6e0b5569232559e3d385fea5a93112/library/std/src/panicking.rs:516:19
[INFO] [stdout]   30:     0x5640ef605e05 - std::panic::catch_unwind::h3ce3bd6ca8dbac68
[INFO] [stdout]                                at /rustc/82e1608dfa6e0b5569232559e3d385fea5a93112/library/std/src/panic.rs:142:14
[INFO] [stdout]   31:     0x5640ef605e05 - test::run_test_in_process::hc97b257c9621286a
[INFO] [stdout]                                at /rustc/82e1608dfa6e0b5569232559e3d385fea5a93112/library/test/src/lib.rs:651:27
[INFO] [stdout]   32:     0x5640ef605e05 - test::run_test::{{closure}}::h2aa798823a438d38
[INFO] [stdout]                                at /rustc/82e1608dfa6e0b5569232559e3d385fea5a93112/library/test/src/lib.rs:574:43
[INFO] [stdout]   33:     0x5640ef5ce0c6 - test::run_test::{{closure}}::h87d231c78fb59832
[INFO] [stdout]                                at /rustc/82e1608dfa6e0b5569232559e3d385fea5a93112/library/test/src/lib.rs:602:41
[INFO] [stdout]   34:     0x5640ef5ce0c6 - std::sys_common::backtrace::__rust_begin_short_backtrace::he6df152596625789
[INFO] [stdout]                                at /rustc/82e1608dfa6e0b5569232559e3d385fea5a93112/library/std/src/sys_common/backtrace.rs:154:18
[INFO] [stdout]   35:     0x5640ef5d3177 - std::thread::Builder::spawn_unchecked_::{{closure}}::{{closure}}::ha94be15d1e0acf36
[INFO] [stdout]                                at /rustc/82e1608dfa6e0b5569232559e3d385fea5a93112/library/std/src/thread/mod.rs:529:17
[INFO] [stdout]   36:     0x5640ef5d3177 - <core::panic::unwind_safe::AssertUnwindSafe<F> as core::ops::function::FnOnce<()>>::call_once::h9dc6bd6372f16606
[INFO] [stdout]                                at /rustc/82e1608dfa6e0b5569232559e3d385fea5a93112/library/core/src/panic/unwind_safe.rs:272:9
[INFO] [stdout]   37:     0x5640ef5d3177 - std::panicking::try::do_call::h9057517f80303cd4
[INFO] [stdout]                                at /rustc/82e1608dfa6e0b5569232559e3d385fea5a93112/library/std/src/panicking.rs:552:40
[INFO] [stdout]   38:     0x5640ef5d3177 - std::panicking::try::he3a30b11ee45340c
[INFO] [stdout]                                at /rustc/82e1608dfa6e0b5569232559e3d385fea5a93112/library/std/src/panicking.rs:516:19
[INFO] [stdout]   39:     0x5640ef5d3177 - std::panic::catch_unwind::h410458cfd3528b8b
[INFO] [stdout]                                at /rustc/82e1608dfa6e0b5569232559e3d385fea5a93112/library/std/src/panic.rs:142:14
[INFO] [stdout]   40:     0x5640ef5d3177 - std::thread::Builder::spawn_unchecked_::{{closure}}::h72ac3bdb567b737b
[INFO] [stdout]                                at /rustc/82e1608dfa6e0b5569232559e3d385fea5a93112/library/std/src/thread/mod.rs:528:30
[INFO] [stdout]   41:     0x5640ef5d3177 - core::ops::function::FnOnce::call_once{{vtable.shim}}::h38f34da3654a8344
[INFO] [stdout]                                at /rustc/82e1608dfa6e0b5569232559e3d385fea5a93112/library/core/src/ops/function.rs:250:5
[INFO] [stdout]   42:     0x5640ef639be5 - <alloc::boxed::Box<F,A> as core::ops::function::FnOnce<Args>>::call_once::hc7eafaff61e32df9
[INFO] [stdout]                                at /rustc/82e1608dfa6e0b5569232559e3d385fea5a93112/library/alloc/src/boxed.rs:2007:9
[INFO] [stdout]   43:     0x5640ef639be5 - <alloc::boxed::Box<F,A> as core::ops::function::FnOnce<Args>>::call_once::h6ba4a5de48dd2304
[INFO] [stdout]                                at /rustc/82e1608dfa6e0b5569232559e3d385fea5a93112/library/alloc/src/boxed.rs:2007:9
[INFO] [stdout]   44:     0x5640ef639be5 - std::sys::unix::thread::Thread::new::thread_start::he469335aef763e45
[INFO] [stdout]                                at /rustc/82e1608dfa6e0b5569232559e3d385fea5a93112/library/std/src/sys/unix/thread.rs:108:17
[INFO] [stdout]   45:     0x7fbded703ac3 - <unknown>
[INFO] [stdout]   46:     0x7fbded794bf4 - __clone
[INFO] [stdout]   47:                0x0 - <unknown>
[INFO] [stdout] 
[INFO] [stdout] ---- store::tests::integrate_conflicts stdout ----
[INFO] [stdout] thread 'store::tests::integrate_conflicts' panicked at src/store.rs:387:9:
[INFO] [stdout] assertion `left == right` failed
[INFO] [stdout]   left: ["Test", "Test 4", "Test 2", "Test 3"]
[INFO] [stdout]  right: ["Test", "Test 3", "Test 4", "Test 2"]
[INFO] [stdout] stack backtrace:
[INFO] [stdout]    0:     0x5640ef63309c - std::backtrace_rs::backtrace::libunwind::trace::ha637c64ce894333a
[INFO] [stdout]                                at /rustc/82e1608dfa6e0b5569232559e3d385fea5a93112/library/std/src/../../backtrace/src/backtrace/libunwind.rs:104:5
[INFO] [stdout]    1:     0x5640ef63309c - std::backtrace_rs::backtrace::trace_unsynchronized::h47f62dea28e0c88d
[INFO] [stdout]                                at /rustc/82e1608dfa6e0b5569232559e3d385fea5a93112/library/std/src/../../backtrace/src/backtrace/mod.rs:66:5
[INFO] [stdout]    2:     0x5640ef63309c - std::sys_common::backtrace::_print_fmt::h9eef0abe20ede486
[INFO] [stdout]                                at /rustc/82e1608dfa6e0b5569232559e3d385fea5a93112/library/std/src/sys_common/backtrace.rs:67:5
[INFO] [stdout]    3:     0x5640ef63309c - <std::sys_common::backtrace::_print::DisplayBacktrace as core::fmt::Display>::fmt::hed7f999df88cc644
[INFO] [stdout]                                at /rustc/82e1608dfa6e0b5569232559e3d385fea5a93112/library/std/src/sys_common/backtrace.rs:44:22
[INFO] [stdout]    4:     0x5640ef65cc40 - core::fmt::rt::Argument::fmt::h1539a9308b8d058d
[INFO] [stdout]                                at /rustc/82e1608dfa6e0b5569232559e3d385fea5a93112/library/core/src/fmt/rt.rs:142:9
[INFO] [stdout]    5:     0x5640ef65cc40 - core::fmt::write::h3a39390d8560d9c9
[INFO] [stdout]                                at /rustc/82e1608dfa6e0b5569232559e3d385fea5a93112/library/core/src/fmt/mod.rs:1120:17
[INFO] [stdout]    6:     0x5640ef6309cf - std::io::Write::write_fmt::h040b369f3a0f9cbc
[INFO] [stdout]                                at /rustc/82e1608dfa6e0b5569232559e3d385fea5a93112/library/std/src/io/mod.rs:1762:15
[INFO] [stdout]    7:     0x5640ef632e84 - std::sys_common::backtrace::_print::h894006fb5c6f3d45
[INFO] [stdout]                                at /rustc/82e1608dfa6e0b5569232559e3d385fea5a93112/library/std/src/sys_common/backtrace.rs:47:5
[INFO] [stdout]    8:     0x5640ef632e84 - std::sys_common::backtrace::print::h23a2d212c6fff936
[INFO] [stdout]                                at /rustc/82e1608dfa6e0b5569232559e3d385fea5a93112/library/std/src/sys_common/backtrace.rs:34:9
[INFO] [stdout]    9:     0x5640ef634b47 - std::panicking::default_hook::{{closure}}::h8a1d2ee00185001a
[INFO] [stdout]   10:     0x5640ef634833 - std::panicking::default_hook::h6038f2eba384e475
[INFO] [stdout]                                at /rustc/82e1608dfa6e0b5569232559e3d385fea5a93112/library/std/src/panicking.rs:289:9
[INFO] [stdout]   11:     0x5640ef601797 - <alloc::boxed::Box<F,A> as core::ops::function::Fn<Args>>::call::h0ad024c9bdc6d768
[INFO] [stdout]                                at /rustc/82e1608dfa6e0b5569232559e3d385fea5a93112/library/alloc/src/boxed.rs:2021:9
[INFO] [stdout]   12:     0x5640ef601797 - test::test_main::{{closure}}::h7500b54257359db6
[INFO] [stdout]                                at /rustc/82e1608dfa6e0b5569232559e3d385fea5a93112/library/test/src/lib.rs:138:21
[INFO] [stdout]   13:     0x5640ef635158 - <alloc::boxed::Box<F,A> as core::ops::function::Fn<Args>>::call::h1f8f335eaa9cfaee
[INFO] [stdout]                                at /rustc/82e1608dfa6e0b5569232559e3d385fea5a93112/library/alloc/src/boxed.rs:2021:9
[INFO] [stdout]   14:     0x5640ef635158 - std::panicking::rust_panic_with_hook::h2b5517d590cab22e
[INFO] [stdout]                                at /rustc/82e1608dfa6e0b5569232559e3d385fea5a93112/library/std/src/panicking.rs:783:13
[INFO] [stdout]   15:     0x5640ef634eae - std::panicking::begin_panic_handler::{{closure}}::h233112c06e0ef43e
[INFO] [stdout]                                at /rustc/82e1608dfa6e0b5569232559e3d385fea5a93112/library/std/src/panicking.rs:657:13
[INFO] [stdout]   16:     0x5640ef633566 - std::sys_common::backtrace::__rust_end_short_backtrace::h6e893f24d7ebbff8
[INFO] [stdout]                                at /rustc/82e1608dfa6e0b5569232559e3d385fea5a93112/library/std/src/sys_common/backtrace.rs:170:18
[INFO] [stdout]   17:     0x5640ef634c12 - rust_begin_unwind
[INFO] [stdout]                                at /rustc/82e1608dfa6e0b5569232559e3d385fea5a93112/library/std/src/panicking.rs:645:5
[INFO] [stdout]   18:     0x5640ef552155 - core::panicking::panic_fmt::hbf0e066aabfa482c
[INFO] [stdout]                                at /rustc/82e1608dfa6e0b5569232559e3d385fea5a93112/library/core/src/panicking.rs:72:14
[INFO] [stdout]   19:     0x5640ef55256b - core::panicking::assert_failed_inner::h0bba8b7c26ee4492
[INFO] [stdout]   20:     0x5640ef583eb2 - core::panicking::assert_failed::hbf99fb8882163752
[INFO] [stdout]                                at /rustc/82e1608dfa6e0b5569232559e3d385fea5a93112/library/core/src/panicking.rs:279:5
[INFO] [stdout]   21:     0x5640ef58fc0c - yata_impl::store::tests::integrate_conflicts::h54be0ffc996b8b36
[INFO] [stdout]                                at /opt/rustwide/workdir/src/store.rs:387:9
[INFO] [stdout]   22:     0x5640ef58f7d7 - yata_impl::store::tests::integrate_conflicts::{{closure}}::h0b1f96d324433c78
[INFO] [stdout]                                at /opt/rustwide/workdir/src/store.rs:371:29
[INFO] [stdout]   23:     0x5640ef575c36 - core::ops::function::FnOnce::call_once::h26fa62f971632972
[INFO] [stdout]                                at /rustc/82e1608dfa6e0b5569232559e3d385fea5a93112/library/core/src/ops/function.rs:250:5
[INFO] [stdout]   24:     0x5640ef606def - core::ops::function::FnOnce::call_once::h2b5d431d5046312d
[INFO] [stdout]                                at /rustc/82e1608dfa6e0b5569232559e3d385fea5a93112/library/core/src/ops/function.rs:250:5
[INFO] [stdout]   25:     0x5640ef606def - test::__rust_begin_short_backtrace::h7714669af176e207
[INFO] [stdout]                                at /rustc/82e1608dfa6e0b5569232559e3d385fea5a93112/library/test/src/lib.rs:628:18
[INFO] [stdout]   26:     0x5640ef605e05 - test::run_test_in_process::{{closure}}::h85218797dcbcec12
[INFO] [stdout]                                at /rustc/82e1608dfa6e0b5569232559e3d385fea5a93112/library/test/src/lib.rs:651:60
[INFO] [stdout]   27:     0x5640ef605e05 - <core::panic::unwind_safe::AssertUnwindSafe<F> as core::ops::function::FnOnce<()>>::call_once::h76c106ea31c14d7b
[INFO] [stdout]                                at /rustc/82e1608dfa6e0b5569232559e3d385fea5a93112/library/core/src/panic/unwind_safe.rs:272:9
[INFO] [stdout]   28:     0x5640ef605e05 - std::panicking::try::do_call::h3bd5d0f6620ee946
[INFO] [stdout]                                at /rustc/82e1608dfa6e0b5569232559e3d385fea5a93112/library/std/src/panicking.rs:552:40
[INFO] [stdout]   29:     0x5640ef605e05 - std::panicking::try::h232e535e4744fe31
[INFO] [stdout]                                at /rustc/82e1608dfa6e0b5569232559e3d385fea5a93112/library/std/src/panicking.rs:516:19
[INFO] [stdout]   30:     0x5640ef605e05 - std::panic::catch_unwind::h3ce3bd6ca8dbac68
[INFO] [stdout]                                at /rustc/82e1608dfa6e0b5569232559e3d385fea5a93112/library/std/src/panic.rs:142:14
[INFO] [stdout]   31:     0x5640ef605e05 - test::run_test_in_process::hc97b257c9621286a
[INFO] [stdout]                                at /rustc/82e1608dfa6e0b5569232559e3d385fea5a93112/library/test/src/lib.rs:651:27
[INFO] [stdout]   32:     0x5640ef605e05 - test::run_test::{{closure}}::h2aa798823a438d38
[INFO] [stdout]                                at /rustc/82e1608dfa6e0b5569232559e3d385fea5a93112/library/test/src/lib.rs:574:43
[INFO] [stdout]   33:     0x5640ef5ce0c6 - test::run_test::{{closure}}::h87d231c78fb59832
[INFO] [stdout]                                at /rustc/82e1608dfa6e0b5569232559e3d385fea5a93112/library/test/src/lib.rs:602:41
[INFO] [stdout]   34:     0x5640ef5ce0c6 - std::sys_common::backtrace::__rust_begin_short_backtrace::he6df152596625789
[INFO] [stdout]                                at /rustc/82e1608dfa6e0b5569232559e3d385fea5a93112/library/std/src/sys_common/backtrace.rs:154:18
[INFO] [stdout]   35:     0x5640ef5d3177 - std::thread::Builder::spawn_unchecked_::{{closure}}::{{closure}}::ha94be15d1e0acf36
[INFO] [stdout]                                at /rustc/82e1608dfa6e0b5569232559e3d385fea5a93112/library/std/src/thread/mod.rs:529:17
[INFO] [stdout]   36:     0x5640ef5d3177 - <core::panic::unwind_safe::AssertUnwindSafe<F> as core::ops::function::FnOnce<()>>::call_once::h9dc6bd6372f16606
[INFO] [stdout]                                at /rustc/82e1608dfa6e0b5569232559e3d385fea5a93112/library/core/src/panic/unwind_safe.rs:272:9
[INFO] [stdout]   37:     0x5640ef5d3177 - std::panicking::try::do_call::h9057517f80303cd4
[INFO] [stdout]                                at /rustc/82e1608dfa6e0b5569232559e3d385fea5a93112/library/std/src/panicking.rs:552:40
[INFO] [stdout]   38:     0x5640ef5d3177 - std::panicking::try::he3a30b11ee45340c
[INFO] [stdout]                                at /rustc/82e1608dfa6e0b5569232559e3d385fea5a93112/library/std/src/panicking.rs:516:19
[INFO] [stdout]   39:     0x5640ef5d3177 - std::panic::catch_unwind::h410458cfd3528b8b
[INFO] [stdout]                                at /rustc/82e1608dfa6e0b5569232559e3d385fea5a93112/library/std/src/panic.rs:142:14
[INFO] [stdout]   40:     0x5640ef5d3177 - std::thread::Builder::spawn_unchecked_::{{closure}}::h72ac3bdb567b737b
[INFO] [stdout]                                at /rustc/82e1608dfa6e0b5569232559e3d385fea5a93112/library/std/src/thread/mod.rs:528:30
[INFO] [stdout]   41:     0x5640ef5d3177 - core::ops::function::FnOnce::call_once{{vtable.shim}}::h38f34da3654a8344
[INFO] [stdout]                                at /rustc/82e1608dfa6e0b5569232559e3d385fea5a93112/library/core/src/ops/function.rs:250:5
[INFO] [stdout]   42:     0x5640ef639be5 - <alloc::boxed::Box<F,A> as core::ops::function::FnOnce<Args>>::call_once::hc7eafaff61e32df9
[INFO] [stdout]                                at /rustc/82e1608dfa6e0b5569232559e3d385fea5a93112/library/alloc/src/boxed.rs:2007:9
[INFO] [stdout]   43:     0x5640ef639be5 - <alloc::boxed::Box<F,A> as core::ops::function::FnOnce<Args>>::call_once::h6ba4a5de48dd2304
[INFO] [stdout]                                at /rustc/82e1608dfa6e0b5569232559e3d385fea5a93112/library/alloc/src/boxed.rs:2007:9
[INFO] [stdout]   44:     0x5640ef639be5 - std::sys::unix::thread::Thread::new::thread_start::he469335aef763e45
[INFO] [stdout]                                at /rustc/82e1608dfa6e0b5569232559e3d385fea5a93112/library/std/src/sys/unix/thread.rs:108:17
[INFO] [stdout]   45:     0x7fbded703ac3 - <unknown>
[INFO] [stdout]   46:     0x7fbded794bf4 - __clone
[INFO] [stdout]   47:                0x0 - <unknown>
[INFO] [stdout] 
[INFO] [stdout] 
[INFO] [stdout] failures:
[INFO] [stdout]     store::tests::insert_changes
[INFO] [stdout]     store::tests::integrate_conflicts
[INFO] [stdout]     store::tests::integrate_conflicts_smaller_client_id
[INFO] [stdout]     store::tests::integrate_multiple_changes
[INFO] [stdout] 
[INFO] [stdout] test result: FAILED. 17 passed; 4 failed; 0 ignored; 0 measured; 0 filtered out; finished in 0.02s
[INFO] [stdout] 
[INFO] [stderr] error: test failed, to rerun pass `--bin yata-impl`
[INFO] running `Command { std: "docker" "inspect" "6be0f706873c307dd8b5350e31df451463338427a9c8c2acb82bee0b4fc1b3df", kill_on_drop: false }`
[INFO] running `Command { std: "docker" "rm" "-f" "6be0f706873c307dd8b5350e31df451463338427a9c8c2acb82bee0b4fc1b3df", kill_on_drop: false }`
[INFO] [stdout] 6be0f706873c307dd8b5350e31df451463338427a9c8c2acb82bee0b4fc1b3df
