[INFO] cloning repository https://github.com/Mufraggi/rabbit-poc
[INFO] running `Command { std: "git" "-c" "credential.helper=" "-c" "credential.helper=/workspace/cargo-home/bin/git-credential-null" "clone" "--bare" "https://github.com/Mufraggi/rabbit-poc" "/workspace/cache/git-repos/https%3A%2F%2Fgithub.com%2FMufraggi%2Frabbit-poc", kill_on_drop: false }`
[INFO] [stderr] Cloning into bare repository '/workspace/cache/git-repos/https%3A%2F%2Fgithub.com%2FMufraggi%2Frabbit-poc'...
[INFO] running `Command { std: "git" "rev-parse" "HEAD", kill_on_drop: false }`
[INFO] [stdout] 843abc722fdbeb87e25e94efe54f1b5825fa581e
[INFO] testing Mufraggi/rabbit-poc against 1.75.0 for beta-1.76-1
[INFO] running `Command { std: "git" "clone" "/workspace/cache/git-repos/https%3A%2F%2Fgithub.com%2FMufraggi%2Frabbit-poc" "/workspace/builds/worker-1-tc1/source", kill_on_drop: false }`
[INFO] [stderr] Cloning into '/workspace/builds/worker-1-tc1/source'...
[INFO] [stderr] done.
[INFO] validating manifest of git repo https://github.com/Mufraggi/rabbit-poc on toolchain 1.75.0
[INFO] running `Command { std: CARGO_HOME="/workspace/cargo-home" RUSTUP_HOME="/workspace/rustup-home" "/workspace/cargo-home/bin/cargo" "+1.75.0" "metadata" "--manifest-path" "Cargo.toml" "--no-deps", kill_on_drop: false }`
[INFO] started tweaking git repo https://github.com/Mufraggi/rabbit-poc
[INFO] finished tweaking git repo https://github.com/Mufraggi/rabbit-poc
[INFO] tweaked toml for git repo https://github.com/Mufraggi/rabbit-poc written to /workspace/builds/worker-1-tc1/source/Cargo.toml
[INFO] crate git repo https://github.com/Mufraggi/rabbit-poc already has a lockfile, it will not be regenerated
[INFO] running `Command { std: CARGO_HOME="/workspace/cargo-home" RUSTUP_HOME="/workspace/rustup-home" "/workspace/cargo-home/bin/cargo" "+1.75.0" "fetch" "--manifest-path" "Cargo.toml", kill_on_drop: false }`
[INFO] [stderr]     Blocking waiting for file lock on package cache
[ERROR] error running command: no output for 300 seconds
[ERROR] this task or one of its parent failed!
[ERROR] no output for 300 seconds
[ERROR] note: run with `RUST_BACKTRACE=1` to display a backtrace.
[INFO] testing Mufraggi/rabbit-poc against beta-2023-12-22 for beta-1.76-1
[INFO] running `Command { std: "git" "clone" "/workspace/cache/git-repos/https%3A%2F%2Fgithub.com%2FMufraggi%2Frabbit-poc" "/workspace/builds/worker-1-tc2/source", kill_on_drop: false }`
[INFO] [stderr] Cloning into '/workspace/builds/worker-1-tc2/source'...
[INFO] [stderr] done.
[INFO] validating manifest of git repo https://github.com/Mufraggi/rabbit-poc on toolchain beta-2023-12-22
[INFO] running `Command { std: CARGO_HOME="/workspace/cargo-home" RUSTUP_HOME="/workspace/rustup-home" "/workspace/cargo-home/bin/cargo" "+beta-2023-12-22" "metadata" "--manifest-path" "Cargo.toml" "--no-deps", kill_on_drop: false }`
[INFO] started tweaking git repo https://github.com/Mufraggi/rabbit-poc
[INFO] finished tweaking git repo https://github.com/Mufraggi/rabbit-poc
[INFO] tweaked toml for git repo https://github.com/Mufraggi/rabbit-poc written to /workspace/builds/worker-1-tc2/source/Cargo.toml
[INFO] crate git repo https://github.com/Mufraggi/rabbit-poc already has a lockfile, it will not be regenerated
[INFO] running `Command { std: CARGO_HOME="/workspace/cargo-home" RUSTUP_HOME="/workspace/rustup-home" "/workspace/cargo-home/bin/cargo" "+beta-2023-12-22" "fetch" "--manifest-path" "Cargo.toml", kill_on_drop: false }`
[INFO] [stderr]     Blocking waiting for file lock on package cache
[INFO] [stderr]     Updating crates.io index
[INFO] [stderr]     Blocking waiting for file lock on package cache
[ERROR] error running command: no output for 300 seconds
[INFO] testing Mufraggi/rabbit-poc against beta-2023-12-22 for beta-1.76-1
[INFO] running `Command { std: "git" "clone" "/workspace/cache/git-repos/https%3A%2F%2Fgithub.com%2FMufraggi%2Frabbit-poc" "/workspace/builds/worker-1-tc2/source", kill_on_drop: false }`
[INFO] [stderr] Cloning into '/workspace/builds/worker-1-tc2/source'...
[INFO] [stderr] done.
[INFO] validating manifest of git repo https://github.com/Mufraggi/rabbit-poc on toolchain beta-2023-12-22
[INFO] running `Command { std: CARGO_HOME="/workspace/cargo-home" RUSTUP_HOME="/workspace/rustup-home" "/workspace/cargo-home/bin/cargo" "+beta-2023-12-22" "metadata" "--manifest-path" "Cargo.toml" "--no-deps", kill_on_drop: false }`
[INFO] started tweaking git repo https://github.com/Mufraggi/rabbit-poc
[INFO] finished tweaking git repo https://github.com/Mufraggi/rabbit-poc
[INFO] tweaked toml for git repo https://github.com/Mufraggi/rabbit-poc written to /workspace/builds/worker-1-tc2/source/Cargo.toml
[INFO] crate git repo https://github.com/Mufraggi/rabbit-poc already has a lockfile, it will not be regenerated
[INFO] running `Command { std: CARGO_HOME="/workspace/cargo-home" RUSTUP_HOME="/workspace/rustup-home" "/workspace/cargo-home/bin/cargo" "+beta-2023-12-22" "fetch" "--manifest-path" "Cargo.toml", kill_on_drop: false }`
[INFO] [stderr]     Blocking waiting for file lock on package cache
[INFO] [stderr]     Blocking waiting for file lock on package cache
[ERROR] error running command: no output for 300 seconds
[INFO] testing Mufraggi/rabbit-poc against beta-2023-12-22 for beta-1.76-1
[INFO] running `Command { std: "git" "clone" "/workspace/cache/git-repos/https%3A%2F%2Fgithub.com%2FMufraggi%2Frabbit-poc" "/workspace/builds/worker-1-tc2/source", kill_on_drop: false }`
[INFO] [stderr] Cloning into '/workspace/builds/worker-1-tc2/source'...
[INFO] [stderr] done.
[INFO] validating manifest of git repo https://github.com/Mufraggi/rabbit-poc on toolchain beta-2023-12-22
[INFO] running `Command { std: CARGO_HOME="/workspace/cargo-home" RUSTUP_HOME="/workspace/rustup-home" "/workspace/cargo-home/bin/cargo" "+beta-2023-12-22" "metadata" "--manifest-path" "Cargo.toml" "--no-deps", kill_on_drop: false }`
[INFO] started tweaking git repo https://github.com/Mufraggi/rabbit-poc
[INFO] finished tweaking git repo https://github.com/Mufraggi/rabbit-poc
[INFO] tweaked toml for git repo https://github.com/Mufraggi/rabbit-poc written to /workspace/builds/worker-1-tc2/source/Cargo.toml
[INFO] crate git repo https://github.com/Mufraggi/rabbit-poc already has a lockfile, it will not be regenerated
[INFO] running `Command { std: CARGO_HOME="/workspace/cargo-home" RUSTUP_HOME="/workspace/rustup-home" "/workspace/cargo-home/bin/cargo" "+beta-2023-12-22" "fetch" "--manifest-path" "Cargo.toml", kill_on_drop: false }`
[INFO] [stderr]     Blocking waiting for file lock on package cache
[INFO] [stderr]     Blocking waiting for file lock on package cache
[INFO] [stderr]  Downloading crates ...
[INFO] [stderr]   Downloaded rustls-connector v0.16.1
[INFO] [stderr]   Downloaded amq-protocol-uri v7.0.1
[INFO] [stderr]   Downloaded reactor-trait v1.1.0
[INFO] [stderr]   Downloaded async-reactor-trait v1.1.0
[INFO] [stderr]   Downloaded async-global-executor-trait v2.1.0
[INFO] [stderr]   Downloaded tokio-executor-trait v2.1.1
[INFO] [stderr]   Downloaded lapin v2.1.1
[INFO] [stderr]   Downloaded tokio-amqp v2.0.0
[INFO] [stderr]   Downloaded block-padding v0.3.2
[INFO] [stderr]   Downloaded spin v0.9.7
[INFO] [stderr]   Downloaded pinky-swear v6.1.0
[INFO] [stderr]   Downloaded executor-trait v2.1.0
[INFO] [stderr]   Downloaded amq-protocol v7.0.1
[INFO] [stderr]   Downloaded tokio-reactor-trait v1.1.0
[INFO] [stderr]   Downloaded amq-protocol-types v7.0.1
[INFO] [stderr]   Downloaded tcp-stream v0.24.4
[INFO] [stderr]   Downloaded amq-protocol-tcp v7.0.1
[INFO] [stderr]   Downloaded deadpool-lapin v0.10.0
[INFO] running `Command { std: "docker" "create" "-v" "/var/lib/crater-agent-workspace/builds/worker-1-tc2/target:/opt/rustwide/target:rw,Z" "-v" "/var/lib/crater-agent-workspace/builds/worker-1-tc2/source:/opt/rustwide/workdir:ro,Z" "-v" "/var/lib/crater-agent-workspace/cargo-home:/opt/rustwide/cargo-home:ro,Z" "-v" "/var/lib/crater-agent-workspace/rustup-home:/opt/rustwide/rustup-home:ro,Z" "-e" "SOURCE_DIR=/opt/rustwide/workdir" "-e" "CARGO_TARGET_DIR=/opt/rustwide/target" "-e" "CARGO_HOME=/opt/rustwide/cargo-home" "-e" "RUSTUP_HOME=/opt/rustwide/rustup-home" "-w" "/opt/rustwide/workdir" "-m" "1610612736" "--user" "0:0" "--network" "none" "ghcr.io/rust-lang/crates-build-env/linux@sha256:2788e3201cd34a07e3172128adcd8b3090168a8e3bcc40d7c032b9dda1df7d1c" "/opt/rustwide/cargo-home/bin/cargo" "+beta-2023-12-22" "metadata" "--no-deps" "--format-version=1", kill_on_drop: false }`
[INFO] [stdout] 00e42523e6b61c18dd08b11f8d230f48b9230b95f46e7c1822ab2cbf0373f403
[INFO] running `Command { std: "docker" "start" "-a" "00e42523e6b61c18dd08b11f8d230f48b9230b95f46e7c1822ab2cbf0373f403", kill_on_drop: false }`
[INFO] running `Command { std: "docker" "inspect" "00e42523e6b61c18dd08b11f8d230f48b9230b95f46e7c1822ab2cbf0373f403", kill_on_drop: false }`
[INFO] running `Command { std: "docker" "rm" "-f" "00e42523e6b61c18dd08b11f8d230f48b9230b95f46e7c1822ab2cbf0373f403", kill_on_drop: false }`
[INFO] [stdout] 00e42523e6b61c18dd08b11f8d230f48b9230b95f46e7c1822ab2cbf0373f403
[INFO] running `Command { std: "docker" "create" "-v" "/var/lib/crater-agent-workspace/builds/worker-1-tc2/target:/opt/rustwide/target:rw,Z" "-v" "/var/lib/crater-agent-workspace/builds/worker-1-tc2/source:/opt/rustwide/workdir:ro,Z" "-v" "/var/lib/crater-agent-workspace/cargo-home:/opt/rustwide/cargo-home:ro,Z" "-v" "/var/lib/crater-agent-workspace/rustup-home:/opt/rustwide/rustup-home:ro,Z" "-e" "SOURCE_DIR=/opt/rustwide/workdir" "-e" "CARGO_TARGET_DIR=/opt/rustwide/target" "-e" "CARGO_INCREMENTAL=0" "-e" "RUST_BACKTRACE=full" "-e" "RUSTFLAGS=--cap-lints=warn" "-e" "RUSTDOCFLAGS=--cap-lints=warn" "-e" "CARGO_HOME=/opt/rustwide/cargo-home" "-e" "RUSTUP_HOME=/opt/rustwide/rustup-home" "-w" "/opt/rustwide/workdir" "-m" "1610612736" "--user" "0:0" "--network" "none" "ghcr.io/rust-lang/crates-build-env/linux@sha256:2788e3201cd34a07e3172128adcd8b3090168a8e3bcc40d7c032b9dda1df7d1c" "/opt/rustwide/cargo-home/bin/cargo" "+beta-2023-12-22" "build" "--frozen" "--message-format=json", kill_on_drop: false }`
[INFO] [stdout] 12494b05b5171f44a8dce2781e41bdb3182cd415303e8966d08ffad744188e0b
[INFO] running `Command { std: "docker" "start" "-a" "12494b05b5171f44a8dce2781e41bdb3182cd415303e8966d08ffad744188e0b", kill_on_drop: false }`
[INFO] [stderr]    Compiling proc-macro2 v1.0.54
[INFO] [stderr]    Compiling quote v1.0.26
[INFO] [stderr]    Compiling unicode-ident v1.0.8
[INFO] [stderr]    Compiling libc v0.2.140
[INFO] [stderr]    Compiling once_cell v1.17.1
[INFO] [stderr]    Compiling futures-io v0.3.28
[INFO] [stderr]    Compiling syn v1.0.109
[INFO] [stderr]    Compiling parking_lot_core v0.9.7
[INFO] [stderr]    Compiling tokio v1.27.0
[INFO] [stderr]    Compiling itoa v1.0.6
[INFO] [stderr]    Compiling serde_derive v1.0.159
[INFO] [stderr]    Compiling serde v1.0.159
[INFO] [stderr]    Compiling subtle v2.4.1
[INFO] [stderr]    Compiling async-trait v0.1.68
[INFO] [stderr]    Compiling unicode-normalization v0.1.22
[INFO] [stderr]    Compiling tracing-core v0.1.30
[INFO] [stderr]    Compiling digest v0.10.6
[INFO] [stderr]    Compiling unicode-bidi v0.3.13
[INFO] [stderr]    Compiling futures-channel v0.3.28
[INFO] [stderr]    Compiling cpufeatures v0.2.6
[INFO] [stderr]    Compiling crossbeam-utils v0.8.15
[INFO] [stderr]    Compiling block-padding v0.3.2
[INFO] [stderr]    Compiling io-lifetimes v1.0.9
[INFO] [stderr]    Compiling ryu v1.0.13
[INFO] [stderr]    Compiling futures-util v0.3.28
[INFO] [stderr]    Compiling base64 v0.21.0
[INFO] [stderr]    Compiling serde_json v1.0.95
[INFO] [stderr]    Compiling inout v0.1.3
[INFO] [stderr]    Compiling rustix v0.37.6
[INFO] [stderr]    Compiling tracing v0.1.37
[INFO] [stderr]    Compiling event-listener v2.5.3
[INFO] [stderr]    Compiling rustls v0.20.8
[INFO] [stderr]    Compiling cipher v0.4.4
[INFO] [stderr]    Compiling idna v0.3.0
[INFO] [stderr]    Compiling linux-raw-sys v0.3.1
[INFO] [stderr]    Compiling futures-lite v1.12.0
[INFO] [stderr]    Compiling concurrent-queue v2.1.0
[INFO] [stderr]    Compiling rustls-pemfile v1.0.2
[INFO] [stderr]    Compiling async-lock v2.7.0
[INFO] [stderr]    Compiling sha1 v0.10.5
[INFO] [stderr]    Compiling polling v2.6.0
[INFO] [stderr]    Compiling hmac v0.12.1
[INFO] [stderr]    Compiling async-io v1.13.0
[INFO] [stderr]    Compiling pkg-config v0.3.26
[INFO] [stderr]    Compiling minimal-lexical v0.2.1
[INFO] [stderr]    Compiling rustls-native-certs v0.6.2
[INFO] [stderr]    Compiling cbc v0.1.2
[INFO] [stderr]    Compiling rc2 v0.8.1
[INFO] [stderr]    Compiling des v0.8.1
[INFO] [stderr]    Compiling async-task v4.4.0
[INFO] [stderr]    Compiling cookie-factory v0.3.2
[INFO] [stderr]    Compiling yasna v0.5.1
[INFO] [stderr]    Compiling async-channel v1.8.0
[INFO] [stderr]    Compiling syn v2.0.12
[INFO] [stderr]    Compiling nom v7.1.3
[INFO] [stderr]    Compiling jobserver v0.1.26
[INFO] [stderr]    Compiling url v2.3.1
[INFO] [stderr]    Compiling http v0.2.9
[INFO] [stderr]    Compiling aho-corasick v0.7.20
[INFO] [stderr]    Compiling paste v1.0.12
[INFO] [stderr]    Compiling regex-syntax v0.6.29
[INFO] [stderr]    Compiling cc v1.0.79
[INFO] [stderr]    Compiling atomic-waker v1.1.0
[INFO] [stderr]    Compiling doc-comment v0.3.3
[INFO] [stderr]    Compiling semver-parser v0.7.0
[INFO] [stderr]    Compiling time-macros v0.2.8
[INFO] [stderr]    Compiling log v0.4.17
[INFO] [stderr]    Compiling spin v0.9.7
[INFO] [stderr]    Compiling bytestring v1.3.0
[INFO] [stderr]    Compiling semver v0.9.0
[INFO] [stderr]    Compiling socket2 v0.4.9
[INFO] [stderr]    Compiling mio v0.8.6
[INFO] [stderr]    Compiling signal-hook-registry v1.4.1
[INFO] [stderr]    Compiling num_cpus v1.15.0
[INFO] [stderr]    Compiling parking_lot v0.12.1
[INFO] [stderr]    Compiling getrandom v0.2.8
[INFO] [stderr]    Compiling rand_core v0.6.4
[INFO] [stderr]    Compiling p12 v0.6.3
[INFO] [stderr]    Compiling async-executor v1.5.0
[INFO] [stderr]    Compiling rand_chacha v0.3.1
[INFO] [stderr]    Compiling blocking v1.3.0
[INFO] [stderr]    Compiling ahash v0.7.6
[INFO] [stderr]    Compiling zstd-safe v6.0.4+zstd.1.5.4
[INFO] [stderr]    Compiling ring v0.16.20
[INFO] [stderr]    Compiling zstd-sys v2.0.7+zstd.1.5.4
[INFO] [stderr]    Compiling rand v0.8.5
[INFO] [stderr]    Compiling local-waker v0.1.3
[INFO] [stderr]    Compiling radium v0.7.0
[INFO] [stderr]    Compiling alloc-no-stdlib v2.0.4
[INFO] [stderr]    Compiling amq-protocol v7.0.1
[INFO] [stderr]    Compiling thiserror v1.0.40
[INFO] [stderr]    Compiling alloc-stdlib v0.2.2
[INFO] [stderr]    Compiling rustc_version v0.2.3
[INFO] [stderr]    Compiling ahash v0.8.3
[INFO] [stderr]    Compiling num-integer v0.1.45
[INFO] [stderr]    Compiling matches v0.1.10
[INFO] [stderr]    Compiling match_cfg v0.1.0
[INFO] [stderr]    Compiling convert_case v0.4.0
[INFO] [stderr]    Compiling lapin v2.1.1
[INFO] [stderr]    Compiling tap v1.0.1
[INFO] [stderr]    Compiling wyz v0.5.1
[INFO] [stderr]    Compiling miniz_oxide v0.6.2
[INFO] [stderr]    Compiling hostname v0.3.1
[INFO] [stderr]    Compiling rustc_version_runtime v0.2.1
[INFO] [stderr]    Compiling idna v0.2.3
[INFO] [stderr]    Compiling time v0.3.20
[INFO] [stderr]    Compiling regex v1.7.3
[INFO] [stderr]    Compiling actix-service v2.0.2
[INFO] [stderr]    Compiling brotli-decompressor v2.3.4
[INFO] [stderr]    Compiling actix-utils v3.0.1
[INFO] [stderr]    Compiling cookie v0.16.2
[INFO] [stderr]    Compiling crossbeam-utils v0.7.2
[INFO] [stderr]    Compiling funty v2.0.0
[INFO] [stderr]    Compiling data-encoding v2.3.3
[INFO] [stderr]    Compiling ipnet v2.7.2
[INFO] [stderr]    Compiling quick-error v1.2.3
[INFO] [stderr]    Compiling resolv-conf v0.7.0
[INFO] [stderr]    Compiling lru-cache v0.1.2
[INFO] [stderr]    Compiling flate2 v1.0.25
[INFO] [stderr]    Compiling brotli v3.3.4
[INFO] [stderr]    Compiling bitvec v1.0.1
[INFO] [stderr]    Compiling async-global-executor v2.3.1
[INFO] [stderr]    Compiling time v0.1.45
[INFO] [stderr]    Compiling retain_mut v0.1.9
[INFO] [stderr]    Compiling darling_core v0.13.4
[INFO] [stderr]    Compiling iana-time-zone v0.1.54
[INFO] [stderr]    Compiling language-tags v0.3.2
[INFO] [stderr]    Compiling anyhow v1.0.70
[INFO] [stderr]    Compiling chrono v0.4.24
[INFO] [stderr]    Compiling is-terminal v0.4.6
[INFO] [stderr]    Compiling stringprep v0.1.2
[INFO] [stderr]    Compiling sha2 v0.10.6
[INFO] [stderr]    Compiling tokio-macros v2.0.0
[INFO] [stderr]    Compiling futures-macro v0.3.28
[INFO] [stderr]    Compiling webpki v0.22.0
[INFO] [stderr]    Compiling sct v0.7.0
[INFO] [stderr]    Compiling thiserror-impl v1.0.40
[INFO] [stderr]    Compiling pbkdf2 v0.11.0
[INFO] [stderr]    Compiling actix-router v0.5.1
[INFO] [stderr]    Compiling sha-1 v0.10.1
[INFO] [stderr]    Compiling webpki-roots v0.22.6
[INFO] [stderr]    Compiling md-5 v0.10.5
[INFO] [stderr]    Compiling take_mut v0.2.2
[INFO] [stderr]    Compiling futures v0.1.31
[INFO] [stderr]    Compiling env_logger v0.10.0
[INFO] [stderr]    Compiling executor-trait v2.1.0
[INFO] [stderr]    Compiling reactor-trait v1.1.0
[INFO] [stderr]    Compiling async-global-executor-trait v2.1.0
[INFO] [stderr]    Compiling async-reactor-trait v1.1.0
[INFO] [stderr]    Compiling pin-project-internal v1.0.12
[INFO] [stderr]    Compiling darling_macro v0.13.4
[INFO] [stderr]    Compiling enum-as-inner v0.4.0
[INFO] [stderr]    Compiling derive_more v0.99.17
[INFO] [stderr]    Compiling derivative v2.2.0
[INFO] [stderr]    Compiling typed-builder v0.10.0
[INFO] [stderr]    Compiling actix-web-codegen v4.2.0
[INFO] [stderr]    Compiling actix-macros v0.2.3
[INFO] [stderr]    Compiling rustls-connector v0.16.1
[INFO] [stderr]    Compiling tcp-stream v0.24.4
[INFO] [stderr]    Compiling darling v0.13.4
[INFO] [stderr]    Compiling serde_with_macros v1.5.2
[INFO] [stderr]    Compiling pin-project v1.0.12
[INFO] [stderr]    Compiling flume v0.10.14
[INFO] [stderr]    Compiling tokio-executor v0.1.10
[INFO] [stderr]    Compiling pinky-swear v6.1.0
[INFO] [stderr]    Compiling futures-executor v0.3.28
[INFO] [stderr]    Compiling local-channel v0.1.3
[INFO] [stderr]    Compiling futures v0.3.28
[INFO] [stderr]    Compiling tokio-util v0.7.7
[INFO] [stderr]    Compiling actix-rt v2.8.0
[INFO] [stderr]    Compiling tokio-stream v0.1.12
[INFO] [stderr]    Compiling trust-dns-proto v0.21.2
[INFO] [stderr]    Compiling deadpool-runtime v0.1.2
[INFO] [stderr]    Compiling tokio-executor-trait v2.1.1
[INFO] [stderr]    Compiling actix-server v2.2.0
[INFO] [stderr]    Compiling deadpool v0.9.5
[INFO] [stderr]    Compiling tokio-reactor-trait v1.1.0
[INFO] [stderr]    Compiling tokio-rustls v0.23.4
[INFO] [stderr]    Compiling h2 v0.3.16
[INFO] [stderr]    Compiling actix-codec v0.5.0
[INFO] [stderr]    Compiling uuid v1.3.0
[INFO] [stderr]    Compiling serde_bytes v0.11.9
[INFO] [stderr]    Compiling serde_urlencoded v0.7.1
[INFO] [stderr]    Compiling serde_with v1.14.0
[INFO] [stderr]    Compiling zstd v0.12.3+zstd.1.5.2
[INFO] [stderr]    Compiling trust-dns-resolver v0.21.2
[INFO] [stderr]    Compiling amq-protocol-types v7.0.1
[INFO] [stderr]    Compiling bson v2.6.1
[INFO] [stderr]    Compiling amq-protocol-uri v7.0.1
[INFO] [stderr]    Compiling amq-protocol-tcp v7.0.1
[INFO] [stderr]    Compiling actix-http v3.3.1
[INFO] [stderr]    Compiling mongodb v2.4.0
[INFO] [stderr]    Compiling actix-web v4.3.1
[INFO] [stderr]    Compiling tokio-amqp v2.0.0
[INFO] [stderr]    Compiling deadpool-lapin v0.10.0
[INFO] [stderr]    Compiling brassing v0.1.0 (/opt/rustwide/workdir)
[INFO] [stdout] warning: unused imports: `HttpRequest`, `web`
[INFO] [stdout]  --> src/api/health.rs:1:17
[INFO] [stdout]   |
[INFO] [stdout] 1 | use actix_web::{web, HttpRequest, HttpResponse, Responder};
[INFO] [stdout]   |                 ^^^  ^^^^^^^^^^^
[INFO] [stdout]   |
[INFO] [stdout]   = note: `#[warn(unused_imports)]` on by default
[INFO] [stdout] 
[INFO] [stdout] 
[INFO] [stdout] warning: unused import: `futures::future::ok`
[INFO] [stdout]  --> src/rabbit/rabbit_handler.rs:4:5
[INFO] [stdout]   |
[INFO] [stdout] 4 | use futures::future::ok;
[INFO] [stdout]   |     ^^^^^^^^^^^^^^^^^^^
[INFO] [stdout] 
[INFO] [stdout] 
[INFO] [stdout] warning: unused import: `BasicAckOptions`
[INFO] [stdout]  --> src/rabbit/rabbit_handler.rs:8:22
[INFO] [stdout]   |
[INFO] [stdout] 8 | use lapin::options::{BasicAckOptions, BasicConsumeOptions};
[INFO] [stdout]   |                      ^^^^^^^^^^^^^^^
[INFO] [stdout] 
[INFO] [stdout] 
[INFO] [stdout] warning: unused import: `std::sync::Arc`
[INFO] [stdout]   --> src/rabbit/rabbit_handler.rs:14:5
[INFO] [stdout]    |
[INFO] [stdout] 14 | use std::sync::Arc;
[INFO] [stdout]    |     ^^^^^^^^^^^^^^
[INFO] [stdout] 
[INFO] [stdout] 
[INFO] [stdout] warning: unused import: `std::thread::JoinHandle`
[INFO] [stdout]   --> src/rabbit/rabbit_handler.rs:15:5
[INFO] [stdout]    |
[INFO] [stdout] 15 | use std::thread::JoinHandle;
[INFO] [stdout]    |     ^^^^^^^^^^^^^^^^^^^^^^^
[INFO] [stdout] 
[INFO] [stdout] 
[INFO] [stdout] warning: unused import: `tokio::task`
[INFO] [stdout]   --> src/rabbit/rabbit_handler.rs:18:5
[INFO] [stdout]    |
[INFO] [stdout] 18 | use tokio::task;
[INFO] [stdout]    |     ^^^^^^^^^^^
[INFO] [stdout] 
[INFO] [stdout] 
[INFO] [stdout] warning: unused imports: `Context`, `Poll`
[INFO] [stdout]  --> src/rabbit/generic_function.rs:3:17
[INFO] [stdout]   |
[INFO] [stdout] 3 | use std::task::{Context, Poll};
[INFO] [stdout]   |                 ^^^^^^^  ^^^^
[INFO] [stdout] 
[INFO] [stdout] 
[INFO] [stdout] warning: unused import: `futures::future::err`
[INFO] [stdout]  --> src/repository/users/users_repository.rs:7:5
[INFO] [stdout]   |
[INFO] [stdout] 7 | use futures::future::err;
[INFO] [stdout]   |     ^^^^^^^^^^^^^^^^^^^^
[INFO] [stdout] 
[INFO] [stdout] 
[INFO] [stdout] warning: unused import: `mongodb::error::Error`
[INFO] [stdout]  --> src/repository/users/users_repository.rs:8:5
[INFO] [stdout]   |
[INFO] [stdout] 8 | use mongodb::error::Error;
[INFO] [stdout]   |     ^^^^^^^^^^^^^^^^^^^^^
[INFO] [stdout] 
[INFO] [stdout] 
[INFO] [stdout] warning: unused import: `std::cell::RefCell`
[INFO] [stdout]  --> src/main.rs:5:5
[INFO] [stdout]   |
[INFO] [stdout] 5 | use std::cell::RefCell;
[INFO] [stdout]   |     ^^^^^^^^^^^^^^^^^^
[INFO] [stdout] 
[INFO] [stdout] 
[INFO] [stdout] warning: unused import: `std::future::Future`
[INFO] [stdout]  --> src/main.rs:6:5
[INFO] [stdout]   |
[INFO] [stdout] 6 | use std::future::Future;
[INFO] [stdout]   |     ^^^^^^^^^^^^^^^^^^^
[INFO] [stdout] 
[INFO] [stdout] 
[INFO] [stdout] warning: unused import: `crate::repository::users`
[INFO] [stdout]   --> src/main.rs:16:5
[INFO] [stdout]    |
[INFO] [stdout] 16 | use crate::repository::users;
[INFO] [stdout]    |     ^^^^^^^^^^^^^^^^^^^^^^^^
[INFO] [stdout] 
[INFO] [stdout] 
[INFO] [stdout] warning: unused imports: `Deserialize`, `Serialize`
[INFO] [stdout]   --> src/main.rs:19:13
[INFO] [stdout]    |
[INFO] [stdout] 19 | use serde::{Serialize, Deserialize};
[INFO] [stdout]    |             ^^^^^^^^^  ^^^^^^^^^^^
[INFO] [stdout] 
[INFO] [stdout] 
[INFO] [stdout] warning: use of deprecated trait `tokio_amqp::LapinTokioExt`: use tokio-executor-trait and tokio-reactor-trait directly instead
[INFO] [stdout]   --> src/rabbit/rabbit_builder.rs:11:17
[INFO] [stdout]    |
[INFO] [stdout] 11 | use tokio_amqp::LapinTokioExt;
[INFO] [stdout]    |                 ^^^^^^^^^^^^^
[INFO] [stdout]    |
[INFO] [stdout]    = note: `#[warn(deprecated)]` on by default
[INFO] [stdout] 
[INFO] [stdout] 
[INFO] [stdout] warning: unused variable: `res`
[INFO] [stdout]   --> src/main.rs:79:9
[INFO] [stdout]    |
[INFO] [stdout] 79 |     let res = mongo_repo.insert(&mongo_user).await;
[INFO] [stdout]    |         ^^^ help: if this is intentional, prefix it with an underscore: `_res`
[INFO] [stdout]    |
[INFO] [stdout]    = note: `#[warn(unused_variables)]` on by default
[INFO] [stdout] 
[INFO] [stdout] 
[INFO] [stdout] warning: variable does not need to be mutable
[INFO] [stdout]   --> src/rabbit/rabbit_handler.rs:91:9
[INFO] [stdout]    |
[INFO] [stdout] 91 |     let mut consumer = channel
[INFO] [stdout]    |         ----^^^^^^^^
[INFO] [stdout]    |         |
[INFO] [stdout]    |         help: remove this `mut`
[INFO] [stdout]    |
[INFO] [stdout]    = note: `#[warn(unused_mut)]` on by default
[INFO] [stdout] 
[INFO] [stdout] 
[INFO] [stdout] warning: unused variable: `url_db`
[INFO] [stdout]   --> src/repository/users/users_repository.rs:32:22
[INFO] [stdout]    |
[INFO] [stdout] 32 |     pub async fn new(url_db: &str) -> Result<MongoRepository, mongodb::error::Error> {
[INFO] [stdout]    |                      ^^^^^^ help: if this is intentional, prefix it with an underscore: `_url_db`
[INFO] [stdout] 
[INFO] [stdout] 
[INFO] [stdout] warning: use of deprecated method `tokio_amqp::LapinTokioExt::with_tokio`: use tokio-executor-trait and tokio-reactor-trait directly instead
[INFO] [stdout]   --> src/rabbit/rabbit_builder.rs:64:79
[INFO] [stdout]    |
[INFO] [stdout] 64 |         let manager = Manager::new(self.addr, ConnectionProperties::default().with_tokio());
[INFO] [stdout]    |                                                                               ^^^^^^^^^^
[INFO] [stdout] 
[INFO] [stdout] 
[INFO] [stdout] warning: function cannot return without recursing
[INFO] [stdout]   --> src/rabbit/rabbit_handler.rs:45:5
[INFO] [stdout]    |
[INFO] [stdout] 45 |     fn clone(&self) -> Self {
[INFO] [stdout]    |     ^^^^^^^^^^^^^^^^^^^^^^^ cannot return without recursing
[INFO] [stdout] 46 |         self.clone()
[INFO] [stdout]    |         ------------ recursive call site
[INFO] [stdout]    |
[INFO] [stdout]    = help: a `loop` may express intention better if this is on purpose
[INFO] [stdout]    = note: `#[warn(unconditional_recursion)]` on by default
[INFO] [stdout] 
[INFO] [stdout] 
[INFO] [stdout] warning: unused variable: `e`
[INFO] [stdout]   --> src/repository/users/users_repository.rs:87:17
[INFO] [stdout]    |
[INFO] [stdout] 87 |             Err(e) => {Err(FetchOneError::Unknown)}
[INFO] [stdout]    |                 ^ help: if this is intentional, prefix it with an underscore: `_e`
[INFO] [stdout] 
[INFO] [stdout] 
[INFO] [stdout] warning: call to `.deref()` on a reference in this situation does nothing
[INFO] [stdout]    --> src/rabbit/rabbit_handler.rs:127:72
[INFO] [stdout]     |
[INFO] [stdout] 127 |         consume_messages(channel.clone(), &"hello", "my_consumer", func.deref()).await;
[INFO] [stdout]     |                                                                        ^^^^^^^^ help: remove this redundant call
[INFO] [stdout]     |
[INFO] [stdout]     = note: the type `FuncGeneric<F>` does not implement `Deref`, so calling `deref` on `&FuncGeneric<F>` copies the reference, which does not do anything and can be removed
[INFO] [stdout]     = note: `#[warn(noop_method_call)]` on by default
[INFO] [stdout] 
[INFO] [stdout] 
[INFO] [stdout] warning: 21 warnings emitted
[INFO] [stdout] 
[INFO] [stdout] 
[INFO] [stderr]     Finished dev [unoptimized + debuginfo] target(s) in 1m 00s
[INFO] running `Command { std: "docker" "inspect" "12494b05b5171f44a8dce2781e41bdb3182cd415303e8966d08ffad744188e0b", kill_on_drop: false }`
[INFO] running `Command { std: "docker" "rm" "-f" "12494b05b5171f44a8dce2781e41bdb3182cd415303e8966d08ffad744188e0b", kill_on_drop: false }`
[INFO] [stdout] 12494b05b5171f44a8dce2781e41bdb3182cd415303e8966d08ffad744188e0b
[INFO] running `Command { std: "docker" "create" "-v" "/var/lib/crater-agent-workspace/builds/worker-1-tc2/target:/opt/rustwide/target:rw,Z" "-v" "/var/lib/crater-agent-workspace/builds/worker-1-tc2/source:/opt/rustwide/workdir:ro,Z" "-v" "/var/lib/crater-agent-workspace/cargo-home:/opt/rustwide/cargo-home:ro,Z" "-v" "/var/lib/crater-agent-workspace/rustup-home:/opt/rustwide/rustup-home:ro,Z" "-e" "SOURCE_DIR=/opt/rustwide/workdir" "-e" "CARGO_TARGET_DIR=/opt/rustwide/target" "-e" "CARGO_INCREMENTAL=0" "-e" "RUST_BACKTRACE=full" "-e" "RUSTFLAGS=--cap-lints=warn" "-e" "RUSTDOCFLAGS=--cap-lints=warn" "-e" "CARGO_HOME=/opt/rustwide/cargo-home" "-e" "RUSTUP_HOME=/opt/rustwide/rustup-home" "-w" "/opt/rustwide/workdir" "-m" "1610612736" "--user" "0:0" "--network" "none" "ghcr.io/rust-lang/crates-build-env/linux@sha256:2788e3201cd34a07e3172128adcd8b3090168a8e3bcc40d7c032b9dda1df7d1c" "/opt/rustwide/cargo-home/bin/cargo" "+beta-2023-12-22" "test" "--frozen" "--no-run" "--message-format=json", kill_on_drop: false }`
[INFO] [stdout] 09e346788152fa3e6a7903d53c69ff52b378d126a263c28d68b45bf273cd2af8
[INFO] running `Command { std: "docker" "start" "-a" "09e346788152fa3e6a7903d53c69ff52b378d126a263c28d68b45bf273cd2af8", kill_on_drop: false }`
[INFO] [stderr]    Compiling brassing v0.1.0 (/opt/rustwide/workdir)
[INFO] [stdout] warning: unused imports: `HttpRequest`, `web`
[INFO] [stdout]  --> src/api/health.rs:1:17
[INFO] [stdout]   |
[INFO] [stdout] 1 | use actix_web::{web, HttpRequest, HttpResponse, Responder};
[INFO] [stdout]   |                 ^^^  ^^^^^^^^^^^
[INFO] [stdout]   |
[INFO] [stdout]   = note: `#[warn(unused_imports)]` on by default
[INFO] [stdout] 
[INFO] [stdout] 
[INFO] [stdout] warning: unused import: `actix_web::body::to_bytes`
[INFO] [stdout]   --> src/api/health.rs:22:9
[INFO] [stdout]    |
[INFO] [stdout] 22 |     use actix_web::body::to_bytes;
[INFO] [stdout]    |         ^^^^^^^^^^^^^^^^^^^^^^^^^
[INFO] [stdout] 
[INFO] [stdout] 
[INFO] [stdout] warning: unused imports: `StatusCode`, `header`
[INFO] [stdout]   --> src/api/health.rs:23:27
[INFO] [stdout]    |
[INFO] [stdout] 23 |     use actix_web::http::{header, StatusCode};
[INFO] [stdout]    |                           ^^^^^^  ^^^^^^^^^^
[INFO] [stdout] 
[INFO] [stdout] 
[INFO] [stdout] warning: unused import: `http::header::ContentType`
[INFO] [stdout]   --> src/api/health.rs:24:21
[INFO] [stdout]    |
[INFO] [stdout] 24 |     use actix_web::{http::header::ContentType, test, web, App};
[INFO] [stdout]    |                     ^^^^^^^^^^^^^^^^^^^^^^^^^
[INFO] [stdout] 
[INFO] [stdout] 
[INFO] [stdout] warning: unused import: `std::future::Future`
[INFO] [stdout]   --> src/rabbit/rabbit_builder.rs:78:9
[INFO] [stdout]    |
[INFO] [stdout] 78 |     use std::future::Future;
[INFO] [stdout]    |         ^^^^^^^^^^^^^^^^^^^
[INFO] [stdout] 
[INFO] [stdout] 
[INFO] [stdout] warning: unused import: `RabbitBuilderError`
[INFO] [stdout]   --> src/rabbit/rabbit_builder.rs:81:26
[INFO] [stdout]    |
[INFO] [stdout] 81 |         QueueDefinition, RabbitBuilderError, RabbitHandlerBuilder,
[INFO] [stdout]    |                          ^^^^^^^^^^^^^^^^^^
[INFO] [stdout] 
[INFO] [stdout] 
[INFO] [stdout] warning: unused import: `futures::future::ok`
[INFO] [stdout]  --> src/rabbit/rabbit_handler.rs:4:5
[INFO] [stdout]   |
[INFO] [stdout] 4 | use futures::future::ok;
[INFO] [stdout]   |     ^^^^^^^^^^^^^^^^^^^
[INFO] [stdout] 
[INFO] [stdout] 
[INFO] [stdout] warning: unused import: `BasicAckOptions`
[INFO] [stdout]  --> src/rabbit/rabbit_handler.rs:8:22
[INFO] [stdout]   |
[INFO] [stdout] 8 | use lapin::options::{BasicAckOptions, BasicConsumeOptions};
[INFO] [stdout]   |                      ^^^^^^^^^^^^^^^
[INFO] [stdout] 
[INFO] [stdout] 
[INFO] [stdout] warning: unused import: `std::sync::Arc`
[INFO] [stdout]   --> src/rabbit/rabbit_handler.rs:14:5
[INFO] [stdout]    |
[INFO] [stdout] 14 | use std::sync::Arc;
[INFO] [stdout]    |     ^^^^^^^^^^^^^^
[INFO] [stdout] 
[INFO] [stdout] 
[INFO] [stdout] warning: unused import: `std::thread::JoinHandle`
[INFO] [stdout]   --> src/rabbit/rabbit_handler.rs:15:5
[INFO] [stdout]    |
[INFO] [stdout] 15 | use std::thread::JoinHandle;
[INFO] [stdout]    |     ^^^^^^^^^^^^^^^^^^^^^^^
[INFO] [stdout] 
[INFO] [stdout] 
[INFO] [stdout] warning: unused import: `tokio::task`
[INFO] [stdout]   --> src/rabbit/rabbit_handler.rs:18:5
[INFO] [stdout]    |
[INFO] [stdout] 18 | use tokio::task;
[INFO] [stdout]    |     ^^^^^^^^^^^
[INFO] [stdout] 
[INFO] [stdout] 
[INFO] [stdout] warning: unused imports: `Context`, `Poll`
[INFO] [stdout]  --> src/rabbit/generic_function.rs:3:17
[INFO] [stdout]   |
[INFO] [stdout] 3 | use std::task::{Context, Poll};
[INFO] [stdout]   |                 ^^^^^^^  ^^^^
[INFO] [stdout] 
[INFO] [stdout] 
[INFO] [stdout] warning: unused import: `futures::future::err`
[INFO] [stdout]  --> src/repository/users/users_repository.rs:7:5
[INFO] [stdout]   |
[INFO] [stdout] 7 | use futures::future::err;
[INFO] [stdout]   |     ^^^^^^^^^^^^^^^^^^^^
[INFO] [stdout] 
[INFO] [stdout] 
[INFO] [stdout] warning: unused import: `mongodb::error::Error`
[INFO] [stdout]  --> src/repository/users/users_repository.rs:8:5
[INFO] [stdout]   |
[INFO] [stdout] 8 | use mongodb::error::Error;
[INFO] [stdout]   |     ^^^^^^^^^^^^^^^^^^^^^
[INFO] [stdout] 
[INFO] [stdout] 
[INFO] [stdout] warning: unused import: `std::cell::RefCell`
[INFO] [stdout]  --> src/main.rs:5:5
[INFO] [stdout]   |
[INFO] [stdout] 5 | use std::cell::RefCell;
[INFO] [stdout]   |     ^^^^^^^^^^^^^^^^^^
[INFO] [stdout] 
[INFO] [stdout] 
[INFO] [stdout] warning: unused import: `std::future::Future`
[INFO] [stdout]  --> src/main.rs:6:5
[INFO] [stdout]   |
[INFO] [stdout] 6 | use std::future::Future;
[INFO] [stdout]   |     ^^^^^^^^^^^^^^^^^^^
[INFO] [stdout] 
[INFO] [stdout] 
[INFO] [stdout] warning: unused import: `crate::repository::users`
[INFO] [stdout]   --> src/main.rs:16:5
[INFO] [stdout]    |
[INFO] [stdout] 16 | use crate::repository::users;
[INFO] [stdout]    |     ^^^^^^^^^^^^^^^^^^^^^^^^
[INFO] [stdout] 
[INFO] [stdout] 
[INFO] [stdout] warning: unused imports: `Deserialize`, `Serialize`
[INFO] [stdout]   --> src/main.rs:19:13
[INFO] [stdout]    |
[INFO] [stdout] 19 | use serde::{Serialize, Deserialize};
[INFO] [stdout]    |             ^^^^^^^^^  ^^^^^^^^^^^
[INFO] [stdout] 
[INFO] [stdout] 
[INFO] [stdout] warning: use of deprecated trait `tokio_amqp::LapinTokioExt`: use tokio-executor-trait and tokio-reactor-trait directly instead
[INFO] [stdout]   --> src/rabbit/rabbit_builder.rs:11:17
[INFO] [stdout]    |
[INFO] [stdout] 11 | use tokio_amqp::LapinTokioExt;
[INFO] [stdout]    |                 ^^^^^^^^^^^^^
[INFO] [stdout]    |
[INFO] [stdout]    = note: `#[warn(deprecated)]` on by default
[INFO] [stdout] 
[INFO] [stdout] 
[INFO] [stdout] warning: unused variable: `res`
[INFO] [stdout]   --> src/main.rs:79:9
[INFO] [stdout]    |
[INFO] [stdout] 79 |     let res = mongo_repo.insert(&mongo_user).await;
[INFO] [stdout]    |         ^^^ help: if this is intentional, prefix it with an underscore: `_res`
[INFO] [stdout]    |
[INFO] [stdout]    = note: `#[warn(unused_variables)]` on by default
[INFO] [stdout] 
[INFO] [stdout] 
[INFO] [stdout] warning: unused variable: `a`
[INFO] [stdout]    --> src/rabbit/rabbit_builder.rs:101:22
[INFO] [stdout]     |
[INFO] [stdout] 101 |         async fn add(a: u32, b: Delivery) -> () {
[INFO] [stdout]     |                      ^ help: if this is intentional, prefix it with an underscore: `_a`
[INFO] [stdout] 
[INFO] [stdout] 
[INFO] [stdout] warning: variable does not need to be mutable
[INFO] [stdout]   --> src/rabbit/rabbit_handler.rs:91:9
[INFO] [stdout]    |
[INFO] [stdout] 91 |     let mut consumer = channel
[INFO] [stdout]    |         ----^^^^^^^^
[INFO] [stdout]    |         |
[INFO] [stdout]    |         help: remove this `mut`
[INFO] [stdout]    |
[INFO] [stdout]    = note: `#[warn(unused_mut)]` on by default
[INFO] [stdout] 
[INFO] [stdout] 
[INFO] [stdout] warning: unused variable: `url_db`
[INFO] [stdout]   --> src/repository/users/users_repository.rs:32:22
[INFO] [stdout]    |
[INFO] [stdout] 32 |     pub async fn new(url_db: &str) -> Result<MongoRepository, mongodb::error::Error> {
[INFO] [stdout]    |                      ^^^^^^ help: if this is intentional, prefix it with an underscore: `_url_db`
[INFO] [stdout] 
[INFO] [stdout] 
[INFO] [stdout] warning: use of deprecated method `tokio_amqp::LapinTokioExt::with_tokio`: use tokio-executor-trait and tokio-reactor-trait directly instead
[INFO] [stdout]   --> src/rabbit/rabbit_builder.rs:64:79
[INFO] [stdout]    |
[INFO] [stdout] 64 |         let manager = Manager::new(self.addr, ConnectionProperties::default().with_tokio());
[INFO] [stdout]    |                                                                               ^^^^^^^^^^
[INFO] [stdout] 
[INFO] [stdout] 
[INFO] [stdout] warning: unused variable: `add5`
[INFO] [stdout]    --> src/rabbit/rabbit_builder.rs:105:13
[INFO] [stdout]     |
[INFO] [stdout] 105 |         let add5 = move |x| Box::pin( async move { add(5, x) });
[INFO] [stdout]     |             ^^^^ help: if this is intentional, prefix it with an underscore: `_add5`
[INFO] [stdout] 
[INFO] [stdout] 
[INFO] [stdout] warning: function cannot return without recursing
[INFO] [stdout]   --> src/rabbit/rabbit_handler.rs:45:5
[INFO] [stdout]    |
[INFO] [stdout] 45 |     fn clone(&self) -> Self {
[INFO] [stdout]    |     ^^^^^^^^^^^^^^^^^^^^^^^ cannot return without recursing
[INFO] [stdout] 46 |         self.clone()
[INFO] [stdout]    |         ------------ recursive call site
[INFO] [stdout]    |
[INFO] [stdout]    = help: a `loop` may express intention better if this is on purpose
[INFO] [stdout]    = note: `#[warn(unconditional_recursion)]` on by default
[INFO] [stdout] 
[INFO] [stdout] 
[INFO] [stdout] warning: unused variable: `e`
[INFO] [stdout]   --> src/repository/users/users_repository.rs:87:17
[INFO] [stdout]    |
[INFO] [stdout] 87 |             Err(e) => {Err(FetchOneError::Unknown)}
[INFO] [stdout]    |                 ^ help: if this is intentional, prefix it with an underscore: `_e`
[INFO] [stdout] 
[INFO] [stdout] 
[INFO] [stdout] warning: call to `.deref()` on a reference in this situation does nothing
[INFO] [stdout]    --> src/rabbit/rabbit_handler.rs:127:72
[INFO] [stdout]     |
[INFO] [stdout] 127 |         consume_messages(channel.clone(), &"hello", "my_consumer", func.deref()).await;
[INFO] [stdout]     |                                                                        ^^^^^^^^ help: remove this redundant call
[INFO] [stdout]     |
[INFO] [stdout]     = note: the type `FuncGeneric<F>` does not implement `Deref`, so calling `deref` on `&FuncGeneric<F>` copies the reference, which does not do anything and can be removed
[INFO] [stdout]     = note: `#[warn(noop_method_call)]` on by default
[INFO] [stdout] 
[INFO] [stdout] 
[INFO] [stdout] warning: 28 warnings emitted
[INFO] [stdout] 
[INFO] [stdout] 
[INFO] [stderr]     Finished test [unoptimized + debuginfo] target(s) in 9.32s
[INFO] running `Command { std: "docker" "inspect" "09e346788152fa3e6a7903d53c69ff52b378d126a263c28d68b45bf273cd2af8", kill_on_drop: false }`
[INFO] running `Command { std: "docker" "rm" "-f" "09e346788152fa3e6a7903d53c69ff52b378d126a263c28d68b45bf273cd2af8", kill_on_drop: false }`
[INFO] [stdout] 09e346788152fa3e6a7903d53c69ff52b378d126a263c28d68b45bf273cd2af8
[INFO] running `Command { std: "docker" "create" "-v" "/var/lib/crater-agent-workspace/builds/worker-1-tc2/target:/opt/rustwide/target:rw,Z" "-v" "/var/lib/crater-agent-workspace/builds/worker-1-tc2/source:/opt/rustwide/workdir:ro,Z" "-v" "/var/lib/crater-agent-workspace/cargo-home:/opt/rustwide/cargo-home:ro,Z" "-v" "/var/lib/crater-agent-workspace/rustup-home:/opt/rustwide/rustup-home:ro,Z" "-e" "SOURCE_DIR=/opt/rustwide/workdir" "-e" "CARGO_TARGET_DIR=/opt/rustwide/target" "-e" "CARGO_INCREMENTAL=0" "-e" "RUST_BACKTRACE=full" "-e" "RUSTFLAGS=--cap-lints=warn" "-e" "RUSTDOCFLAGS=--cap-lints=warn" "-e" "CARGO_HOME=/opt/rustwide/cargo-home" "-e" "RUSTUP_HOME=/opt/rustwide/rustup-home" "-w" "/opt/rustwide/workdir" "-m" "1610612736" "--user" "0:0" "--network" "none" "ghcr.io/rust-lang/crates-build-env/linux@sha256:2788e3201cd34a07e3172128adcd8b3090168a8e3bcc40d7c032b9dda1df7d1c" "/opt/rustwide/cargo-home/bin/cargo" "+beta-2023-12-22" "test" "--frozen", kill_on_drop: false }`
[INFO] [stdout] 62bb1c94aff640984a692538efd7618c1e9d6f8d1bc7a12839bc0999384f5bbb
[INFO] running `Command { std: "docker" "start" "-a" "62bb1c94aff640984a692538efd7618c1e9d6f8d1bc7a12839bc0999384f5bbb", kill_on_drop: false }`
[INFO] [stderr] warning: unused imports: `HttpRequest`, `web`
[INFO] [stderr]  --> src/api/health.rs:1:17
[INFO] [stderr]   |
[INFO] [stderr] 1 | use actix_web::{web, HttpRequest, HttpResponse, Responder};
[INFO] [stderr]   |                 ^^^  ^^^^^^^^^^^
[INFO] [stderr]   |
[INFO] [stderr]   = note: `#[warn(unused_imports)]` on by default
[INFO] [stderr] 
[INFO] [stderr] warning: unused import: `actix_web::body::to_bytes`
[INFO] [stderr]   --> src/api/health.rs:22:9
[INFO] [stderr]    |
[INFO] [stderr] 22 |     use actix_web::body::to_bytes;
[INFO] [stderr]    |         ^^^^^^^^^^^^^^^^^^^^^^^^^
[INFO] [stderr] 
[INFO] [stderr] warning: unused imports: `StatusCode`, `header`
[INFO] [stderr]   --> src/api/health.rs:23:27
[INFO] [stderr]    |
[INFO] [stderr] 23 |     use actix_web::http::{header, StatusCode};
[INFO] [stderr]    |                           ^^^^^^  ^^^^^^^^^^
[INFO] [stderr] 
[INFO] [stderr] warning: unused import: `http::header::ContentType`
[INFO] [stderr]   --> src/api/health.rs:24:21
[INFO] [stderr]    |
[INFO] [stderr] 24 |     use actix_web::{http::header::ContentType, test, web, App};
[INFO] [stderr]    |                     ^^^^^^^^^^^^^^^^^^^^^^^^^
[INFO] [stderr] 
[INFO] [stderr] warning: unused import: `std::future::Future`
[INFO] [stderr]   --> src/rabbit/rabbit_builder.rs:78:9
[INFO] [stderr]    |
[INFO] [stderr] 78 |     use std::future::Future;
[INFO] [stderr]    |         ^^^^^^^^^^^^^^^^^^^
[INFO] [stderr] 
[INFO] [stderr] warning: unused import: `RabbitBuilderError`
[INFO] [stderr]   --> src/rabbit/rabbit_builder.rs:81:26
[INFO] [stderr]    |
[INFO] [stderr] 81 |         QueueDefinition, RabbitBuilderError, RabbitHandlerBuilder,
[INFO] [stderr]    |                          ^^^^^^^^^^^^^^^^^^
[INFO] [stderr] 
[INFO] [stderr] warning: unused import: `futures::future::ok`
[INFO] [stderr]  --> src/rabbit/rabbit_handler.rs:4:5
[INFO] [stderr]   |
[INFO] [stderr] 4 | use futures::future::ok;
[INFO] [stderr]   |     ^^^^^^^^^^^^^^^^^^^
[INFO] [stderr] 
[INFO] [stderr] warning: unused import: `BasicAckOptions`
[INFO] [stderr]  --> src/rabbit/rabbit_handler.rs:8:22
[INFO] [stderr]   |
[INFO] [stderr] 8 | use lapin::options::{BasicAckOptions, BasicConsumeOptions};
[INFO] [stderr]   |                      ^^^^^^^^^^^^^^^
[INFO] [stderr] 
[INFO] [stderr] warning: unused import: `std::sync::Arc`
[INFO] [stderr]   --> src/rabbit/rabbit_handler.rs:14:5
[INFO] [stderr]    |
[INFO] [stderr] 14 | use std::sync::Arc;
[INFO] [stderr]    |     ^^^^^^^^^^^^^^
[INFO] [stderr] 
[INFO] [stderr] warning: unused import: `std::thread::JoinHandle`
[INFO] [stderr]   --> src/rabbit/rabbit_handler.rs:15:5
[INFO] [stderr]    |
[INFO] [stderr] 15 | use std::thread::JoinHandle;
[INFO] [stderr]    |     ^^^^^^^^^^^^^^^^^^^^^^^
[INFO] [stderr] 
[INFO] [stderr] warning: unused import: `tokio::task`
[INFO] [stderr]   --> src/rabbit/rabbit_handler.rs:18:5
[INFO] [stderr]    |
[INFO] [stderr] 18 | use tokio::task;
[INFO] [stderr]    |     ^^^^^^^^^^^
[INFO] [stderr] 
[INFO] [stderr] warning: unused imports: `Context`, `Poll`
[INFO] [stderr]  --> src/rabbit/generic_function.rs:3:17
[INFO] [stderr]   |
[INFO] [stderr] 3 | use std::task::{Context, Poll};
[INFO] [stderr]   |                 ^^^^^^^  ^^^^
[INFO] [stderr] 
[INFO] [stderr] warning: unused import: `futures::future::err`
[INFO] [stderr]  --> src/repository/users/users_repository.rs:7:5
[INFO] [stderr]   |
[INFO] [stderr] 7 | use futures::future::err;
[INFO] [stderr]   |     ^^^^^^^^^^^^^^^^^^^^
[INFO] [stderr] 
[INFO] [stderr] warning: unused import: `mongodb::error::Error`
[INFO] [stderr]  --> src/repository/users/users_repository.rs:8:5
[INFO] [stderr]   |
[INFO] [stderr] 8 | use mongodb::error::Error;
[INFO] [stderr]   |     ^^^^^^^^^^^^^^^^^^^^^
[INFO] [stderr] 
[INFO] [stderr] warning: unused import: `std::cell::RefCell`
[INFO] [stderr]  --> src/main.rs:5:5
[INFO] [stderr]   |
[INFO] [stderr] 5 | use std::cell::RefCell;
[INFO] [stderr]   |     ^^^^^^^^^^^^^^^^^^
[INFO] [stderr] 
[INFO] [stderr] warning: unused import: `std::future::Future`
[INFO] [stderr]  --> src/main.rs:6:5
[INFO] [stderr]   |
[INFO] [stderr] 6 | use std::future::Future;
[INFO] [stderr]   |     ^^^^^^^^^^^^^^^^^^^
[INFO] [stderr] 
[INFO] [stderr] warning: unused import: `crate::repository::users`
[INFO] [stderr]   --> src/main.rs:16:5
[INFO] [stderr]    |
[INFO] [stderr] 16 | use crate::repository::users;
[INFO] [stderr]    |     ^^^^^^^^^^^^^^^^^^^^^^^^
[INFO] [stderr] 
[INFO] [stderr] warning: unused imports: `Deserialize`, `Serialize`
[INFO] [stderr]   --> src/main.rs:19:13
[INFO] [stderr]    |
[INFO] [stderr] 19 | use serde::{Serialize, Deserialize};
[INFO] [stderr]    |             ^^^^^^^^^  ^^^^^^^^^^^
[INFO] [stderr] 
[INFO] [stderr] warning: use of deprecated trait `tokio_amqp::LapinTokioExt`: use tokio-executor-trait and tokio-reactor-trait directly instead
[INFO] [stderr]   --> src/rabbit/rabbit_builder.rs:11:17
[INFO] [stderr]    |
[INFO] [stderr] 11 | use tokio_amqp::LapinTokioExt;
[INFO] [stderr]    |                 ^^^^^^^^^^^^^
[INFO] [stderr]    |
[INFO] [stderr]    = note: `#[warn(deprecated)]` on by default
[INFO] [stderr] 
[INFO] [stderr] warning: unused variable: `res`
[INFO] [stderr]   --> src/main.rs:79:9
[INFO] [stderr]    |
[INFO] [stderr] 79 |     let res = mongo_repo.insert(&mongo_user).await;
[INFO] [stderr]    |         ^^^ help: if this is intentional, prefix it with an underscore: `_res`
[INFO] [stderr]    |
[INFO] [stderr]    = note: `#[warn(unused_variables)]` on by default
[INFO] [stderr] 
[INFO] [stderr] warning: unused variable: `a`
[INFO] [stderr]    --> src/rabbit/rabbit_builder.rs:101:22
[INFO] [stderr]     |
[INFO] [stderr] 101 |         async fn add(a: u32, b: Delivery) -> () {
[INFO] [stderr]     |                      ^ help: if this is intentional, prefix it with an underscore: `_a`
[INFO] [stderr] 
[INFO] [stderr] warning: variable does not need to be mutable
[INFO] [stderr]   --> src/rabbit/rabbit_handler.rs:91:9
[INFO] [stderr]    |
[INFO] [stderr] 91 |     let mut consumer = channel
[INFO] [stderr]    |         ----^^^^^^^^
[INFO] [stderr]    |         |
[INFO] [stderr]    |         help: remove this `mut`
[INFO] [stderr]    |
[INFO] [stderr]    = note: `#[warn(unused_mut)]` on by default
[INFO] [stderr] 
[INFO] [stderr] warning: unused variable: `url_db`
[INFO] [stderr]   --> src/repository/users/users_repository.rs:32:22
[INFO] [stderr]    |
[INFO] [stderr] 32 |     pub async fn new(url_db: &str) -> Result<MongoRepository, mongodb::error::Error> {
[INFO] [stderr]    |                      ^^^^^^ help: if this is intentional, prefix it with an underscore: `_url_db`
[INFO] [stderr] 
[INFO] [stderr] warning: use of deprecated method `tokio_amqp::LapinTokioExt::with_tokio`: use tokio-executor-trait and tokio-reactor-trait directly instead
[INFO] [stderr]   --> src/rabbit/rabbit_builder.rs:64:79
[INFO] [stderr]    |
[INFO] [stderr] 64 |         let manager = Manager::new(self.addr, ConnectionProperties::default().with_tokio());
[INFO] [stderr]    |                                                                               ^^^^^^^^^^
[INFO] [stderr] 
[INFO] [stderr] warning: unused variable: `add5`
[INFO] [stderr]    --> src/rabbit/rabbit_builder.rs:105:13
[INFO] [stderr]     |
[INFO] [stderr] 105 |         let add5 = move |x| Box::pin( async move { add(5, x) });
[INFO] [stderr]     |             ^^^^ help: if this is intentional, prefix it with an underscore: `_add5`
[INFO] [stderr] 
[INFO] [stderr] warning: function cannot return without recursing
[INFO] [stderr]   --> src/rabbit/rabbit_handler.rs:45:5
[INFO] [stderr]    |
[INFO] [stderr] 45 |     fn clone(&self) -> Self {
[INFO] [stderr]    |     ^^^^^^^^^^^^^^^^^^^^^^^ cannot return without recursing
[INFO] [stderr] 46 |         self.clone()
[INFO] [stderr]    |         ------------ recursive call site
[INFO] [stderr]    |
[INFO] [stderr]    = help: a `loop` may express intention better if this is on purpose
[INFO] [stderr]    = note: `#[warn(unconditional_recursion)]` on by default
[INFO] [stderr] 
[INFO] [stderr] warning: unused variable: `e`
[INFO] [stderr]   --> src/repository/users/users_repository.rs:87:17
[INFO] [stderr]    |
[INFO] [stderr] 87 |             Err(e) => {Err(FetchOneError::Unknown)}
[INFO] [stderr]    |                 ^ help: if this is intentional, prefix it with an underscore: `_e`
[INFO] [stderr] 
[INFO] [stderr] warning: call to `.deref()` on a reference in this situation does nothing
[INFO] [stderr]    --> src/rabbit/rabbit_handler.rs:127:72
[INFO] [stderr]     |
[INFO] [stderr] 127 |         consume_messages(channel.clone(), &"hello", "my_consumer", func.deref()).await;
[INFO] [stderr]     |                                                                        ^^^^^^^^ help: remove this redundant call
[INFO] [stderr]     |
[INFO] [stderr]     = note: the type `FuncGeneric<F>` does not implement `Deref`, so calling `deref` on `&FuncGeneric<F>` copies the reference, which does not do anything and can be removed
[INFO] [stderr]     = note: `#[warn(noop_method_call)]` on by default
[INFO] [stderr] 
[INFO] [stderr] warning: `brassing` (bin "brassing" test) generated 28 warnings (run `cargo fix --bin "brassing" --tests` to apply 25 suggestions)
[INFO] [stderr]     Finished test [unoptimized + debuginfo] target(s) in 0.27s
[INFO] [stderr]      Running unittests src/main.rs (/opt/rustwide/target/debug/deps/brassing-8c14205adc41e3e7)
[INFO] [stdout] 
[INFO] [stdout] running 4 tests
[INFO] [stdout] test api::health::tests::test_health_route_ok ... ok
[INFO] [stdout] test rabbit::rabbit_builder::tests::test_builder_work ... ok
[INFO] [stdout] test repository::users::users_repository::tests::find_one_works ... FAILED
[INFO] [stdout] test repository::users::users_repository::tests::create_works ... FAILED
[INFO] [stdout] 
[INFO] [stdout] failures:
[INFO] [stdout] 
[INFO] [stdout] ---- repository::users::users_repository::tests::find_one_works stdout ----
[INFO] [stdout] thread 'repository::users::users_repository::tests::find_one_works' panicked at src/repository/users/users_repository.rs:134:53:
[INFO] [stdout] called `Result::unwrap()` on an `Err` value: Conflict
[INFO] [stdout] stack backtrace:
[INFO] [stdout]    0:     0x5642b4155fa6 - std::backtrace_rs::backtrace::libunwind::trace::h261606ad26a499c1
[INFO] [stdout]                                at /rustc/0e09125c6c3c2fd70d7de961bcf0e51575235fad/library/std/src/../../backtrace/src/backtrace/libunwind.rs:104:5
[INFO] [stdout]    1:     0x5642b4155fa6 - std::backtrace_rs::backtrace::trace_unsynchronized::hd183f0625477fb28
[INFO] [stdout]                                at /rustc/0e09125c6c3c2fd70d7de961bcf0e51575235fad/library/std/src/../../backtrace/src/backtrace/mod.rs:66:5
[INFO] [stdout]    2:     0x5642b4155fa6 - std::sys_common::backtrace::_print_fmt::hd7f8fef21b4eda67
[INFO] [stdout]                                at /rustc/0e09125c6c3c2fd70d7de961bcf0e51575235fad/library/std/src/sys_common/backtrace.rs:68:5
[INFO] [stdout]    3:     0x5642b4155fa6 - <std::sys_common::backtrace::_print::DisplayBacktrace as core::fmt::Display>::fmt::h623d9b51f2f453f1
[INFO] [stdout]                                at /rustc/0e09125c6c3c2fd70d7de961bcf0e51575235fad/library/std/src/sys_common/backtrace.rs:44:22
[INFO] [stdout]    4:     0x5642b4184df0 - core::fmt::rt::Argument::fmt::h9f417ac76a86f368
[INFO] [stdout]                                at /rustc/0e09125c6c3c2fd70d7de961bcf0e51575235fad/library/core/src/fmt/rt.rs:142:9
[INFO] [stdout]    5:     0x5642b4184df0 - core::fmt::write::hc9b6faf4ac2aeff7
[INFO] [stdout]                                at /rustc/0e09125c6c3c2fd70d7de961bcf0e51575235fad/library/core/src/fmt/mod.rs:1120:17
[INFO] [stdout]    6:     0x5642b4152f6f - std::io::Write::write_fmt::he04625a3a989fec3
[INFO] [stdout]                                at /rustc/0e09125c6c3c2fd70d7de961bcf0e51575235fad/library/std/src/io/mod.rs:1810:15
[INFO] [stdout]    7:     0x5642b4155d84 - std::sys_common::backtrace::_print::hd5d66399c7df88a2
[INFO] [stdout]                                at /rustc/0e09125c6c3c2fd70d7de961bcf0e51575235fad/library/std/src/sys_common/backtrace.rs:47:5
[INFO] [stdout]    8:     0x5642b4155d84 - std::sys_common::backtrace::print::he81ed2da642d37e5
[INFO] [stdout]                                at /rustc/0e09125c6c3c2fd70d7de961bcf0e51575235fad/library/std/src/sys_common/backtrace.rs:34:9
[INFO] [stdout]    9:     0x5642b4157af7 - std::panicking::default_hook::{{closure}}::h85773f4fa117163d
[INFO] [stdout]   10:     0x5642b41577dd - std::panicking::default_hook::h6a1694a91d09b278
[INFO] [stdout]                                at /rustc/0e09125c6c3c2fd70d7de961bcf0e51575235fad/library/std/src/panicking.rs:289:9
[INFO] [stdout]   11:     0x5642b331cb97 - <alloc::boxed::Box<F,A> as core::ops::function::Fn<Args>>::call::h616ac37fa3cd6c8f
[INFO] [stdout]                                at /rustc/0e09125c6c3c2fd70d7de961bcf0e51575235fad/library/alloc/src/boxed.rs:2029:9
[INFO] [stdout]   12:     0x5642b331cb97 - test::test_main::{{closure}}::h00d84697cefdcbb6
[INFO] [stdout]                                at /rustc/0e09125c6c3c2fd70d7de961bcf0e51575235fad/library/test/src/lib.rs:138:21
[INFO] [stdout]   13:     0x5642b4158116 - <alloc::boxed::Box<F,A> as core::ops::function::Fn<Args>>::call::hcb3fe3b9bb537ba8
[INFO] [stdout]                                at /rustc/0e09125c6c3c2fd70d7de961bcf0e51575235fad/library/alloc/src/boxed.rs:2029:9
[INFO] [stdout]   14:     0x5642b4158116 - std::panicking::rust_panic_with_hook::h0a7ad96e90f7145b
[INFO] [stdout]                                at /rustc/0e09125c6c3c2fd70d7de961bcf0e51575235fad/library/std/src/panicking.rs:783:13
[INFO] [stdout]   15:     0x5642b4157e62 - std::panicking::begin_panic_handler::{{closure}}::h7919090525c6485e
[INFO] [stdout]                                at /rustc/0e09125c6c3c2fd70d7de961bcf0e51575235fad/library/std/src/panicking.rs:657:13
[INFO] [stdout]   16:     0x5642b41564a6 - std::sys_common::backtrace::__rust_end_short_backtrace::hf3289479464f7dfe
[INFO] [stdout]                                at /rustc/0e09125c6c3c2fd70d7de961bcf0e51575235fad/library/std/src/sys_common/backtrace.rs:171:18
[INFO] [stdout]   17:     0x5642b4157bc0 - rust_begin_unwind
[INFO] [stdout]                                at /rustc/0e09125c6c3c2fd70d7de961bcf0e51575235fad/library/std/src/panicking.rs:645:5
[INFO] [stdout]   18:     0x5642b327f4e5 - core::panicking::panic_fmt::hcc9f77c5c132af55
[INFO] [stdout]                                at /rustc/0e09125c6c3c2fd70d7de961bcf0e51575235fad/library/core/src/panicking.rs:72:14
[INFO] [stdout]   19:     0x5642b327fac3 - core::result::unwrap_failed::hbe14f498be1452f9
[INFO] [stdout]                                at /rustc/0e09125c6c3c2fd70d7de961bcf0e51575235fad/library/core/src/result.rs:1649:5
[INFO] [stdout]   20:     0x5642b32a3166 - core::result::Result<T,E>::unwrap::h859d251a75d925d8
[INFO] [stdout]                                at /rustc/0e09125c6c3c2fd70d7de961bcf0e51575235fad/library/core/src/result.rs:1073:23
[INFO] [stdout]   21:     0x5642b32dd69c - brassing::repository::users::users_repository::tests::find_one_works::{{closure}}::h5bd36a5d4621332f
[INFO] [stdout]                                at /opt/rustwide/workdir/src/repository/users/users_repository.rs:134:22
[INFO] [stdout]   22:     0x5642b32abc38 - <core::pin::Pin<P> as core::future::future::Future>::poll::haba06a396cee78b0
[INFO] [stdout]                                at /rustc/0e09125c6c3c2fd70d7de961bcf0e51575235fad/library/core/src/future/future.rs:124:9
[INFO] [stdout]   23:     0x5642b32aba8b - <core::pin::Pin<P> as core::future::future::Future>::poll::h43a577044e805148
[INFO] [stdout]                                at /rustc/0e09125c6c3c2fd70d7de961bcf0e51575235fad/library/core/src/future/future.rs:124:9
[INFO] [stdout]   24:     0x5642b32c94b4 - tokio::runtime::scheduler::current_thread::CoreGuard::block_on::{{closure}}::{{closure}}::{{closure}}::h343c506178bd4e59
[INFO] [stdout]                                at /opt/rustwide/cargo-home/registry/src/index.crates.io-6f17d22bba15001f/tokio-1.27.0/src/runtime/scheduler/current_thread.rs:541:57
[INFO] [stdout]   25:     0x5642b32c939a - tokio::runtime::coop::with_budget::h4d340ad06eb5c3b1
[INFO] [stdout]                                at /opt/rustwide/cargo-home/registry/src/index.crates.io-6f17d22bba15001f/tokio-1.27.0/src/runtime/coop.rs:107:5
[INFO] [stdout]   26:     0x5642b32c939a - tokio::runtime::coop::budget::hf7e19e09d79321f4
[INFO] [stdout]                                at /opt/rustwide/cargo-home/registry/src/index.crates.io-6f17d22bba15001f/tokio-1.27.0/src/runtime/coop.rs:73:5
[INFO] [stdout]   27:     0x5642b32c939a - tokio::runtime::scheduler::current_thread::CoreGuard::block_on::{{closure}}::{{closure}}::h95b6f78c71540683
[INFO] [stdout]                                at /opt/rustwide/cargo-home/registry/src/index.crates.io-6f17d22bba15001f/tokio-1.27.0/src/runtime/scheduler/current_thread.rs:541:25
[INFO] [stdout]   28:     0x5642b32c677c - tokio::runtime::scheduler::current_thread::Context::enter::h7ecb3f7411b715eb
[INFO] [stdout]                                at /opt/rustwide/cargo-home/registry/src/index.crates.io-6f17d22bba15001f/tokio-1.27.0/src/runtime/scheduler/current_thread.rs:350:19
[INFO] [stdout]   29:     0x5642b32c875a - tokio::runtime::scheduler::current_thread::CoreGuard::block_on::{{closure}}::he8069c08f5bdcf98
[INFO] [stdout]                                at /opt/rustwide/cargo-home/registry/src/index.crates.io-6f17d22bba15001f/tokio-1.27.0/src/runtime/scheduler/current_thread.rs:540:36
[INFO] [stdout]   30:     0x5642b32c78eb - tokio::runtime::scheduler::current_thread::CoreGuard::enter::{{closure}}::haabfbcf839a8daec
[INFO] [stdout]                                at /opt/rustwide/cargo-home/registry/src/index.crates.io-6f17d22bba15001f/tokio-1.27.0/src/runtime/scheduler/current_thread.rs:615:57
[INFO] [stdout]   31:     0x5642b32b67f8 - tokio::macros::scoped_tls::ScopedKey<T>::set::hb090021d95706649
[INFO] [stdout]                                at /opt/rustwide/cargo-home/registry/src/index.crates.io-6f17d22bba15001f/tokio-1.27.0/src/macros/scoped_tls.rs:61:9
[INFO] [stdout]   32:     0x5642b32c763f - tokio::runtime::scheduler::current_thread::CoreGuard::enter::h8ef752dab5bb84f2
[INFO] [stdout]                                at /opt/rustwide/cargo-home/registry/src/index.crates.io-6f17d22bba15001f/tokio-1.27.0/src/runtime/scheduler/current_thread.rs:615:27
[INFO] [stdout]   33:     0x5642b32c791d - tokio::runtime::scheduler::current_thread::CoreGuard::block_on::h0dc02dda76788663
[INFO] [stdout]                                at /opt/rustwide/cargo-home/registry/src/index.crates.io-6f17d22bba15001f/tokio-1.27.0/src/runtime/scheduler/current_thread.rs:530:19
[INFO] [stdout]   34:     0x5642b32c567b - tokio::runtime::scheduler::current_thread::CurrentThread::block_on::h3b1cc96f7200e37e
[INFO] [stdout]                                at /opt/rustwide/cargo-home/registry/src/index.crates.io-6f17d22bba15001f/tokio-1.27.0/src/runtime/scheduler/current_thread.rs:154:24
[INFO] [stdout]   35:     0x5642b329dacd - tokio::runtime::runtime::Runtime::block_on::h16d713a2d8cdd4c1
[INFO] [stdout]                                at /opt/rustwide/cargo-home/registry/src/index.crates.io-6f17d22bba15001f/tokio-1.27.0/src/runtime/runtime.rs:302:47
[INFO] [stdout]   36:     0x5642b32dcf2a - brassing::repository::users::users_repository::tests::find_one_works::hd2156576e09c549f
[INFO] [stdout]                                at /opt/rustwide/workdir/src/repository/users/users_repository.rs:136:9
[INFO] [stdout]   37:     0x5642b32dcd97 - brassing::repository::users::users_repository::tests::find_one_works::{{closure}}::h628df52dd8dd84ed
[INFO] [stdout]                                at /opt/rustwide/workdir/src/repository/users/users_repository.rs:117:30
[INFO] [stdout]   38:     0x5642b3285316 - core::ops::function::FnOnce::call_once::h071af4c7f1a3130b
[INFO] [stdout]                                at /rustc/0e09125c6c3c2fd70d7de961bcf0e51575235fad/library/core/src/ops/function.rs:250:5
[INFO] [stdout]   39:     0x5642b332246f - core::ops::function::FnOnce::call_once::hd64d26f405258157
[INFO] [stdout]                                at /rustc/0e09125c6c3c2fd70d7de961bcf0e51575235fad/library/core/src/ops/function.rs:250:5
[INFO] [stdout]   40:     0x5642b332246f - test::__rust_begin_short_backtrace::he21b0b7a6d731bf9
[INFO] [stdout]                                at /rustc/0e09125c6c3c2fd70d7de961bcf0e51575235fad/library/test/src/lib.rs:627:18
[INFO] [stdout]   41:     0x5642b33211f1 - test::run_test_in_process::{{closure}}::hf5c73986d7bdfde2
[INFO] [stdout]                                at /rustc/0e09125c6c3c2fd70d7de961bcf0e51575235fad/library/test/src/lib.rs:650:60
[INFO] [stdout]   42:     0x5642b33211f1 - <core::panic::unwind_safe::AssertUnwindSafe<F> as core::ops::function::FnOnce<()>>::call_once::h330011ad032aadc0
[INFO] [stdout]                                at /rustc/0e09125c6c3c2fd70d7de961bcf0e51575235fad/library/core/src/panic/unwind_safe.rs:272:9
[INFO] [stdout]   43:     0x5642b33211f1 - std::panicking::try::do_call::he61b0a958b795a41
[INFO] [stdout]                                at /rustc/0e09125c6c3c2fd70d7de961bcf0e51575235fad/library/std/src/panicking.rs:552:40
[INFO] [stdout]   44:     0x5642b33211f1 - std::panicking::try::h7309da130f906eb7
[INFO] [stdout]                                at /rustc/0e09125c6c3c2fd70d7de961bcf0e51575235fad/library/std/src/panicking.rs:516:19
[INFO] [stdout]   45:     0x5642b33211f1 - std::panic::catch_unwind::hc5c3a06fdaf0a92a
[INFO] [stdout]                                at /rustc/0e09125c6c3c2fd70d7de961bcf0e51575235fad/library/std/src/panic.rs:142:14
[INFO] [stdout]   46:     0x5642b33211f1 - test::run_test_in_process::h7e7b7c71c3324e0f
[INFO] [stdout]                                at /rustc/0e09125c6c3c2fd70d7de961bcf0e51575235fad/library/test/src/lib.rs:650:27
[INFO] [stdout]   47:     0x5642b33211f1 - test::run_test::{{closure}}::h1f509f28f5cf20b1
[INFO] [stdout]                                at /rustc/0e09125c6c3c2fd70d7de961bcf0e51575235fad/library/test/src/lib.rs:573:43
[INFO] [stdout]   48:     0x5642b32e8526 - test::run_test::{{closure}}::h1754218abf443f6d
[INFO] [stdout]                                at /rustc/0e09125c6c3c2fd70d7de961bcf0e51575235fad/library/test/src/lib.rs:601:41
[INFO] [stdout]   49:     0x5642b32e8526 - std::sys_common::backtrace::__rust_begin_short_backtrace::h2ee174b9d5954948
[INFO] [stdout]                                at /rustc/0e09125c6c3c2fd70d7de961bcf0e51575235fad/library/std/src/sys_common/backtrace.rs:155:18
[INFO] [stdout]   50:     0x5642b32ed587 - std::thread::Builder::spawn_unchecked_::{{closure}}::{{closure}}::hf60bee9c1a17ef09
[INFO] [stdout]                                at /rustc/0e09125c6c3c2fd70d7de961bcf0e51575235fad/library/std/src/thread/mod.rs:529:17
[INFO] [stdout]   51:     0x5642b32ed587 - <core::panic::unwind_safe::AssertUnwindSafe<F> as core::ops::function::FnOnce<()>>::call_once::h33d0dddec5216160
[INFO] [stdout]                                at /rustc/0e09125c6c3c2fd70d7de961bcf0e51575235fad/library/core/src/panic/unwind_safe.rs:272:9
[INFO] [stdout]   52:     0x5642b32ed587 - std::panicking::try::do_call::h144b3048b546f835
[INFO] [stdout]                                at /rustc/0e09125c6c3c2fd70d7de961bcf0e51575235fad/library/std/src/panicking.rs:552:40
[INFO] [stdout]   53:     0x5642b32ed587 - std::panicking::try::h978244d04646189f
[INFO] [stdout]                                at /rustc/0e09125c6c3c2fd70d7de961bcf0e51575235fad/library/std/src/panicking.rs:516:19
[INFO] [stdout]   54:     0x5642b32ed587 - std::panic::catch_unwind::hdf436369d188fe86
[INFO] [stdout]                                at /rustc/0e09125c6c3c2fd70d7de961bcf0e51575235fad/library/std/src/panic.rs:142:14
[INFO] [stdout]   55:     0x5642b32ed587 - std::thread::Builder::spawn_unchecked_::{{closure}}::h87329cbdd33c79ec
[INFO] [stdout]                                at /rustc/0e09125c6c3c2fd70d7de961bcf0e51575235fad/library/std/src/thread/mod.rs:528:30
[INFO] [stdout]   56:     0x5642b32ed587 - core::ops::function::FnOnce::call_once{{vtable.shim}}::h401abbe67897d450
[INFO] [stdout]                                at /rustc/0e09125c6c3c2fd70d7de961bcf0e51575235fad/library/core/src/ops/function.rs:250:5
[INFO] [stdout]   57:     0x5642b415cf75 - <alloc::boxed::Box<F,A> as core::ops::function::FnOnce<Args>>::call_once::h5d7c8f150ab9c84c
[INFO] [stdout]                                at /rustc/0e09125c6c3c2fd70d7de961bcf0e51575235fad/library/alloc/src/boxed.rs:2015:9
[INFO] [stdout]   58:     0x5642b415cf75 - <alloc::boxed::Box<F,A> as core::ops::function::FnOnce<Args>>::call_once::h570d5b005c242c15
[INFO] [stdout]                                at /rustc/0e09125c6c3c2fd70d7de961bcf0e51575235fad/library/alloc/src/boxed.rs:2015:9
[INFO] [stdout]   59:     0x5642b415cf75 - std::sys::unix::thread::Thread::new::thread_start::h36b0a20c0b2361ad
[INFO] [stdout]                                at /rustc/0e09125c6c3c2fd70d7de961bcf0e51575235fad/library/std/src/sys/unix/thread.rs:108:17
[INFO] [stdout]   60:     0x7fdfe3c93ac3 - <unknown>
[INFO] [stdout]   61:     0x7fdfe3d24bf4 - __clone
[INFO] [stdout]   62:                0x0 - <unknown>
[INFO] [stdout] 
[INFO] [stdout] ---- repository::users::users_repository::tests::create_works stdout ----
[INFO] [stdout] thread 'repository::users::users_repository::tests::create_works' panicked at src/repository/users/users_repository.rs:111:53:
[INFO] [stdout] called `Result::unwrap()` on an `Err` value: Conflict
[INFO] [stdout] stack backtrace:
[INFO] [stdout]    0:     0x5642b4155fa6 - std::backtrace_rs::backtrace::libunwind::trace::h261606ad26a499c1
[INFO] [stdout]                                at /rustc/0e09125c6c3c2fd70d7de961bcf0e51575235fad/library/std/src/../../backtrace/src/backtrace/libunwind.rs:104:5
[INFO] [stdout]    1:     0x5642b4155fa6 - std::backtrace_rs::backtrace::trace_unsynchronized::hd183f0625477fb28
[INFO] [stdout]                                at /rustc/0e09125c6c3c2fd70d7de961bcf0e51575235fad/library/std/src/../../backtrace/src/backtrace/mod.rs:66:5
[INFO] [stdout]    2:     0x5642b4155fa6 - std::sys_common::backtrace::_print_fmt::hd7f8fef21b4eda67
[INFO] [stdout]                                at /rustc/0e09125c6c3c2fd70d7de961bcf0e51575235fad/library/std/src/sys_common/backtrace.rs:68:5
[INFO] [stdout]    3:     0x5642b4155fa6 - <std::sys_common::backtrace::_print::DisplayBacktrace as core::fmt::Display>::fmt::h623d9b51f2f453f1
[INFO] [stdout]                                at /rustc/0e09125c6c3c2fd70d7de961bcf0e51575235fad/library/std/src/sys_common/backtrace.rs:44:22
[INFO] [stdout]    4:     0x5642b4184df0 - core::fmt::rt::Argument::fmt::h9f417ac76a86f368
[INFO] [stdout]                                at /rustc/0e09125c6c3c2fd70d7de961bcf0e51575235fad/library/core/src/fmt/rt.rs:142:9
[INFO] [stdout]    5:     0x5642b4184df0 - core::fmt::write::hc9b6faf4ac2aeff7
[INFO] [stdout]                                at /rustc/0e09125c6c3c2fd70d7de961bcf0e51575235fad/library/core/src/fmt/mod.rs:1120:17
[INFO] [stdout]    6:     0x5642b4152f6f - std::io::Write::write_fmt::he04625a3a989fec3
[INFO] [stdout]                                at /rustc/0e09125c6c3c2fd70d7de961bcf0e51575235fad/library/std/src/io/mod.rs:1810:15
[INFO] [stdout]    7:     0x5642b4155d84 - std::sys_common::backtrace::_print::hd5d66399c7df88a2
[INFO] [stdout]                                at /rustc/0e09125c6c3c2fd70d7de961bcf0e51575235fad/library/std/src/sys_common/backtrace.rs:47:5
[INFO] [stdout]    8:     0x5642b4155d84 - std::sys_common::backtrace::print::he81ed2da642d37e5
[INFO] [stdout]                                at /rustc/0e09125c6c3c2fd70d7de961bcf0e51575235fad/library/std/src/sys_common/backtrace.rs:34:9
[INFO] [stdout]    9:     0x5642b4157af7 - std::panicking::default_hook::{{closure}}::h85773f4fa117163d
[INFO] [stdout]   10:     0x5642b41577dd - std::panicking::default_hook::h6a1694a91d09b278
[INFO] [stdout]                                at /rustc/0e09125c6c3c2fd70d7de961bcf0e51575235fad/library/std/src/panicking.rs:289:9
[INFO] [stdout]   11:     0x5642b331cb97 - <alloc::boxed::Box<F,A> as core::ops::function::Fn<Args>>::call::h616ac37fa3cd6c8f
[INFO] [stdout]                                at /rustc/0e09125c6c3c2fd70d7de961bcf0e51575235fad/library/alloc/src/boxed.rs:2029:9
[INFO] [stdout]   12:     0x5642b331cb97 - test::test_main::{{closure}}::h00d84697cefdcbb6
[INFO] [stdout]                                at /rustc/0e09125c6c3c2fd70d7de961bcf0e51575235fad/library/test/src/lib.rs:138:21
[INFO] [stdout]   13:     0x5642b4158116 - <alloc::boxed::Box<F,A> as core::ops::function::Fn<Args>>::call::hcb3fe3b9bb537ba8
[INFO] [stdout]                                at /rustc/0e09125c6c3c2fd70d7de961bcf0e51575235fad/library/alloc/src/boxed.rs:2029:9
[INFO] [stdout]   14:     0x5642b4158116 - std::panicking::rust_panic_with_hook::h0a7ad96e90f7145b
[INFO] [stdout]                                at /rustc/0e09125c6c3c2fd70d7de961bcf0e51575235fad/library/std/src/panicking.rs:783:13
[INFO] [stdout]   15:     0x5642b4157e62 - std::panicking::begin_panic_handler::{{closure}}::h7919090525c6485e
[INFO] [stdout]                                at /rustc/0e09125c6c3c2fd70d7de961bcf0e51575235fad/library/std/src/panicking.rs:657:13
[INFO] [stdout]   16:     0x5642b41564a6 - std::sys_common::backtrace::__rust_end_short_backtrace::hf3289479464f7dfe
[INFO] [stdout]                                at /rustc/0e09125c6c3c2fd70d7de961bcf0e51575235fad/library/std/src/sys_common/backtrace.rs:171:18
[INFO] [stdout]   17:     0x5642b4157bc0 - rust_begin_unwind
[INFO] [stdout]                                at /rustc/0e09125c6c3c2fd70d7de961bcf0e51575235fad/library/std/src/panicking.rs:645:5
[INFO] [stdout]   18:     0x5642b327f4e5 - core::panicking::panic_fmt::hcc9f77c5c132af55
[INFO] [stdout]                                at /rustc/0e09125c6c3c2fd70d7de961bcf0e51575235fad/library/core/src/panicking.rs:72:14
[INFO] [stdout]   19:     0x5642b327fac3 - core::result::unwrap_failed::hbe14f498be1452f9
[INFO] [stdout]                                at /rustc/0e09125c6c3c2fd70d7de961bcf0e51575235fad/library/core/src/result.rs:1649:5
[INFO] [stdout]   20:     0x5642b32a3166 - core::result::Result<T,E>::unwrap::h859d251a75d925d8
[INFO] [stdout]                                at /rustc/0e09125c6c3c2fd70d7de961bcf0e51575235fad/library/core/src/result.rs:1073:23
[INFO] [stdout]   21:     0x5642b32dcc18 - brassing::repository::users::users_repository::tests::create_works::{{closure}}::h5c4a41119220a0b6
[INFO] [stdout]                                at /opt/rustwide/workdir/src/repository/users/users_repository.rs:111:22
[INFO] [stdout]   22:     0x5642b32abc38 - <core::pin::Pin<P> as core::future::future::Future>::poll::haba06a396cee78b0
[INFO] [stdout]                                at /rustc/0e09125c6c3c2fd70d7de961bcf0e51575235fad/library/core/src/future/future.rs:124:9
[INFO] [stdout]   23:     0x5642b32aba8b - <core::pin::Pin<P> as core::future::future::Future>::poll::h43a577044e805148
[INFO] [stdout]                                at /rustc/0e09125c6c3c2fd70d7de961bcf0e51575235fad/library/core/src/future/future.rs:124:9
[INFO] [stdout]   24:     0x5642b32c94b4 - tokio::runtime::scheduler::current_thread::CoreGuard::block_on::{{closure}}::{{closure}}::{{closure}}::h343c506178bd4e59
[INFO] [stdout]                                at /opt/rustwide/cargo-home/registry/src/index.crates.io-6f17d22bba15001f/tokio-1.27.0/src/runtime/scheduler/current_thread.rs:541:57
[INFO] [stdout]   25:     0x5642b32c939a - tokio::runtime::coop::with_budget::h4d340ad06eb5c3b1
[INFO] [stdout]                                at /opt/rustwide/cargo-home/registry/src/index.crates.io-6f17d22bba15001f/tokio-1.27.0/src/runtime/coop.rs:107:5
[INFO] [stdout]   26:     0x5642b32c939a - tokio::runtime::coop::budget::hf7e19e09d79321f4
[INFO] [stdout]                                at /opt/rustwide/cargo-home/registry/src/index.crates.io-6f17d22bba15001f/tokio-1.27.0/src/runtime/coop.rs:73:5
[INFO] [stdout]   27:     0x5642b32c939a - tokio::runtime::scheduler::current_thread::CoreGuard::block_on::{{closure}}::{{closure}}::h95b6f78c71540683
[INFO] [stdout]                                at /opt/rustwide/cargo-home/registry/src/index.crates.io-6f17d22bba15001f/tokio-1.27.0/src/runtime/scheduler/current_thread.rs:541:25
[INFO] [stdout]   28:     0x5642b32c677c - tokio::runtime::scheduler::current_thread::Context::enter::h7ecb3f7411b715eb
[INFO] [stdout]                                at /opt/rustwide/cargo-home/registry/src/index.crates.io-6f17d22bba15001f/tokio-1.27.0/src/runtime/scheduler/current_thread.rs:350:19
[INFO] [stdout]   29:     0x5642b32c875a - tokio::runtime::scheduler::current_thread::CoreGuard::block_on::{{closure}}::he8069c08f5bdcf98
[INFO] [stdout]                                at /opt/rustwide/cargo-home/registry/src/index.crates.io-6f17d22bba15001f/tokio-1.27.0/src/runtime/scheduler/current_thread.rs:540:36
[INFO] [stdout]   30:     0x5642b32c78eb - tokio::runtime::scheduler::current_thread::CoreGuard::enter::{{closure}}::haabfbcf839a8daec
[INFO] [stdout]                                at /opt/rustwide/cargo-home/registry/src/index.crates.io-6f17d22bba15001f/tokio-1.27.0/src/runtime/scheduler/current_thread.rs:615:57
[INFO] [stdout]   31:     0x5642b32b67f8 - tokio::macros::scoped_tls::ScopedKey<T>::set::hb090021d95706649
[INFO] [stdout]                                at /opt/rustwide/cargo-home/registry/src/index.crates.io-6f17d22bba15001f/tokio-1.27.0/src/macros/scoped_tls.rs:61:9
[INFO] [stdout]   32:     0x5642b32c763f - tokio::runtime::scheduler::current_thread::CoreGuard::enter::h8ef752dab5bb84f2
[INFO] [stdout]                                at /opt/rustwide/cargo-home/registry/src/index.crates.io-6f17d22bba15001f/tokio-1.27.0/src/runtime/scheduler/current_thread.rs:615:27
[INFO] [stdout]   33:     0x5642b32c791d - tokio::runtime::scheduler::current_thread::CoreGuard::block_on::h0dc02dda76788663
[INFO] [stdout]                                at /opt/rustwide/cargo-home/registry/src/index.crates.io-6f17d22bba15001f/tokio-1.27.0/src/runtime/scheduler/current_thread.rs:530:19
[INFO] [stdout]   34:     0x5642b32c567b - tokio::runtime::scheduler::current_thread::CurrentThread::block_on::h3b1cc96f7200e37e
[INFO] [stdout]                                at /opt/rustwide/cargo-home/registry/src/index.crates.io-6f17d22bba15001f/tokio-1.27.0/src/runtime/scheduler/current_thread.rs:154:24
[INFO] [stdout]   35:     0x5642b329dacd - tokio::runtime::runtime::Runtime::block_on::h16d713a2d8cdd4c1
[INFO] [stdout]                                at /opt/rustwide/cargo-home/registry/src/index.crates.io-6f17d22bba15001f/tokio-1.27.0/src/runtime/runtime.rs:302:47
[INFO] [stdout]   36:     0x5642b32dc657 - brassing::repository::users::users_repository::tests::create_works::h621f9f5bc220951a
[INFO] [stdout]                                at /opt/rustwide/workdir/src/repository/users/users_repository.rs:113:9
[INFO] [stdout]   37:     0x5642b32dc4c7 - brassing::repository::users::users_repository::tests::create_works::{{closure}}::hc23b42d84357e7e6
[INFO] [stdout]                                at /opt/rustwide/workdir/src/repository/users/users_repository.rs:101:28
[INFO] [stdout]   38:     0x5642b3285356 - core::ops::function::FnOnce::call_once::h11b9cc7709e49d4f
[INFO] [stdout]                                at /rustc/0e09125c6c3c2fd70d7de961bcf0e51575235fad/library/core/src/ops/function.rs:250:5
[INFO] [stdout]   39:     0x5642b332246f - core::ops::function::FnOnce::call_once::hd64d26f405258157
[INFO] [stdout]                                at /rustc/0e09125c6c3c2fd70d7de961bcf0e51575235fad/library/core/src/ops/function.rs:250:5
[INFO] [stdout]   40:     0x5642b332246f - test::__rust_begin_short_backtrace::he21b0b7a6d731bf9
[INFO] [stdout]                                at /rustc/0e09125c6c3c2fd70d7de961bcf0e51575235fad/library/test/src/lib.rs:627:18
[INFO] [stdout]   41:     0x5642b33211f1 - test::run_test_in_process::{{closure}}::hf5c73986d7bdfde2
[INFO] [stdout]                                at /rustc/0e09125c6c3c2fd70d7de961bcf0e51575235fad/library/test/src/lib.rs:650:60
[INFO] [stdout]   42:     0x5642b33211f1 - <core::panic::unwind_safe::AssertUnwindSafe<F> as core::ops::function::FnOnce<()>>::call_once::h330011ad032aadc0
[INFO] [stdout]                                at /rustc/0e09125c6c3c2fd70d7de961bcf0e51575235fad/library/core/src/panic/unwind_safe.rs:272:9
[INFO] [stdout]   43:     0x5642b33211f1 - std::panicking::try::do_call::he61b0a958b795a41
[INFO] [stdout]                                at /rustc/0e09125c6c3c2fd70d7de961bcf0e51575235fad/library/std/src/panicking.rs:552:40
[INFO] [stdout]   44:     0x5642b33211f1 - std::panicking::try::h7309da130f906eb7
[INFO] [stdout]                                at /rustc/0e09125c6c3c2fd70d7de961bcf0e51575235fad/library/std/src/panicking.rs:516:19
[INFO] [stdout]   45:     0x5642b33211f1 - std::panic::catch_unwind::hc5c3a06fdaf0a92a
[INFO] [stdout]                                at /rustc/0e09125c6c3c2fd70d7de961bcf0e51575235fad/library/std/src/panic.rs:142:14
[INFO] [stdout]   46:     0x5642b33211f1 - test::run_test_in_process::h7e7b7c71c3324e0f
[INFO] [stdout]                                at /rustc/0e09125c6c3c2fd70d7de961bcf0e51575235fad/library/test/src/lib.rs:650:27
[INFO] [stdout]   47:     0x5642b33211f1 - test::run_test::{{closure}}::h1f509f28f5cf20b1
[INFO] [stdout]                                at /rustc/0e09125c6c3c2fd70d7de961bcf0e51575235fad/library/test/src/lib.rs:573:43
[INFO] [stdout]   48:     0x5642b32e8526 - test::run_test::{{closure}}::h1754218abf443f6d
[INFO] [stdout]                                at /rustc/0e09125c6c3c2fd70d7de961bcf0e51575235fad/library/test/src/lib.rs:601:41
[INFO] [stdout]   49:     0x5642b32e8526 - std::sys_common::backtrace::__rust_begin_short_backtrace::h2ee174b9d5954948
[INFO] [stdout]                                at /rustc/0e09125c6c3c2fd70d7de961bcf0e51575235fad/library/std/src/sys_common/backtrace.rs:155:18
[INFO] [stdout]   50:     0x5642b32ed587 - std::thread::Builder::spawn_unchecked_::{{closure}}::{{closure}}::hf60bee9c1a17ef09
[INFO] [stdout]                                at /rustc/0e09125c6c3c2fd70d7de961bcf0e51575235fad/library/std/src/thread/mod.rs:529:17
[INFO] [stdout]   51:     0x5642b32ed587 - <core::panic::unwind_safe::AssertUnwindSafe<F> as core::ops::function::FnOnce<()>>::call_once::h33d0dddec5216160
[INFO] [stdout]                                at /rustc/0e09125c6c3c2fd70d7de961bcf0e51575235fad/library/core/src/panic/unwind_safe.rs:272:9
[INFO] [stdout]   52:     0x5642b32ed587 - std::panicking::try::do_call::h144b3048b546f835
[INFO] [stdout]                                at /rustc/0e09125c6c3c2fd70d7de961bcf0e51575235fad/library/std/src/panicking.rs:552:40
[INFO] [stdout]   53:     0x5642b32ed587 - std::panicking::try::h978244d04646189f
[INFO] [stdout]                                at /rustc/0e09125c6c3c2fd70d7de961bcf0e51575235fad/library/std/src/panicking.rs:516:19
[INFO] [stdout]   54:     0x5642b32ed587 - std::panic::catch_unwind::hdf436369d188fe86
[INFO] [stdout]                                at /rustc/0e09125c6c3c2fd70d7de961bcf0e51575235fad/library/std/src/panic.rs:142:14
[INFO] [stdout]   55:     0x5642b32ed587 - std::thread::Builder::spawn_unchecked_::{{closure}}::h87329cbdd33c79ec
[INFO] [stdout]                                at /rustc/0e09125c6c3c2fd70d7de961bcf0e51575235fad/library/std/src/thread/mod.rs:528:30
[INFO] [stdout]   56:     0x5642b32ed587 - core::ops::function::FnOnce::call_once{{vtable.shim}}::h401abbe67897d450
[INFO] [stdout]                                at /rustc/0e09125c6c3c2fd70d7de961bcf0e51575235fad/library/core/src/ops/function.rs:250:5
[INFO] [stdout]   57:     0x5642b415cf75 - <alloc::boxed::Box<F,A> as core::ops::function::FnOnce<Args>>::call_once::h5d7c8f150ab9c84c
[INFO] [stdout]                                at /rustc/0e09125c6c3c2fd70d7de961bcf0e51575235fad/library/alloc/src/boxed.rs:2015:9
[INFO] [stdout]   58:     0x5642b415cf75 - <alloc::boxed::Box<F,A> as core::ops::function::FnOnce<Args>>::call_once::h570d5b005c242c15
[INFO] [stdout]                                at /rustc/0e09125c6c3c2fd70d7de961bcf0e51575235fad/library/alloc/src/boxed.rs:2015:9
[INFO] [stdout]   59:     0x5642b415cf75 - std::sys::unix::thread::Thread::new::thread_start::h36b0a20c0b2361ad
[INFO] [stdout]                                at /rustc/0e09125c6c3c2fd70d7de961bcf0e51575235fad/library/std/src/sys/unix/thread.rs:108:17
[INFO] [stdout]   60:     0x7fdfe3c93ac3 - <unknown>
[INFO] [stdout]   61:     0x7fdfe3d24bf4 - __clone
[INFO] [stdout]   62:                0x0 - <unknown>
[INFO] [stdout] 
[INFO] [stdout] 
[INFO] [stdout] failures:
[INFO] [stdout]     repository::users::users_repository::tests::create_works
[INFO] [stdout]     repository::users::users_repository::tests::find_one_works
[INFO] [stdout] 
[INFO] [stdout] test result: FAILED. 2 passed; 2 failed; 0 ignored; 0 measured; 0 filtered out; finished in 30.13s
[INFO] [stdout] 
[INFO] [stderr] error: test failed, to rerun pass `--bin brassing`
[INFO] running `Command { std: "docker" "inspect" "62bb1c94aff640984a692538efd7618c1e9d6f8d1bc7a12839bc0999384f5bbb", kill_on_drop: false }`
[INFO] running `Command { std: "docker" "rm" "-f" "62bb1c94aff640984a692538efd7618c1e9d6f8d1bc7a12839bc0999384f5bbb", kill_on_drop: false }`
[INFO] [stdout] 62bb1c94aff640984a692538efd7618c1e9d6f8d1bc7a12839bc0999384f5bbb
