[INFO] cloning repository https://github.com/MoskalykA/acursor
[INFO] running `Command { std: "git" "-c" "credential.helper=" "-c" "credential.helper=/workspace/cargo-home/bin/git-credential-null" "clone" "--bare" "https://github.com/MoskalykA/acursor" "/workspace/cache/git-repos/https%3A%2F%2Fgithub.com%2FMoskalykA%2Facursor", kill_on_drop: false }`
[INFO] [stderr] Cloning into bare repository '/workspace/cache/git-repos/https%3A%2F%2Fgithub.com%2FMoskalykA%2Facursor'...
[INFO] running `Command { std: "git" "rev-parse" "HEAD", kill_on_drop: false }`
[INFO] [stdout] ed912eb16b8f8c1a2593586117c76730a95be70c
[INFO] testing MoskalykA/acursor against 1.75.0 for beta-1.76-1
[INFO] running `Command { std: "git" "clone" "/workspace/cache/git-repos/https%3A%2F%2Fgithub.com%2FMoskalykA%2Facursor" "/workspace/builds/worker-5-tc1/source", kill_on_drop: false }`
[INFO] [stderr] Cloning into '/workspace/builds/worker-5-tc1/source'...
[INFO] [stderr] done.
[INFO] validating manifest of git repo https://github.com/MoskalykA/acursor on toolchain 1.75.0
[INFO] running `Command { std: CARGO_HOME="/workspace/cargo-home" RUSTUP_HOME="/workspace/rustup-home" "/workspace/cargo-home/bin/cargo" "+1.75.0" "metadata" "--manifest-path" "Cargo.toml" "--no-deps", kill_on_drop: false }`
[INFO] started tweaking git repo https://github.com/MoskalykA/acursor
[INFO] finished tweaking git repo https://github.com/MoskalykA/acursor
[INFO] tweaked toml for git repo https://github.com/MoskalykA/acursor written to /workspace/builds/worker-5-tc1/source/Cargo.toml
[INFO] crate git repo https://github.com/MoskalykA/acursor already has a lockfile, it will not be regenerated
[INFO] running `Command { std: CARGO_HOME="/workspace/cargo-home" RUSTUP_HOME="/workspace/rustup-home" "/workspace/cargo-home/bin/cargo" "+1.75.0" "fetch" "--manifest-path" "Cargo.toml", kill_on_drop: false }`
[INFO] [stderr]     Updating crates.io index
[INFO] [stderr]  Downloading crates ...
[INFO] [stderr]   Downloaded concat-idents v1.1.4
[INFO] running `Command { std: "docker" "create" "-v" "/var/lib/crater-agent-workspace/builds/worker-5-tc1/target:/opt/rustwide/target:rw,Z" "-v" "/var/lib/crater-agent-workspace/builds/worker-5-tc1/source:/opt/rustwide/workdir:ro,Z" "-v" "/var/lib/crater-agent-workspace/cargo-home:/opt/rustwide/cargo-home:ro,Z" "-v" "/var/lib/crater-agent-workspace/rustup-home:/opt/rustwide/rustup-home:ro,Z" "-e" "SOURCE_DIR=/opt/rustwide/workdir" "-e" "CARGO_TARGET_DIR=/opt/rustwide/target" "-e" "CARGO_HOME=/opt/rustwide/cargo-home" "-e" "RUSTUP_HOME=/opt/rustwide/rustup-home" "-w" "/opt/rustwide/workdir" "-m" "1610612736" "--user" "0:0" "--network" "none" "ghcr.io/rust-lang/crates-build-env/linux@sha256:2788e3201cd34a07e3172128adcd8b3090168a8e3bcc40d7c032b9dda1df7d1c" "/opt/rustwide/cargo-home/bin/cargo" "+1.75.0" "metadata" "--no-deps" "--format-version=1", kill_on_drop: false }`
[INFO] [stdout] 6880df5a05a8616dbe8c0f9ed0119d433f54d350597a2a22a7a469f9cd29a277
[INFO] running `Command { std: "docker" "start" "-a" "6880df5a05a8616dbe8c0f9ed0119d433f54d350597a2a22a7a469f9cd29a277", kill_on_drop: false }`
[INFO] running `Command { std: "docker" "inspect" "6880df5a05a8616dbe8c0f9ed0119d433f54d350597a2a22a7a469f9cd29a277", kill_on_drop: false }`
[INFO] running `Command { std: "docker" "rm" "-f" "6880df5a05a8616dbe8c0f9ed0119d433f54d350597a2a22a7a469f9cd29a277", kill_on_drop: false }`
[INFO] [stdout] 6880df5a05a8616dbe8c0f9ed0119d433f54d350597a2a22a7a469f9cd29a277
[INFO] running `Command { std: "docker" "create" "-v" "/var/lib/crater-agent-workspace/builds/worker-5-tc1/target:/opt/rustwide/target:rw,Z" "-v" "/var/lib/crater-agent-workspace/builds/worker-5-tc1/source:/opt/rustwide/workdir:ro,Z" "-v" "/var/lib/crater-agent-workspace/cargo-home:/opt/rustwide/cargo-home:ro,Z" "-v" "/var/lib/crater-agent-workspace/rustup-home:/opt/rustwide/rustup-home:ro,Z" "-e" "SOURCE_DIR=/opt/rustwide/workdir" "-e" "CARGO_TARGET_DIR=/opt/rustwide/target" "-e" "CARGO_INCREMENTAL=0" "-e" "RUST_BACKTRACE=full" "-e" "RUSTFLAGS=--cap-lints=warn" "-e" "RUSTDOCFLAGS=--cap-lints=warn" "-e" "CARGO_HOME=/opt/rustwide/cargo-home" "-e" "RUSTUP_HOME=/opt/rustwide/rustup-home" "-w" "/opt/rustwide/workdir" "-m" "1610612736" "--user" "0:0" "--network" "none" "ghcr.io/rust-lang/crates-build-env/linux@sha256:2788e3201cd34a07e3172128adcd8b3090168a8e3bcc40d7c032b9dda1df7d1c" "/opt/rustwide/cargo-home/bin/cargo" "+1.75.0" "build" "--frozen" "--message-format=json", kill_on_drop: false }`
[INFO] [stdout] 1029a7002f93aeaa59e1997115f689f73fd1eaefac00b1f323b0ee5233a163fc
[INFO] running `Command { std: "docker" "start" "-a" "1029a7002f93aeaa59e1997115f689f73fd1eaefac00b1f323b0ee5233a163fc", kill_on_drop: false }`
[INFO] [stderr]    Compiling proc-macro2 v1.0.56
[INFO] [stderr]    Compiling unicode-ident v1.0.8
[INFO] [stderr]    Compiling quote v1.0.26
[INFO] [stderr]    Compiling syn v1.0.109
[INFO] [stderr]    Compiling concat-idents v1.1.4
[INFO] [stderr]    Compiling acursor v0.0.2 (/opt/rustwide/workdir)
[INFO] [stderr]     Finished dev [unoptimized + debuginfo] target(s) in 3.10s
[INFO] running `Command { std: "docker" "inspect" "1029a7002f93aeaa59e1997115f689f73fd1eaefac00b1f323b0ee5233a163fc", kill_on_drop: false }`
[INFO] running `Command { std: "docker" "rm" "-f" "1029a7002f93aeaa59e1997115f689f73fd1eaefac00b1f323b0ee5233a163fc", kill_on_drop: false }`
[INFO] [stdout] 1029a7002f93aeaa59e1997115f689f73fd1eaefac00b1f323b0ee5233a163fc
[INFO] running `Command { std: "docker" "create" "-v" "/var/lib/crater-agent-workspace/builds/worker-5-tc1/target:/opt/rustwide/target:rw,Z" "-v" "/var/lib/crater-agent-workspace/builds/worker-5-tc1/source:/opt/rustwide/workdir:ro,Z" "-v" "/var/lib/crater-agent-workspace/cargo-home:/opt/rustwide/cargo-home:ro,Z" "-v" "/var/lib/crater-agent-workspace/rustup-home:/opt/rustwide/rustup-home:ro,Z" "-e" "SOURCE_DIR=/opt/rustwide/workdir" "-e" "CARGO_TARGET_DIR=/opt/rustwide/target" "-e" "CARGO_INCREMENTAL=0" "-e" "RUST_BACKTRACE=full" "-e" "RUSTFLAGS=--cap-lints=warn" "-e" "RUSTDOCFLAGS=--cap-lints=warn" "-e" "CARGO_HOME=/opt/rustwide/cargo-home" "-e" "RUSTUP_HOME=/opt/rustwide/rustup-home" "-w" "/opt/rustwide/workdir" "-m" "1610612736" "--user" "0:0" "--network" "none" "ghcr.io/rust-lang/crates-build-env/linux@sha256:2788e3201cd34a07e3172128adcd8b3090168a8e3bcc40d7c032b9dda1df7d1c" "/opt/rustwide/cargo-home/bin/cargo" "+1.75.0" "test" "--frozen" "--no-run" "--message-format=json", kill_on_drop: false }`
[INFO] [stdout] 208757a651166272e22d8ea35c36e916dc90a50af077c5d765dff751ea74390c
[INFO] running `Command { std: "docker" "start" "-a" "208757a651166272e22d8ea35c36e916dc90a50af077c5d765dff751ea74390c", kill_on_drop: false }`
[INFO] [stderr]    Compiling acursor v0.0.2 (/opt/rustwide/workdir)
[INFO] [stderr]     Finished test [unoptimized + debuginfo] target(s) in 0.21s
[INFO] running `Command { std: "docker" "inspect" "208757a651166272e22d8ea35c36e916dc90a50af077c5d765dff751ea74390c", kill_on_drop: false }`
[INFO] running `Command { std: "docker" "rm" "-f" "208757a651166272e22d8ea35c36e916dc90a50af077c5d765dff751ea74390c", kill_on_drop: false }`
[INFO] [stdout] 208757a651166272e22d8ea35c36e916dc90a50af077c5d765dff751ea74390c
[INFO] running `Command { std: "docker" "create" "-v" "/var/lib/crater-agent-workspace/builds/worker-5-tc1/target:/opt/rustwide/target:rw,Z" "-v" "/var/lib/crater-agent-workspace/builds/worker-5-tc1/source:/opt/rustwide/workdir:ro,Z" "-v" "/var/lib/crater-agent-workspace/cargo-home:/opt/rustwide/cargo-home:ro,Z" "-v" "/var/lib/crater-agent-workspace/rustup-home:/opt/rustwide/rustup-home:ro,Z" "-e" "SOURCE_DIR=/opt/rustwide/workdir" "-e" "CARGO_TARGET_DIR=/opt/rustwide/target" "-e" "CARGO_INCREMENTAL=0" "-e" "RUST_BACKTRACE=full" "-e" "RUSTFLAGS=--cap-lints=warn" "-e" "RUSTDOCFLAGS=--cap-lints=warn" "-e" "CARGO_HOME=/opt/rustwide/cargo-home" "-e" "RUSTUP_HOME=/opt/rustwide/rustup-home" "-w" "/opt/rustwide/workdir" "-m" "1610612736" "--user" "0:0" "--network" "none" "ghcr.io/rust-lang/crates-build-env/linux@sha256:2788e3201cd34a07e3172128adcd8b3090168a8e3bcc40d7c032b9dda1df7d1c" "/opt/rustwide/cargo-home/bin/cargo" "+1.75.0" "test" "--frozen", kill_on_drop: false }`
[INFO] [stdout] 6322c9eddbff56124856c4e645d43cb1c1461fca02b3193884c77ca38b53d920
[INFO] running `Command { std: "docker" "start" "-a" "6322c9eddbff56124856c4e645d43cb1c1461fca02b3193884c77ca38b53d920", kill_on_drop: false }`
[INFO] [stderr]     Finished test [unoptimized + debuginfo] target(s) in 0.01s
[INFO] [stderr]      Running unittests src/lib.rs (/opt/rustwide/target/debug/deps/acursor-27ddc8e9c7098d2b)
[INFO] [stdout] 
[INFO] [stdout] running 0 tests
[INFO] [stdout] 
[INFO] [stdout] test result: ok. 0 passed; 0 failed; 0 ignored; 0 measured; 0 filtered out; finished in 0.00s
[INFO] [stdout] 
[INFO] [stderr]    Doc-tests acursor
[INFO] [stdout] 
[INFO] [stdout] running 26 tests
[INFO] [stdout] test src/read.rs - read::ReadBytes::read_u128 (line 60) ... FAILED
[INFO] [stdout] test src/read.rs - read::ReadBytes::read_f64 (line 64) ... FAILED
[INFO] [stdout] test src/read.rs - read::ReadBytes::read_i32 (line 57) ... FAILED
[INFO] [stdout] test src/read.rs - read::ReadBytes::read_i8 (line 53) ... FAILED
[INFO] [stdout] test src/read.rs - read::ReadBytes::read_i128 (line 61) ... FAILED
[INFO] [stdout] test src/read.rs - read::ReadBytes::read_u32 (line 56) ... FAILED
[INFO] [stdout] test src/read.rs - read::ReadBytes::read_f32 (line 63) ... FAILED
[INFO] [stdout] test src/write.rs - write::WriteBytes::write_f32 (line 61) ... FAILED
[INFO] [stdout] test src/read.rs - read::ReadBytes::read_u16 (line 54) ... FAILED
[INFO] [stdout] test src/read.rs - read::ReadBytes::read_i64 (line 59) ... FAILED
[INFO] [stdout] test src/read.rs - read::ReadBytes::read_u8 (line 52) ... FAILED
[INFO] [stdout] test src/write.rs - write::WriteBytes::write_f64 (line 62) ... FAILED
[INFO] [stdout] test src/read.rs - read::ReadBytes::read_string (line 66) ... FAILED
[INFO] [stdout] test src/write.rs - write::WriteBytes::write_i128 (line 59) ... FAILED
[INFO] [stdout] test src/read.rs - read::ReadBytes::read_i16 (line 55) ... FAILED
[INFO] [stdout] test src/read.rs - read::ReadBytes::read_u64 (line 58) ... FAILED
[INFO] [stdout] test src/write.rs - write::WriteBytes::write_i32 (line 55) ... FAILED
[INFO] [stdout] test src/write.rs - write::WriteBytes::write_u8 (line 50) ... FAILED
[INFO] [stdout] test src/write.rs - write::WriteBytes::write_i64 (line 57) ... FAILED
[INFO] [stdout] test src/write.rs - write::WriteBytes::write_u16 (line 52) ... FAILED
[INFO] [stdout] test src/write.rs - write::WriteBytes::write_i16 (line 53) ... FAILED
[INFO] [stdout] test src/write.rs - write::WriteBytes::write_u32 (line 54) ... FAILED
[INFO] [stdout] test src/write.rs - write::WriteBytes::write_u64 (line 56) ... FAILED
[INFO] [stdout] test src/write.rs - write::WriteBytes::write_string (line 64) ... FAILED
[INFO] [stdout] test src/write.rs - write::WriteBytes::write_i8 (line 51) ... FAILED
[INFO] [stdout] test src/write.rs - write::WriteBytes::write_u128 (line 58) ... FAILED
[INFO] [stdout] 
[INFO] [stdout] failures:
[INFO] [stdout] 
[INFO] [stdout] ---- src/read.rs - read::ReadBytes::read_u128 (line 60) stdout ----
[INFO] [stdout] error[E0412]: cannot find type `Cursor` in this scope
[INFO] [stdout]  --> src/read.rs:61:17
[INFO] [stdout]   |
[INFO] [stdout] 3 | let mut cursor: Cursor<Vec<u8>> = Cursor::new(Vec::new());
[INFO] [stdout]   |                 ^^^^^^ not found in this scope
[INFO] [stdout]   |
[INFO] [stdout] help: consider importing one of these items
[INFO] [stdout]   |
[INFO] [stdout] 2 + use std::collections::btree_map::Cursor;
[INFO] [stdout]   |
[INFO] [stdout] 2 + use std::collections::linked_list::Cursor;
[INFO] [stdout]   |
[INFO] [stdout] 2 + use std::io::Cursor;
[INFO] [stdout]   |
[INFO] [stdout] 
[INFO] [stdout] error[E0433]: failed to resolve: use of undeclared type `Cursor`
[INFO] [stdout]  --> src/read.rs:61:35
[INFO] [stdout]   |
[INFO] [stdout] 3 | let mut cursor: Cursor<Vec<u8>> = Cursor::new(Vec::new());
[INFO] [stdout]   |                                   ^^^^^^ use of undeclared type `Cursor`
[INFO] [stdout]   |
[INFO] [stdout] help: consider importing one of these items
[INFO] [stdout]   |
[INFO] [stdout] 2 + use std::collections::btree_map::Cursor;
[INFO] [stdout]   |
[INFO] [stdout] 2 + use std::collections::linked_list::Cursor;
[INFO] [stdout]   |
[INFO] [stdout] 2 + use std::io::Cursor;
[INFO] [stdout]   |
[INFO] [stdout] 
[INFO] [stdout] error: aborting due to 2 previous errors
[INFO] [stdout] 
[INFO] [stdout] Some errors have detailed explanations: E0412, E0433.
[INFO] [stdout] For more information about an error, try `rustc --explain E0412`.
[INFO] [stdout] Couldn't compile the test.
[INFO] [stdout] ---- src/read.rs - read::ReadBytes::read_f64 (line 64) stdout ----
[INFO] [stdout] error[E0412]: cannot find type `Cursor` in this scope
[INFO] [stdout]  --> src/read.rs:65:17
[INFO] [stdout]   |
[INFO] [stdout] 3 | let mut cursor: Cursor<Vec<u8>> = Cursor::new(Vec::new());
[INFO] [stdout]   |                 ^^^^^^ not found in this scope
[INFO] [stdout]   |
[INFO] [stdout] help: consider importing one of these items
[INFO] [stdout]   |
[INFO] [stdout] 2 + use std::collections::btree_map::Cursor;
[INFO] [stdout]   |
[INFO] [stdout] 2 + use std::collections::linked_list::Cursor;
[INFO] [stdout]   |
[INFO] [stdout] 2 + use std::io::Cursor;
[INFO] [stdout]   |
[INFO] [stdout] 
[INFO] [stdout] error[E0433]: failed to resolve: use of undeclared type `Cursor`
[INFO] [stdout]  --> src/read.rs:65:35
[INFO] [stdout]   |
[INFO] [stdout] 3 | let mut cursor: Cursor<Vec<u8>> = Cursor::new(Vec::new());
[INFO] [stdout]   |                                   ^^^^^^ use of undeclared type `Cursor`
[INFO] [stdout]   |
[INFO] [stdout] help: consider importing one of these items
[INFO] [stdout]   |
[INFO] [stdout] 2 + use std::collections::btree_map::Cursor;
[INFO] [stdout]   |
[INFO] [stdout] 2 + use std::collections::linked_list::Cursor;
[INFO] [stdout]   |
[INFO] [stdout] 2 + use std::io::Cursor;
[INFO] [stdout]   |
[INFO] [stdout] 
[INFO] [stdout] error: aborting due to 2 previous errors
[INFO] [stdout] 
[INFO] [stdout] Some errors have detailed explanations: E0412, E0433.
[INFO] [stdout] For more information about an error, try `rustc --explain E0412`.
[INFO] [stdout] Couldn't compile the test.
[INFO] [stdout] ---- src/read.rs - read::ReadBytes::read_i32 (line 57) stdout ----
[INFO] [stdout] error[E0412]: cannot find type `Cursor` in this scope
[INFO] [stdout]  --> src/read.rs:58:17
[INFO] [stdout]   |
[INFO] [stdout] 3 | let mut cursor: Cursor<Vec<u8>> = Cursor::new(Vec::new());
[INFO] [stdout]   |                 ^^^^^^ not found in this scope
[INFO] [stdout]   |
[INFO] [stdout] help: consider importing one of these items
[INFO] [stdout]   |
[INFO] [stdout] 2 + use std::collections::btree_map::Cursor;
[INFO] [stdout]   |
[INFO] [stdout] 2 + use std::collections::linked_list::Cursor;
[INFO] [stdout]   |
[INFO] [stdout] 2 + use std::io::Cursor;
[INFO] [stdout]   |
[INFO] [stdout] 
[INFO] [stdout] error[E0433]: failed to resolve: use of undeclared type `Cursor`
[INFO] [stdout]  --> src/read.rs:58:35
[INFO] [stdout]   |
[INFO] [stdout] 3 | let mut cursor: Cursor<Vec<u8>> = Cursor::new(Vec::new());
[INFO] [stdout]   |                                   ^^^^^^ use of undeclared type `Cursor`
[INFO] [stdout]   |
[INFO] [stdout] help: consider importing one of these items
[INFO] [stdout]   |
[INFO] [stdout] 2 + use std::collections::btree_map::Cursor;
[INFO] [stdout]   |
[INFO] [stdout] 2 + use std::collections::linked_list::Cursor;
[INFO] [stdout]   |
[INFO] [stdout] 2 + use std::io::Cursor;
[INFO] [stdout]   |
[INFO] [stdout] 
[INFO] [stdout] error: aborting due to 2 previous errors
[INFO] [stdout] 
[INFO] [stdout] Some errors have detailed explanations: E0412, E0433.
[INFO] [stdout] For more information about an error, try `rustc --explain E0412`.
[INFO] [stdout] Couldn't compile the test.
[INFO] [stdout] ---- src/read.rs - read::ReadBytes::read_i8 (line 53) stdout ----
[INFO] [stdout] error[E0412]: cannot find type `Cursor` in this scope
[INFO] [stdout]  --> src/read.rs:54:17
[INFO] [stdout]   |
[INFO] [stdout] 3 | let mut cursor: Cursor<Vec<u8>> = Cursor::new(Vec::new());
[INFO] [stdout]   |                 ^^^^^^ not found in this scope
[INFO] [stdout]   |
[INFO] [stdout] help: consider importing one of these items
[INFO] [stdout]   |
[INFO] [stdout] 2 + use std::collections::btree_map::Cursor;
[INFO] [stdout]   |
[INFO] [stdout] 2 + use std::collections::linked_list::Cursor;
[INFO] [stdout]   |
[INFO] [stdout] 2 + use std::io::Cursor;
[INFO] [stdout]   |
[INFO] [stdout] 
[INFO] [stdout] error[E0433]: failed to resolve: use of undeclared type `Cursor`
[INFO] [stdout]  --> src/read.rs:54:35
[INFO] [stdout]   |
[INFO] [stdout] 3 | let mut cursor: Cursor<Vec<u8>> = Cursor::new(Vec::new());
[INFO] [stdout]   |                                   ^^^^^^ use of undeclared type `Cursor`
[INFO] [stdout]   |
[INFO] [stdout] help: consider importing one of these items
[INFO] [stdout]   |
[INFO] [stdout] 2 + use std::collections::btree_map::Cursor;
[INFO] [stdout]   |
[INFO] [stdout] 2 + use std::collections::linked_list::Cursor;
[INFO] [stdout]   |
[INFO] [stdout] 2 + use std::io::Cursor;
[INFO] [stdout]   |
[INFO] [stdout] 
[INFO] [stdout] error: aborting due to 2 previous errors
[INFO] [stdout] 
[INFO] [stdout] Some errors have detailed explanations: E0412, E0433.
[INFO] [stdout] For more information about an error, try `rustc --explain E0412`.
[INFO] [stdout] Couldn't compile the test.
[INFO] [stdout] ---- src/read.rs - read::ReadBytes::read_i128 (line 61) stdout ----
[INFO] [stdout] error[E0412]: cannot find type `Cursor` in this scope
[INFO] [stdout]  --> src/read.rs:62:17
[INFO] [stdout]   |
[INFO] [stdout] 3 | let mut cursor: Cursor<Vec<u8>> = Cursor::new(Vec::new());
[INFO] [stdout]   |                 ^^^^^^ not found in this scope
[INFO] [stdout]   |
[INFO] [stdout] help: consider importing one of these items
[INFO] [stdout]   |
[INFO] [stdout] 2 + use std::collections::btree_map::Cursor;
[INFO] [stdout]   |
[INFO] [stdout] 2 + use std::collections::linked_list::Cursor;
[INFO] [stdout]   |
[INFO] [stdout] 2 + use std::io::Cursor;
[INFO] [stdout]   |
[INFO] [stdout] 
[INFO] [stdout] error[E0433]: failed to resolve: use of undeclared type `Cursor`
[INFO] [stdout]  --> src/read.rs:62:35
[INFO] [stdout]   |
[INFO] [stdout] 3 | let mut cursor: Cursor<Vec<u8>> = Cursor::new(Vec::new());
[INFO] [stdout]   |                                   ^^^^^^ use of undeclared type `Cursor`
[INFO] [stdout]   |
[INFO] [stdout] help: consider importing one of these items
[INFO] [stdout]   |
[INFO] [stdout] 2 + use std::collections::btree_map::Cursor;
[INFO] [stdout]   |
[INFO] [stdout] 2 + use std::collections::linked_list::Cursor;
[INFO] [stdout]   |
[INFO] [stdout] 2 + use std::io::Cursor;
[INFO] [stdout]   |
[INFO] [stdout] 
[INFO] [stdout] error: aborting due to 2 previous errors
[INFO] [stdout] 
[INFO] [stdout] Some errors have detailed explanations: E0412, E0433.
[INFO] [stdout] For more information about an error, try `rustc --explain E0412`.
[INFO] [stdout] Couldn't compile the test.
[INFO] [stdout] ---- src/read.rs - read::ReadBytes::read_u32 (line 56) stdout ----
[INFO] [stdout] error[E0412]: cannot find type `Cursor` in this scope
[INFO] [stdout]  --> src/read.rs:57:17
[INFO] [stdout]   |
[INFO] [stdout] 3 | let mut cursor: Cursor<Vec<u8>> = Cursor::new(Vec::new());
[INFO] [stdout]   |                 ^^^^^^ not found in this scope
[INFO] [stdout]   |
[INFO] [stdout] help: consider importing one of these items
[INFO] [stdout]   |
[INFO] [stdout] 2 + use std::collections::btree_map::Cursor;
[INFO] [stdout]   |
[INFO] [stdout] 2 + use std::collections::linked_list::Cursor;
[INFO] [stdout]   |
[INFO] [stdout] 2 + use std::io::Cursor;
[INFO] [stdout]   |
[INFO] [stdout] 
[INFO] [stdout] error[E0433]: failed to resolve: use of undeclared type `Cursor`
[INFO] [stdout]  --> src/read.rs:57:35
[INFO] [stdout]   |
[INFO] [stdout] 3 | let mut cursor: Cursor<Vec<u8>> = Cursor::new(Vec::new());
[INFO] [stdout]   |                                   ^^^^^^ use of undeclared type `Cursor`
[INFO] [stdout]   |
[INFO] [stdout] help: consider importing one of these items
[INFO] [stdout]   |
[INFO] [stdout] 2 + use std::collections::btree_map::Cursor;
[INFO] [stdout]   |
[INFO] [stdout] 2 + use std::collections::linked_list::Cursor;
[INFO] [stdout]   |
[INFO] [stdout] 2 + use std::io::Cursor;
[INFO] [stdout]   |
[INFO] [stdout] 
[INFO] [stdout] error: aborting due to 2 previous errors
[INFO] [stdout] 
[INFO] [stdout] Some errors have detailed explanations: E0412, E0433.
[INFO] [stdout] For more information about an error, try `rustc --explain E0412`.
[INFO] [stdout] Couldn't compile the test.
[INFO] [stdout] ---- src/read.rs - read::ReadBytes::read_f32 (line 63) stdout ----
[INFO] [stdout] error[E0412]: cannot find type `Cursor` in this scope
[INFO] [stdout]  --> src/read.rs:64:17
[INFO] [stdout]   |
[INFO] [stdout] 3 | let mut cursor: Cursor<Vec<u8>> = Cursor::new(Vec::new());
[INFO] [stdout]   |                 ^^^^^^ not found in this scope
[INFO] [stdout]   |
[INFO] [stdout] help: consider importing one of these items
[INFO] [stdout]   |
[INFO] [stdout] 2 + use std::collections::btree_map::Cursor;
[INFO] [stdout]   |
[INFO] [stdout] 2 + use std::collections::linked_list::Cursor;
[INFO] [stdout]   |
[INFO] [stdout] 2 + use std::io::Cursor;
[INFO] [stdout]   |
[INFO] [stdout] 
[INFO] [stdout] error[E0433]: failed to resolve: use of undeclared type `Cursor`
[INFO] [stdout]  --> src/read.rs:64:35
[INFO] [stdout]   |
[INFO] [stdout] 3 | let mut cursor: Cursor<Vec<u8>> = Cursor::new(Vec::new());
[INFO] [stdout]   |                                   ^^^^^^ use of undeclared type `Cursor`
[INFO] [stdout]   |
[INFO] [stdout] help: consider importing one of these items
[INFO] [stdout]   |
[INFO] [stdout] 2 + use std::collections::btree_map::Cursor;
[INFO] [stdout]   |
[INFO] [stdout] 2 + use std::collections::linked_list::Cursor;
[INFO] [stdout]   |
[INFO] [stdout] 2 + use std::io::Cursor;
[INFO] [stdout]   |
[INFO] [stdout] 
[INFO] [stdout] error: aborting due to 2 previous errors
[INFO] [stdout] 
[INFO] [stdout] Some errors have detailed explanations: E0412, E0433.
[INFO] [stdout] For more information about an error, try `rustc --explain E0412`.
[INFO] [stdout] Couldn't compile the test.
[INFO] [stdout] ---- src/write.rs - write::WriteBytes::write_f32 (line 61) stdout ----
[INFO] [stdout] error[E0412]: cannot find type `Cursor` in this scope
[INFO] [stdout]  --> src/write.rs:62:17
[INFO] [stdout]   |
[INFO] [stdout] 3 | let mut cursor: Cursor<Vec<u8>> = Cursor::new(Vec::new());
[INFO] [stdout]   |                 ^^^^^^ not found in this scope
[INFO] [stdout]   |
[INFO] [stdout] help: consider importing one of these items
[INFO] [stdout]   |
[INFO] [stdout] 2 + use std::collections::btree_map::Cursor;
[INFO] [stdout]   |
[INFO] [stdout] 2 + use std::collections::linked_list::Cursor;
[INFO] [stdout]   |
[INFO] [stdout] 2 + use std::io::Cursor;
[INFO] [stdout]   |
[INFO] [stdout] 
[INFO] [stdout] error[E0433]: failed to resolve: use of undeclared type `Cursor`
[INFO] [stdout]  --> src/write.rs:62:35
[INFO] [stdout]   |
[INFO] [stdout] 3 | let mut cursor: Cursor<Vec<u8>> = Cursor::new(Vec::new());
[INFO] [stdout]   |                                   ^^^^^^ use of undeclared type `Cursor`
[INFO] [stdout]   |
[INFO] [stdout] help: consider importing one of these items
[INFO] [stdout]   |
[INFO] [stdout] 2 + use std::collections::btree_map::Cursor;
[INFO] [stdout]   |
[INFO] [stdout] 2 + use std::collections::linked_list::Cursor;
[INFO] [stdout]   |
[INFO] [stdout] 2 + use std::io::Cursor;
[INFO] [stdout]   |
[INFO] [stdout] 
[INFO] [stdout] error: aborting due to 2 previous errors
[INFO] [stdout] 
[INFO] [stdout] Some errors have detailed explanations: E0412, E0433.
[INFO] [stdout] For more information about an error, try `rustc --explain E0412`.
[INFO] [stdout] Couldn't compile the test.
[INFO] [stdout] ---- src/read.rs - read::ReadBytes::read_u16 (line 54) stdout ----
[INFO] [stdout] error[E0412]: cannot find type `Cursor` in this scope
[INFO] [stdout]  --> src/read.rs:55:17
[INFO] [stdout]   |
[INFO] [stdout] 3 | let mut cursor: Cursor<Vec<u8>> = Cursor::new(Vec::new());
[INFO] [stdout]   |                 ^^^^^^ not found in this scope
[INFO] [stdout]   |
[INFO] [stdout] help: consider importing one of these items
[INFO] [stdout]   |
[INFO] [stdout] 2 + use std::collections::btree_map::Cursor;
[INFO] [stdout]   |
[INFO] [stdout] 2 + use std::collections::linked_list::Cursor;
[INFO] [stdout]   |
[INFO] [stdout] 2 + use std::io::Cursor;
[INFO] [stdout]   |
[INFO] [stdout] 
[INFO] [stdout] error[E0433]: failed to resolve: use of undeclared type `Cursor`
[INFO] [stdout]  --> src/read.rs:55:35
[INFO] [stdout]   |
[INFO] [stdout] 3 | let mut cursor: Cursor<Vec<u8>> = Cursor::new(Vec::new());
[INFO] [stdout]   |                                   ^^^^^^ use of undeclared type `Cursor`
[INFO] [stdout]   |
[INFO] [stdout] help: consider importing one of these items
[INFO] [stdout]   |
[INFO] [stdout] 2 + use std::collections::btree_map::Cursor;
[INFO] [stdout]   |
[INFO] [stdout] 2 + use std::collections::linked_list::Cursor;
[INFO] [stdout]   |
[INFO] [stdout] 2 + use std::io::Cursor;
[INFO] [stdout]   |
[INFO] [stdout] 
[INFO] [stdout] error: aborting due to 2 previous errors
[INFO] [stdout] 
[INFO] [stdout] Some errors have detailed explanations: E0412, E0433.
[INFO] [stdout] For more information about an error, try `rustc --explain E0412`.
[INFO] [stdout] Couldn't compile the test.
[INFO] [stdout] ---- src/read.rs - read::ReadBytes::read_i64 (line 59) stdout ----
[INFO] [stdout] error[E0412]: cannot find type `Cursor` in this scope
[INFO] [stdout]  --> src/read.rs:60:17
[INFO] [stdout]   |
[INFO] [stdout] 3 | let mut cursor: Cursor<Vec<u8>> = Cursor::new(Vec::new());
[INFO] [stdout]   |                 ^^^^^^ not found in this scope
[INFO] [stdout]   |
[INFO] [stdout] help: consider importing one of these items
[INFO] [stdout]   |
[INFO] [stdout] 2 + use std::collections::btree_map::Cursor;
[INFO] [stdout]   |
[INFO] [stdout] 2 + use std::collections::linked_list::Cursor;
[INFO] [stdout]   |
[INFO] [stdout] 2 + use std::io::Cursor;
[INFO] [stdout]   |
[INFO] [stdout] 
[INFO] [stdout] error[E0433]: failed to resolve: use of undeclared type `Cursor`
[INFO] [stdout]  --> src/read.rs:60:35
[INFO] [stdout]   |
[INFO] [stdout] 3 | let mut cursor: Cursor<Vec<u8>> = Cursor::new(Vec::new());
[INFO] [stdout]   |                                   ^^^^^^ use of undeclared type `Cursor`
[INFO] [stdout]   |
[INFO] [stdout] help: consider importing one of these items
[INFO] [stdout]   |
[INFO] [stdout] 2 + use std::collections::btree_map::Cursor;
[INFO] [stdout]   |
[INFO] [stdout] 2 + use std::collections::linked_list::Cursor;
[INFO] [stdout]   |
[INFO] [stdout] 2 + use std::io::Cursor;
[INFO] [stdout]   |
[INFO] [stdout] 
[INFO] [stdout] error: aborting due to 2 previous errors
[INFO] [stdout] 
[INFO] [stdout] Some errors have detailed explanations: E0412, E0433.
[INFO] [stdout] For more information about an error, try `rustc --explain E0412`.
[INFO] [stdout] Couldn't compile the test.
[INFO] [stdout] ---- src/read.rs - read::ReadBytes::read_u8 (line 52) stdout ----
[INFO] [stdout] error[E0412]: cannot find type `Cursor` in this scope
[INFO] [stdout]  --> src/read.rs:53:17
[INFO] [stdout]   |
[INFO] [stdout] 3 | let mut cursor: Cursor<Vec<u8>> = Cursor::new(Vec::new());
[INFO] [stdout]   |                 ^^^^^^ not found in this scope
[INFO] [stdout]   |
[INFO] [stdout] help: consider importing one of these items
[INFO] [stdout]   |
[INFO] [stdout] 2 + use std::collections::btree_map::Cursor;
[INFO] [stdout]   |
[INFO] [stdout] 2 + use std::collections::linked_list::Cursor;
[INFO] [stdout]   |
[INFO] [stdout] 2 + use std::io::Cursor;
[INFO] [stdout]   |
[INFO] [stdout] 
[INFO] [stdout] error[E0433]: failed to resolve: use of undeclared type `Cursor`
[INFO] [stdout]  --> src/read.rs:53:35
[INFO] [stdout]   |
[INFO] [stdout] 3 | let mut cursor: Cursor<Vec<u8>> = Cursor::new(Vec::new());
[INFO] [stdout]   |                                   ^^^^^^ use of undeclared type `Cursor`
[INFO] [stdout]   |
[INFO] [stdout] help: consider importing one of these items
[INFO] [stdout]   |
[INFO] [stdout] 2 + use std::collections::btree_map::Cursor;
[INFO] [stdout]   |
[INFO] [stdout] 2 + use std::collections::linked_list::Cursor;
[INFO] [stdout]   |
[INFO] [stdout] 2 + use std::io::Cursor;
[INFO] [stdout]   |
[INFO] [stdout] 
[INFO] [stdout] error: aborting due to 2 previous errors
[INFO] [stdout] 
[INFO] [stdout] Some errors have detailed explanations: E0412, E0433.
[INFO] [stdout] For more information about an error, try `rustc --explain E0412`.
[INFO] [stdout] Couldn't compile the test.
[INFO] [stdout] ---- src/write.rs - write::WriteBytes::write_f64 (line 62) stdout ----
[INFO] [stdout] error[E0412]: cannot find type `Cursor` in this scope
[INFO] [stdout]  --> src/write.rs:63:17
[INFO] [stdout]   |
[INFO] [stdout] 3 | let mut cursor: Cursor<Vec<u8>> = Cursor::new(Vec::new());
[INFO] [stdout]   |                 ^^^^^^ not found in this scope
[INFO] [stdout]   |
[INFO] [stdout] help: consider importing one of these items
[INFO] [stdout]   |
[INFO] [stdout] 2 + use std::collections::btree_map::Cursor;
[INFO] [stdout]   |
[INFO] [stdout] 2 + use std::collections::linked_list::Cursor;
[INFO] [stdout]   |
[INFO] [stdout] 2 + use std::io::Cursor;
[INFO] [stdout]   |
[INFO] [stdout] 
[INFO] [stdout] error[E0433]: failed to resolve: use of undeclared type `Cursor`
[INFO] [stdout]  --> src/write.rs:63:35
[INFO] [stdout]   |
[INFO] [stdout] 3 | let mut cursor: Cursor<Vec<u8>> = Cursor::new(Vec::new());
[INFO] [stdout]   |                                   ^^^^^^ use of undeclared type `Cursor`
[INFO] [stdout]   |
[INFO] [stdout] help: consider importing one of these items
[INFO] [stdout]   |
[INFO] [stdout] 2 + use std::collections::btree_map::Cursor;
[INFO] [stdout]   |
[INFO] [stdout] 2 + use std::collections::linked_list::Cursor;
[INFO] [stdout]   |
[INFO] [stdout] 2 + use std::io::Cursor;
[INFO] [stdout]   |
[INFO] [stdout] 
[INFO] [stdout] error: aborting due to 2 previous errors
[INFO] [stdout] 
[INFO] [stdout] Some errors have detailed explanations: E0412, E0433.
[INFO] [stdout] For more information about an error, try `rustc --explain E0412`.
[INFO] [stdout] Couldn't compile the test.
[INFO] [stdout] ---- src/read.rs - read::ReadBytes::read_string (line 66) stdout ----
[INFO] [stdout] error[E0412]: cannot find type `Cursor` in this scope
[INFO] [stdout]  --> src/read.rs:67:17
[INFO] [stdout]   |
[INFO] [stdout] 3 | let mut cursor: Cursor<Vec<u8>> = Cursor::new(Vec::new());
[INFO] [stdout]   |                 ^^^^^^ not found in this scope
[INFO] [stdout]   |
[INFO] [stdout] help: consider importing one of these items
[INFO] [stdout]   |
[INFO] [stdout] 2 + use std::collections::btree_map::Cursor;
[INFO] [stdout]   |
[INFO] [stdout] 2 + use std::collections::linked_list::Cursor;
[INFO] [stdout]   |
[INFO] [stdout] 2 + use std::io::Cursor;
[INFO] [stdout]   |
[INFO] [stdout] 
[INFO] [stdout] error[E0433]: failed to resolve: use of undeclared type `Cursor`
[INFO] [stdout]  --> src/read.rs:67:35
[INFO] [stdout]   |
[INFO] [stdout] 3 | let mut cursor: Cursor<Vec<u8>> = Cursor::new(Vec::new());
[INFO] [stdout]   |                                   ^^^^^^ use of undeclared type `Cursor`
[INFO] [stdout]   |
[INFO] [stdout] help: consider importing one of these items
[INFO] [stdout]   |
[INFO] [stdout] 2 + use std::collections::btree_map::Cursor;
[INFO] [stdout]   |
[INFO] [stdout] 2 + use std::collections::linked_list::Cursor;
[INFO] [stdout]   |
[INFO] [stdout] 2 + use std::io::Cursor;
[INFO] [stdout]   |
[INFO] [stdout] 
[INFO] [stdout] error: aborting due to 2 previous errors
[INFO] [stdout] 
[INFO] [stdout] Some errors have detailed explanations: E0412, E0433.
[INFO] [stdout] For more information about an error, try `rustc --explain E0412`.
[INFO] [stdout] Couldn't compile the test.
[INFO] [stdout] ---- src/write.rs - write::WriteBytes::write_i128 (line 59) stdout ----
[INFO] [stdout] error[E0412]: cannot find type `Cursor` in this scope
[INFO] [stdout]  --> src/write.rs:60:17
[INFO] [stdout]   |
[INFO] [stdout] 3 | let mut cursor: Cursor<Vec<u8>> = Cursor::new(Vec::new());
[INFO] [stdout]   |                 ^^^^^^ not found in this scope
[INFO] [stdout]   |
[INFO] [stdout] help: consider importing one of these items
[INFO] [stdout]   |
[INFO] [stdout] 2 + use std::collections::btree_map::Cursor;
[INFO] [stdout]   |
[INFO] [stdout] 2 + use std::collections::linked_list::Cursor;
[INFO] [stdout]   |
[INFO] [stdout] 2 + use std::io::Cursor;
[INFO] [stdout]   |
[INFO] [stdout] 
[INFO] [stdout] error[E0433]: failed to resolve: use of undeclared type `Cursor`
[INFO] [stdout]  --> src/write.rs:60:35
[INFO] [stdout]   |
[INFO] [stdout] 3 | let mut cursor: Cursor<Vec<u8>> = Cursor::new(Vec::new());
[INFO] [stdout]   |                                   ^^^^^^ use of undeclared type `Cursor`
[INFO] [stdout]   |
[INFO] [stdout] help: consider importing one of these items
[INFO] [stdout]   |
[INFO] [stdout] 2 + use std::collections::btree_map::Cursor;
[INFO] [stdout]   |
[INFO] [stdout] 2 + use std::collections::linked_list::Cursor;
[INFO] [stdout]   |
[INFO] [stdout] 2 + use std::io::Cursor;
[INFO] [stdout]   |
[INFO] [stdout] 
[INFO] [stdout] error: aborting due to 2 previous errors
[INFO] [stdout] 
[INFO] [stdout] Some errors have detailed explanations: E0412, E0433.
[INFO] [stdout] For more information about an error, try `rustc --explain E0412`.
[INFO] [stdout] Couldn't compile the test.
[INFO] [stdout] ---- src/read.rs - read::ReadBytes::read_i16 (line 55) stdout ----
[INFO] [stdout] error[E0412]: cannot find type `Cursor` in this scope
[INFO] [stdout]  --> src/read.rs:56:17
[INFO] [stdout]   |
[INFO] [stdout] 3 | let mut cursor: Cursor<Vec<u8>> = Cursor::new(Vec::new());
[INFO] [stdout]   |                 ^^^^^^ not found in this scope
[INFO] [stdout]   |
[INFO] [stdout] help: consider importing one of these items
[INFO] [stdout]   |
[INFO] [stdout] 2 + use std::collections::btree_map::Cursor;
[INFO] [stdout]   |
[INFO] [stdout] 2 + use std::collections::linked_list::Cursor;
[INFO] [stdout]   |
[INFO] [stdout] 2 + use std::io::Cursor;
[INFO] [stdout]   |
[INFO] [stdout] 
[INFO] [stdout] error[E0433]: failed to resolve: use of undeclared type `Cursor`
[INFO] [stdout]  --> src/read.rs:56:35
[INFO] [stdout]   |
[INFO] [stdout] 3 | let mut cursor: Cursor<Vec<u8>> = Cursor::new(Vec::new());
[INFO] [stdout]   |                                   ^^^^^^ use of undeclared type `Cursor`
[INFO] [stdout]   |
[INFO] [stdout] help: consider importing one of these items
[INFO] [stdout]   |
[INFO] [stdout] 2 + use std::collections::btree_map::Cursor;
[INFO] [stdout]   |
[INFO] [stdout] 2 + use std::collections::linked_list::Cursor;
[INFO] [stdout]   |
[INFO] [stdout] 2 + use std::io::Cursor;
[INFO] [stdout]   |
[INFO] [stdout] 
[INFO] [stdout] error: aborting due to 2 previous errors
[INFO] [stdout] 
[INFO] [stdout] Some errors have detailed explanations: E0412, E0433.
[INFO] [stdout] For more information about an error, try `rustc --explain E0412`.
[INFO] [stdout] Couldn't compile the test.
[INFO] [stdout] ---- src/read.rs - read::ReadBytes::read_u64 (line 58) stdout ----
[INFO] [stdout] error[E0412]: cannot find type `Cursor` in this scope
[INFO] [stdout]  --> src/read.rs:59:17
[INFO] [stdout]   |
[INFO] [stdout] 3 | let mut cursor: Cursor<Vec<u8>> = Cursor::new(Vec::new());
[INFO] [stdout]   |                 ^^^^^^ not found in this scope
[INFO] [stdout]   |
[INFO] [stdout] help: consider importing one of these items
[INFO] [stdout]   |
[INFO] [stdout] 2 + use std::collections::btree_map::Cursor;
[INFO] [stdout]   |
[INFO] [stdout] 2 + use std::collections::linked_list::Cursor;
[INFO] [stdout]   |
[INFO] [stdout] 2 + use std::io::Cursor;
[INFO] [stdout]   |
[INFO] [stdout] 
[INFO] [stdout] error[E0433]: failed to resolve: use of undeclared type `Cursor`
[INFO] [stdout]  --> src/read.rs:59:35
[INFO] [stdout]   |
[INFO] [stdout] 3 | let mut cursor: Cursor<Vec<u8>> = Cursor::new(Vec::new());
[INFO] [stdout]   |                                   ^^^^^^ use of undeclared type `Cursor`
[INFO] [stdout]   |
[INFO] [stdout] help: consider importing one of these items
[INFO] [stdout]   |
[INFO] [stdout] 2 + use std::collections::btree_map::Cursor;
[INFO] [stdout]   |
[INFO] [stdout] 2 + use std::collections::linked_list::Cursor;
[INFO] [stdout]   |
[INFO] [stdout] 2 + use std::io::Cursor;
[INFO] [stdout]   |
[INFO] [stdout] 
[INFO] [stdout] error: aborting due to 2 previous errors
[INFO] [stdout] 
[INFO] [stdout] Some errors have detailed explanations: E0412, E0433.
[INFO] [stdout] For more information about an error, try `rustc --explain E0412`.
[INFO] [stdout] Couldn't compile the test.
[INFO] [stdout] ---- src/write.rs - write::WriteBytes::write_i32 (line 55) stdout ----
[INFO] [stdout] error[E0412]: cannot find type `Cursor` in this scope
[INFO] [stdout]  --> src/write.rs:56:17
[INFO] [stdout]   |
[INFO] [stdout] 3 | let mut cursor: Cursor<Vec<u8>> = Cursor::new(Vec::new());
[INFO] [stdout]   |                 ^^^^^^ not found in this scope
[INFO] [stdout]   |
[INFO] [stdout] help: consider importing one of these items
[INFO] [stdout]   |
[INFO] [stdout] 2 + use std::collections::btree_map::Cursor;
[INFO] [stdout]   |
[INFO] [stdout] 2 + use std::collections::linked_list::Cursor;
[INFO] [stdout]   |
[INFO] [stdout] 2 + use std::io::Cursor;
[INFO] [stdout]   |
[INFO] [stdout] 
[INFO] [stdout] error[E0433]: failed to resolve: use of undeclared type `Cursor`
[INFO] [stdout]  --> src/write.rs:56:35
[INFO] [stdout]   |
[INFO] [stdout] 3 | let mut cursor: Cursor<Vec<u8>> = Cursor::new(Vec::new());
[INFO] [stdout]   |                                   ^^^^^^ use of undeclared type `Cursor`
[INFO] [stdout]   |
[INFO] [stdout] help: consider importing one of these items
[INFO] [stdout]   |
[INFO] [stdout] 2 + use std::collections::btree_map::Cursor;
[INFO] [stdout]   |
[INFO] [stdout] 2 + use std::collections::linked_list::Cursor;
[INFO] [stdout]   |
[INFO] [stdout] 2 + use std::io::Cursor;
[INFO] [stdout]   |
[INFO] [stdout] 
[INFO] [stdout] error: aborting due to 2 previous errors
[INFO] [stdout] 
[INFO] [stdout] Some errors have detailed explanations: E0412, E0433.
[INFO] [stdout] For more information about an error, try `rustc --explain E0412`.
[INFO] [stdout] Couldn't compile the test.
[INFO] [stdout] ---- src/write.rs - write::WriteBytes::write_u8 (line 50) stdout ----
[INFO] [stdout] error[E0412]: cannot find type `Cursor` in this scope
[INFO] [stdout]  --> src/write.rs:51:17
[INFO] [stdout]   |
[INFO] [stdout] 3 | let mut cursor: Cursor<Vec<u8>> = Cursor::new(Vec::new());
[INFO] [stdout]   |                 ^^^^^^ not found in this scope
[INFO] [stdout]   |
[INFO] [stdout] help: consider importing one of these items
[INFO] [stdout]   |
[INFO] [stdout] 2 + use std::collections::btree_map::Cursor;
[INFO] [stdout]   |
[INFO] [stdout] 2 + use std::collections::linked_list::Cursor;
[INFO] [stdout]   |
[INFO] [stdout] 2 + use std::io::Cursor;
[INFO] [stdout]   |
[INFO] [stdout] 
[INFO] [stdout] error[E0433]: failed to resolve: use of undeclared type `Cursor`
[INFO] [stdout]  --> src/write.rs:51:35
[INFO] [stdout]   |
[INFO] [stdout] 3 | let mut cursor: Cursor<Vec<u8>> = Cursor::new(Vec::new());
[INFO] [stdout]   |                                   ^^^^^^ use of undeclared type `Cursor`
[INFO] [stdout]   |
[INFO] [stdout] help: consider importing one of these items
[INFO] [stdout]   |
[INFO] [stdout] 2 + use std::collections::btree_map::Cursor;
[INFO] [stdout]   |
[INFO] [stdout] 2 + use std::collections::linked_list::Cursor;
[INFO] [stdout]   |
[INFO] [stdout] 2 + use std::io::Cursor;
[INFO] [stdout]   |
[INFO] [stdout] 
[INFO] [stdout] error: aborting due to 2 previous errors
[INFO] [stdout] 
[INFO] [stdout] Some errors have detailed explanations: E0412, E0433.
[INFO] [stdout] For more information about an error, try `rustc --explain E0412`.
[INFO] [stdout] Couldn't compile the test.
[INFO] [stdout] ---- src/write.rs - write::WriteBytes::write_i64 (line 57) stdout ----
[INFO] [stdout] error[E0412]: cannot find type `Cursor` in this scope
[INFO] [stdout]  --> src/write.rs:58:17
[INFO] [stdout]   |
[INFO] [stdout] 3 | let mut cursor: Cursor<Vec<u8>> = Cursor::new(Vec::new());
[INFO] [stdout]   |                 ^^^^^^ not found in this scope
[INFO] [stdout]   |
[INFO] [stdout] help: consider importing one of these items
[INFO] [stdout]   |
[INFO] [stdout] 2 + use std::collections::btree_map::Cursor;
[INFO] [stdout]   |
[INFO] [stdout] 2 + use std::collections::linked_list::Cursor;
[INFO] [stdout]   |
[INFO] [stdout] 2 + use std::io::Cursor;
[INFO] [stdout]   |
[INFO] [stdout] 
[INFO] [stdout] error[E0433]: failed to resolve: use of undeclared type `Cursor`
[INFO] [stdout]  --> src/write.rs:58:35
[INFO] [stdout]   |
[INFO] [stdout] 3 | let mut cursor: Cursor<Vec<u8>> = Cursor::new(Vec::new());
[INFO] [stdout]   |                                   ^^^^^^ use of undeclared type `Cursor`
[INFO] [stdout]   |
[INFO] [stdout] help: consider importing one of these items
[INFO] [stdout]   |
[INFO] [stdout] 2 + use std::collections::btree_map::Cursor;
[INFO] [stdout]   |
[INFO] [stdout] 2 + use std::collections::linked_list::Cursor;
[INFO] [stdout]   |
[INFO] [stdout] 2 + use std::io::Cursor;
[INFO] [stdout]   |
[INFO] [stdout] 
[INFO] [stdout] error: aborting due to 2 previous errors
[INFO] [stdout] 
[INFO] [stdout] Some errors have detailed explanations: E0412, E0433.
[INFO] [stdout] For more information about an error, try `rustc --explain E0412`.
[INFO] [stdout] Couldn't compile the test.
[INFO] [stdout] ---- src/write.rs - write::WriteBytes::write_u16 (line 52) stdout ----
[INFO] [stdout] error[E0412]: cannot find type `Cursor` in this scope
[INFO] [stdout]  --> src/write.rs:53:17
[INFO] [stdout]   |
[INFO] [stdout] 3 | let mut cursor: Cursor<Vec<u8>> = Cursor::new(Vec::new());
[INFO] [stdout]   |                 ^^^^^^ not found in this scope
[INFO] [stdout]   |
[INFO] [stdout] help: consider importing one of these items
[INFO] [stdout]   |
[INFO] [stdout] 2 + use std::collections::btree_map::Cursor;
[INFO] [stdout]   |
[INFO] [stdout] 2 + use std::collections::linked_list::Cursor;
[INFO] [stdout]   |
[INFO] [stdout] 2 + use std::io::Cursor;
[INFO] [stdout]   |
[INFO] [stdout] 
[INFO] [stdout] error[E0433]: failed to resolve: use of undeclared type `Cursor`
[INFO] [stdout]  --> src/write.rs:53:35
[INFO] [stdout]   |
[INFO] [stdout] 3 | let mut cursor: Cursor<Vec<u8>> = Cursor::new(Vec::new());
[INFO] [stdout]   |                                   ^^^^^^ use of undeclared type `Cursor`
[INFO] [stdout]   |
[INFO] [stdout] help: consider importing one of these items
[INFO] [stdout]   |
[INFO] [stdout] 2 + use std::collections::btree_map::Cursor;
[INFO] [stdout]   |
[INFO] [stdout] 2 + use std::collections::linked_list::Cursor;
[INFO] [stdout]   |
[INFO] [stdout] 2 + use std::io::Cursor;
[INFO] [stdout]   |
[INFO] [stdout] 
[INFO] [stdout] error: aborting due to 2 previous errors
[INFO] [stdout] 
[INFO] [stdout] Some errors have detailed explanations: E0412, E0433.
[INFO] [stdout] For more information about an error, try `rustc --explain E0412`.
[INFO] [stdout] Couldn't compile the test.
[INFO] [stdout] ---- src/write.rs - write::WriteBytes::write_i16 (line 53) stdout ----
[INFO] [stdout] error[E0412]: cannot find type `Cursor` in this scope
[INFO] [stdout]  --> src/write.rs:54:17
[INFO] [stdout]   |
[INFO] [stdout] 3 | let mut cursor: Cursor<Vec<u8>> = Cursor::new(Vec::new());
[INFO] [stdout]   |                 ^^^^^^ not found in this scope
[INFO] [stdout]   |
[INFO] [stdout] help: consider importing one of these items
[INFO] [stdout]   |
[INFO] [stdout] 2 + use std::collections::btree_map::Cursor;
[INFO] [stdout]   |
[INFO] [stdout] 2 + use std::collections::linked_list::Cursor;
[INFO] [stdout]   |
[INFO] [stdout] 2 + use std::io::Cursor;
[INFO] [stdout]   |
[INFO] [stdout] 
[INFO] [stdout] error[E0433]: failed to resolve: use of undeclared type `Cursor`
[INFO] [stdout]  --> src/write.rs:54:35
[INFO] [stdout]   |
[INFO] [stdout] 3 | let mut cursor: Cursor<Vec<u8>> = Cursor::new(Vec::new());
[INFO] [stdout]   |                                   ^^^^^^ use of undeclared type `Cursor`
[INFO] [stdout]   |
[INFO] [stdout] help: consider importing one of these items
[INFO] [stdout]   |
[INFO] [stdout] 2 + use std::collections::btree_map::Cursor;
[INFO] [stdout]   |
[INFO] [stdout] 2 + use std::collections::linked_list::Cursor;
[INFO] [stdout]   |
[INFO] [stdout] 2 + use std::io::Cursor;
[INFO] [stdout]   |
[INFO] [stdout] 
[INFO] [stdout] error: aborting due to 2 previous errors
[INFO] [stdout] 
[INFO] [stdout] Some errors have detailed explanations: E0412, E0433.
[INFO] [stdout] For more information about an error, try `rustc --explain E0412`.
[INFO] [stdout] Couldn't compile the test.
[INFO] [stdout] ---- src/write.rs - write::WriteBytes::write_u32 (line 54) stdout ----
[INFO] [stdout] error[E0412]: cannot find type `Cursor` in this scope
[INFO] [stdout]  --> src/write.rs:55:17
[INFO] [stdout]   |
[INFO] [stdout] 3 | let mut cursor: Cursor<Vec<u8>> = Cursor::new(Vec::new());
[INFO] [stdout]   |                 ^^^^^^ not found in this scope
[INFO] [stdout]   |
[INFO] [stdout] help: consider importing one of these items
[INFO] [stdout]   |
[INFO] [stdout] 2 + use std::collections::btree_map::Cursor;
[INFO] [stdout]   |
[INFO] [stdout] 2 + use std::collections::linked_list::Cursor;
[INFO] [stdout]   |
[INFO] [stdout] 2 + use std::io::Cursor;
[INFO] [stdout]   |
[INFO] [stdout] 
[INFO] [stdout] error[E0433]: failed to resolve: use of undeclared type `Cursor`
[INFO] [stdout]  --> src/write.rs:55:35
[INFO] [stdout]   |
[INFO] [stdout] 3 | let mut cursor: Cursor<Vec<u8>> = Cursor::new(Vec::new());
[INFO] [stdout]   |                                   ^^^^^^ use of undeclared type `Cursor`
[INFO] [stdout]   |
[INFO] [stdout] help: consider importing one of these items
[INFO] [stdout]   |
[INFO] [stdout] 2 + use std::collections::btree_map::Cursor;
[INFO] [stdout]   |
[INFO] [stdout] 2 + use std::collections::linked_list::Cursor;
[INFO] [stdout]   |
[INFO] [stdout] 2 + use std::io::Cursor;
[INFO] [stdout]   |
[INFO] [stdout] 
[INFO] [stdout] error: aborting due to 2 previous errors
[INFO] [stdout] 
[INFO] [stdout] Some errors have detailed explanations: E0412, E0433.
[INFO] [stdout] For more information about an error, try `rustc --explain E0412`.
[INFO] [stdout] Couldn't compile the test.
[INFO] [stdout] ---- src/write.rs - write::WriteBytes::write_u64 (line 56) stdout ----
[INFO] [stdout] error[E0412]: cannot find type `Cursor` in this scope
[INFO] [stdout]  --> src/write.rs:57:17
[INFO] [stdout]   |
[INFO] [stdout] 3 | let mut cursor: Cursor<Vec<u8>> = Cursor::new(Vec::new());
[INFO] [stdout]   |                 ^^^^^^ not found in this scope
[INFO] [stdout]   |
[INFO] [stdout] help: consider importing one of these items
[INFO] [stdout]   |
[INFO] [stdout] 2 + use std::collections::btree_map::Cursor;
[INFO] [stdout]   |
[INFO] [stdout] 2 + use std::collections::linked_list::Cursor;
[INFO] [stdout]   |
[INFO] [stdout] 2 + use std::io::Cursor;
[INFO] [stdout]   |
[INFO] [stdout] 
[INFO] [stdout] error[E0433]: failed to resolve: use of undeclared type `Cursor`
[INFO] [stdout]  --> src/write.rs:57:35
[INFO] [stdout]   |
[INFO] [stdout] 3 | let mut cursor: Cursor<Vec<u8>> = Cursor::new(Vec::new());
[INFO] [stdout]   |                                   ^^^^^^ use of undeclared type `Cursor`
[INFO] [stdout]   |
[INFO] [stdout] help: consider importing one of these items
[INFO] [stdout]   |
[INFO] [stdout] 2 + use std::collections::btree_map::Cursor;
[INFO] [stdout]   |
[INFO] [stdout] 2 + use std::collections::linked_list::Cursor;
[INFO] [stdout]   |
[INFO] [stdout] 2 + use std::io::Cursor;
[INFO] [stdout]   |
[INFO] [stdout] 
[INFO] [stdout] error: aborting due to 2 previous errors
[INFO] [stdout] 
[INFO] [stdout] Some errors have detailed explanations: E0412, E0433.
[INFO] [stdout] For more information about an error, try `rustc --explain E0412`.
[INFO] [stdout] Couldn't compile the test.
[INFO] [stdout] ---- src/write.rs - write::WriteBytes::write_string (line 64) stdout ----
[INFO] [stdout] error[E0412]: cannot find type `Cursor` in this scope
[INFO] [stdout]  --> src/write.rs:65:17
[INFO] [stdout]   |
[INFO] [stdout] 3 | let mut cursor: Cursor<Vec<u8>> = Cursor::new(Vec::new());
[INFO] [stdout]   |                 ^^^^^^ not found in this scope
[INFO] [stdout]   |
[INFO] [stdout] help: consider importing one of these items
[INFO] [stdout]   |
[INFO] [stdout] 2 + use std::collections::btree_map::Cursor;
[INFO] [stdout]   |
[INFO] [stdout] 2 + use std::collections::linked_list::Cursor;
[INFO] [stdout]   |
[INFO] [stdout] 2 + use std::io::Cursor;
[INFO] [stdout]   |
[INFO] [stdout] 
[INFO] [stdout] error[E0433]: failed to resolve: use of undeclared type `Cursor`
[INFO] [stdout]  --> src/write.rs:65:35
[INFO] [stdout]   |
[INFO] [stdout] 3 | let mut cursor: Cursor<Vec<u8>> = Cursor::new(Vec::new());
[INFO] [stdout]   |                                   ^^^^^^ use of undeclared type `Cursor`
[INFO] [stdout]   |
[INFO] [stdout] help: consider importing one of these items
[INFO] [stdout]   |
[INFO] [stdout] 2 + use std::collections::btree_map::Cursor;
[INFO] [stdout]   |
[INFO] [stdout] 2 + use std::collections::linked_list::Cursor;
[INFO] [stdout]   |
[INFO] [stdout] 2 + use std::io::Cursor;
[INFO] [stdout]   |
[INFO] [stdout] 
[INFO] [stdout] error: aborting due to 2 previous errors
[INFO] [stdout] 
[INFO] [stdout] Some errors have detailed explanations: E0412, E0433.
[INFO] [stdout] For more information about an error, try `rustc --explain E0412`.
[INFO] [stdout] Couldn't compile the test.
[INFO] [stdout] ---- src/write.rs - write::WriteBytes::write_i8 (line 51) stdout ----
[INFO] [stdout] error[E0412]: cannot find type `Cursor` in this scope
[INFO] [stdout]  --> src/write.rs:52:17
[INFO] [stdout]   |
[INFO] [stdout] 3 | let mut cursor: Cursor<Vec<u8>> = Cursor::new(Vec::new());
[INFO] [stdout]   |                 ^^^^^^ not found in this scope
[INFO] [stdout]   |
[INFO] [stdout] help: consider importing one of these items
[INFO] [stdout]   |
[INFO] [stdout] 2 + use std::collections::btree_map::Cursor;
[INFO] [stdout]   |
[INFO] [stdout] 2 + use std::collections::linked_list::Cursor;
[INFO] [stdout]   |
[INFO] [stdout] 2 + use std::io::Cursor;
[INFO] [stdout]   |
[INFO] [stdout] 
[INFO] [stdout] error[E0433]: failed to resolve: use of undeclared type `Cursor`
[INFO] [stdout]  --> src/write.rs:52:35
[INFO] [stdout]   |
[INFO] [stdout] 3 | let mut cursor: Cursor<Vec<u8>> = Cursor::new(Vec::new());
[INFO] [stdout]   |                                   ^^^^^^ use of undeclared type `Cursor`
[INFO] [stdout]   |
[INFO] [stdout] help: consider importing one of these items
[INFO] [stdout]   |
[INFO] [stdout] 2 + use std::collections::btree_map::Cursor;
[INFO] [stdout]   |
[INFO] [stdout] 2 + use std::collections::linked_list::Cursor;
[INFO] [stdout]   |
[INFO] [stdout] 2 + use std::io::Cursor;
[INFO] [stdout]   |
[INFO] [stdout] 
[INFO] [stdout] error: aborting due to 2 previous errors
[INFO] [stdout] 
[INFO] [stdout] Some errors have detailed explanations: E0412, E0433.
[INFO] [stdout] For more information about an error, try `rustc --explain E0412`.
[INFO] [stdout] Couldn't compile the test.
[INFO] [stdout] ---- src/write.rs - write::WriteBytes::write_u128 (line 58) stdout ----
[INFO] [stdout] error[E0412]: cannot find type `Cursor` in this scope
[INFO] [stdout]  --> src/write.rs:59:17
[INFO] [stdout]   |
[INFO] [stdout] 3 | let mut cursor: Cursor<Vec<u8>> = Cursor::new(Vec::new());
[INFO] [stdout]   |                 ^^^^^^ not found in this scope
[INFO] [stdout]   |
[INFO] [stdout] help: consider importing one of these items
[INFO] [stdout]   |
[INFO] [stdout] 2 + use std::collections::btree_map::Cursor;
[INFO] [stdout]   |
[INFO] [stdout] 2 + use std::collections::linked_list::Cursor;
[INFO] [stdout]   |
[INFO] [stdout] 2 + use std::io::Cursor;
[INFO] [stdout]   |
[INFO] [stdout] 
[INFO] [stdout] error[E0433]: failed to resolve: use of undeclared type `Cursor`
[INFO] [stdout]  --> src/write.rs:59:35
[INFO] [stdout]   |
[INFO] [stdout] 3 | let mut cursor: Cursor<Vec<u8>> = Cursor::new(Vec::new());
[INFO] [stdout]   |                                   ^^^^^^ use of undeclared type `Cursor`
[INFO] [stdout]   |
[INFO] [stdout] help: consider importing one of these items
[INFO] [stdout]   |
[INFO] [stdout] 2 + use std::collections::btree_map::Cursor;
[INFO] [stdout]   |
[INFO] [stdout] 2 + use std::collections::linked_list::Cursor;
[INFO] [stdout]   |
[INFO] [stdout] 2 + use std::io::Cursor;
[INFO] [stdout]   |
[INFO] [stdout] 
[INFO] [stdout] error: aborting due to 2 previous errors
[INFO] [stdout] 
[INFO] [stdout] Some errors have detailed explanations: E0412, E0433.
[INFO] [stdout] For more information about an error, try `rustc --explain E0412`.
[INFO] [stdout] Couldn't compile the test.
[INFO] [stdout] 
[INFO] [stdout] failures:
[INFO] [stdout]     src/read.rs - read::ReadBytes::read_f32 (line 63)
[INFO] [stdout]     src/read.rs - read::ReadBytes::read_f64 (line 64)
[INFO] [stdout]     src/read.rs - read::ReadBytes::read_i128 (line 61)
[INFO] [stdout]     src/read.rs - read::ReadBytes::read_i16 (line 55)
[INFO] [stdout]     src/read.rs - read::ReadBytes::read_i32 (line 57)
[INFO] [stdout]     src/read.rs - read::ReadBytes::read_i64 (line 59)
[INFO] [stdout]     src/read.rs - read::ReadBytes::read_i8 (line 53)
[INFO] [stdout]     src/read.rs - read::ReadBytes::read_string (line 66)
[INFO] [stdout]     src/read.rs - read::ReadBytes::read_u128 (line 60)
[INFO] [stdout]     src/read.rs - read::ReadBytes::read_u16 (line 54)
[INFO] [stdout]     src/read.rs - read::ReadBytes::read_u32 (line 56)
[INFO] [stdout]     src/read.rs - read::ReadBytes::read_u64 (line 58)
[INFO] [stdout]     src/read.rs - read::ReadBytes::read_u8 (line 52)
[INFO] [stdout]     src/write.rs - write::WriteBytes::write_f32 (line 61)
[INFO] [stdout]     src/write.rs - write::WriteBytes::write_f64 (line 62)
[INFO] [stdout]     src/write.rs - write::WriteBytes::write_i128 (line 59)
[INFO] [stdout]     src/write.rs - write::WriteBytes::write_i16 (line 53)
[INFO] [stdout]     src/write.rs - write::WriteBytes::write_i32 (line 55)
[INFO] [stdout]     src/write.rs - write::WriteBytes::write_i64 (line 57)
[INFO] [stdout]     src/write.rs - write::WriteBytes::write_i8 (line 51)
[INFO] [stdout]     src/write.rs - write::WriteBytes::write_string (line 64)
[INFO] [stdout]     src/write.rs - write::WriteBytes::write_u128 (line 58)
[INFO] [stdout]     src/write.rs - write::WriteBytes::write_u16 (line 52)
[INFO] [stdout]     src/write.rs - write::WriteBytes::write_u32 (line 54)
[INFO] [stdout]     src/write.rs - write::WriteBytes::write_u64 (line 56)
[INFO] [stdout]     src/write.rs - write::WriteBytes::write_u8 (line 50)
[INFO] [stdout] 
[INFO] [stdout] test result: FAILED. 0 passed; 26 failed; 0 ignored; 0 measured; 0 filtered out; finished in 0.10s
[INFO] [stdout] 
[INFO] [stderr] error: doctest failed, to rerun pass `--doc`
[INFO] running `Command { std: "docker" "inspect" "6322c9eddbff56124856c4e645d43cb1c1461fca02b3193884c77ca38b53d920", kill_on_drop: false }`
[INFO] running `Command { std: "docker" "rm" "-f" "6322c9eddbff56124856c4e645d43cb1c1461fca02b3193884c77ca38b53d920", kill_on_drop: false }`
[INFO] [stdout] 6322c9eddbff56124856c4e645d43cb1c1461fca02b3193884c77ca38b53d920
[INFO] testing MoskalykA/acursor against beta-2023-12-22 for beta-1.76-1
[INFO] running `Command { std: "git" "clone" "/workspace/cache/git-repos/https%3A%2F%2Fgithub.com%2FMoskalykA%2Facursor" "/workspace/builds/worker-5-tc2/source", kill_on_drop: false }`
[INFO] [stderr] Cloning into '/workspace/builds/worker-5-tc2/source'...
[INFO] [stderr] done.
[INFO] validating manifest of git repo https://github.com/MoskalykA/acursor on toolchain beta-2023-12-22
[INFO] running `Command { std: CARGO_HOME="/workspace/cargo-home" RUSTUP_HOME="/workspace/rustup-home" "/workspace/cargo-home/bin/cargo" "+beta-2023-12-22" "metadata" "--manifest-path" "Cargo.toml" "--no-deps", kill_on_drop: false }`
[INFO] started tweaking git repo https://github.com/MoskalykA/acursor
[INFO] finished tweaking git repo https://github.com/MoskalykA/acursor
[INFO] tweaked toml for git repo https://github.com/MoskalykA/acursor written to /workspace/builds/worker-5-tc2/source/Cargo.toml
[INFO] crate git repo https://github.com/MoskalykA/acursor already has a lockfile, it will not be regenerated
[INFO] running `Command { std: CARGO_HOME="/workspace/cargo-home" RUSTUP_HOME="/workspace/rustup-home" "/workspace/cargo-home/bin/cargo" "+beta-2023-12-22" "fetch" "--manifest-path" "Cargo.toml", kill_on_drop: false }`
[INFO] running `Command { std: "docker" "create" "-v" "/var/lib/crater-agent-workspace/builds/worker-5-tc2/target:/opt/rustwide/target:rw,Z" "-v" "/var/lib/crater-agent-workspace/builds/worker-5-tc2/source:/opt/rustwide/workdir:ro,Z" "-v" "/var/lib/crater-agent-workspace/cargo-home:/opt/rustwide/cargo-home:ro,Z" "-v" "/var/lib/crater-agent-workspace/rustup-home:/opt/rustwide/rustup-home:ro,Z" "-e" "SOURCE_DIR=/opt/rustwide/workdir" "-e" "CARGO_TARGET_DIR=/opt/rustwide/target" "-e" "CARGO_HOME=/opt/rustwide/cargo-home" "-e" "RUSTUP_HOME=/opt/rustwide/rustup-home" "-w" "/opt/rustwide/workdir" "-m" "1610612736" "--user" "0:0" "--network" "none" "ghcr.io/rust-lang/crates-build-env/linux@sha256:2788e3201cd34a07e3172128adcd8b3090168a8e3bcc40d7c032b9dda1df7d1c" "/opt/rustwide/cargo-home/bin/cargo" "+beta-2023-12-22" "metadata" "--no-deps" "--format-version=1", kill_on_drop: false }`
[INFO] [stdout] 91530c4986a2a5717b86ab45e4d0901bdd93627ec4d57992e291386d324fa10c
[INFO] running `Command { std: "docker" "start" "-a" "91530c4986a2a5717b86ab45e4d0901bdd93627ec4d57992e291386d324fa10c", kill_on_drop: false }`
[INFO] running `Command { std: "docker" "inspect" "91530c4986a2a5717b86ab45e4d0901bdd93627ec4d57992e291386d324fa10c", kill_on_drop: false }`
[INFO] running `Command { std: "docker" "rm" "-f" "91530c4986a2a5717b86ab45e4d0901bdd93627ec4d57992e291386d324fa10c", kill_on_drop: false }`
[INFO] [stdout] 91530c4986a2a5717b86ab45e4d0901bdd93627ec4d57992e291386d324fa10c
[INFO] running `Command { std: "docker" "create" "-v" "/var/lib/crater-agent-workspace/builds/worker-5-tc2/target:/opt/rustwide/target:rw,Z" "-v" "/var/lib/crater-agent-workspace/builds/worker-5-tc2/source:/opt/rustwide/workdir:ro,Z" "-v" "/var/lib/crater-agent-workspace/cargo-home:/opt/rustwide/cargo-home:ro,Z" "-v" "/var/lib/crater-agent-workspace/rustup-home:/opt/rustwide/rustup-home:ro,Z" "-e" "SOURCE_DIR=/opt/rustwide/workdir" "-e" "CARGO_TARGET_DIR=/opt/rustwide/target" "-e" "CARGO_INCREMENTAL=0" "-e" "RUST_BACKTRACE=full" "-e" "RUSTFLAGS=--cap-lints=warn" "-e" "RUSTDOCFLAGS=--cap-lints=warn" "-e" "CARGO_HOME=/opt/rustwide/cargo-home" "-e" "RUSTUP_HOME=/opt/rustwide/rustup-home" "-w" "/opt/rustwide/workdir" "-m" "1610612736" "--user" "0:0" "--network" "none" "ghcr.io/rust-lang/crates-build-env/linux@sha256:2788e3201cd34a07e3172128adcd8b3090168a8e3bcc40d7c032b9dda1df7d1c" "/opt/rustwide/cargo-home/bin/cargo" "+beta-2023-12-22" "build" "--frozen" "--message-format=json", kill_on_drop: false }`
[INFO] [stdout] ef57080bc75ab63f0b0e36f9dc5030e1175e1cafe4703040691e50023bcc21b6
[INFO] running `Command { std: "docker" "start" "-a" "ef57080bc75ab63f0b0e36f9dc5030e1175e1cafe4703040691e50023bcc21b6", kill_on_drop: false }`
[INFO] [stderr]    Compiling proc-macro2 v1.0.56
[INFO] [stderr]    Compiling quote v1.0.26
[INFO] [stderr]    Compiling unicode-ident v1.0.8
[INFO] [stderr]    Compiling syn v1.0.109
[INFO] [stderr]    Compiling concat-idents v1.1.4
[INFO] [stderr]    Compiling acursor v0.0.2 (/opt/rustwide/workdir)
[INFO] [stderr]     Finished dev [unoptimized + debuginfo] target(s) in 3.22s
[INFO] running `Command { std: "docker" "inspect" "ef57080bc75ab63f0b0e36f9dc5030e1175e1cafe4703040691e50023bcc21b6", kill_on_drop: false }`
[INFO] running `Command { std: "docker" "rm" "-f" "ef57080bc75ab63f0b0e36f9dc5030e1175e1cafe4703040691e50023bcc21b6", kill_on_drop: false }`
[INFO] [stdout] ef57080bc75ab63f0b0e36f9dc5030e1175e1cafe4703040691e50023bcc21b6
[INFO] running `Command { std: "docker" "create" "-v" "/var/lib/crater-agent-workspace/builds/worker-5-tc2/target:/opt/rustwide/target:rw,Z" "-v" "/var/lib/crater-agent-workspace/builds/worker-5-tc2/source:/opt/rustwide/workdir:ro,Z" "-v" "/var/lib/crater-agent-workspace/cargo-home:/opt/rustwide/cargo-home:ro,Z" "-v" "/var/lib/crater-agent-workspace/rustup-home:/opt/rustwide/rustup-home:ro,Z" "-e" "SOURCE_DIR=/opt/rustwide/workdir" "-e" "CARGO_TARGET_DIR=/opt/rustwide/target" "-e" "CARGO_INCREMENTAL=0" "-e" "RUST_BACKTRACE=full" "-e" "RUSTFLAGS=--cap-lints=warn" "-e" "RUSTDOCFLAGS=--cap-lints=warn" "-e" "CARGO_HOME=/opt/rustwide/cargo-home" "-e" "RUSTUP_HOME=/opt/rustwide/rustup-home" "-w" "/opt/rustwide/workdir" "-m" "1610612736" "--user" "0:0" "--network" "none" "ghcr.io/rust-lang/crates-build-env/linux@sha256:2788e3201cd34a07e3172128adcd8b3090168a8e3bcc40d7c032b9dda1df7d1c" "/opt/rustwide/cargo-home/bin/cargo" "+beta-2023-12-22" "test" "--frozen" "--no-run" "--message-format=json", kill_on_drop: false }`
[INFO] [stdout] 978d33e364157fd71589431d04b4b0ded37f879664265876de0388d182044c59
[INFO] running `Command { std: "docker" "start" "-a" "978d33e364157fd71589431d04b4b0ded37f879664265876de0388d182044c59", kill_on_drop: false }`
[INFO] [stderr]    Compiling acursor v0.0.2 (/opt/rustwide/workdir)
[INFO] [stderr]     Finished test [unoptimized + debuginfo] target(s) in 0.21s
[INFO] running `Command { std: "docker" "inspect" "978d33e364157fd71589431d04b4b0ded37f879664265876de0388d182044c59", kill_on_drop: false }`
[INFO] running `Command { std: "docker" "rm" "-f" "978d33e364157fd71589431d04b4b0ded37f879664265876de0388d182044c59", kill_on_drop: false }`
[INFO] [stdout] 978d33e364157fd71589431d04b4b0ded37f879664265876de0388d182044c59
[INFO] running `Command { std: "docker" "create" "-v" "/var/lib/crater-agent-workspace/builds/worker-5-tc2/target:/opt/rustwide/target:rw,Z" "-v" "/var/lib/crater-agent-workspace/builds/worker-5-tc2/source:/opt/rustwide/workdir:ro,Z" "-v" "/var/lib/crater-agent-workspace/cargo-home:/opt/rustwide/cargo-home:ro,Z" "-v" "/var/lib/crater-agent-workspace/rustup-home:/opt/rustwide/rustup-home:ro,Z" "-e" "SOURCE_DIR=/opt/rustwide/workdir" "-e" "CARGO_TARGET_DIR=/opt/rustwide/target" "-e" "CARGO_INCREMENTAL=0" "-e" "RUST_BACKTRACE=full" "-e" "RUSTFLAGS=--cap-lints=warn" "-e" "RUSTDOCFLAGS=--cap-lints=warn" "-e" "CARGO_HOME=/opt/rustwide/cargo-home" "-e" "RUSTUP_HOME=/opt/rustwide/rustup-home" "-w" "/opt/rustwide/workdir" "-m" "1610612736" "--user" "0:0" "--network" "none" "ghcr.io/rust-lang/crates-build-env/linux@sha256:2788e3201cd34a07e3172128adcd8b3090168a8e3bcc40d7c032b9dda1df7d1c" "/opt/rustwide/cargo-home/bin/cargo" "+beta-2023-12-22" "test" "--frozen", kill_on_drop: false }`
[INFO] [stdout] e4037900044a4dd34db2b39b75bd22df38128bf3383f6ad7d54ab0a6d512b67f
[INFO] running `Command { std: "docker" "start" "-a" "e4037900044a4dd34db2b39b75bd22df38128bf3383f6ad7d54ab0a6d512b67f", kill_on_drop: false }`
[INFO] [stderr]     Finished test [unoptimized + debuginfo] target(s) in 0.01s
[INFO] [stderr]      Running unittests src/lib.rs (/opt/rustwide/target/debug/deps/acursor-098832d6c2deb92b)
[INFO] [stdout] 
[INFO] [stdout] running 0 tests
[INFO] [stdout] 
[INFO] [stdout] test result: ok. 0 passed; 0 failed; 0 ignored; 0 measured; 0 filtered out; finished in 0.00s
[INFO] [stdout] 
[INFO] [stderr]    Doc-tests acursor
[INFO] [stdout] 
[INFO] [stdout] running 26 tests
[INFO] [stdout] test src/read.rs - read::ReadBytes::read_i32 (line 57) ... FAILED
[INFO] [stdout] test src/read.rs - read::ReadBytes::read_i8 (line 53) ... FAILED
[INFO] [stdout] test src/read.rs - read::ReadBytes::read_i16 (line 55) ... FAILED
[INFO] [stdout] test src/write.rs - write::WriteBytes::write_f64 (line 62) ... FAILED
[INFO] [stdout] test src/read.rs - read::ReadBytes::read_u8 (line 52) ... FAILED
[INFO] [stdout] test src/write.rs - write::WriteBytes::write_i128 (line 59) ... FAILED
[INFO] [stdout] test src/read.rs - read::ReadBytes::read_u128 (line 60) ... FAILED
[INFO] [stdout] test src/read.rs - read::ReadBytes::read_i64 (line 59) ... FAILED
[INFO] [stdout] test src/write.rs - write::WriteBytes::write_f32 (line 61) ... FAILED
[INFO] [stdout] test src/read.rs - read::ReadBytes::read_u64 (line 58) ... FAILED
[INFO] [stdout] test src/read.rs - read::ReadBytes::read_f64 (line 64) ... FAILED
[INFO] [stdout] test src/read.rs - read::ReadBytes::read_u32 (line 56) ... FAILED
[INFO] [stdout] test src/read.rs - read::ReadBytes::read_f32 (line 63) ... FAILED
[INFO] [stdout] test src/read.rs - read::ReadBytes::read_u16 (line 54) ... FAILED
[INFO] [stdout] test src/read.rs - read::ReadBytes::read_i128 (line 61) ... FAILED
[INFO] [stdout] test src/read.rs - read::ReadBytes::read_string (line 66) ... FAILED
[INFO] [stdout] test src/write.rs - write::WriteBytes::write_i32 (line 55) ... FAILED
[INFO] [stdout] test src/write.rs - write::WriteBytes::write_u64 (line 56) ... FAILED
[INFO] [stdout] test src/write.rs - write::WriteBytes::write_u32 (line 54) ... FAILED
[INFO] [stdout] test src/write.rs - write::WriteBytes::write_u16 (line 52) ... FAILED
[INFO] [stdout] test src/write.rs - write::WriteBytes::write_u8 (line 50) ... FAILED
[INFO] [stdout] test src/write.rs - write::WriteBytes::write_i8 (line 51) ... FAILED
[INFO] [stdout] test src/write.rs - write::WriteBytes::write_u128 (line 58) ... FAILED
[INFO] [stdout] test src/write.rs - write::WriteBytes::write_string (line 64) ... FAILED
[INFO] [stdout] test src/write.rs - write::WriteBytes::write_i64 (line 57) ... FAILED
[INFO] [stdout] test src/write.rs - write::WriteBytes::write_i16 (line 53) ... FAILED
[INFO] [stdout] 
[INFO] [stdout] failures:
[INFO] [stdout] 
[INFO] [stdout] ---- src/read.rs - read::ReadBytes::read_i32 (line 57) stdout ----
[INFO] [stdout] error[E0412]: cannot find type `Cursor` in this scope
[INFO] [stdout]  --> src/read.rs:58:17
[INFO] [stdout]   |
[INFO] [stdout] 3 | let mut cursor: Cursor<Vec<u8>> = Cursor::new(Vec::new());
[INFO] [stdout]   |                 ^^^^^^ not found in this scope
[INFO] [stdout]   |
[INFO] [stdout] help: consider importing one of these items
[INFO] [stdout]   |
[INFO] [stdout] 2 + use std::collections::btree_map::Cursor;
[INFO] [stdout]   |
[INFO] [stdout] 2 + use std::collections::linked_list::Cursor;
[INFO] [stdout]   |
[INFO] [stdout] 2 + use std::io::Cursor;
[INFO] [stdout]   |
[INFO] [stdout] 
[INFO] [stdout] error[E0433]: failed to resolve: use of undeclared type `Cursor`
[INFO] [stdout]  --> src/read.rs:58:35
[INFO] [stdout]   |
[INFO] [stdout] 3 | let mut cursor: Cursor<Vec<u8>> = Cursor::new(Vec::new());
[INFO] [stdout]   |                                   ^^^^^^ use of undeclared type `Cursor`
[INFO] [stdout]   |
[INFO] [stdout] help: consider importing one of these items
[INFO] [stdout]   |
[INFO] [stdout] 2 + use std::collections::btree_map::Cursor;
[INFO] [stdout]   |
[INFO] [stdout] 2 + use std::collections::linked_list::Cursor;
[INFO] [stdout]   |
[INFO] [stdout] 2 + use std::io::Cursor;
[INFO] [stdout]   |
[INFO] [stdout] 
[INFO] [stdout] error: aborting due to 2 previous errors
[INFO] [stdout] 
[INFO] [stdout] Some errors have detailed explanations: E0412, E0433.
[INFO] [stdout] For more information about an error, try `rustc --explain E0412`.
[INFO] [stdout] Couldn't compile the test.
[INFO] [stdout] ---- src/read.rs - read::ReadBytes::read_i8 (line 53) stdout ----
[INFO] [stdout] error[E0412]: cannot find type `Cursor` in this scope
[INFO] [stdout]  --> src/read.rs:54:17
[INFO] [stdout]   |
[INFO] [stdout] 3 | let mut cursor: Cursor<Vec<u8>> = Cursor::new(Vec::new());
[INFO] [stdout]   |                 ^^^^^^ not found in this scope
[INFO] [stdout]   |
[INFO] [stdout] help: consider importing one of these items
[INFO] [stdout]   |
[INFO] [stdout] 2 + use std::collections::btree_map::Cursor;
[INFO] [stdout]   |
[INFO] [stdout] 2 + use std::collections::linked_list::Cursor;
[INFO] [stdout]   |
[INFO] [stdout] 2 + use std::io::Cursor;
[INFO] [stdout]   |
[INFO] [stdout] 
[INFO] [stdout] error[E0433]: failed to resolve: use of undeclared type `Cursor`
[INFO] [stdout]  --> src/read.rs:54:35
[INFO] [stdout]   |
[INFO] [stdout] 3 | let mut cursor: Cursor<Vec<u8>> = Cursor::new(Vec::new());
[INFO] [stdout]   |                                   ^^^^^^ use of undeclared type `Cursor`
[INFO] [stdout]   |
[INFO] [stdout] help: consider importing one of these items
[INFO] [stdout]   |
[INFO] [stdout] 2 + use std::collections::btree_map::Cursor;
[INFO] [stdout]   |
[INFO] [stdout] 2 + use std::collections::linked_list::Cursor;
[INFO] [stdout]   |
[INFO] [stdout] 2 + use std::io::Cursor;
[INFO] [stdout]   |
[INFO] [stdout] 
[INFO] [stdout] error: aborting due to 2 previous errors
[INFO] [stdout] 
[INFO] [stdout] Some errors have detailed explanations: E0412, E0433.
[INFO] [stdout] For more information about an error, try `rustc --explain E0412`.
[INFO] [stdout] Couldn't compile the test.
[INFO] [stdout] ---- src/read.rs - read::ReadBytes::read_i16 (line 55) stdout ----
[INFO] [stdout] error[E0412]: cannot find type `Cursor` in this scope
[INFO] [stdout]  --> src/read.rs:56:17
[INFO] [stdout]   |
[INFO] [stdout] 3 | let mut cursor: Cursor<Vec<u8>> = Cursor::new(Vec::new());
[INFO] [stdout]   |                 ^^^^^^ not found in this scope
[INFO] [stdout]   |
[INFO] [stdout] help: consider importing one of these items
[INFO] [stdout]   |
[INFO] [stdout] 2 + use std::collections::btree_map::Cursor;
[INFO] [stdout]   |
[INFO] [stdout] 2 + use std::collections::linked_list::Cursor;
[INFO] [stdout]   |
[INFO] [stdout] 2 + use std::io::Cursor;
[INFO] [stdout]   |
[INFO] [stdout] 
[INFO] [stdout] error[E0433]: failed to resolve: use of undeclared type `Cursor`
[INFO] [stdout]  --> src/read.rs:56:35
[INFO] [stdout]   |
[INFO] [stdout] 3 | let mut cursor: Cursor<Vec<u8>> = Cursor::new(Vec::new());
[INFO] [stdout]   |                                   ^^^^^^ use of undeclared type `Cursor`
[INFO] [stdout]   |
[INFO] [stdout] help: consider importing one of these items
[INFO] [stdout]   |
[INFO] [stdout] 2 + use std::collections::btree_map::Cursor;
[INFO] [stdout]   |
[INFO] [stdout] 2 + use std::collections::linked_list::Cursor;
[INFO] [stdout]   |
[INFO] [stdout] 2 + use std::io::Cursor;
[INFO] [stdout]   |
[INFO] [stdout] 
[INFO] [stdout] error: aborting due to 2 previous errors
[INFO] [stdout] 
[INFO] [stdout] Some errors have detailed explanations: E0412, E0433.
[INFO] [stdout] For more information about an error, try `rustc --explain E0412`.
[INFO] [stdout] Couldn't compile the test.
[INFO] [stdout] ---- src/write.rs - write::WriteBytes::write_f64 (line 62) stdout ----
[INFO] [stdout] error[E0412]: cannot find type `Cursor` in this scope
[INFO] [stdout]  --> src/write.rs:63:17
[INFO] [stdout]   |
[INFO] [stdout] 3 | let mut cursor: Cursor<Vec<u8>> = Cursor::new(Vec::new());
[INFO] [stdout]   |                 ^^^^^^ not found in this scope
[INFO] [stdout]   |
[INFO] [stdout] help: consider importing one of these items
[INFO] [stdout]   |
[INFO] [stdout] 2 + use std::collections::btree_map::Cursor;
[INFO] [stdout]   |
[INFO] [stdout] 2 + use std::collections::linked_list::Cursor;
[INFO] [stdout]   |
[INFO] [stdout] 2 + use std::io::Cursor;
[INFO] [stdout]   |
[INFO] [stdout] 
[INFO] [stdout] error[E0433]: failed to resolve: use of undeclared type `Cursor`
[INFO] [stdout]  --> src/write.rs:63:35
[INFO] [stdout]   |
[INFO] [stdout] 3 | let mut cursor: Cursor<Vec<u8>> = Cursor::new(Vec::new());
[INFO] [stdout]   |                                   ^^^^^^ use of undeclared type `Cursor`
[INFO] [stdout]   |
[INFO] [stdout] help: consider importing one of these items
[INFO] [stdout]   |
[INFO] [stdout] 2 + use std::collections::btree_map::Cursor;
[INFO] [stdout]   |
[INFO] [stdout] 2 + use std::collections::linked_list::Cursor;
[INFO] [stdout]   |
[INFO] [stdout] 2 + use std::io::Cursor;
[INFO] [stdout]   |
[INFO] [stdout] 
[INFO] [stdout] error: aborting due to 2 previous errors
[INFO] [stdout] 
[INFO] [stdout] Some errors have detailed explanations: E0412, E0433.
[INFO] [stdout] For more information about an error, try `rustc --explain E0412`.
[INFO] [stdout] Couldn't compile the test.
[INFO] [stdout] ---- src/read.rs - read::ReadBytes::read_u8 (line 52) stdout ----
[INFO] [stdout] error[E0412]: cannot find type `Cursor` in this scope
[INFO] [stdout]  --> src/read.rs:53:17
[INFO] [stdout]   |
[INFO] [stdout] 3 | let mut cursor: Cursor<Vec<u8>> = Cursor::new(Vec::new());
[INFO] [stdout]   |                 ^^^^^^ not found in this scope
[INFO] [stdout]   |
[INFO] [stdout] help: consider importing one of these items
[INFO] [stdout]   |
[INFO] [stdout] 2 + use std::collections::btree_map::Cursor;
[INFO] [stdout]   |
[INFO] [stdout] 2 + use std::collections::linked_list::Cursor;
[INFO] [stdout]   |
[INFO] [stdout] 2 + use std::io::Cursor;
[INFO] [stdout]   |
[INFO] [stdout] 
[INFO] [stdout] error[E0433]: failed to resolve: use of undeclared type `Cursor`
[INFO] [stdout]  --> src/read.rs:53:35
[INFO] [stdout]   |
[INFO] [stdout] 3 | let mut cursor: Cursor<Vec<u8>> = Cursor::new(Vec::new());
[INFO] [stdout]   |                                   ^^^^^^ use of undeclared type `Cursor`
[INFO] [stdout]   |
[INFO] [stdout] help: consider importing one of these items
[INFO] [stdout]   |
[INFO] [stdout] 2 + use std::collections::btree_map::Cursor;
[INFO] [stdout]   |
[INFO] [stdout] 2 + use std::collections::linked_list::Cursor;
[INFO] [stdout]   |
[INFO] [stdout] 2 + use std::io::Cursor;
[INFO] [stdout]   |
[INFO] [stdout] 
[INFO] [stdout] error: aborting due to 2 previous errors
[INFO] [stdout] 
[INFO] [stdout] Some errors have detailed explanations: E0412, E0433.
[INFO] [stdout] For more information about an error, try `rustc --explain E0412`.
[INFO] [stdout] Couldn't compile the test.
[INFO] [stdout] ---- src/write.rs - write::WriteBytes::write_i128 (line 59) stdout ----
[INFO] [stdout] error[E0412]: cannot find type `Cursor` in this scope
[INFO] [stdout]  --> src/write.rs:60:17
[INFO] [stdout]   |
[INFO] [stdout] 3 | let mut cursor: Cursor<Vec<u8>> = Cursor::new(Vec::new());
[INFO] [stdout]   |                 ^^^^^^ not found in this scope
[INFO] [stdout]   |
[INFO] [stdout] help: consider importing one of these items
[INFO] [stdout]   |
[INFO] [stdout] 2 + use std::collections::btree_map::Cursor;
[INFO] [stdout]   |
[INFO] [stdout] 2 + use std::collections::linked_list::Cursor;
[INFO] [stdout]   |
[INFO] [stdout] 2 + use std::io::Cursor;
[INFO] [stdout]   |
[INFO] [stdout] 
[INFO] [stdout] error[E0433]: failed to resolve: use of undeclared type `Cursor`
[INFO] [stdout]  --> src/write.rs:60:35
[INFO] [stdout]   |
[INFO] [stdout] 3 | let mut cursor: Cursor<Vec<u8>> = Cursor::new(Vec::new());
[INFO] [stdout]   |                                   ^^^^^^ use of undeclared type `Cursor`
[INFO] [stdout]   |
[INFO] [stdout] help: consider importing one of these items
[INFO] [stdout]   |
[INFO] [stdout] 2 + use std::collections::btree_map::Cursor;
[INFO] [stdout]   |
[INFO] [stdout] 2 + use std::collections::linked_list::Cursor;
[INFO] [stdout]   |
[INFO] [stdout] 2 + use std::io::Cursor;
[INFO] [stdout]   |
[INFO] [stdout] 
[INFO] [stdout] error: aborting due to 2 previous errors
[INFO] [stdout] 
[INFO] [stdout] Some errors have detailed explanations: E0412, E0433.
[INFO] [stdout] For more information about an error, try `rustc --explain E0412`.
[INFO] [stdout] Couldn't compile the test.
[INFO] [stdout] ---- src/read.rs - read::ReadBytes::read_u128 (line 60) stdout ----
[INFO] [stdout] error[E0412]: cannot find type `Cursor` in this scope
[INFO] [stdout]  --> src/read.rs:61:17
[INFO] [stdout]   |
[INFO] [stdout] 3 | let mut cursor: Cursor<Vec<u8>> = Cursor::new(Vec::new());
[INFO] [stdout]   |                 ^^^^^^ not found in this scope
[INFO] [stdout]   |
[INFO] [stdout] help: consider importing one of these items
[INFO] [stdout]   |
[INFO] [stdout] 2 + use std::collections::btree_map::Cursor;
[INFO] [stdout]   |
[INFO] [stdout] 2 + use std::collections::linked_list::Cursor;
[INFO] [stdout]   |
[INFO] [stdout] 2 + use std::io::Cursor;
[INFO] [stdout]   |
[INFO] [stdout] 
[INFO] [stdout] error[E0433]: failed to resolve: use of undeclared type `Cursor`
[INFO] [stdout]  --> src/read.rs:61:35
[INFO] [stdout]   |
[INFO] [stdout] 3 | let mut cursor: Cursor<Vec<u8>> = Cursor::new(Vec::new());
[INFO] [stdout]   |                                   ^^^^^^ use of undeclared type `Cursor`
[INFO] [stdout]   |
[INFO] [stdout] help: consider importing one of these items
[INFO] [stdout]   |
[INFO] [stdout] 2 + use std::collections::btree_map::Cursor;
[INFO] [stdout]   |
[INFO] [stdout] 2 + use std::collections::linked_list::Cursor;
[INFO] [stdout]   |
[INFO] [stdout] 2 + use std::io::Cursor;
[INFO] [stdout]   |
[INFO] [stdout] 
[INFO] [stdout] error: aborting due to 2 previous errors
[INFO] [stdout] 
[INFO] [stdout] Some errors have detailed explanations: E0412, E0433.
[INFO] [stdout] For more information about an error, try `rustc --explain E0412`.
[INFO] [stdout] Couldn't compile the test.
[INFO] [stdout] ---- src/read.rs - read::ReadBytes::read_i64 (line 59) stdout ----
[INFO] [stdout] error[E0412]: cannot find type `Cursor` in this scope
[INFO] [stdout]  --> src/read.rs:60:17
[INFO] [stdout]   |
[INFO] [stdout] 3 | let mut cursor: Cursor<Vec<u8>> = Cursor::new(Vec::new());
[INFO] [stdout]   |                 ^^^^^^ not found in this scope
[INFO] [stdout]   |
[INFO] [stdout] help: consider importing one of these items
[INFO] [stdout]   |
[INFO] [stdout] 2 + use std::collections::btree_map::Cursor;
[INFO] [stdout]   |
[INFO] [stdout] 2 + use std::collections::linked_list::Cursor;
[INFO] [stdout]   |
[INFO] [stdout] 2 + use std::io::Cursor;
[INFO] [stdout]   |
[INFO] [stdout] 
[INFO] [stdout] error[E0433]: failed to resolve: use of undeclared type `Cursor`
[INFO] [stdout]  --> src/read.rs:60:35
[INFO] [stdout]   |
[INFO] [stdout] 3 | let mut cursor: Cursor<Vec<u8>> = Cursor::new(Vec::new());
[INFO] [stdout]   |                                   ^^^^^^ use of undeclared type `Cursor`
[INFO] [stdout]   |
[INFO] [stdout] help: consider importing one of these items
[INFO] [stdout]   |
[INFO] [stdout] 2 + use std::collections::btree_map::Cursor;
[INFO] [stdout]   |
[INFO] [stdout] 2 + use std::collections::linked_list::Cursor;
[INFO] [stdout]   |
[INFO] [stdout] 2 + use std::io::Cursor;
[INFO] [stdout]   |
[INFO] [stdout] 
[INFO] [stdout] error: aborting due to 2 previous errors
[INFO] [stdout] 
[INFO] [stdout] Some errors have detailed explanations: E0412, E0433.
[INFO] [stdout] For more information about an error, try `rustc --explain E0412`.
[INFO] [stdout] Couldn't compile the test.
[INFO] [stdout] ---- src/write.rs - write::WriteBytes::write_f32 (line 61) stdout ----
[INFO] [stdout] error[E0412]: cannot find type `Cursor` in this scope
[INFO] [stdout]  --> src/write.rs:62:17
[INFO] [stdout]   |
[INFO] [stdout] 3 | let mut cursor: Cursor<Vec<u8>> = Cursor::new(Vec::new());
[INFO] [stdout]   |                 ^^^^^^ not found in this scope
[INFO] [stdout]   |
[INFO] [stdout] help: consider importing one of these items
[INFO] [stdout]   |
[INFO] [stdout] 2 + use std::collections::btree_map::Cursor;
[INFO] [stdout]   |
[INFO] [stdout] 2 + use std::collections::linked_list::Cursor;
[INFO] [stdout]   |
[INFO] [stdout] 2 + use std::io::Cursor;
[INFO] [stdout]   |
[INFO] [stdout] 
[INFO] [stdout] error[E0433]: failed to resolve: use of undeclared type `Cursor`
[INFO] [stdout]  --> src/write.rs:62:35
[INFO] [stdout]   |
[INFO] [stdout] 3 | let mut cursor: Cursor<Vec<u8>> = Cursor::new(Vec::new());
[INFO] [stdout]   |                                   ^^^^^^ use of undeclared type `Cursor`
[INFO] [stdout]   |
[INFO] [stdout] help: consider importing one of these items
[INFO] [stdout]   |
[INFO] [stdout] 2 + use std::collections::btree_map::Cursor;
[INFO] [stdout]   |
[INFO] [stdout] 2 + use std::collections::linked_list::Cursor;
[INFO] [stdout]   |
[INFO] [stdout] 2 + use std::io::Cursor;
[INFO] [stdout]   |
[INFO] [stdout] 
[INFO] [stdout] error: aborting due to 2 previous errors
[INFO] [stdout] 
[INFO] [stdout] Some errors have detailed explanations: E0412, E0433.
[INFO] [stdout] For more information about an error, try `rustc --explain E0412`.
[INFO] [stdout] Couldn't compile the test.
[INFO] [stdout] ---- src/read.rs - read::ReadBytes::read_u64 (line 58) stdout ----
[INFO] [stdout] error[E0412]: cannot find type `Cursor` in this scope
[INFO] [stdout]  --> src/read.rs:59:17
[INFO] [stdout]   |
[INFO] [stdout] 3 | let mut cursor: Cursor<Vec<u8>> = Cursor::new(Vec::new());
[INFO] [stdout]   |                 ^^^^^^ not found in this scope
[INFO] [stdout]   |
[INFO] [stdout] help: consider importing one of these items
[INFO] [stdout]   |
[INFO] [stdout] 2 + use std::collections::btree_map::Cursor;
[INFO] [stdout]   |
[INFO] [stdout] 2 + use std::collections::linked_list::Cursor;
[INFO] [stdout]   |
[INFO] [stdout] 2 + use std::io::Cursor;
[INFO] [stdout]   |
[INFO] [stdout] 
[INFO] [stdout] error[E0433]: failed to resolve: use of undeclared type `Cursor`
[INFO] [stdout]  --> src/read.rs:59:35
[INFO] [stdout]   |
[INFO] [stdout] 3 | let mut cursor: Cursor<Vec<u8>> = Cursor::new(Vec::new());
[INFO] [stdout]   |                                   ^^^^^^ use of undeclared type `Cursor`
[INFO] [stdout]   |
[INFO] [stdout] help: consider importing one of these items
[INFO] [stdout]   |
[INFO] [stdout] 2 + use std::collections::btree_map::Cursor;
[INFO] [stdout]   |
[INFO] [stdout] 2 + use std::collections::linked_list::Cursor;
[INFO] [stdout]   |
[INFO] [stdout] 2 + use std::io::Cursor;
[INFO] [stdout]   |
[INFO] [stdout] 
[INFO] [stdout] error: aborting due to 2 previous errors
[INFO] [stdout] 
[INFO] [stdout] Some errors have detailed explanations: E0412, E0433.
[INFO] [stdout] For more information about an error, try `rustc --explain E0412`.
[INFO] [stdout] Couldn't compile the test.
[INFO] [stdout] ---- src/read.rs - read::ReadBytes::read_f64 (line 64) stdout ----
[INFO] [stdout] error[E0412]: cannot find type `Cursor` in this scope
[INFO] [stdout]  --> src/read.rs:65:17
[INFO] [stdout]   |
[INFO] [stdout] 3 | let mut cursor: Cursor<Vec<u8>> = Cursor::new(Vec::new());
[INFO] [stdout]   |                 ^^^^^^ not found in this scope
[INFO] [stdout]   |
[INFO] [stdout] help: consider importing one of these items
[INFO] [stdout]   |
[INFO] [stdout] 2 + use std::collections::btree_map::Cursor;
[INFO] [stdout]   |
[INFO] [stdout] 2 + use std::collections::linked_list::Cursor;
[INFO] [stdout]   |
[INFO] [stdout] 2 + use std::io::Cursor;
[INFO] [stdout]   |
[INFO] [stdout] 
[INFO] [stdout] error[E0433]: failed to resolve: use of undeclared type `Cursor`
[INFO] [stdout]  --> src/read.rs:65:35
[INFO] [stdout]   |
[INFO] [stdout] 3 | let mut cursor: Cursor<Vec<u8>> = Cursor::new(Vec::new());
[INFO] [stdout]   |                                   ^^^^^^ use of undeclared type `Cursor`
[INFO] [stdout]   |
[INFO] [stdout] help: consider importing one of these items
[INFO] [stdout]   |
[INFO] [stdout] 2 + use std::collections::btree_map::Cursor;
[INFO] [stdout]   |
[INFO] [stdout] 2 + use std::collections::linked_list::Cursor;
[INFO] [stdout]   |
[INFO] [stdout] 2 + use std::io::Cursor;
[INFO] [stdout]   |
[INFO] [stdout] 
[INFO] [stdout] error: aborting due to 2 previous errors
[INFO] [stdout] 
[INFO] [stdout] Some errors have detailed explanations: E0412, E0433.
[INFO] [stdout] For more information about an error, try `rustc --explain E0412`.
[INFO] [stdout] Couldn't compile the test.
[INFO] [stdout] ---- src/read.rs - read::ReadBytes::read_u32 (line 56) stdout ----
[INFO] [stdout] error[E0412]: cannot find type `Cursor` in this scope
[INFO] [stdout]  --> src/read.rs:57:17
[INFO] [stdout]   |
[INFO] [stdout] 3 | let mut cursor: Cursor<Vec<u8>> = Cursor::new(Vec::new());
[INFO] [stdout]   |                 ^^^^^^ not found in this scope
[INFO] [stdout]   |
[INFO] [stdout] help: consider importing one of these items
[INFO] [stdout]   |
[INFO] [stdout] 2 + use std::collections::btree_map::Cursor;
[INFO] [stdout]   |
[INFO] [stdout] 2 + use std::collections::linked_list::Cursor;
[INFO] [stdout]   |
[INFO] [stdout] 2 + use std::io::Cursor;
[INFO] [stdout]   |
[INFO] [stdout] 
[INFO] [stdout] error[E0433]: failed to resolve: use of undeclared type `Cursor`
[INFO] [stdout]  --> src/read.rs:57:35
[INFO] [stdout]   |
[INFO] [stdout] 3 | let mut cursor: Cursor<Vec<u8>> = Cursor::new(Vec::new());
[INFO] [stdout]   |                                   ^^^^^^ use of undeclared type `Cursor`
[INFO] [stdout]   |
[INFO] [stdout] help: consider importing one of these items
[INFO] [stdout]   |
[INFO] [stdout] 2 + use std::collections::btree_map::Cursor;
[INFO] [stdout]   |
[INFO] [stdout] 2 + use std::collections::linked_list::Cursor;
[INFO] [stdout]   |
[INFO] [stdout] 2 + use std::io::Cursor;
[INFO] [stdout]   |
[INFO] [stdout] 
[INFO] [stdout] error: aborting due to 2 previous errors
[INFO] [stdout] 
[INFO] [stdout] Some errors have detailed explanations: E0412, E0433.
[INFO] [stdout] For more information about an error, try `rustc --explain E0412`.
[INFO] [stdout] Couldn't compile the test.
[INFO] [stdout] ---- src/read.rs - read::ReadBytes::read_f32 (line 63) stdout ----
[INFO] [stdout] error[E0412]: cannot find type `Cursor` in this scope
[INFO] [stdout]  --> src/read.rs:64:17
[INFO] [stdout]   |
[INFO] [stdout] 3 | let mut cursor: Cursor<Vec<u8>> = Cursor::new(Vec::new());
[INFO] [stdout]   |                 ^^^^^^ not found in this scope
[INFO] [stdout]   |
[INFO] [stdout] help: consider importing one of these items
[INFO] [stdout]   |
[INFO] [stdout] 2 + use std::collections::btree_map::Cursor;
[INFO] [stdout]   |
[INFO] [stdout] 2 + use std::collections::linked_list::Cursor;
[INFO] [stdout]   |
[INFO] [stdout] 2 + use std::io::Cursor;
[INFO] [stdout]   |
[INFO] [stdout] 
[INFO] [stdout] error[E0433]: failed to resolve: use of undeclared type `Cursor`
[INFO] [stdout]  --> src/read.rs:64:35
[INFO] [stdout]   |
[INFO] [stdout] 3 | let mut cursor: Cursor<Vec<u8>> = Cursor::new(Vec::new());
[INFO] [stdout]   |                                   ^^^^^^ use of undeclared type `Cursor`
[INFO] [stdout]   |
[INFO] [stdout] help: consider importing one of these items
[INFO] [stdout]   |
[INFO] [stdout] 2 + use std::collections::btree_map::Cursor;
[INFO] [stdout]   |
[INFO] [stdout] 2 + use std::collections::linked_list::Cursor;
[INFO] [stdout]   |
[INFO] [stdout] 2 + use std::io::Cursor;
[INFO] [stdout]   |
[INFO] [stdout] 
[INFO] [stdout] error: aborting due to 2 previous errors
[INFO] [stdout] 
[INFO] [stdout] Some errors have detailed explanations: E0412, E0433.
[INFO] [stdout] For more information about an error, try `rustc --explain E0412`.
[INFO] [stdout] Couldn't compile the test.
[INFO] [stdout] ---- src/read.rs - read::ReadBytes::read_u16 (line 54) stdout ----
[INFO] [stdout] error[E0412]: cannot find type `Cursor` in this scope
[INFO] [stdout]  --> src/read.rs:55:17
[INFO] [stdout]   |
[INFO] [stdout] 3 | let mut cursor: Cursor<Vec<u8>> = Cursor::new(Vec::new());
[INFO] [stdout]   |                 ^^^^^^ not found in this scope
[INFO] [stdout]   |
[INFO] [stdout] help: consider importing one of these items
[INFO] [stdout]   |
[INFO] [stdout] 2 + use std::collections::btree_map::Cursor;
[INFO] [stdout]   |
[INFO] [stdout] 2 + use std::collections::linked_list::Cursor;
[INFO] [stdout]   |
[INFO] [stdout] 2 + use std::io::Cursor;
[INFO] [stdout]   |
[INFO] [stdout] 
[INFO] [stdout] error[E0433]: failed to resolve: use of undeclared type `Cursor`
[INFO] [stdout]  --> src/read.rs:55:35
[INFO] [stdout]   |
[INFO] [stdout] 3 | let mut cursor: Cursor<Vec<u8>> = Cursor::new(Vec::new());
[INFO] [stdout]   |                                   ^^^^^^ use of undeclared type `Cursor`
[INFO] [stdout]   |
[INFO] [stdout] help: consider importing one of these items
[INFO] [stdout]   |
[INFO] [stdout] 2 + use std::collections::btree_map::Cursor;
[INFO] [stdout]   |
[INFO] [stdout] 2 + use std::collections::linked_list::Cursor;
[INFO] [stdout]   |
[INFO] [stdout] 2 + use std::io::Cursor;
[INFO] [stdout]   |
[INFO] [stdout] 
[INFO] [stdout] error: aborting due to 2 previous errors
[INFO] [stdout] 
[INFO] [stdout] Some errors have detailed explanations: E0412, E0433.
[INFO] [stdout] For more information about an error, try `rustc --explain E0412`.
[INFO] [stdout] Couldn't compile the test.
[INFO] [stdout] ---- src/read.rs - read::ReadBytes::read_i128 (line 61) stdout ----
[INFO] [stdout] error[E0412]: cannot find type `Cursor` in this scope
[INFO] [stdout]  --> src/read.rs:62:17
[INFO] [stdout]   |
[INFO] [stdout] 3 | let mut cursor: Cursor<Vec<u8>> = Cursor::new(Vec::new());
[INFO] [stdout]   |                 ^^^^^^ not found in this scope
[INFO] [stdout]   |
[INFO] [stdout] help: consider importing one of these items
[INFO] [stdout]   |
[INFO] [stdout] 2 + use std::collections::btree_map::Cursor;
[INFO] [stdout]   |
[INFO] [stdout] 2 + use std::collections::linked_list::Cursor;
[INFO] [stdout]   |
[INFO] [stdout] 2 + use std::io::Cursor;
[INFO] [stdout]   |
[INFO] [stdout] 
[INFO] [stdout] error[E0433]: failed to resolve: use of undeclared type `Cursor`
[INFO] [stdout]  --> src/read.rs:62:35
[INFO] [stdout]   |
[INFO] [stdout] 3 | let mut cursor: Cursor<Vec<u8>> = Cursor::new(Vec::new());
[INFO] [stdout]   |                                   ^^^^^^ use of undeclared type `Cursor`
[INFO] [stdout]   |
[INFO] [stdout] help: consider importing one of these items
[INFO] [stdout]   |
[INFO] [stdout] 2 + use std::collections::btree_map::Cursor;
[INFO] [stdout]   |
[INFO] [stdout] 2 + use std::collections::linked_list::Cursor;
[INFO] [stdout]   |
[INFO] [stdout] 2 + use std::io::Cursor;
[INFO] [stdout]   |
[INFO] [stdout] 
[INFO] [stdout] error: aborting due to 2 previous errors
[INFO] [stdout] 
[INFO] [stdout] Some errors have detailed explanations: E0412, E0433.
[INFO] [stdout] For more information about an error, try `rustc --explain E0412`.
[INFO] [stdout] Couldn't compile the test.
[INFO] [stdout] ---- src/read.rs - read::ReadBytes::read_string (line 66) stdout ----
[INFO] [stdout] error[E0412]: cannot find type `Cursor` in this scope
[INFO] [stdout]  --> src/read.rs:67:17
[INFO] [stdout]   |
[INFO] [stdout] 3 | let mut cursor: Cursor<Vec<u8>> = Cursor::new(Vec::new());
[INFO] [stdout]   |                 ^^^^^^ not found in this scope
[INFO] [stdout]   |
[INFO] [stdout] help: consider importing one of these items
[INFO] [stdout]   |
[INFO] [stdout] 2 + use std::collections::btree_map::Cursor;
[INFO] [stdout]   |
[INFO] [stdout] 2 + use std::collections::linked_list::Cursor;
[INFO] [stdout]   |
[INFO] [stdout] 2 + use std::io::Cursor;
[INFO] [stdout]   |
[INFO] [stdout] 
[INFO] [stdout] error[E0433]: failed to resolve: use of undeclared type `Cursor`
[INFO] [stdout]  --> src/read.rs:67:35
[INFO] [stdout]   |
[INFO] [stdout] 3 | let mut cursor: Cursor<Vec<u8>> = Cursor::new(Vec::new());
[INFO] [stdout]   |                                   ^^^^^^ use of undeclared type `Cursor`
[INFO] [stdout]   |
[INFO] [stdout] help: consider importing one of these items
[INFO] [stdout]   |
[INFO] [stdout] 2 + use std::collections::btree_map::Cursor;
[INFO] [stdout]   |
[INFO] [stdout] 2 + use std::collections::linked_list::Cursor;
[INFO] [stdout]   |
[INFO] [stdout] 2 + use std::io::Cursor;
[INFO] [stdout]   |
[INFO] [stdout] 
[INFO] [stdout] error: aborting due to 2 previous errors
[INFO] [stdout] 
[INFO] [stdout] Some errors have detailed explanations: E0412, E0433.
[INFO] [stdout] For more information about an error, try `rustc --explain E0412`.
[INFO] [stdout] Couldn't compile the test.
[INFO] [stdout] ---- src/write.rs - write::WriteBytes::write_i32 (line 55) stdout ----
[INFO] [stdout] error[E0412]: cannot find type `Cursor` in this scope
[INFO] [stdout]  --> src/write.rs:56:17
[INFO] [stdout]   |
[INFO] [stdout] 3 | let mut cursor: Cursor<Vec<u8>> = Cursor::new(Vec::new());
[INFO] [stdout]   |                 ^^^^^^ not found in this scope
[INFO] [stdout]   |
[INFO] [stdout] help: consider importing one of these items
[INFO] [stdout]   |
[INFO] [stdout] 2 + use std::collections::btree_map::Cursor;
[INFO] [stdout]   |
[INFO] [stdout] 2 + use std::collections::linked_list::Cursor;
[INFO] [stdout]   |
[INFO] [stdout] 2 + use std::io::Cursor;
[INFO] [stdout]   |
[INFO] [stdout] 
[INFO] [stdout] error[E0433]: failed to resolve: use of undeclared type `Cursor`
[INFO] [stdout]  --> src/write.rs:56:35
[INFO] [stdout]   |
[INFO] [stdout] 3 | let mut cursor: Cursor<Vec<u8>> = Cursor::new(Vec::new());
[INFO] [stdout]   |                                   ^^^^^^ use of undeclared type `Cursor`
[INFO] [stdout]   |
[INFO] [stdout] help: consider importing one of these items
[INFO] [stdout]   |
[INFO] [stdout] 2 + use std::collections::btree_map::Cursor;
[INFO] [stdout]   |
[INFO] [stdout] 2 + use std::collections::linked_list::Cursor;
[INFO] [stdout]   |
[INFO] [stdout] 2 + use std::io::Cursor;
[INFO] [stdout]   |
[INFO] [stdout] 
[INFO] [stdout] error: aborting due to 2 previous errors
[INFO] [stdout] 
[INFO] [stdout] Some errors have detailed explanations: E0412, E0433.
[INFO] [stdout] For more information about an error, try `rustc --explain E0412`.
[INFO] [stdout] Couldn't compile the test.
[INFO] [stdout] ---- src/write.rs - write::WriteBytes::write_u64 (line 56) stdout ----
[INFO] [stdout] error[E0412]: cannot find type `Cursor` in this scope
[INFO] [stdout]  --> src/write.rs:57:17
[INFO] [stdout]   |
[INFO] [stdout] 3 | let mut cursor: Cursor<Vec<u8>> = Cursor::new(Vec::new());
[INFO] [stdout]   |                 ^^^^^^ not found in this scope
[INFO] [stdout]   |
[INFO] [stdout] help: consider importing one of these items
[INFO] [stdout]   |
[INFO] [stdout] 2 + use std::collections::btree_map::Cursor;
[INFO] [stdout]   |
[INFO] [stdout] 2 + use std::collections::linked_list::Cursor;
[INFO] [stdout]   |
[INFO] [stdout] 2 + use std::io::Cursor;
[INFO] [stdout]   |
[INFO] [stdout] 
[INFO] [stdout] error[E0433]: failed to resolve: use of undeclared type `Cursor`
[INFO] [stdout]  --> src/write.rs:57:35
[INFO] [stdout]   |
[INFO] [stdout] 3 | let mut cursor: Cursor<Vec<u8>> = Cursor::new(Vec::new());
[INFO] [stdout]   |                                   ^^^^^^ use of undeclared type `Cursor`
[INFO] [stdout]   |
[INFO] [stdout] help: consider importing one of these items
[INFO] [stdout]   |
[INFO] [stdout] 2 + use std::collections::btree_map::Cursor;
[INFO] [stdout]   |
[INFO] [stdout] 2 + use std::collections::linked_list::Cursor;
[INFO] [stdout]   |
[INFO] [stdout] 2 + use std::io::Cursor;
[INFO] [stdout]   |
[INFO] [stdout] 
[INFO] [stdout] error: aborting due to 2 previous errors
[INFO] [stdout] 
[INFO] [stdout] Some errors have detailed explanations: E0412, E0433.
[INFO] [stdout] For more information about an error, try `rustc --explain E0412`.
[INFO] [stdout] Couldn't compile the test.
[INFO] [stdout] ---- src/write.rs - write::WriteBytes::write_u32 (line 54) stdout ----
[INFO] [stdout] error[E0412]: cannot find type `Cursor` in this scope
[INFO] [stdout]  --> src/write.rs:55:17
[INFO] [stdout]   |
[INFO] [stdout] 3 | let mut cursor: Cursor<Vec<u8>> = Cursor::new(Vec::new());
[INFO] [stdout]   |                 ^^^^^^ not found in this scope
[INFO] [stdout]   |
[INFO] [stdout] help: consider importing one of these items
[INFO] [stdout]   |
[INFO] [stdout] 2 + use std::collections::btree_map::Cursor;
[INFO] [stdout]   |
[INFO] [stdout] 2 + use std::collections::linked_list::Cursor;
[INFO] [stdout]   |
[INFO] [stdout] 2 + use std::io::Cursor;
[INFO] [stdout]   |
[INFO] [stdout] 
[INFO] [stdout] error[E0433]: failed to resolve: use of undeclared type `Cursor`
[INFO] [stdout]  --> src/write.rs:55:35
[INFO] [stdout]   |
[INFO] [stdout] 3 | let mut cursor: Cursor<Vec<u8>> = Cursor::new(Vec::new());
[INFO] [stdout]   |                                   ^^^^^^ use of undeclared type `Cursor`
[INFO] [stdout]   |
[INFO] [stdout] help: consider importing one of these items
[INFO] [stdout]   |
[INFO] [stdout] 2 + use std::collections::btree_map::Cursor;
[INFO] [stdout]   |
[INFO] [stdout] 2 + use std::collections::linked_list::Cursor;
[INFO] [stdout]   |
[INFO] [stdout] 2 + use std::io::Cursor;
[INFO] [stdout]   |
[INFO] [stdout] 
[INFO] [stdout] error: aborting due to 2 previous errors
[INFO] [stdout] 
[INFO] [stdout] Some errors have detailed explanations: E0412, E0433.
[INFO] [stdout] For more information about an error, try `rustc --explain E0412`.
[INFO] [stdout] Couldn't compile the test.
[INFO] [stdout] ---- src/write.rs - write::WriteBytes::write_u16 (line 52) stdout ----
[INFO] [stdout] error[E0412]: cannot find type `Cursor` in this scope
[INFO] [stdout]  --> src/write.rs:53:17
[INFO] [stdout]   |
[INFO] [stdout] 3 | let mut cursor: Cursor<Vec<u8>> = Cursor::new(Vec::new());
[INFO] [stdout]   |                 ^^^^^^ not found in this scope
[INFO] [stdout]   |
[INFO] [stdout] help: consider importing one of these items
[INFO] [stdout]   |
[INFO] [stdout] 2 + use std::collections::btree_map::Cursor;
[INFO] [stdout]   |
[INFO] [stdout] 2 + use std::collections::linked_list::Cursor;
[INFO] [stdout]   |
[INFO] [stdout] 2 + use std::io::Cursor;
[INFO] [stdout]   |
[INFO] [stdout] 
[INFO] [stdout] error[E0433]: failed to resolve: use of undeclared type `Cursor`
[INFO] [stdout]  --> src/write.rs:53:35
[INFO] [stdout]   |
[INFO] [stdout] 3 | let mut cursor: Cursor<Vec<u8>> = Cursor::new(Vec::new());
[INFO] [stdout]   |                                   ^^^^^^ use of undeclared type `Cursor`
[INFO] [stdout]   |
[INFO] [stdout] help: consider importing one of these items
[INFO] [stdout]   |
[INFO] [stdout] 2 + use std::collections::btree_map::Cursor;
[INFO] [stdout]   |
[INFO] [stdout] 2 + use std::collections::linked_list::Cursor;
[INFO] [stdout]   |
[INFO] [stdout] 2 + use std::io::Cursor;
[INFO] [stdout]   |
[INFO] [stdout] 
[INFO] [stdout] error: aborting due to 2 previous errors
[INFO] [stdout] 
[INFO] [stdout] Some errors have detailed explanations: E0412, E0433.
[INFO] [stdout] For more information about an error, try `rustc --explain E0412`.
[INFO] [stdout] Couldn't compile the test.
[INFO] [stdout] ---- src/write.rs - write::WriteBytes::write_u8 (line 50) stdout ----
[INFO] [stdout] error[E0412]: cannot find type `Cursor` in this scope
[INFO] [stdout]  --> src/write.rs:51:17
[INFO] [stdout]   |
[INFO] [stdout] 3 | let mut cursor: Cursor<Vec<u8>> = Cursor::new(Vec::new());
[INFO] [stdout]   |                 ^^^^^^ not found in this scope
[INFO] [stdout]   |
[INFO] [stdout] help: consider importing one of these items
[INFO] [stdout]   |
[INFO] [stdout] 2 + use std::collections::btree_map::Cursor;
[INFO] [stdout]   |
[INFO] [stdout] 2 + use std::collections::linked_list::Cursor;
[INFO] [stdout]   |
[INFO] [stdout] 2 + use std::io::Cursor;
[INFO] [stdout]   |
[INFO] [stdout] 
[INFO] [stdout] error[E0433]: failed to resolve: use of undeclared type `Cursor`
[INFO] [stdout]  --> src/write.rs:51:35
[INFO] [stdout]   |
[INFO] [stdout] 3 | let mut cursor: Cursor<Vec<u8>> = Cursor::new(Vec::new());
[INFO] [stdout]   |                                   ^^^^^^ use of undeclared type `Cursor`
[INFO] [stdout]   |
[INFO] [stdout] help: consider importing one of these items
[INFO] [stdout]   |
[INFO] [stdout] 2 + use std::collections::btree_map::Cursor;
[INFO] [stdout]   |
[INFO] [stdout] 2 + use std::collections::linked_list::Cursor;
[INFO] [stdout]   |
[INFO] [stdout] 2 + use std::io::Cursor;
[INFO] [stdout]   |
[INFO] [stdout] 
[INFO] [stdout] error: aborting due to 2 previous errors
[INFO] [stdout] 
[INFO] [stdout] Some errors have detailed explanations: E0412, E0433.
[INFO] [stdout] For more information about an error, try `rustc --explain E0412`.
[INFO] [stdout] Couldn't compile the test.
[INFO] [stdout] ---- src/write.rs - write::WriteBytes::write_i8 (line 51) stdout ----
[INFO] [stdout] error[E0412]: cannot find type `Cursor` in this scope
[INFO] [stdout]  --> src/write.rs:52:17
[INFO] [stdout]   |
[INFO] [stdout] 3 | let mut cursor: Cursor<Vec<u8>> = Cursor::new(Vec::new());
[INFO] [stdout]   |                 ^^^^^^ not found in this scope
[INFO] [stdout]   |
[INFO] [stdout] help: consider importing one of these items
[INFO] [stdout]   |
[INFO] [stdout] 2 + use std::collections::btree_map::Cursor;
[INFO] [stdout]   |
[INFO] [stdout] 2 + use std::collections::linked_list::Cursor;
[INFO] [stdout]   |
[INFO] [stdout] 2 + use std::io::Cursor;
[INFO] [stdout]   |
[INFO] [stdout] 
[INFO] [stdout] error[E0433]: failed to resolve: use of undeclared type `Cursor`
[INFO] [stdout]  --> src/write.rs:52:35
[INFO] [stdout]   |
[INFO] [stdout] 3 | let mut cursor: Cursor<Vec<u8>> = Cursor::new(Vec::new());
[INFO] [stdout]   |                                   ^^^^^^ use of undeclared type `Cursor`
[INFO] [stdout]   |
[INFO] [stdout] help: consider importing one of these items
[INFO] [stdout]   |
[INFO] [stdout] 2 + use std::collections::btree_map::Cursor;
[INFO] [stdout]   |
[INFO] [stdout] 2 + use std::collections::linked_list::Cursor;
[INFO] [stdout]   |
[INFO] [stdout] 2 + use std::io::Cursor;
[INFO] [stdout]   |
[INFO] [stdout] 
[INFO] [stdout] error: aborting due to 2 previous errors
[INFO] [stdout] 
[INFO] [stdout] Some errors have detailed explanations: E0412, E0433.
[INFO] [stdout] For more information about an error, try `rustc --explain E0412`.
[INFO] [stdout] Couldn't compile the test.
[INFO] [stdout] ---- src/write.rs - write::WriteBytes::write_u128 (line 58) stdout ----
[INFO] [stdout] error[E0412]: cannot find type `Cursor` in this scope
[INFO] [stdout]  --> src/write.rs:59:17
[INFO] [stdout]   |
[INFO] [stdout] 3 | let mut cursor: Cursor<Vec<u8>> = Cursor::new(Vec::new());
[INFO] [stdout]   |                 ^^^^^^ not found in this scope
[INFO] [stdout]   |
[INFO] [stdout] help: consider importing one of these items
[INFO] [stdout]   |
[INFO] [stdout] 2 + use std::collections::btree_map::Cursor;
[INFO] [stdout]   |
[INFO] [stdout] 2 + use std::collections::linked_list::Cursor;
[INFO] [stdout]   |
[INFO] [stdout] 2 + use std::io::Cursor;
[INFO] [stdout]   |
[INFO] [stdout] 
[INFO] [stdout] error[E0433]: failed to resolve: use of undeclared type `Cursor`
[INFO] [stdout]  --> src/write.rs:59:35
[INFO] [stdout]   |
[INFO] [stdout] 3 | let mut cursor: Cursor<Vec<u8>> = Cursor::new(Vec::new());
[INFO] [stdout]   |                                   ^^^^^^ use of undeclared type `Cursor`
[INFO] [stdout]   |
[INFO] [stdout] help: consider importing one of these items
[INFO] [stdout]   |
[INFO] [stdout] 2 + use std::collections::btree_map::Cursor;
[INFO] [stdout]   |
[INFO] [stdout] 2 + use std::collections::linked_list::Cursor;
[INFO] [stdout]   |
[INFO] [stdout] 2 + use std::io::Cursor;
[INFO] [stdout]   |
[INFO] [stdout] 
[INFO] [stdout] error: aborting due to 2 previous errors
[INFO] [stdout] 
[INFO] [stdout] Some errors have detailed explanations: E0412, E0433.
[INFO] [stdout] For more information about an error, try `rustc --explain E0412`.
[INFO] [stdout] Couldn't compile the test.
[INFO] [stdout] ---- src/write.rs - write::WriteBytes::write_string (line 64) stdout ----
[INFO] [stdout] error[E0412]: cannot find type `Cursor` in this scope
[INFO] [stdout]  --> src/write.rs:65:17
[INFO] [stdout]   |
[INFO] [stdout] 3 | let mut cursor: Cursor<Vec<u8>> = Cursor::new(Vec::new());
[INFO] [stdout]   |                 ^^^^^^ not found in this scope
[INFO] [stdout]   |
[INFO] [stdout] help: consider importing one of these items
[INFO] [stdout]   |
[INFO] [stdout] 2 + use std::collections::btree_map::Cursor;
[INFO] [stdout]   |
[INFO] [stdout] 2 + use std::collections::linked_list::Cursor;
[INFO] [stdout]   |
[INFO] [stdout] 2 + use std::io::Cursor;
[INFO] [stdout]   |
[INFO] [stdout] 
[INFO] [stdout] error[E0433]: failed to resolve: use of undeclared type `Cursor`
[INFO] [stdout]  --> src/write.rs:65:35
[INFO] [stdout]   |
[INFO] [stdout] 3 | let mut cursor: Cursor<Vec<u8>> = Cursor::new(Vec::new());
[INFO] [stdout]   |                                   ^^^^^^ use of undeclared type `Cursor`
[INFO] [stdout]   |
[INFO] [stdout] help: consider importing one of these items
[INFO] [stdout]   |
[INFO] [stdout] 2 + use std::collections::btree_map::Cursor;
[INFO] [stdout]   |
[INFO] [stdout] 2 + use std::collections::linked_list::Cursor;
[INFO] [stdout]   |
[INFO] [stdout] 2 + use std::io::Cursor;
[INFO] [stdout]   |
[INFO] [stdout] 
[INFO] [stdout] error: aborting due to 2 previous errors
[INFO] [stdout] 
[INFO] [stdout] Some errors have detailed explanations: E0412, E0433.
[INFO] [stdout] For more information about an error, try `rustc --explain E0412`.
[INFO] [stdout] Couldn't compile the test.
[INFO] [stdout] ---- src/write.rs - write::WriteBytes::write_i64 (line 57) stdout ----
[INFO] [stdout] error[E0412]: cannot find type `Cursor` in this scope
[INFO] [stdout]  --> src/write.rs:58:17
[INFO] [stdout]   |
[INFO] [stdout] 3 | let mut cursor: Cursor<Vec<u8>> = Cursor::new(Vec::new());
[INFO] [stdout]   |                 ^^^^^^ not found in this scope
[INFO] [stdout]   |
[INFO] [stdout] help: consider importing one of these items
[INFO] [stdout]   |
[INFO] [stdout] 2 + use std::collections::btree_map::Cursor;
[INFO] [stdout]   |
[INFO] [stdout] 2 + use std::collections::linked_list::Cursor;
[INFO] [stdout]   |
[INFO] [stdout] 2 + use std::io::Cursor;
[INFO] [stdout]   |
[INFO] [stdout] 
[INFO] [stdout] error[E0433]: failed to resolve: use of undeclared type `Cursor`
[INFO] [stdout]  --> src/write.rs:58:35
[INFO] [stdout]   |
[INFO] [stdout] 3 | let mut cursor: Cursor<Vec<u8>> = Cursor::new(Vec::new());
[INFO] [stdout]   |                                   ^^^^^^ use of undeclared type `Cursor`
[INFO] [stdout]   |
[INFO] [stdout] help: consider importing one of these items
[INFO] [stdout]   |
[INFO] [stdout] 2 + use std::collections::btree_map::Cursor;
[INFO] [stdout]   |
[INFO] [stdout] 2 + use std::collections::linked_list::Cursor;
[INFO] [stdout]   |
[INFO] [stdout] 2 + use std::io::Cursor;
[INFO] [stdout]   |
[INFO] [stdout] 
[INFO] [stdout] error: aborting due to 2 previous errors
[INFO] [stdout] 
[INFO] [stdout] Some errors have detailed explanations: E0412, E0433.
[INFO] [stdout] For more information about an error, try `rustc --explain E0412`.
[INFO] [stdout] Couldn't compile the test.
[INFO] [stdout] ---- src/write.rs - write::WriteBytes::write_i16 (line 53) stdout ----
[INFO] [stdout] error[E0412]: cannot find type `Cursor` in this scope
[INFO] [stdout]  --> src/write.rs:54:17
[INFO] [stdout]   |
[INFO] [stdout] 3 | let mut cursor: Cursor<Vec<u8>> = Cursor::new(Vec::new());
[INFO] [stdout]   |                 ^^^^^^ not found in this scope
[INFO] [stdout]   |
[INFO] [stdout] help: consider importing one of these items
[INFO] [stdout]   |
[INFO] [stdout] 2 + use std::collections::btree_map::Cursor;
[INFO] [stdout]   |
[INFO] [stdout] 2 + use std::collections::linked_list::Cursor;
[INFO] [stdout]   |
[INFO] [stdout] 2 + use std::io::Cursor;
[INFO] [stdout]   |
[INFO] [stdout] 
[INFO] [stdout] error[E0433]: failed to resolve: use of undeclared type `Cursor`
[INFO] [stdout]  --> src/write.rs:54:35
[INFO] [stdout]   |
[INFO] [stdout] 3 | let mut cursor: Cursor<Vec<u8>> = Cursor::new(Vec::new());
[INFO] [stdout]   |                                   ^^^^^^ use of undeclared type `Cursor`
[INFO] [stdout]   |
[INFO] [stdout] help: consider importing one of these items
[INFO] [stdout]   |
[INFO] [stdout] 2 + use std::collections::btree_map::Cursor;
[INFO] [stdout]   |
[INFO] [stdout] 2 + use std::collections::linked_list::Cursor;
[INFO] [stdout]   |
[INFO] [stdout] 2 + use std::io::Cursor;
[INFO] [stdout]   |
[INFO] [stdout] 
[INFO] [stdout] error: aborting due to 2 previous errors
[INFO] [stdout] 
[INFO] [stdout] Some errors have detailed explanations: E0412, E0433.
[INFO] [stdout] For more information about an error, try `rustc --explain E0412`.
[INFO] [stdout] Couldn't compile the test.
[INFO] [stdout] 
[INFO] [stdout] failures:
[INFO] [stdout]     src/read.rs - read::ReadBytes::read_f32 (line 63)
[INFO] [stdout]     src/read.rs - read::ReadBytes::read_f64 (line 64)
[INFO] [stdout]     src/read.rs - read::ReadBytes::read_i128 (line 61)
[INFO] [stdout]     src/read.rs - read::ReadBytes::read_i16 (line 55)
[INFO] [stdout]     src/read.rs - read::ReadBytes::read_i32 (line 57)
[INFO] [stdout]     src/read.rs - read::ReadBytes::read_i64 (line 59)
[INFO] [stdout]     src/read.rs - read::ReadBytes::read_i8 (line 53)
[INFO] [stdout]     src/read.rs - read::ReadBytes::read_string (line 66)
[INFO] [stdout]     src/read.rs - read::ReadBytes::read_u128 (line 60)
[INFO] [stdout]     src/read.rs - read::ReadBytes::read_u16 (line 54)
[INFO] [stdout]     src/read.rs - read::ReadBytes::read_u32 (line 56)
[INFO] [stdout]     src/read.rs - read::ReadBytes::read_u64 (line 58)
[INFO] [stdout]     src/read.rs - read::ReadBytes::read_u8 (line 52)
[INFO] [stdout]     src/write.rs - write::WriteBytes::write_f32 (line 61)
[INFO] [stdout]     src/write.rs - write::WriteBytes::write_f64 (line 62)
[INFO] [stdout]     src/write.rs - write::WriteBytes::write_i128 (line 59)
[INFO] [stdout]     src/write.rs - write::WriteBytes::write_i16 (line 53)
[INFO] [stdout]     src/write.rs - write::WriteBytes::write_i32 (line 55)
[INFO] [stdout]     src/write.rs - write::WriteBytes::write_i64 (line 57)
[INFO] [stdout]     src/write.rs - write::WriteBytes::write_i8 (line 51)
[INFO] [stdout]     src/write.rs - write::WriteBytes::write_string (line 64)
[INFO] [stdout]     src/write.rs - write::WriteBytes::write_u128 (line 58)
[INFO] [stdout]     src/write.rs - write::WriteBytes::write_u16 (line 52)
[INFO] [stdout]     src/write.rs - write::WriteBytes::write_u32 (line 54)
[INFO] [stdout]     src/write.rs - write::WriteBytes::write_u64 (line 56)
[INFO] [stdout]     src/write.rs - write::WriteBytes::write_u8 (line 50)
[INFO] [stdout] 
[INFO] [stdout] test result: FAILED. 0 passed; 26 failed; 0 ignored; 0 measured; 0 filtered out; finished in 0.10s
[INFO] [stdout] 
[INFO] [stderr] error: doctest failed, to rerun pass `--doc`
[INFO] running `Command { std: "docker" "inspect" "e4037900044a4dd34db2b39b75bd22df38128bf3383f6ad7d54ab0a6d512b67f", kill_on_drop: false }`
[INFO] running `Command { std: "docker" "rm" "-f" "e4037900044a4dd34db2b39b75bd22df38128bf3383f6ad7d54ab0a6d512b67f", kill_on_drop: false }`
[INFO] [stdout] e4037900044a4dd34db2b39b75bd22df38128bf3383f6ad7d54ab0a6d512b67f
