[INFO] cloning repository https://github.com/MineFuf/TMaze
[INFO] running `Command { std: "git" "-c" "credential.helper=" "-c" "credential.helper=/workspace/cargo-home/bin/git-credential-null" "clone" "--bare" "https://github.com/MineFuf/TMaze" "/workspace/cache/git-repos/https%3A%2F%2Fgithub.com%2FMineFuf%2FTMaze", kill_on_drop: false }`
[INFO] [stderr] Cloning into bare repository '/workspace/cache/git-repos/https%3A%2F%2Fgithub.com%2FMineFuf%2FTMaze'...
[INFO] running `Command { std: "git" "rev-parse" "HEAD", kill_on_drop: false }`
[INFO] [stdout] d1df426b1fff4abc4a6d6a6873eef5435962bc9e
[INFO] testing MineFuf/TMaze against 1.75.0 for beta-1.76-1
[INFO] running `Command { std: "git" "clone" "/workspace/cache/git-repos/https%3A%2F%2Fgithub.com%2FMineFuf%2FTMaze" "/workspace/builds/worker-1-tc1/source", kill_on_drop: false }`
[INFO] [stderr] Cloning into '/workspace/builds/worker-1-tc1/source'...
[INFO] [stderr] done.
[INFO] validating manifest of git repo https://github.com/MineFuf/TMaze on toolchain 1.75.0
[INFO] running `Command { std: CARGO_HOME="/workspace/cargo-home" RUSTUP_HOME="/workspace/rustup-home" "/workspace/cargo-home/bin/cargo" "+1.75.0" "metadata" "--manifest-path" "Cargo.toml" "--no-deps", kill_on_drop: false }`
[INFO] started tweaking git repo https://github.com/MineFuf/TMaze
[INFO] finished tweaking git repo https://github.com/MineFuf/TMaze
[INFO] tweaked toml for git repo https://github.com/MineFuf/TMaze written to /workspace/builds/worker-1-tc1/source/Cargo.toml
[INFO] crate git repo https://github.com/MineFuf/TMaze already has a lockfile, it will not be regenerated
[INFO] running `Command { std: CARGO_HOME="/workspace/cargo-home" RUSTUP_HOME="/workspace/rustup-home" "/workspace/cargo-home/bin/cargo" "+1.75.0" "fetch" "--manifest-path" "Cargo.toml", kill_on_drop: false }`
[INFO] [stderr]     Updating crates.io index
[INFO] [stderr]  Downloading crates ...
[INFO] [stderr]   Downloaded crates_io_api v0.8.1
[INFO] [stderr]   Downloaded pausable_clock v1.0.1
[INFO] running `Command { std: "docker" "create" "-v" "/var/lib/crater-agent-workspace/builds/worker-1-tc1/target:/opt/rustwide/target:rw,Z" "-v" "/var/lib/crater-agent-workspace/builds/worker-1-tc1/source:/opt/rustwide/workdir:ro,Z" "-v" "/var/lib/crater-agent-workspace/cargo-home:/opt/rustwide/cargo-home:ro,Z" "-v" "/var/lib/crater-agent-workspace/rustup-home:/opt/rustwide/rustup-home:ro,Z" "-e" "SOURCE_DIR=/opt/rustwide/workdir" "-e" "CARGO_TARGET_DIR=/opt/rustwide/target" "-e" "CARGO_HOME=/opt/rustwide/cargo-home" "-e" "RUSTUP_HOME=/opt/rustwide/rustup-home" "-w" "/opt/rustwide/workdir" "-m" "1610612736" "--user" "0:0" "--network" "none" "ghcr.io/rust-lang/crates-build-env/linux@sha256:2788e3201cd34a07e3172128adcd8b3090168a8e3bcc40d7c032b9dda1df7d1c" "/opt/rustwide/cargo-home/bin/cargo" "+1.75.0" "metadata" "--no-deps" "--format-version=1", kill_on_drop: false }`
[INFO] [stdout] 62aaba08fd661e5116359fbe8976d2a8134d4da166d39e650bb71a5fabb97631
[INFO] running `Command { std: "docker" "start" "-a" "62aaba08fd661e5116359fbe8976d2a8134d4da166d39e650bb71a5fabb97631", kill_on_drop: false }`
[INFO] running `Command { std: "docker" "inspect" "62aaba08fd661e5116359fbe8976d2a8134d4da166d39e650bb71a5fabb97631", kill_on_drop: false }`
[INFO] running `Command { std: "docker" "rm" "-f" "62aaba08fd661e5116359fbe8976d2a8134d4da166d39e650bb71a5fabb97631", kill_on_drop: false }`
[INFO] [stdout] 62aaba08fd661e5116359fbe8976d2a8134d4da166d39e650bb71a5fabb97631
[INFO] running `Command { std: "docker" "create" "-v" "/var/lib/crater-agent-workspace/builds/worker-1-tc1/target:/opt/rustwide/target:rw,Z" "-v" "/var/lib/crater-agent-workspace/builds/worker-1-tc1/source:/opt/rustwide/workdir:ro,Z" "-v" "/var/lib/crater-agent-workspace/cargo-home:/opt/rustwide/cargo-home:ro,Z" "-v" "/var/lib/crater-agent-workspace/rustup-home:/opt/rustwide/rustup-home:ro,Z" "-e" "SOURCE_DIR=/opt/rustwide/workdir" "-e" "CARGO_TARGET_DIR=/opt/rustwide/target" "-e" "CARGO_INCREMENTAL=0" "-e" "RUST_BACKTRACE=full" "-e" "RUSTFLAGS=--cap-lints=warn" "-e" "RUSTDOCFLAGS=--cap-lints=warn" "-e" "CARGO_HOME=/opt/rustwide/cargo-home" "-e" "RUSTUP_HOME=/opt/rustwide/rustup-home" "-w" "/opt/rustwide/workdir" "-m" "1610612736" "--user" "0:0" "--network" "none" "ghcr.io/rust-lang/crates-build-env/linux@sha256:2788e3201cd34a07e3172128adcd8b3090168a8e3bcc40d7c032b9dda1df7d1c" "/opt/rustwide/cargo-home/bin/cargo" "+1.75.0" "build" "--frozen" "--message-format=json", kill_on_drop: false }`
[INFO] [stdout] cd2997ba5571b26bde03501ea5823dd4aaeb157caf0e16967988fe75ab907816
[INFO] running `Command { std: "docker" "start" "-a" "cd2997ba5571b26bde03501ea5823dd4aaeb157caf0e16967988fe75ab907816", kill_on_drop: false }`
[INFO] [stderr]    Compiling autocfg v1.1.0
[INFO] [stderr]    Compiling proc-macro2 v1.0.66
[INFO] [stderr]    Compiling libc v0.2.147
[INFO] [stderr]    Compiling unicode-ident v1.0.11
[INFO] [stderr]    Compiling cfg-if v1.0.0
[INFO] [stderr]    Compiling crossbeam-utils v0.8.16
[INFO] [stderr]    Compiling serde v1.0.188
[INFO] [stderr]    Compiling scopeguard v1.2.0
[INFO] [stderr]    Compiling version_check v0.9.4
[INFO] [stderr]    Compiling rayon-core v1.11.0
[INFO] [stderr]    Compiling signal-hook v0.3.17
[INFO] [stderr]    Compiling utf8parse v0.2.1
[INFO] [stderr]    Compiling parking_lot_core v0.9.8
[INFO] [stderr]    Compiling crossbeam-queue v0.3.8
[INFO] [stderr]    Compiling rustix v0.38.11
[INFO] [stderr]    Compiling memoffset v0.9.0
[INFO] [stderr]    Compiling crossbeam-epoch v0.9.15
[INFO] [stderr]    Compiling ahash v0.8.3
[INFO] [stderr]    Compiling lock_api v0.4.10
[INFO] [stderr]    Compiling crossbeam-channel v0.5.8
[INFO] [stderr]    Compiling quote v1.0.33
[INFO] [stderr]    Compiling num-traits v0.2.16
[INFO] [stderr]    Compiling anstyle-parse v0.2.1
[INFO] [stderr]    Compiling syn v2.0.31
[INFO] [stderr]    Compiling getrandom v0.2.10
[INFO] [stderr]    Compiling crossbeam-deque v0.8.3
[INFO] [stderr]    Compiling num_cpus v1.16.0
[INFO] [stderr]    Compiling signal-hook-registry v1.4.1
[INFO] [stderr]    Compiling once_cell v1.18.0
[INFO] [stderr]    Compiling thiserror v1.0.48
[INFO] [stderr]    Compiling rand_core v0.6.4
[INFO] [stderr]    Compiling anstyle-query v1.0.0
[INFO] [stderr]    Compiling smallvec v1.11.0
[INFO] [stderr]    Compiling linux-raw-sys v0.4.5
[INFO] [stderr]    Compiling ppv-lite86 v0.2.17
[INFO] [stderr]    Compiling colorchoice v1.0.0
[INFO] [stderr]    Compiling log v0.4.20
[INFO] [stderr]    Compiling syn v1.0.109
[INFO] [stderr]    Compiling anstyle v1.0.2
[INFO] [stderr]    Compiling mio v0.8.8
[INFO] [stderr]    Compiling anstream v0.5.0
[INFO] [stderr]    Compiling rand_chacha v0.3.1
[INFO] [stderr]    Compiling substring v1.4.5
[INFO] [stderr]    Compiling either v1.9.0
[INFO] [stderr]    Compiling allocator-api2 v0.2.16
[INFO] [stderr]    Compiling heck v0.4.1
[INFO] [stderr]    Compiling clap_lex v0.5.1
[INFO] [stderr]    Compiling option-ext v0.2.0
[INFO] [stderr]    Compiling strsim v0.10.0
[INFO] [stderr]    Compiling dirs-sys v0.4.1
[INFO] [stderr]    Compiling rayon v1.7.0
[INFO] [stderr]    Compiling clap_builder v4.4.2
[INFO] [stderr]    Compiling hashbrown v0.14.0
[INFO] [stderr]    Compiling parking_lot v0.12.1
[INFO] [stderr]    Compiling crossbeam v0.8.2
[INFO] [stderr]    Compiling signal-hook-mio v0.2.3
[INFO] [stderr]    Compiling rand v0.8.5
[INFO] [stderr]    Compiling pausable_clock v1.0.1
[INFO] [stderr]    Compiling lazy_static v1.4.0
[INFO] [stderr]    Compiling base64 v0.21.3
[INFO] [stderr]    Compiling iana-time-zone v0.1.57
[INFO] [stderr]    Compiling unicode-width v0.1.10
[INFO] [stderr]    Compiling pad v0.1.6
[INFO] [stderr]    Compiling dirs v5.0.1
[INFO] [stderr]    Compiling tap v1.0.1
[INFO] [stderr]    Compiling humantime v2.1.0
[INFO] [stderr]    Compiling serde_derive v1.0.188
[INFO] [stderr]    Compiling thiserror-impl v1.0.48
[INFO] [stderr]    Compiling clap_derive v4.4.2
[INFO] [stderr]    Compiling derivative v2.2.0
[INFO] [stderr]    Compiling cmaze v0.6.2 (/opt/rustwide/workdir/cmaze)
[INFO] [stderr]    Compiling clap v4.4.2
[INFO] [stderr]    Compiling bitflags v2.4.0
[INFO] [stderr]    Compiling chrono v0.4.30
[INFO] [stderr]    Compiling ron v0.8.1
[INFO] [stderr]    Compiling crossterm v0.27.0
[INFO] [stderr]    Compiling is-terminal v0.4.9
[INFO] [stderr]    Compiling colored v2.0.4
[INFO] [stderr]    Compiling tmaze v1.13.0 (/opt/rustwide/workdir/tmaze)
[INFO] [stdout] warning: field `save_data` is never read
[INFO] [stdout]   --> tmaze/src/game/app.rs:26:5
[INFO] [stdout]    |
[INFO] [stdout] 23 | pub struct App {
[INFO] [stdout]    |            --- field in this struct
[INFO] [stdout] ...
[INFO] [stdout] 26 |     save_data: SaveData,
[INFO] [stdout]    |     ^^^^^^^^^
[INFO] [stdout]    |
[INFO] [stdout]    = note: `#[warn(dead_code)]` on by default
[INFO] [stdout] 
[INFO] [stdout] 
[INFO] [stdout] warning: 1 warning emitted
[INFO] [stdout] 
[INFO] [stdout] 
[INFO] [stdout] warning: unused import: `substring::Substring`
[INFO] [stdout]  --> tmaze/src/ui/mod.rs:4:9
[INFO] [stdout]   |
[INFO] [stdout] 4 | pub use substring::Substring;
[INFO] [stdout]   |         ^^^^^^^^^^^^^^^^^^^^
[INFO] [stdout]   |
[INFO] [stdout]   = note: `#[warn(unused_imports)]` on by default
[INFO] [stdout] 
[INFO] [stdout] 
[INFO] [stdout] warning: unused imports: `Event`, `KeyCode`, `KeyEvent`, `poll`, `read`, `terminal::size`
[INFO] [stdout]  --> tmaze/src/ui/draw.rs:8:13
[INFO] [stdout]   |
[INFO] [stdout] 8 |     event::{poll, read, Event, KeyCode, KeyEvent},
[INFO] [stdout]   |             ^^^^  ^^^^  ^^^^^  ^^^^^^^  ^^^^^^^^
[INFO] [stdout] 9 |     terminal::size,
[INFO] [stdout]   |     ^^^^^^^^^^^^^^
[INFO] [stdout] 
[INFO] [stdout] 
[INFO] [stdout] warning: unused imports: `Event`, `KeyCode`, `KeyEvent`, `poll`, `read`, `terminal::size`
[INFO] [stdout]  --> tmaze/src/ui/progressbar.rs:5:13
[INFO] [stdout]   |
[INFO] [stdout] 5 |     event::{poll, read, Event, KeyCode, KeyEvent},
[INFO] [stdout]   |             ^^^^  ^^^^  ^^^^^  ^^^^^^^  ^^^^^^^^
[INFO] [stdout] 6 |     terminal::size,
[INFO] [stdout]   |     ^^^^^^^^^^^^^^
[INFO] [stdout] 
[INFO] [stdout] 
[INFO] [stdout] warning: field `path` is never read
[INFO] [stdout]   --> tmaze/src/data/mod.rs:19:5
[INFO] [stdout]    |
[INFO] [stdout] 16 | pub struct SaveData {
[INFO] [stdout]    |            -------- field in this struct
[INFO] [stdout] ...
[INFO] [stdout] 19 |     path: PathBuf,
[INFO] [stdout]    |     ^^^^
[INFO] [stdout]    |
[INFO] [stdout]    = note: `SaveData` has derived impls for the traits `Clone` and `Debug`, but these are intentionally ignored during dead code analysis
[INFO] [stdout]    = note: `#[warn(dead_code)]` on by default
[INFO] [stdout] 
[INFO] [stdout] 
[INFO] [stdout] warning: methods `update_last_check`, `is_update_checked`, `write`, `write_to`, and `check_date` are never used
[INFO] [stdout]   --> tmaze/src/data/mod.rs:52:12
[INFO] [stdout]    |
[INFO] [stdout] 22 | impl SaveData {
[INFO] [stdout]    | ------------- methods in this implementation
[INFO] [stdout] ...
[INFO] [stdout] 52 |     pub fn update_last_check(&mut self) -> Result<(), ron::Error> {
[INFO] [stdout]    |            ^^^^^^^^^^^^^^^^^
[INFO] [stdout] ...
[INFO] [stdout] 57 |     pub fn is_update_checked(&self, settings: &Settings) -> bool {
[INFO] [stdout]    |            ^^^^^^^^^^^^^^^^^
[INFO] [stdout] ...
[INFO] [stdout] 70 |     fn write(&self) -> Result<(), ron::Error> {
[INFO] [stdout]    |        ^^^^^
[INFO] [stdout] ...
[INFO] [stdout] 74 |     fn write_to(&self, path: &Path) -> Result<(), ron::Error> {
[INFO] [stdout]    |        ^^^^^^^^
[INFO] [stdout] ...
[INFO] [stdout] 78 |     fn check_date<E: Eq>(&self, transform: impl Fn(NaiveDate) -> E) -> bool {
[INFO] [stdout]    |        ^^^^^^^^^^
[INFO] [stdout] 
[INFO] [stdout] 
[INFO] [stdout] warning: field `save_data` is never read
[INFO] [stdout]   --> tmaze/src/game/app.rs:26:5
[INFO] [stdout]    |
[INFO] [stdout] 23 | pub struct App {
[INFO] [stdout]    |            --- field in this struct
[INFO] [stdout] ...
[INFO] [stdout] 26 |     save_data: SaveData,
[INFO] [stdout]    |     ^^^^^^^^^
[INFO] [stdout] 
[INFO] [stdout] 
[INFO] [stdout] warning: variants `Back` and `Quit` are never constructed
[INFO] [stdout]   --> tmaze/src/settings/editable.rs:50:5
[INFO] [stdout]    |
[INFO] [stdout] 48 | pub enum EditableFieldError {
[INFO] [stdout]    |          ------------------ variants in this enum
[INFO] [stdout] 49 |     #[error("Back")]
[INFO] [stdout] 50 |     Back,
[INFO] [stdout]    |     ^^^^
[INFO] [stdout] 51 |     #[error("Quit")]
[INFO] [stdout] 52 |     Quit,
[INFO] [stdout]    |     ^^^^
[INFO] [stdout]    |
[INFO] [stdout]    = note: `EditableFieldError` has a derived impl for the trait `Debug`, but this is intentionally ignored during dead code analysis
[INFO] [stdout] 
[INFO] [stdout] 
[INFO] [stdout] warning: 7 warnings emitted
[INFO] [stdout] 
[INFO] [stdout] 
[INFO] [stderr]     Finished dev [unoptimized + debuginfo] target(s) in 12.67s
[INFO] running `Command { std: "docker" "inspect" "cd2997ba5571b26bde03501ea5823dd4aaeb157caf0e16967988fe75ab907816", kill_on_drop: false }`
[INFO] running `Command { std: "docker" "rm" "-f" "cd2997ba5571b26bde03501ea5823dd4aaeb157caf0e16967988fe75ab907816", kill_on_drop: false }`
[INFO] [stdout] cd2997ba5571b26bde03501ea5823dd4aaeb157caf0e16967988fe75ab907816
[INFO] running `Command { std: "docker" "create" "-v" "/var/lib/crater-agent-workspace/builds/worker-1-tc1/target:/opt/rustwide/target:rw,Z" "-v" "/var/lib/crater-agent-workspace/builds/worker-1-tc1/source:/opt/rustwide/workdir:ro,Z" "-v" "/var/lib/crater-agent-workspace/cargo-home:/opt/rustwide/cargo-home:ro,Z" "-v" "/var/lib/crater-agent-workspace/rustup-home:/opt/rustwide/rustup-home:ro,Z" "-e" "SOURCE_DIR=/opt/rustwide/workdir" "-e" "CARGO_TARGET_DIR=/opt/rustwide/target" "-e" "CARGO_INCREMENTAL=0" "-e" "RUST_BACKTRACE=full" "-e" "RUSTFLAGS=--cap-lints=warn" "-e" "RUSTDOCFLAGS=--cap-lints=warn" "-e" "CARGO_HOME=/opt/rustwide/cargo-home" "-e" "RUSTUP_HOME=/opt/rustwide/rustup-home" "-w" "/opt/rustwide/workdir" "-m" "1610612736" "--user" "0:0" "--network" "none" "ghcr.io/rust-lang/crates-build-env/linux@sha256:2788e3201cd34a07e3172128adcd8b3090168a8e3bcc40d7c032b9dda1df7d1c" "/opt/rustwide/cargo-home/bin/cargo" "+1.75.0" "test" "--frozen" "--no-run" "--message-format=json", kill_on_drop: false }`
[INFO] [stdout] 4da4ef42a3394089b3d75e66a0b3bc7bc373cd1a527aeb21c09d94236356c9dd
[INFO] running `Command { std: "docker" "start" "-a" "4da4ef42a3394089b3d75e66a0b3bc7bc373cd1a527aeb21c09d94236356c9dd", kill_on_drop: false }`
[INFO] [stderr]    Compiling serde v1.0.188
[INFO] [stderr]    Compiling num-traits v0.2.16
[INFO] [stderr]    Compiling either v1.9.0
[INFO] [stderr]    Compiling once_cell v1.18.0
[INFO] [stderr]    Compiling serde_json v1.0.105
[INFO] [stderr]    Compiling ciborium-io v0.2.1
[INFO] [stderr]    Compiling ryu v1.0.15
[INFO] [stderr]    Compiling plotters-backend v0.3.5
[INFO] [stderr]    Compiling regex-syntax v0.7.5
[INFO] [stderr]    Compiling ahash v0.8.3
[INFO] [stderr]    Compiling rayon v1.7.0
[INFO] [stderr]    Compiling itoa v1.0.9
[INFO] [stderr]    Compiling hashbrown v0.14.0
[INFO] [stderr]    Compiling half v1.8.2
[INFO] [stderr]    Compiling plotters-svg v0.3.5
[INFO] [stderr]    Compiling itertools v0.10.5
[INFO] [stderr]    Compiling cast v0.3.0
[INFO] [stderr]    Compiling ciborium-ll v0.2.1
[INFO] [stderr]    Compiling same-file v1.0.6
[INFO] [stderr]    Compiling walkdir v2.4.0
[INFO] [stderr]    Compiling anes v0.1.6
[INFO] [stderr]    Compiling oorandom v11.1.3
[INFO] [stderr]    Compiling regex-automata v0.3.8
[INFO] [stderr]    Compiling plotters v0.3.5
[INFO] [stderr]    Compiling criterion-plot v0.5.0
[INFO] [stderr]    Compiling cmaze v0.6.2 (/opt/rustwide/workdir/cmaze)
[INFO] [stderr]    Compiling regex v1.9.5
[INFO] [stderr]    Compiling bitflags v2.4.0
[INFO] [stderr]    Compiling chrono v0.4.30
[INFO] [stderr]    Compiling ciborium v0.2.1
[INFO] [stderr]    Compiling rustix v0.38.11
[INFO] [stderr]    Compiling crossterm v0.27.0
[INFO] [stderr]    Compiling ron v0.8.1
[INFO] [stderr]    Compiling is-terminal v0.4.9
[INFO] [stderr]    Compiling colored v2.0.4
[INFO] [stderr]    Compiling tinytemplate v1.2.1
[INFO] [stderr]    Compiling criterion v0.5.1
[INFO] [stderr]    Compiling tmaze v1.13.0 (/opt/rustwide/workdir/tmaze)
[INFO] [stdout] warning: field `save_data` is never read
[INFO] [stdout]   --> tmaze/src/game/app.rs:26:5
[INFO] [stdout]    |
[INFO] [stdout] 23 | pub struct App {
[INFO] [stdout]    |            --- field in this struct
[INFO] [stdout] ...
[INFO] [stdout] 26 |     save_data: SaveData,
[INFO] [stdout]    |     ^^^^^^^^^
[INFO] [stdout]    |
[INFO] [stdout]    = note: `#[warn(dead_code)]` on by default
[INFO] [stdout] 
[INFO] [stdout] 
[INFO] [stdout] warning: field `save_data` is never read
[INFO] [stdout]   --> tmaze/src/game/app.rs:26:5
[INFO] [stdout]    |
[INFO] [stdout] 23 | pub struct App {
[INFO] [stdout]    |            --- field in this struct
[INFO] [stdout] ...
[INFO] [stdout] 26 |     save_data: SaveData,
[INFO] [stdout]    |     ^^^^^^^^^
[INFO] [stdout]    |
[INFO] [stdout]    = note: `#[warn(dead_code)]` on by default
[INFO] [stdout] 
[INFO] [stdout] 
[INFO] [stdout] warning: 1 warning emitted
[INFO] [stdout] 
[INFO] [stdout] 
[INFO] [stdout] warning: unused import: `substring::Substring`
[INFO] [stdout]  --> tmaze/src/ui/mod.rs:4:9
[INFO] [stdout]   |
[INFO] [stdout] 4 | pub use substring::Substring;
[INFO] [stdout]   |         ^^^^^^^^^^^^^^^^^^^^
[INFO] [stdout]   |
[INFO] [stdout]   = note: `#[warn(unused_imports)]` on by default
[INFO] [stdout] 
[INFO] [stdout] 
[INFO] [stdout] warning: unused imports: `Event`, `KeyCode`, `KeyEvent`, `poll`, `read`, `terminal::size`
[INFO] [stdout]  --> tmaze/src/ui/draw.rs:8:13
[INFO] [stdout]   |
[INFO] [stdout] 8 |     event::{poll, read, Event, KeyCode, KeyEvent},
[INFO] [stdout]   |             ^^^^  ^^^^  ^^^^^  ^^^^^^^  ^^^^^^^^
[INFO] [stdout] 9 |     terminal::size,
[INFO] [stdout]   |     ^^^^^^^^^^^^^^
[INFO] [stdout] 
[INFO] [stdout] 
[INFO] [stdout] warning: unused imports: `Event`, `KeyCode`, `KeyEvent`, `poll`, `read`, `terminal::size`
[INFO] [stdout]  --> tmaze/src/ui/progressbar.rs:5:13
[INFO] [stdout]   |
[INFO] [stdout] 5 |     event::{poll, read, Event, KeyCode, KeyEvent},
[INFO] [stdout]   |             ^^^^  ^^^^  ^^^^^  ^^^^^^^  ^^^^^^^^
[INFO] [stdout] 6 |     terminal::size,
[INFO] [stdout]   |     ^^^^^^^^^^^^^^
[INFO] [stdout] 
[INFO] [stdout] 
[INFO] [stdout] warning: 1 warning emitted
[INFO] [stdout] 
[INFO] [stdout] 
[INFO] [stdout] warning: field `path` is never read
[INFO] [stdout]   --> tmaze/src/data/mod.rs:19:5
[INFO] [stdout]    |
[INFO] [stdout] 16 | pub struct SaveData {
[INFO] [stdout]    |            -------- field in this struct
[INFO] [stdout] ...
[INFO] [stdout] 19 |     path: PathBuf,
[INFO] [stdout]    |     ^^^^
[INFO] [stdout]    |
[INFO] [stdout]    = note: `SaveData` has derived impls for the traits `Clone` and `Debug`, but these are intentionally ignored during dead code analysis
[INFO] [stdout]    = note: `#[warn(dead_code)]` on by default
[INFO] [stdout] 
[INFO] [stdout] 
[INFO] [stdout] warning: methods `update_last_check`, `is_update_checked`, `write`, `write_to`, and `check_date` are never used
[INFO] [stdout]   --> tmaze/src/data/mod.rs:52:12
[INFO] [stdout]    |
[INFO] [stdout] 22 | impl SaveData {
[INFO] [stdout]    | ------------- methods in this implementation
[INFO] [stdout] ...
[INFO] [stdout] 52 |     pub fn update_last_check(&mut self) -> Result<(), ron::Error> {
[INFO] [stdout]    |            ^^^^^^^^^^^^^^^^^
[INFO] [stdout] ...
[INFO] [stdout] 57 |     pub fn is_update_checked(&self, settings: &Settings) -> bool {
[INFO] [stdout]    |            ^^^^^^^^^^^^^^^^^
[INFO] [stdout] ...
[INFO] [stdout] 70 |     fn write(&self) -> Result<(), ron::Error> {
[INFO] [stdout]    |        ^^^^^
[INFO] [stdout] ...
[INFO] [stdout] 74 |     fn write_to(&self, path: &Path) -> Result<(), ron::Error> {
[INFO] [stdout]    |        ^^^^^^^^
[INFO] [stdout] ...
[INFO] [stdout] 78 |     fn check_date<E: Eq>(&self, transform: impl Fn(NaiveDate) -> E) -> bool {
[INFO] [stdout]    |        ^^^^^^^^^^
[INFO] [stdout] 
[INFO] [stdout] 
[INFO] [stdout] warning: field `save_data` is never read
[INFO] [stdout]   --> tmaze/src/game/app.rs:26:5
[INFO] [stdout]    |
[INFO] [stdout] 23 | pub struct App {
[INFO] [stdout]    |            --- field in this struct
[INFO] [stdout] ...
[INFO] [stdout] 26 |     save_data: SaveData,
[INFO] [stdout]    |     ^^^^^^^^^
[INFO] [stdout] 
[INFO] [stdout] 
[INFO] [stdout] warning: variants `Back` and `Quit` are never constructed
[INFO] [stdout]   --> tmaze/src/settings/editable.rs:50:5
[INFO] [stdout]    |
[INFO] [stdout] 48 | pub enum EditableFieldError {
[INFO] [stdout]    |          ------------------ variants in this enum
[INFO] [stdout] 49 |     #[error("Back")]
[INFO] [stdout] 50 |     Back,
[INFO] [stdout]    |     ^^^^
[INFO] [stdout] 51 |     #[error("Quit")]
[INFO] [stdout] 52 |     Quit,
[INFO] [stdout]    |     ^^^^
[INFO] [stdout]    |
[INFO] [stdout]    = note: `EditableFieldError` has a derived impl for the trait `Debug`, but this is intentionally ignored during dead code analysis
[INFO] [stdout] 
[INFO] [stdout] 
[INFO] [stdout] warning: 7 warnings emitted
[INFO] [stdout] 
[INFO] [stdout] 
[INFO] [stderr]     Finished test [unoptimized + debuginfo] target(s) in 18.64s
[INFO] running `Command { std: "docker" "inspect" "4da4ef42a3394089b3d75e66a0b3bc7bc373cd1a527aeb21c09d94236356c9dd", kill_on_drop: false }`
[INFO] running `Command { std: "docker" "rm" "-f" "4da4ef42a3394089b3d75e66a0b3bc7bc373cd1a527aeb21c09d94236356c9dd", kill_on_drop: false }`
[INFO] [stdout] 4da4ef42a3394089b3d75e66a0b3bc7bc373cd1a527aeb21c09d94236356c9dd
[INFO] running `Command { std: "docker" "create" "-v" "/var/lib/crater-agent-workspace/builds/worker-1-tc1/target:/opt/rustwide/target:rw,Z" "-v" "/var/lib/crater-agent-workspace/builds/worker-1-tc1/source:/opt/rustwide/workdir:ro,Z" "-v" "/var/lib/crater-agent-workspace/cargo-home:/opt/rustwide/cargo-home:ro,Z" "-v" "/var/lib/crater-agent-workspace/rustup-home:/opt/rustwide/rustup-home:ro,Z" "-e" "SOURCE_DIR=/opt/rustwide/workdir" "-e" "CARGO_TARGET_DIR=/opt/rustwide/target" "-e" "CARGO_INCREMENTAL=0" "-e" "RUST_BACKTRACE=full" "-e" "RUSTFLAGS=--cap-lints=warn" "-e" "RUSTDOCFLAGS=--cap-lints=warn" "-e" "CARGO_HOME=/opt/rustwide/cargo-home" "-e" "RUSTUP_HOME=/opt/rustwide/rustup-home" "-w" "/opt/rustwide/workdir" "-m" "1610612736" "--user" "0:0" "--network" "none" "ghcr.io/rust-lang/crates-build-env/linux@sha256:2788e3201cd34a07e3172128adcd8b3090168a8e3bcc40d7c032b9dda1df7d1c" "/opt/rustwide/cargo-home/bin/cargo" "+1.75.0" "test" "--frozen", kill_on_drop: false }`
[INFO] [stdout] aff079d9a8b7a85f07f1ef0650b965e3182ba4c196ce9493ebdd0216d7258482
[INFO] running `Command { std: "docker" "start" "-a" "aff079d9a8b7a85f07f1ef0650b965e3182ba4c196ce9493ebdd0216d7258482", kill_on_drop: false }`
[INFO] [stderr] warning: field `save_data` is never read
[INFO] [stderr]   --> tmaze/src/game/app.rs:26:5
[INFO] [stderr]    |
[INFO] [stderr] 23 | pub struct App {
[INFO] [stderr]    |            --- field in this struct
[INFO] [stderr] ...
[INFO] [stderr] 26 |     save_data: SaveData,
[INFO] [stderr]    |     ^^^^^^^^^
[INFO] [stderr]    |
[INFO] [stderr]    = note: `#[warn(dead_code)]` on by default
[INFO] [stderr] 
[INFO] [stderr] warning: `tmaze` (lib) generated 1 warning
[INFO] [stderr] warning: unused import: `substring::Substring`
[INFO] [stderr]  --> tmaze/src/ui/mod.rs:4:9
[INFO] [stderr]   |
[INFO] [stderr] 4 | pub use substring::Substring;
[INFO] [stderr]   |         ^^^^^^^^^^^^^^^^^^^^
[INFO] [stderr]   |
[INFO] [stderr]   = note: `#[warn(unused_imports)]` on by default
[INFO] [stderr] 
[INFO] [stderr] warning: unused imports: `Event`, `KeyCode`, `KeyEvent`, `poll`, `read`, `terminal::size`
[INFO] [stderr]  --> tmaze/src/ui/draw.rs:8:13
[INFO] [stderr]   |
[INFO] [stderr] 8 |     event::{poll, read, Event, KeyCode, KeyEvent},
[INFO] [stderr]   |             ^^^^  ^^^^  ^^^^^  ^^^^^^^  ^^^^^^^^
[INFO] [stderr] 9 |     terminal::size,
[INFO] [stderr]   |     ^^^^^^^^^^^^^^
[INFO] [stderr] 
[INFO] [stderr] warning: unused imports: `Event`, `KeyCode`, `KeyEvent`, `poll`, `read`, `terminal::size`
[INFO] [stderr]  --> tmaze/src/ui/progressbar.rs:5:13
[INFO] [stderr]   |
[INFO] [stderr] 5 |     event::{poll, read, Event, KeyCode, KeyEvent},
[INFO] [stderr]   |             ^^^^  ^^^^  ^^^^^  ^^^^^^^  ^^^^^^^^
[INFO] [stderr] 6 |     terminal::size,
[INFO] [stderr]   |     ^^^^^^^^^^^^^^
[INFO] [stderr] 
[INFO] [stderr] warning: field `path` is never read
[INFO] [stderr]   --> tmaze/src/data/mod.rs:19:5
[INFO] [stderr]    |
[INFO] [stderr] 16 | pub struct SaveData {
[INFO] [stderr]    |            -------- field in this struct
[INFO] [stderr] ...
[INFO] [stderr] 19 |     path: PathBuf,
[INFO] [stderr]    |     ^^^^
[INFO] [stderr]    |
[INFO] [stderr]    = note: `SaveData` has derived impls for the traits `Clone` and `Debug`, but these are intentionally ignored during dead code analysis
[INFO] [stderr]    = note: `#[warn(dead_code)]` on by default
[INFO] [stderr] 
[INFO] [stderr] warning: methods `update_last_check`, `is_update_checked`, `write`, `write_to`, and `check_date` are never used
[INFO] [stderr]   --> tmaze/src/data/mod.rs:52:12
[INFO] [stderr]    |
[INFO] [stderr] 22 | impl SaveData {
[INFO] [stderr]    | ------------- methods in this implementation
[INFO] [stderr] ...
[INFO] [stderr] 52 |     pub fn update_last_check(&mut self) -> Result<(), ron::Error> {
[INFO] [stderr]    |            ^^^^^^^^^^^^^^^^^
[INFO] [stderr] ...
[INFO] [stderr] 57 |     pub fn is_update_checked(&self, settings: &Settings) -> bool {
[INFO] [stderr]    |            ^^^^^^^^^^^^^^^^^
[INFO] [stderr] ...
[INFO] [stderr] 70 |     fn write(&self) -> Result<(), ron::Error> {
[INFO] [stderr]    |        ^^^^^
[INFO] [stderr] ...
[INFO] [stderr] 74 |     fn write_to(&self, path: &Path) -> Result<(), ron::Error> {
[INFO] [stderr]    |        ^^^^^^^^
[INFO] [stderr] ...
[INFO] [stderr] 78 |     fn check_date<E: Eq>(&self, transform: impl Fn(NaiveDate) -> E) -> bool {
[INFO] [stderr]    |        ^^^^^^^^^^
[INFO] [stderr] 
[INFO] [stderr] warning: field `save_data` is never read
[INFO] [stderr]   --> tmaze/src/game/app.rs:26:5
[INFO] [stderr]    |
[INFO] [stderr] 23 | pub struct App {
[INFO] [stderr]    |            --- field in this struct
[INFO] [stderr] ...
[INFO] [stderr] 26 |     save_data: SaveData,
[INFO] [stderr]    |     ^^^^^^^^^
[INFO] [stderr] 
[INFO] [stderr] warning: variants `Back` and `Quit` are never constructed
[INFO] [stderr]   --> tmaze/src/settings/editable.rs:50:5
[INFO] [stderr]    |
[INFO] [stderr] 48 | pub enum EditableFieldError {
[INFO] [stderr]    |          ------------------ variants in this enum
[INFO] [stderr] 49 |     #[error("Back")]
[INFO] [stderr] 50 |     Back,
[INFO] [stderr]    |     ^^^^
[INFO] [stderr] 51 |     #[error("Quit")]
[INFO] [stderr] 52 |     Quit,
[INFO] [stderr]    |     ^^^^
[INFO] [stderr]    |
[INFO] [stderr]    = note: `EditableFieldError` has a derived impl for the trait `Debug`, but this is intentionally ignored during dead code analysis
[INFO] [stderr] 
[INFO] [stderr] warning: `tmaze` (bin "tmaze" test) generated 7 warnings (run `cargo fix --bin "tmaze" --tests` to apply 3 suggestions)
[INFO] [stderr] warning: `tmaze` (lib test) generated 1 warning (1 duplicate)
[INFO] [stderr]     Finished test [unoptimized + debuginfo] target(s) in 0.13s
[INFO] [stderr]      Running unittests src/lib.rs (/opt/rustwide/target/debug/deps/cmaze-aae42896de8ec29a)
[INFO] [stdout] 
[INFO] [stdout] running 0 tests
[INFO] [stdout] 
[INFO] [stdout] test result: ok. 0 passed; 0 failed; 0 ignored; 0 measured; 0 filtered out; finished in 0.00s
[INFO] [stdout] 
[INFO] [stderr]      Running unittests src/lib.rs (/opt/rustwide/target/debug/deps/tmaze-ef6edb21f1d8c431)
[INFO] [stdout] 
[INFO] [stdout] running 1 test
[INFO] [stdout] test ui::draw::tests::frame_trim_absolute ... FAILED
[INFO] [stdout] 
[INFO] [stdout] failures:
[INFO] [stdout] 
[INFO] [stdout] ---- ui::draw::tests::frame_trim_absolute stdout ----
[INFO] [stdout] thread 'ui::draw::tests::frame_trim_absolute' panicked at tmaze/src/ui/draw.rs:189:9:
[INFO] [stdout] assertion `left == right` failed
[INFO] [stdout]   left: "1234"
[INFO] [stdout]  right: "123"
[INFO] [stdout] stack backtrace:
[INFO] [stdout]    0:     0x556ef6dd066c - std::backtrace_rs::backtrace::libunwind::trace::ha637c64ce894333a
[INFO] [stdout]                                at /rustc/82e1608dfa6e0b5569232559e3d385fea5a93112/library/std/src/../../backtrace/src/backtrace/libunwind.rs:104:5
[INFO] [stdout]    1:     0x556ef6dd066c - std::backtrace_rs::backtrace::trace_unsynchronized::h47f62dea28e0c88d
[INFO] [stdout]                                at /rustc/82e1608dfa6e0b5569232559e3d385fea5a93112/library/std/src/../../backtrace/src/backtrace/mod.rs:66:5
[INFO] [stdout]    2:     0x556ef6dd066c - std::sys_common::backtrace::_print_fmt::h9eef0abe20ede486
[INFO] [stdout]                                at /rustc/82e1608dfa6e0b5569232559e3d385fea5a93112/library/std/src/sys_common/backtrace.rs:67:5
[INFO] [stdout]    3:     0x556ef6dd066c - <std::sys_common::backtrace::_print::DisplayBacktrace as core::fmt::Display>::fmt::hed7f999df88cc644
[INFO] [stdout]                                at /rustc/82e1608dfa6e0b5569232559e3d385fea5a93112/library/std/src/sys_common/backtrace.rs:44:22
[INFO] [stdout]    4:     0x556ef6dfa1b0 - core::fmt::rt::Argument::fmt::h1539a9308b8d058d
[INFO] [stdout]                                at /rustc/82e1608dfa6e0b5569232559e3d385fea5a93112/library/core/src/fmt/rt.rs:142:9
[INFO] [stdout]    5:     0x556ef6dfa1b0 - core::fmt::write::h3a39390d8560d9c9
[INFO] [stdout]                                at /rustc/82e1608dfa6e0b5569232559e3d385fea5a93112/library/core/src/fmt/mod.rs:1120:17
[INFO] [stdout]    6:     0x556ef6dce01f - std::io::Write::write_fmt::h040b369f3a0f9cbc
[INFO] [stdout]                                at /rustc/82e1608dfa6e0b5569232559e3d385fea5a93112/library/std/src/io/mod.rs:1762:15
[INFO] [stdout]    7:     0x556ef6dd0454 - std::sys_common::backtrace::_print::h894006fb5c6f3d45
[INFO] [stdout]                                at /rustc/82e1608dfa6e0b5569232559e3d385fea5a93112/library/std/src/sys_common/backtrace.rs:47:5
[INFO] [stdout]    8:     0x556ef6dd0454 - std::sys_common::backtrace::print::h23a2d212c6fff936
[INFO] [stdout]                                at /rustc/82e1608dfa6e0b5569232559e3d385fea5a93112/library/std/src/sys_common/backtrace.rs:34:9
[INFO] [stdout]    9:     0x556ef6dd2117 - std::panicking::default_hook::{{closure}}::h8a1d2ee00185001a
[INFO] [stdout]   10:     0x556ef6dd1e03 - std::panicking::default_hook::h6038f2eba384e475
[INFO] [stdout]                                at /rustc/82e1608dfa6e0b5569232559e3d385fea5a93112/library/std/src/panicking.rs:289:9
[INFO] [stdout]   11:     0x556ef6da0ff7 - <alloc::boxed::Box<F,A> as core::ops::function::Fn<Args>>::call::h0ad024c9bdc6d768
[INFO] [stdout]                                at /rustc/82e1608dfa6e0b5569232559e3d385fea5a93112/library/alloc/src/boxed.rs:2021:9
[INFO] [stdout]   12:     0x556ef6da0ff7 - test::test_main::{{closure}}::h7500b54257359db6
[INFO] [stdout]                                at /rustc/82e1608dfa6e0b5569232559e3d385fea5a93112/library/test/src/lib.rs:138:21
[INFO] [stdout]   13:     0x556ef6dd2728 - <alloc::boxed::Box<F,A> as core::ops::function::Fn<Args>>::call::h1f8f335eaa9cfaee
[INFO] [stdout]                                at /rustc/82e1608dfa6e0b5569232559e3d385fea5a93112/library/alloc/src/boxed.rs:2021:9
[INFO] [stdout]   14:     0x556ef6dd2728 - std::panicking::rust_panic_with_hook::h2b5517d590cab22e
[INFO] [stdout]                                at /rustc/82e1608dfa6e0b5569232559e3d385fea5a93112/library/std/src/panicking.rs:783:13
[INFO] [stdout]   15:     0x556ef6dd247e - std::panicking::begin_panic_handler::{{closure}}::h233112c06e0ef43e
[INFO] [stdout]                                at /rustc/82e1608dfa6e0b5569232559e3d385fea5a93112/library/std/src/panicking.rs:657:13
[INFO] [stdout]   16:     0x556ef6dd0b36 - std::sys_common::backtrace::__rust_end_short_backtrace::h6e893f24d7ebbff8
[INFO] [stdout]                                at /rustc/82e1608dfa6e0b5569232559e3d385fea5a93112/library/std/src/sys_common/backtrace.rs:170:18
[INFO] [stdout]   17:     0x556ef6dd21e2 - rust_begin_unwind
[INFO] [stdout]                                at /rustc/82e1608dfa6e0b5569232559e3d385fea5a93112/library/std/src/panicking.rs:645:5
[INFO] [stdout]   18:     0x556ef6d6bce5 - core::panicking::panic_fmt::hbf0e066aabfa482c
[INFO] [stdout]                                at /rustc/82e1608dfa6e0b5569232559e3d385fea5a93112/library/core/src/panicking.rs:72:14
[INFO] [stdout]   19:     0x556ef6d6c00b - core::panicking::assert_failed_inner::h0bba8b7c26ee4492
[INFO] [stdout]   20:     0x556ef6d6c99e - core::panicking::assert_failed::h5be924329aeca966
[INFO] [stdout]                                at /rustc/82e1608dfa6e0b5569232559e3d385fea5a93112/library/core/src/panicking.rs:279:5
[INFO] [stdout]   21:     0x556ef6d6d274 - tmaze::ui::draw::tests::frame_trim_absolute::hcd4dc63e93ee306a
[INFO] [stdout]                                at /opt/rustwide/workdir/tmaze/src/ui/draw.rs:189:9
[INFO] [stdout]   22:     0x556ef6d6d137 - tmaze::ui::draw::tests::frame_trim_absolute::{{closure}}::hf4d127e97e73d3b3
[INFO] [stdout]                                at /opt/rustwide/workdir/tmaze/src/ui/draw.rs:186:29
[INFO] [stdout]   23:     0x556ef6d6c896 - core::ops::function::FnOnce::call_once::hcd49fb3ea10ec9fe
[INFO] [stdout]                                at /rustc/82e1608dfa6e0b5569232559e3d385fea5a93112/library/core/src/ops/function.rs:250:5
[INFO] [stdout]   24:     0x556ef6da664f - core::ops::function::FnOnce::call_once::h2b5d431d5046312d
[INFO] [stdout]                                at /rustc/82e1608dfa6e0b5569232559e3d385fea5a93112/library/core/src/ops/function.rs:250:5
[INFO] [stdout]   25:     0x556ef6da664f - test::__rust_begin_short_backtrace::h7714669af176e207
[INFO] [stdout]                                at /rustc/82e1608dfa6e0b5569232559e3d385fea5a93112/library/test/src/lib.rs:628:18
[INFO] [stdout]   26:     0x556ef6da5665 - test::run_test_in_process::{{closure}}::h85218797dcbcec12
[INFO] [stdout]                                at /rustc/82e1608dfa6e0b5569232559e3d385fea5a93112/library/test/src/lib.rs:651:60
[INFO] [stdout]   27:     0x556ef6da5665 - <core::panic::unwind_safe::AssertUnwindSafe<F> as core::ops::function::FnOnce<()>>::call_once::h76c106ea31c14d7b
[INFO] [stdout]                                at /rustc/82e1608dfa6e0b5569232559e3d385fea5a93112/library/core/src/panic/unwind_safe.rs:272:9
[INFO] [stdout]   28:     0x556ef6da5665 - std::panicking::try::do_call::h3bd5d0f6620ee946
[INFO] [stdout]                                at /rustc/82e1608dfa6e0b5569232559e3d385fea5a93112/library/std/src/panicking.rs:552:40
[INFO] [stdout]   29:     0x556ef6da5665 - std::panicking::try::h232e535e4744fe31
[INFO] [stdout]                                at /rustc/82e1608dfa6e0b5569232559e3d385fea5a93112/library/std/src/panicking.rs:516:19
[INFO] [stdout]   30:     0x556ef6da5665 - std::panic::catch_unwind::h3ce3bd6ca8dbac68
[INFO] [stdout]                                at /rustc/82e1608dfa6e0b5569232559e3d385fea5a93112/library/std/src/panic.rs:142:14
[INFO] [stdout]   31:     0x556ef6da5665 - test::run_test_in_process::hc97b257c9621286a
[INFO] [stdout]                                at /rustc/82e1608dfa6e0b5569232559e3d385fea5a93112/library/test/src/lib.rs:651:27
[INFO] [stdout]   32:     0x556ef6da5665 - test::run_test::{{closure}}::h2aa798823a438d38
[INFO] [stdout]                                at /rustc/82e1608dfa6e0b5569232559e3d385fea5a93112/library/test/src/lib.rs:574:43
[INFO] [stdout]   33:     0x556ef6d6d926 - test::run_test::{{closure}}::h87d231c78fb59832
[INFO] [stdout]                                at /rustc/82e1608dfa6e0b5569232559e3d385fea5a93112/library/test/src/lib.rs:602:41
[INFO] [stdout]   34:     0x556ef6d6d926 - std::sys_common::backtrace::__rust_begin_short_backtrace::he6df152596625789
[INFO] [stdout]                                at /rustc/82e1608dfa6e0b5569232559e3d385fea5a93112/library/std/src/sys_common/backtrace.rs:154:18
[INFO] [stdout]   35:     0x556ef6d729d7 - std::thread::Builder::spawn_unchecked_::{{closure}}::{{closure}}::ha94be15d1e0acf36
[INFO] [stdout]                                at /rustc/82e1608dfa6e0b5569232559e3d385fea5a93112/library/std/src/thread/mod.rs:529:17
[INFO] [stdout]   36:     0x556ef6d729d7 - <core::panic::unwind_safe::AssertUnwindSafe<F> as core::ops::function::FnOnce<()>>::call_once::h9dc6bd6372f16606
[INFO] [stdout]                                at /rustc/82e1608dfa6e0b5569232559e3d385fea5a93112/library/core/src/panic/unwind_safe.rs:272:9
[INFO] [stdout]   37:     0x556ef6d729d7 - std::panicking::try::do_call::h9057517f80303cd4
[INFO] [stdout]                                at /rustc/82e1608dfa6e0b5569232559e3d385fea5a93112/library/std/src/panicking.rs:552:40
[INFO] [stdout]   38:     0x556ef6d729d7 - std::panicking::try::he3a30b11ee45340c
[INFO] [stdout]                                at /rustc/82e1608dfa6e0b5569232559e3d385fea5a93112/library/std/src/panicking.rs:516:19
[INFO] [stdout]   39:     0x556ef6d729d7 - std::panic::catch_unwind::h410458cfd3528b8b
[INFO] [stdout]                                at /rustc/82e1608dfa6e0b5569232559e3d385fea5a93112/library/std/src/panic.rs:142:14
[INFO] [stdout]   40:     0x556ef6d729d7 - std::thread::Builder::spawn_unchecked_::{{closure}}::h72ac3bdb567b737b
[INFO] [stdout]                                at /rustc/82e1608dfa6e0b5569232559e3d385fea5a93112/library/std/src/thread/mod.rs:528:30
[INFO] [stdout]   41:     0x556ef6d729d7 - core::ops::function::FnOnce::call_once{{vtable.shim}}::h38f34da3654a8344
[INFO] [stdout]                                at /rustc/82e1608dfa6e0b5569232559e3d385fea5a93112/library/core/src/ops/function.rs:250:5
[INFO] [stdout]   42:     0x556ef6dd71b5 - <alloc::boxed::Box<F,A> as core::ops::function::FnOnce<Args>>::call_once::hc7eafaff61e32df9
[INFO] [stdout]                                at /rustc/82e1608dfa6e0b5569232559e3d385fea5a93112/library/alloc/src/boxed.rs:2007:9
[INFO] [stdout]   43:     0x556ef6dd71b5 - <alloc::boxed::Box<F,A> as core::ops::function::FnOnce<Args>>::call_once::h6ba4a5de48dd2304
[INFO] [stdout]                                at /rustc/82e1608dfa6e0b5569232559e3d385fea5a93112/library/alloc/src/boxed.rs:2007:9
[INFO] [stdout]   44:     0x556ef6dd71b5 - std::sys::unix::thread::Thread::new::thread_start::he469335aef763e45
[INFO] [stdout]                                at /rustc/82e1608dfa6e0b5569232559e3d385fea5a93112/library/std/src/sys/unix/thread.rs:108:17
[INFO] [stdout]   45:     0x7f371f77aac3 - <unknown>
[INFO] [stdout]   46:     0x7f371f80bbf4 - __clone
[INFO] [stdout]   47:                0x0 - <unknown>
[INFO] [stdout] 
[INFO] [stdout] 
[INFO] [stdout] failures:
[INFO] [stdout]     ui::draw::tests::frame_trim_absolute
[INFO] [stdout] 
[INFO] [stdout] test result: FAILED. 0 passed; 1 failed; 0 ignored; 0 measured; 0 filtered out; finished in 0.03s
[INFO] [stdout] 
[INFO] [stderr] error: test failed, to rerun pass `-p tmaze --lib`
[INFO] running `Command { std: "docker" "inspect" "aff079d9a8b7a85f07f1ef0650b965e3182ba4c196ce9493ebdd0216d7258482", kill_on_drop: false }`
[INFO] running `Command { std: "docker" "rm" "-f" "aff079d9a8b7a85f07f1ef0650b965e3182ba4c196ce9493ebdd0216d7258482", kill_on_drop: false }`
[INFO] [stdout] aff079d9a8b7a85f07f1ef0650b965e3182ba4c196ce9493ebdd0216d7258482
