[INFO] cloning repository https://github.com/Mikndesu/O-reilly-Deep-Learning
[INFO] running `Command { std: "git" "-c" "credential.helper=" "-c" "credential.helper=/workspace/cargo-home/bin/git-credential-null" "clone" "--bare" "https://github.com/Mikndesu/O-reilly-Deep-Learning" "/workspace/cache/git-repos/https%3A%2F%2Fgithub.com%2FMikndesu%2FO-reilly-Deep-Learning", kill_on_drop: false }`
[INFO] [stderr] Cloning into bare repository '/workspace/cache/git-repos/https%3A%2F%2Fgithub.com%2FMikndesu%2FO-reilly-Deep-Learning'...
[INFO] running `Command { std: "git" "rev-parse" "HEAD", kill_on_drop: false }`
[INFO] [stdout] dcaca459e3b5fd61cbf5807c69dead07ed93cb54
[INFO] testing Mikndesu/O-reilly-Deep-Learning against 1.75.0 for beta-1.76-1
[INFO] running `Command { std: "git" "clone" "/workspace/cache/git-repos/https%3A%2F%2Fgithub.com%2FMikndesu%2FO-reilly-Deep-Learning" "/workspace/builds/worker-6-tc1/source", kill_on_drop: false }`
[INFO] [stderr] Cloning into '/workspace/builds/worker-6-tc1/source'...
[INFO] [stderr] done.
[INFO] validating manifest of git repo https://github.com/Mikndesu/O-reilly-Deep-Learning on toolchain 1.75.0
[INFO] running `Command { std: CARGO_HOME="/workspace/cargo-home" RUSTUP_HOME="/workspace/rustup-home" "/workspace/cargo-home/bin/cargo" "+1.75.0" "metadata" "--manifest-path" "Cargo.toml" "--no-deps", kill_on_drop: false }`
[INFO] started tweaking git repo https://github.com/Mikndesu/O-reilly-Deep-Learning
[INFO] finished tweaking git repo https://github.com/Mikndesu/O-reilly-Deep-Learning
[INFO] tweaked toml for git repo https://github.com/Mikndesu/O-reilly-Deep-Learning written to /workspace/builds/worker-6-tc1/source/Cargo.toml
[INFO] crate git repo https://github.com/Mikndesu/O-reilly-Deep-Learning already has a lockfile, it will not be regenerated
[INFO] running `Command { std: CARGO_HOME="/workspace/cargo-home" RUSTUP_HOME="/workspace/rustup-home" "/workspace/cargo-home/bin/cargo" "+1.75.0" "fetch" "--manifest-path" "Cargo.toml", kill_on_drop: false }`
[INFO] [stderr]  Downloading crates ...
[INFO] [stderr]   Downloaded plotters-bitmap v0.3.3
[INFO] [stderr]   Downloaded pathfinder_simd v0.5.2
[INFO] running `Command { std: "docker" "create" "-v" "/var/lib/crater-agent-workspace/builds/worker-6-tc1/target:/opt/rustwide/target:rw,Z" "-v" "/var/lib/crater-agent-workspace/builds/worker-6-tc1/source:/opt/rustwide/workdir:ro,Z" "-v" "/var/lib/crater-agent-workspace/cargo-home:/opt/rustwide/cargo-home:ro,Z" "-v" "/var/lib/crater-agent-workspace/rustup-home:/opt/rustwide/rustup-home:ro,Z" "-e" "SOURCE_DIR=/opt/rustwide/workdir" "-e" "CARGO_TARGET_DIR=/opt/rustwide/target" "-e" "CARGO_HOME=/opt/rustwide/cargo-home" "-e" "RUSTUP_HOME=/opt/rustwide/rustup-home" "-w" "/opt/rustwide/workdir" "-m" "1610612736" "--user" "0:0" "--network" "none" "ghcr.io/rust-lang/crates-build-env/linux@sha256:2788e3201cd34a07e3172128adcd8b3090168a8e3bcc40d7c032b9dda1df7d1c" "/opt/rustwide/cargo-home/bin/cargo" "+1.75.0" "metadata" "--no-deps" "--format-version=1", kill_on_drop: false }`
[INFO] [stdout] e2ee77486e4c302c009952738d6da332b9ed9f6c1bd0e59dc0485fbc9b3a9664
[INFO] running `Command { std: "docker" "start" "-a" "e2ee77486e4c302c009952738d6da332b9ed9f6c1bd0e59dc0485fbc9b3a9664", kill_on_drop: false }`
[INFO] running `Command { std: "docker" "inspect" "e2ee77486e4c302c009952738d6da332b9ed9f6c1bd0e59dc0485fbc9b3a9664", kill_on_drop: false }`
[INFO] running `Command { std: "docker" "rm" "-f" "e2ee77486e4c302c009952738d6da332b9ed9f6c1bd0e59dc0485fbc9b3a9664", kill_on_drop: false }`
[INFO] [stdout] e2ee77486e4c302c009952738d6da332b9ed9f6c1bd0e59dc0485fbc9b3a9664
[INFO] running `Command { std: "docker" "create" "-v" "/var/lib/crater-agent-workspace/builds/worker-6-tc1/target:/opt/rustwide/target:rw,Z" "-v" "/var/lib/crater-agent-workspace/builds/worker-6-tc1/source:/opt/rustwide/workdir:ro,Z" "-v" "/var/lib/crater-agent-workspace/cargo-home:/opt/rustwide/cargo-home:ro,Z" "-v" "/var/lib/crater-agent-workspace/rustup-home:/opt/rustwide/rustup-home:ro,Z" "-e" "SOURCE_DIR=/opt/rustwide/workdir" "-e" "CARGO_TARGET_DIR=/opt/rustwide/target" "-e" "CARGO_INCREMENTAL=0" "-e" "RUST_BACKTRACE=full" "-e" "RUSTFLAGS=--cap-lints=warn" "-e" "RUSTDOCFLAGS=--cap-lints=warn" "-e" "CARGO_HOME=/opt/rustwide/cargo-home" "-e" "RUSTUP_HOME=/opt/rustwide/rustup-home" "-w" "/opt/rustwide/workdir" "-m" "1610612736" "--user" "0:0" "--network" "none" "ghcr.io/rust-lang/crates-build-env/linux@sha256:2788e3201cd34a07e3172128adcd8b3090168a8e3bcc40d7c032b9dda1df7d1c" "/opt/rustwide/cargo-home/bin/cargo" "+1.75.0" "build" "--frozen" "--message-format=json", kill_on_drop: false }`
[INFO] [stdout] 204bc80fac4c0fcd366052e99e227febf68d6e35dde46347d0042fe1bd2a4a26
[INFO] running `Command { std: "docker" "start" "-a" "204bc80fac4c0fcd366052e99e227febf68d6e35dde46347d0042fe1bd2a4a26", kill_on_drop: false }`
[INFO] [stderr]    Compiling autocfg v1.1.0
[INFO] [stderr]    Compiling cfg-if v1.0.0
[INFO] [stderr]    Compiling libc v0.2.151
[INFO] [stderr]    Compiling pkg-config v0.3.28
[INFO] [stderr]    Compiling libm v0.2.8
[INFO] [stderr]    Compiling proc-macro2 v1.0.75
[INFO] [stderr]    Compiling once_cell v1.19.0
[INFO] [stderr]    Compiling unicode-ident v1.0.12
[INFO] [stderr]    Compiling crossbeam-utils v0.8.18
[INFO] [stderr]    Compiling pin-project-lite v0.2.13
[INFO] [stderr]    Compiling simd-adler32 v0.3.7
[INFO] [stderr]    Compiling vcpkg v0.2.15
[INFO] [stderr]    Compiling bytes v1.5.0
[INFO] [stderr]    Compiling rayon-core v1.12.0
[INFO] [stderr]    Compiling semver v1.0.21
[INFO] [stderr]    Compiling bytemuck v1.14.0
[INFO] [stderr]    Compiling adler v1.0.2
[INFO] [stderr]    Compiling crc32fast v1.3.2
[INFO] [stderr]    Compiling miniz_oxide v0.7.1
[INFO] [stderr]    Compiling itoa v1.0.10
[INFO] [stderr]    Compiling scopeguard v1.2.0
[INFO] [stderr]    Compiling log v0.4.20
[INFO] [stderr]    Compiling futures-core v0.3.30
[INFO] [stderr]    Compiling tracing-core v0.1.32
[INFO] [stderr]    Compiling foreign-types-shared v0.1.1
[INFO] [stderr]    Compiling either v1.9.0
[INFO] [stderr]    Compiling num-traits v0.2.17
[INFO] [stderr]    Compiling lock_api v0.4.11
[INFO] [stderr]    Compiling slab v0.4.9
[INFO] [stderr]    Compiling num-integer v0.1.45
[INFO] [stderr]    Compiling num-rational v0.4.1
[INFO] [stderr]    Compiling fnv v1.0.7
[INFO] [stderr]    Compiling openssl v0.10.62
[INFO] [stderr]    Compiling http v0.2.11
[INFO] [stderr]    Compiling quote v1.0.35
[INFO] [stderr]    Compiling crossbeam-epoch v0.9.17
[INFO] [stderr]    Compiling rustc_version v0.4.0
[INFO] [stderr]    Compiling tracing v0.1.40
[INFO] [stderr]    Compiling syn v2.0.48
[INFO] [stderr]    Compiling spin v0.9.8
[INFO] [stderr]    Compiling flate2 v1.0.28
[INFO] [stderr]    Compiling foreign-types v0.3.2
[INFO] [stderr]    Compiling hashbrown v0.14.3
[INFO] [stderr]    Compiling weezl v0.1.7
[INFO] [stderr]    Compiling equivalent v1.0.1
[INFO] [stderr]    Compiling crossbeam-deque v0.8.4
[INFO] [stderr]    Compiling cc v1.0.83
[INFO] [stderr]    Compiling pin-utils v0.1.0
[INFO] [stderr]    Compiling httparse v1.8.0
[INFO] [stderr]    Compiling memchr v2.7.1
[INFO] [stderr]    Compiling tinyvec_macros v0.1.1
[INFO] [stderr]    Compiling bitflags v2.4.1
[INFO] [stderr]    Compiling bitflags v1.3.2
[INFO] [stderr]    Compiling native-tls v0.2.11
[INFO] [stderr]    Compiling futures-task v0.3.30
[INFO] [stderr]    Compiling futures-io v0.3.30
[INFO] [stderr]    Compiling mio v0.8.10
[INFO] [stderr]    Compiling socket2 v0.5.5
[INFO] [stderr]    Compiling num_cpus v1.16.0
[INFO] [stderr]    Compiling futures-sink v0.3.30
[INFO] [stderr]    Compiling getrandom v0.2.11
[INFO] [stderr]    Compiling tinyvec v1.6.0
[INFO] [stderr]    Compiling flume v0.11.0
[INFO] [stderr]    Compiling pathfinder_simd v0.5.2
[INFO] [stderr]    Compiling yeslogic-fontconfig-sys v3.2.0
[INFO] [stderr]    Compiling futures-util v0.3.30
[INFO] [stderr]    Compiling zune-inflate v0.2.54
[INFO] [stderr]    Compiling tokio v1.35.1
[INFO] [stderr]    Compiling indexmap v2.1.0
[INFO] [stderr]    Compiling cmake v0.1.50
[INFO] [stderr]    Compiling rayon v1.8.0
[INFO] [stderr]    Compiling fdeflate v0.3.3
[INFO] [stderr]    Compiling smallvec v1.11.2
[INFO] [stderr]    Compiling percent-encoding v2.3.1
[INFO] [stderr]    Compiling color_quant v1.1.0
[INFO] [stderr]    Compiling syn v1.0.109
[INFO] [stderr]    Compiling try-lock v0.2.5
[INFO] [stderr]    Compiling serde v1.0.194
[INFO] [stderr]    Compiling lebe v0.5.2
[INFO] [stderr]    Compiling paste v1.0.14
[INFO] [stderr]    Compiling bit_field v0.10.2
[INFO] [stderr]    Compiling byteorder v1.5.0
[INFO] [stderr]    Compiling openssl-probe v0.1.5
[INFO] [stderr]    Compiling half v2.2.1
[INFO] [stderr]    Compiling png v0.17.10
[INFO] [stderr]    Compiling form_urlencoded v1.2.1
[INFO] [stderr]    Compiling want v0.3.1
[INFO] [stderr]    Compiling openssl-sys v0.9.98
[INFO] [stderr]    Compiling freetype-sys v0.13.1
[INFO] [stderr]    Compiling gif v0.12.0
[INFO] [stderr]    Compiling unicode-normalization v0.1.22
[INFO] [stderr]    Compiling exr v1.71.0
[INFO] [stderr]    Compiling http-body v0.4.6
[INFO] [stderr]    Compiling rand_core v0.6.4
[INFO] [stderr]    Compiling matrixmultiply v0.3.8
[INFO] [stderr]    Compiling futures-channel v0.3.30
[INFO] [stderr]    Compiling qoi v0.4.1
[INFO] [stderr]    Compiling safe_arch v0.7.1
[INFO] [stderr]    Compiling libloading v0.8.1
[INFO] [stderr]    Compiling ppv-lite86 v0.2.17
[INFO] [stderr]    Compiling unicode-bidi v0.3.14
[INFO] [stderr]    Compiling typenum v1.17.0
[INFO] [stderr]    Compiling tower-service v0.3.2
[INFO] [stderr]    Compiling httpdate v1.0.3
[INFO] [stderr]    Compiling dlib v0.5.2
[INFO] [stderr]    Compiling rand_chacha v0.3.1
[INFO] [stderr]    Compiling idna v0.5.0
[INFO] [stderr]    Compiling wide v0.7.13
[INFO] [stderr]    Compiling num-complex v0.4.4
[INFO] [stderr]    Compiling approx v0.5.1
[INFO] [stderr]    Compiling dirs-sys-next v0.1.2
[INFO] [stderr]    Compiling const-cstr v0.3.0
[INFO] [stderr]    Compiling font-kit v0.11.0
[INFO] [stderr]    Compiling same-file v1.0.6
[INFO] [stderr]    Compiling ryu v1.0.16
[INFO] [stderr]    Compiling plotters-backend v0.3.5
[INFO] [stderr]    Compiling rawpointer v0.2.1
[INFO] [stderr]    Compiling dirs-next v2.0.0
[INFO] [stderr]    Compiling pathfinder_geometry v0.5.1
[INFO] [stderr]    Compiling walkdir v2.4.0
[INFO] [stderr]    Compiling url v2.5.0
[INFO] [stderr]    Compiling freetype v0.7.0
[INFO] [stderr]    Compiling rand v0.8.5
[INFO] [stderr]    Compiling encoding_rs v0.8.33
[INFO] [stderr]    Compiling ipnet v2.9.0
[INFO] [stderr]    Compiling float-ord v0.2.0
[INFO] [stderr]    Compiling mime v0.3.17
[INFO] [stderr]    Compiling lazy_static v1.4.0
[INFO] [stderr]    Compiling base64 v0.21.5
[INFO] [stderr]    Compiling jpeg-decoder v0.3.0
[INFO] [stderr]    Compiling iana-time-zone v0.1.59
[INFO] [stderr]    Compiling simba v0.8.1
[INFO] [stderr]    Compiling chrono v0.4.31
[INFO] [stderr]    Compiling plotters-svg v0.3.5
[INFO] [stderr]    Compiling rand_distr v0.4.3
[INFO] [stderr]    Compiling ttf-parser v0.17.1
[INFO] [stderr]    Compiling openssl-macros v0.1.1
[INFO] [stderr]    Compiling tiff v0.9.0
[INFO] [stderr]    Compiling tokio-util v0.7.10
[INFO] [stderr]    Compiling image v0.24.7
[INFO] [stderr]    Compiling h2 v0.3.22
[INFO] [stderr]    Compiling nalgebra-macros v0.2.1
[INFO] [stderr]    Compiling serde_urlencoded v0.7.1
[INFO] [stderr]    Compiling tokio-native-tls v0.3.1
[INFO] [stderr]    Compiling hyper v0.14.28
[INFO] [stderr]    Compiling plotters-bitmap v0.3.3
[INFO] [stderr]    Compiling plotters v0.3.5
[INFO] [stderr]    Compiling nalgebra v0.32.3
[INFO] [stderr]    Compiling hyper-tls v0.5.0
[INFO] [stderr]    Compiling reqwest v0.11.23
[INFO] [stderr]    Compiling mylib v0.1.0 (/opt/rustwide/workdir/mylib)
[INFO] [stderr]    Compiling oreilly_deep_learning v0.1.0 (/opt/rustwide/workdir)
[INFO] [stdout] warning: function `and` is never used
[INFO] [stdout]  --> src/chapter2/main.rs:3:4
[INFO] [stdout]   |
[INFO] [stdout] 3 | fn and(x1: f64, x2: f64) -> i32 {
[INFO] [stdout]   |    ^^^
[INFO] [stdout]   |
[INFO] [stdout]   = note: `#[warn(dead_code)]` on by default
[INFO] [stdout] 
[INFO] [stdout] 
[INFO] [stdout] warning: function `nand` is never used
[INFO] [stdout]   --> src/chapter2/main.rs:11:4
[INFO] [stdout]    |
[INFO] [stdout] 11 | fn nand(x1: f64, x2: f64) -> i32 {
[INFO] [stdout]    |    ^^^^
[INFO] [stdout] 
[INFO] [stdout] 
[INFO] [stdout] warning: function `or` is never used
[INFO] [stdout]   --> src/chapter2/main.rs:19:4
[INFO] [stdout]    |
[INFO] [stdout] 19 | fn or(x1: f64, x2: f64) -> i32 {
[INFO] [stdout]    |    ^^
[INFO] [stdout] 
[INFO] [stdout] 
[INFO] [stdout] warning: function `xor` is never used
[INFO] [stdout]   --> src/chapter2/main.rs:27:4
[INFO] [stdout]    |
[INFO] [stdout] 27 | fn xor(x1: f64, x2: f64) -> i32 {
[INFO] [stdout]    |    ^^^
[INFO] [stdout] 
[INFO] [stdout] 
[INFO] [stdout] warning: unused import: `Ref`
[INFO] [stdout]  --> src/chapter5/two_layer_net.rs:2:12
[INFO] [stdout]   |
[INFO] [stdout] 2 |     cell::{Ref, RefCell},
[INFO] [stdout]   |            ^^^
[INFO] [stdout]   |
[INFO] [stdout]   = note: `#[warn(unused_imports)]` on by default
[INFO] [stdout] 
[INFO] [stdout] 
[INFO] [stdout] warning: unused imports: `DatasetType`, `load_label`, `load_normalised_image`, `self`
[INFO] [stdout]  --> src/chapter5/two_layer_net.rs:7:20
[INFO] [stdout]   |
[INFO] [stdout] 7 | use mylib::mnist::{self, load_label, load_normalised_image, DatasetType};
[INFO] [stdout]   |                    ^^^^  ^^^^^^^^^^  ^^^^^^^^^^^^^^^^^^^^^  ^^^^^^^^^^^
[INFO] [stdout] 
[INFO] [stdout] 
[INFO] [stdout] warning: unused import: `dmatrix`
[INFO] [stdout]  --> src/chapter5/two_layer_net.rs:8:10
[INFO] [stdout]   |
[INFO] [stdout] 8 | use na::{dmatrix, DMatrix, Scalar};
[INFO] [stdout]   |          ^^^^^^^
[INFO] [stdout] 
[INFO] [stdout] 
[INFO] [stdout] warning: unused imports: `IntoFont`, `RED`, `WHITE`, `backend::BitMapBackend`, `chart::ChartBuilder`, `drawing::IntoDrawingArea`, `series::LineSeries`
[INFO] [stdout]   --> src/chapter3/main.rs:6:5
[INFO] [stdout]    |
[INFO] [stdout] 6  |     backend::BitMapBackend,
[INFO] [stdout]    |     ^^^^^^^^^^^^^^^^^^^^^^
[INFO] [stdout] 7  |     chart::ChartBuilder,
[INFO] [stdout]    |     ^^^^^^^^^^^^^^^^^^^
[INFO] [stdout] 8  |     drawing::IntoDrawingArea,
[INFO] [stdout]    |     ^^^^^^^^^^^^^^^^^^^^^^^^
[INFO] [stdout] 9  |     series::LineSeries,
[INFO] [stdout]    |     ^^^^^^^^^^^^^^^^^^
[INFO] [stdout] 10 |     style::{IntoFont, RED, WHITE},
[INFO] [stdout]    |             ^^^^^^^^  ^^^  ^^^^^
[INFO] [stdout]    |
[INFO] [stdout]    = note: `#[warn(unused_imports)]` on by default
[INFO] [stdout] 
[INFO] [stdout] 
[INFO] [stdout] warning: unused import: `std::ops::Deref`
[INFO] [stdout]  --> src/chapter4/simple_net.rs:1:5
[INFO] [stdout]   |
[INFO] [stdout] 1 | use std::ops::Deref;
[INFO] [stdout]   |     ^^^^^^^^^^^^^^^
[INFO] [stdout]   |
[INFO] [stdout]   = note: `#[warn(unused_imports)]` on by default
[INFO] [stdout] 
[INFO] [stdout] 
[INFO] [stdout] warning: unused import: `DMatrix`
[INFO] [stdout]  --> src/chapter4/simple_net.rs:3:16
[INFO] [stdout]   |
[INFO] [stdout] 3 | use nalgebra::{DMatrix, DVector};
[INFO] [stdout]   |                ^^^^^^^
[INFO] [stdout] 
[INFO] [stdout] 
[INFO] [stdout] warning: unused import: `OMatrix`
[INFO] [stdout]  --> src/chapter4/main.rs:7:24
[INFO] [stdout]   |
[INFO] [stdout] 7 | use na::{DVector, Dyn, OMatrix};
[INFO] [stdout]   |                        ^^^^^^^
[INFO] [stdout] 
[INFO] [stdout] 
[INFO] [stdout] warning: 4 warnings emitted
[INFO] [stdout] 
[INFO] [stdout] 
[INFO] [stdout] warning: unused variable: `train_img_label`
[INFO] [stdout]   --> src/chapter3/show_mnist.rs:10:9
[INFO] [stdout]    |
[INFO] [stdout] 10 |     let train_img_label = mnist::load_label(mnist::DatasetType::TestLabel, &dataset_dir);
[INFO] [stdout]    |         ^^^^^^^^^^^^^^^ help: if this is intentional, prefix it with an underscore: `_train_img_label`
[INFO] [stdout]    |
[INFO] [stdout]    = note: `#[warn(unused_variables)]` on by default
[INFO] [stdout] 
[INFO] [stdout] 
[INFO] [stdout] warning: struct `Network` is never constructed
[INFO] [stdout]   --> src/chapter3/main.rs:13:8
[INFO] [stdout]    |
[INFO] [stdout] 13 | struct Network {
[INFO] [stdout]    |        ^^^^^^^
[INFO] [stdout]    |
[INFO] [stdout]    = note: `#[warn(dead_code)]` on by default
[INFO] [stdout] 
[INFO] [stdout] 
[INFO] [stdout] warning: associated function `new` is never used
[INFO] [stdout]   --> src/chapter3/main.rs:23:12
[INFO] [stdout]    |
[INFO] [stdout] 22 | impl Network {
[INFO] [stdout]    | ------------ associated function in this implementation
[INFO] [stdout] 23 |     pub fn new(
[INFO] [stdout]    |            ^^^
[INFO] [stdout] 
[INFO] [stdout] 
[INFO] [stdout] warning: function `step_function` is never used
[INFO] [stdout]   --> src/chapter3/main.rs:42:4
[INFO] [stdout]    |
[INFO] [stdout] 42 | fn step_function(x: na::RowDVector<f64>) -> na::RowDVector<i32> {
[INFO] [stdout]    |    ^^^^^^^^^^^^^
[INFO] [stdout] 
[INFO] [stdout] 
[INFO] [stdout] warning: function `sigmoid` is never used
[INFO] [stdout]   --> src/chapter3/main.rs:49:4
[INFO] [stdout]    |
[INFO] [stdout] 49 | fn sigmoid(x: na::RowDVector<f64>) -> na::RowDVector<f64> {
[INFO] [stdout]    |    ^^^^^^^
[INFO] [stdout] 
[INFO] [stdout] 
[INFO] [stdout] warning: function `relu` is never used
[INFO] [stdout]   --> src/chapter3/main.rs:56:4
[INFO] [stdout]    |
[INFO] [stdout] 56 | fn relu(x: na::RowDVector<f64>) -> na::RowDVector<f64> {
[INFO] [stdout]    |    ^^^^
[INFO] [stdout] 
[INFO] [stdout] 
[INFO] [stdout] warning: function `softmax` is never used
[INFO] [stdout]   --> src/chapter3/main.rs:60:4
[INFO] [stdout]    |
[INFO] [stdout] 60 | fn softmax(x: na::RowDVector<f64>) -> RowDVector<f64> {
[INFO] [stdout]    |    ^^^^^^^
[INFO] [stdout] 
[INFO] [stdout] 
[INFO] [stdout] warning: function `identity_fucntion` is never used
[INFO] [stdout]   --> src/chapter3/main.rs:67:4
[INFO] [stdout]    |
[INFO] [stdout] 67 | fn identity_fucntion(x: na::RowDVector<f64>) -> na::RowDVector<f64> {
[INFO] [stdout]    |    ^^^^^^^^^^^^^^^^^
[INFO] [stdout] 
[INFO] [stdout] 
[INFO] [stdout] warning: function `forward` is never used
[INFO] [stdout]   --> src/chapter3/main.rs:71:4
[INFO] [stdout]    |
[INFO] [stdout] 71 | fn forward() {
[INFO] [stdout]    |    ^^^^^^^
[INFO] [stdout] 
[INFO] [stdout] 
[INFO] [stdout] warning: function `first_layer` is never used
[INFO] [stdout]   --> src/chapter3/main.rs:87:4
[INFO] [stdout]    |
[INFO] [stdout] 87 | fn first_layer(x: na::RowVector2<f64>, network: &Network) -> na::RowVector3<f64> {
[INFO] [stdout]    |    ^^^^^^^^^^^
[INFO] [stdout] 
[INFO] [stdout] 
[INFO] [stdout] warning: function `second_layer` is never used
[INFO] [stdout]   --> src/chapter3/main.rs:96:4
[INFO] [stdout]    |
[INFO] [stdout] 96 | fn second_layer(z1: na::RowVector3<f64>, network: &Network) -> na::RowVector2<f64> {
[INFO] [stdout]    |    ^^^^^^^^^^^^
[INFO] [stdout] 
[INFO] [stdout] 
[INFO] [stdout] warning: function `output_layer` is never used
[INFO] [stdout]    --> src/chapter3/main.rs:105:4
[INFO] [stdout]     |
[INFO] [stdout] 105 | fn output_layer(z2: na::RowVector2<f64>, network: &Network) -> na::RowDVector<f64> {
[INFO] [stdout]     |    ^^^^^^^^^^^^
[INFO] [stdout] 
[INFO] [stdout] 
[INFO] [stdout] warning: function `img_show` is never used
[INFO] [stdout]  --> src/chapter3/show_mnist.rs:5:4
[INFO] [stdout]   |
[INFO] [stdout] 5 | fn img_show() {
[INFO] [stdout]   |    ^^^^^^^^
[INFO] [stdout] 
[INFO] [stdout] 
[INFO] [stdout] warning: function `save_img_from_matrix` is never used
[INFO] [stdout]   --> src/chapter3/show_mnist.rs:20:4
[INFO] [stdout]    |
[INFO] [stdout] 20 | fn save_img_from_matrix(matrix: na::OMatrix<u8, Const<28>, Const<28>>) {
[INFO] [stdout]    |    ^^^^^^^^^^^^^^^^^^^^
[INFO] [stdout] 
[INFO] [stdout] 
[INFO] [stdout] warning: unused variable: `dout`
[INFO] [stdout]   --> src/chapter5/layers/softmax_with_loss_layer.rs:23:29
[INFO] [stdout]    |
[INFO] [stdout] 23 |     pub fn backwards(&self, dout: f64) -> na::DMatrix<f64> {
[INFO] [stdout]    |                             ^^^^ help: if this is intentional, prefix it with an underscore: `_dout`
[INFO] [stdout]    |
[INFO] [stdout]    = note: `#[warn(unused_variables)]` on by default
[INFO] [stdout] 
[INFO] [stdout] 
[INFO] [stdout] warning: function `gradient_descent` is never used
[INFO] [stdout]   --> src/chapter4/main.rs:10:4
[INFO] [stdout]    |
[INFO] [stdout] 10 | fn gradient_descent(f: fn(&na::DVector<f64>) -> f64, init_x: na::DVector<f64>) -> na::DVector<f64> {
[INFO] [stdout]    |    ^^^^^^^^^^^^^^^^
[INFO] [stdout]    |
[INFO] [stdout]    = note: `#[warn(dead_code)]` on by default
[INFO] [stdout] 
[INFO] [stdout] 
[INFO] [stdout] warning: function `numerical_diff` is never used
[INFO] [stdout]   --> src/chapter4/main.rs:21:4
[INFO] [stdout]    |
[INFO] [stdout] 21 | fn numerical_diff(f: fn(f64) -> f64, x: f64) -> f64 {
[INFO] [stdout]    |    ^^^^^^^^^^^^^^
[INFO] [stdout] 
[INFO] [stdout] 
[INFO] [stdout] warning: function `numerical_gradient` is never used
[INFO] [stdout]   --> src/chapter4/main.rs:26:4
[INFO] [stdout]    |
[INFO] [stdout] 26 | fn numerical_gradient(
[INFO] [stdout]    |    ^^^^^^^^^^^^^^^^^^
[INFO] [stdout] 
[INFO] [stdout] 
[INFO] [stdout] warning: function `sum_squared_error` is never used
[INFO] [stdout]   --> src/chapter4/main.rs:45:4
[INFO] [stdout]    |
[INFO] [stdout] 45 | fn sum_squared_error(y: na::DVector<f64>, t: na::DVector<u8>) -> f64 {
[INFO] [stdout]    |    ^^^^^^^^^^^^^^^^^
[INFO] [stdout] 
[INFO] [stdout] 
[INFO] [stdout] warning: function `cross_entropy_error` is never used
[INFO] [stdout]   --> src/chapter4/main.rs:55:4
[INFO] [stdout]    |
[INFO] [stdout] 55 | fn cross_entropy_error(
[INFO] [stdout]    |    ^^^^^^^^^^^^^^^^^^^
[INFO] [stdout] 
[INFO] [stdout] 
[INFO] [stdout] warning: function `cross_entropy_error_from_label` is never used
[INFO] [stdout]   --> src/chapter4/main.rs:71:4
[INFO] [stdout]    |
[INFO] [stdout] 71 | fn cross_entropy_error_from_label(y: na::OMatrix<f64, Dyn, na::Const<10>>, t: Label) -> f64 {
[INFO] [stdout]    |    ^^^^^^^^^^^^^^^^^^^^^^^^^^^^^^
[INFO] [stdout] 
[INFO] [stdout] 
[INFO] [stdout] warning: function `mini_batch` is never used
[INFO] [stdout]   --> src/chapter4/main.rs:75:4
[INFO] [stdout]    |
[INFO] [stdout] 75 | fn mini_batch() -> Vec<usize> {
[INFO] [stdout]    |    ^^^^^^^^^^
[INFO] [stdout] 
[INFO] [stdout] 
[INFO] [stdout] warning: struct `SimpleNet` is never constructed
[INFO] [stdout]  --> src/chapter4/simple_net.rs:7:8
[INFO] [stdout]   |
[INFO] [stdout] 7 | struct SimpleNet {
[INFO] [stdout]   |        ^^^^^^^^^
[INFO] [stdout] 
[INFO] [stdout] 
[INFO] [stdout] warning: multiple associated items are never used
[INFO] [stdout]   --> src/chapter4/simple_net.rs:12:8
[INFO] [stdout]    |
[INFO] [stdout] 11 | impl SimpleNet {
[INFO] [stdout]    | -------------- associated items in this implementation
[INFO] [stdout] 12 |     fn new() -> Self {
[INFO] [stdout]    |        ^^^
[INFO] [stdout] ...
[INFO] [stdout] 19 |     fn predict(&self, x: na::Vector2<f64>) -> na::Vector3<f64> {
[INFO] [stdout]    |        ^^^^^^^
[INFO] [stdout] ...
[INFO] [stdout] 23 |     fn softmax(&self, x: na::Vector3<f64>) -> na::DVector<f64> {
[INFO] [stdout]    |        ^^^^^^^
[INFO] [stdout] ...
[INFO] [stdout] 30 |     fn cross_entropy_error(&self, y: na::DVector<f64>, t: &na::DVector<u8>) -> f64 {
[INFO] [stdout]    |        ^^^^^^^^^^^^^^^^^^^
[INFO] [stdout] ...
[INFO] [stdout] 42 |     fn loss(&self, x: na::Vector2<f64>, t: &na::DVector<u8>) -> f64 {
[INFO] [stdout]    |        ^^^^
[INFO] [stdout] ...
[INFO] [stdout] 48 |     fn numerical_gradient(
[INFO] [stdout]    |        ^^^^^^^^^^^^^^^^^^
[INFO] [stdout] ...
[INFO] [stdout] 70 |     fn numerical_gradient_vec(
[INFO] [stdout]    |        ^^^^^^^^^^^^^^^^^^^^^^
[INFO] [stdout] 
[INFO] [stdout] 
[INFO] [stdout] warning: associated function `new` is never used
[INFO] [stdout]   --> src/chapter5/layers/sigmoid_layer.rs:22:12
[INFO] [stdout]    |
[INFO] [stdout] 21 | impl Sigmoid {
[INFO] [stdout]    | ------------ associated function in this implementation
[INFO] [stdout] 22 |     pub fn new() -> Self {
[INFO] [stdout]    |            ^^^
[INFO] [stdout]    |
[INFO] [stdout]    = note: `#[warn(dead_code)]` on by default
[INFO] [stdout] 
[INFO] [stdout] 
[INFO] [stdout] warning: method `numerical_gradient` is never used
[INFO] [stdout]    --> src/chapter5/two_layer_net.rs:185:12
[INFO] [stdout]     |
[INFO] [stdout] 116 | impl TwoLayerNet {
[INFO] [stdout]     | ---------------- method in this implementation
[INFO] [stdout] ...
[INFO] [stdout] 185 |     pub fn numerical_gradient(&mut self, x: &na::DMatrix<f64>, t: &na::DMatrix<u8>) {
[INFO] [stdout]     |            ^^^^^^^^^^^^^^^^^^
[INFO] [stdout] 
[INFO] [stdout] 
[INFO] [stdout] warning: 15 warnings emitted
[INFO] [stdout] 
[INFO] [stdout] 
[INFO] [stdout] warning: 12 warnings emitted
[INFO] [stdout] 
[INFO] [stdout] 
[INFO] [stdout] warning: 6 warnings emitted
[INFO] [stdout] 
[INFO] [stdout] 
[INFO] [stderr]     Finished dev [unoptimized + debuginfo] target(s) in 36.78s
[INFO] running `Command { std: "docker" "inspect" "204bc80fac4c0fcd366052e99e227febf68d6e35dde46347d0042fe1bd2a4a26", kill_on_drop: false }`
[INFO] running `Command { std: "docker" "rm" "-f" "204bc80fac4c0fcd366052e99e227febf68d6e35dde46347d0042fe1bd2a4a26", kill_on_drop: false }`
[INFO] [stdout] 204bc80fac4c0fcd366052e99e227febf68d6e35dde46347d0042fe1bd2a4a26
[INFO] running `Command { std: "docker" "create" "-v" "/var/lib/crater-agent-workspace/builds/worker-6-tc1/target:/opt/rustwide/target:rw,Z" "-v" "/var/lib/crater-agent-workspace/builds/worker-6-tc1/source:/opt/rustwide/workdir:ro,Z" "-v" "/var/lib/crater-agent-workspace/cargo-home:/opt/rustwide/cargo-home:ro,Z" "-v" "/var/lib/crater-agent-workspace/rustup-home:/opt/rustwide/rustup-home:ro,Z" "-e" "SOURCE_DIR=/opt/rustwide/workdir" "-e" "CARGO_TARGET_DIR=/opt/rustwide/target" "-e" "CARGO_INCREMENTAL=0" "-e" "RUST_BACKTRACE=full" "-e" "RUSTFLAGS=--cap-lints=warn" "-e" "RUSTDOCFLAGS=--cap-lints=warn" "-e" "CARGO_HOME=/opt/rustwide/cargo-home" "-e" "RUSTUP_HOME=/opt/rustwide/rustup-home" "-w" "/opt/rustwide/workdir" "-m" "1610612736" "--user" "0:0" "--network" "none" "ghcr.io/rust-lang/crates-build-env/linux@sha256:2788e3201cd34a07e3172128adcd8b3090168a8e3bcc40d7c032b9dda1df7d1c" "/opt/rustwide/cargo-home/bin/cargo" "+1.75.0" "test" "--frozen" "--no-run" "--message-format=json", kill_on_drop: false }`
[INFO] [stdout] 0b8f39bd43eeba75d4b06a7d3c57297dbd63b1a0bcc2e2dcdf512c234e58c822
[INFO] running `Command { std: "docker" "start" "-a" "0b8f39bd43eeba75d4b06a7d3c57297dbd63b1a0bcc2e2dcdf512c234e58c822", kill_on_drop: false }`
[INFO] [stderr]    Compiling oreilly_deep_learning v0.1.0 (/opt/rustwide/workdir)
[INFO] [stdout] warning: unused import: `Ref`
[INFO] [stdout]  --> src/chapter5/two_layer_net.rs:2:12
[INFO] [stdout]   |
[INFO] [stdout] 2 |     cell::{Ref, RefCell},
[INFO] [stdout]   |            ^^^
[INFO] [stdout]   |
[INFO] [stdout]   = note: `#[warn(unused_imports)]` on by default
[INFO] [stdout] 
[INFO] [stdout] 
[INFO] [stdout] warning: unused import: `std::ops::Deref`
[INFO] [stdout]  --> src/chapter4/simple_net.rs:1:5
[INFO] [stdout]   |
[INFO] [stdout] 1 | use std::ops::Deref;
[INFO] [stdout]   |     ^^^^^^^^^^^^^^^
[INFO] [stdout]   |
[INFO] [stdout]   = note: `#[warn(unused_imports)]` on by default
[INFO] [stdout] 
[INFO] [stdout] 
[INFO] [stdout] warning: unused import: `DMatrix`
[INFO] [stdout]  --> src/chapter4/simple_net.rs:3:16
[INFO] [stdout]   |
[INFO] [stdout] 3 | use nalgebra::{DMatrix, DVector};
[INFO] [stdout]   |                ^^^^^^^
[INFO] [stdout] 
[INFO] [stdout] 
[INFO] [stdout] warning: unused import: `OMatrix`
[INFO] [stdout]  --> src/chapter4/main.rs:7:24
[INFO] [stdout]   |
[INFO] [stdout] 7 | use na::{DVector, Dyn, OMatrix};
[INFO] [stdout]   |                        ^^^^^^^
[INFO] [stdout] 
[INFO] [stdout] 
[INFO] [stdout] warning: unused variable: `train_img_label`
[INFO] [stdout]   --> src/chapter3/show_mnist.rs:10:9
[INFO] [stdout]    |
[INFO] [stdout] 10 |     let train_img_label = mnist::load_label(mnist::DatasetType::TestLabel, &dataset_dir);
[INFO] [stdout]    |         ^^^^^^^^^^^^^^^ help: if this is intentional, prefix it with an underscore: `_train_img_label`
[INFO] [stdout]    |
[INFO] [stdout]    = note: `#[warn(unused_variables)]` on by default
[INFO] [stdout] 
[INFO] [stdout] 
[INFO] [stdout] warning: function `softmax` is never used
[INFO] [stdout]   --> src/chapter3/main.rs:60:4
[INFO] [stdout]    |
[INFO] [stdout] 60 | fn softmax(x: na::RowDVector<f64>) -> RowDVector<f64> {
[INFO] [stdout]    |    ^^^^^^^
[INFO] [stdout]    |
[INFO] [stdout]    = note: `#[warn(dead_code)]` on by default
[INFO] [stdout] 
[INFO] [stdout] 
[INFO] [stdout] warning: unused variable: `dout`
[INFO] [stdout]   --> src/chapter5/layers/softmax_with_loss_layer.rs:23:29
[INFO] [stdout]    |
[INFO] [stdout] 23 |     pub fn backwards(&self, dout: f64) -> na::DMatrix<f64> {
[INFO] [stdout]    |                             ^^^^ help: if this is intentional, prefix it with an underscore: `_dout`
[INFO] [stdout]    |
[INFO] [stdout]    = note: `#[warn(unused_variables)]` on by default
[INFO] [stdout] 
[INFO] [stdout] 
[INFO] [stdout] warning: unused variable: `net`
[INFO] [stdout]    --> src/chapter4/simple_net.rs:129:9
[INFO] [stdout]     |
[INFO] [stdout] 129 |     let net = SimpleNet::new();
[INFO] [stdout]     |         ^^^ help: if this is intentional, prefix it with an underscore: `_net`
[INFO] [stdout]     |
[INFO] [stdout]     = note: `#[warn(unused_variables)]` on by default
[INFO] [stdout] 
[INFO] [stdout] 
[INFO] [stdout] warning: unused variable: `test_img`
[INFO] [stdout]    --> src/chapter5/two_layer_net.rs:225:9
[INFO] [stdout]     |
[INFO] [stdout] 225 |     let test_img = load_normalised_image(DatasetType::TestImg, &dataset_dir).flatten();
[INFO] [stdout]     |         ^^^^^^^^ help: if this is intentional, prefix it with an underscore: `_test_img`
[INFO] [stdout] 
[INFO] [stdout] 
[INFO] [stdout] warning: unused variable: `test_label`
[INFO] [stdout]    --> src/chapter5/two_layer_net.rs:226:9
[INFO] [stdout]     |
[INFO] [stdout] 226 |     let test_label = load_label(DatasetType::TestLabel, &dataset_dir).as_one_hot();
[INFO] [stdout]     |         ^^^^^^^^^^ help: if this is intentional, prefix it with an underscore: `_test_label`
[INFO] [stdout] 
[INFO] [stdout] 
[INFO] [stdout] warning: variable does not need to be mutable
[INFO] [stdout]    --> src/chapter5/two_layer_net.rs:294:9
[INFO] [stdout]     |
[INFO] [stdout] 294 |     let mut network = TwoLayerNet::new(784, 50, 10);
[INFO] [stdout]     |         ----^^^^^^^
[INFO] [stdout]     |         |
[INFO] [stdout]     |         help: remove this `mut`
[INFO] [stdout]     |
[INFO] [stdout]     = note: `#[warn(unused_mut)]` on by default
[INFO] [stdout] 
[INFO] [stdout] 
[INFO] [stdout] warning: function `sum_squared_error` is never used
[INFO] [stdout]   --> src/chapter4/main.rs:45:4
[INFO] [stdout]    |
[INFO] [stdout] 45 | fn sum_squared_error(y: na::DVector<f64>, t: na::DVector<u8>) -> f64 {
[INFO] [stdout]    |    ^^^^^^^^^^^^^^^^^
[INFO] [stdout]    |
[INFO] [stdout]    = note: `#[warn(dead_code)]` on by default
[INFO] [stdout] 
[INFO] [stdout] 
[INFO] [stdout] warning: method `numerical_gradient_vec` is never used
[INFO] [stdout]   --> src/chapter4/simple_net.rs:70:8
[INFO] [stdout]    |
[INFO] [stdout] 11 | impl SimpleNet {
[INFO] [stdout]    | -------------- method in this implementation
[INFO] [stdout] ...
[INFO] [stdout] 70 |     fn numerical_gradient_vec(
[INFO] [stdout]    |        ^^^^^^^^^^^^^^^^^^^^^^
[INFO] [stdout] 
[INFO] [stdout] 
[INFO] [stdout] warning: function `funtion_2` is never used
[INFO] [stdout]    --> src/chapter4/simple_net.rs:126:8
[INFO] [stdout]     |
[INFO] [stdout] 126 |     fn funtion_2(x: &na::DVector<f64>) -> f64 {
[INFO] [stdout]     |        ^^^^^^^^^
[INFO] [stdout] 
[INFO] [stdout] 
[INFO] [stdout] warning: 5 warnings emitted
[INFO] [stdout] 
[INFO] [stdout] 
[INFO] [stdout] warning: 2 warnings emitted
[INFO] [stdout] 
[INFO] [stdout] 
[INFO] [stdout] warning: 7 warnings emitted
[INFO] [stdout] 
[INFO] [stdout] 
[INFO] [stderr]     Finished test [unoptimized + debuginfo] target(s) in 7.20s
[INFO] running `Command { std: "docker" "inspect" "0b8f39bd43eeba75d4b06a7d3c57297dbd63b1a0bcc2e2dcdf512c234e58c822", kill_on_drop: false }`
[INFO] running `Command { std: "docker" "rm" "-f" "0b8f39bd43eeba75d4b06a7d3c57297dbd63b1a0bcc2e2dcdf512c234e58c822", kill_on_drop: false }`
[INFO] [stdout] 0b8f39bd43eeba75d4b06a7d3c57297dbd63b1a0bcc2e2dcdf512c234e58c822
[INFO] running `Command { std: "docker" "create" "-v" "/var/lib/crater-agent-workspace/builds/worker-6-tc1/target:/opt/rustwide/target:rw,Z" "-v" "/var/lib/crater-agent-workspace/builds/worker-6-tc1/source:/opt/rustwide/workdir:ro,Z" "-v" "/var/lib/crater-agent-workspace/cargo-home:/opt/rustwide/cargo-home:ro,Z" "-v" "/var/lib/crater-agent-workspace/rustup-home:/opt/rustwide/rustup-home:ro,Z" "-e" "SOURCE_DIR=/opt/rustwide/workdir" "-e" "CARGO_TARGET_DIR=/opt/rustwide/target" "-e" "CARGO_INCREMENTAL=0" "-e" "RUST_BACKTRACE=full" "-e" "RUSTFLAGS=--cap-lints=warn" "-e" "RUSTDOCFLAGS=--cap-lints=warn" "-e" "CARGO_HOME=/opt/rustwide/cargo-home" "-e" "RUSTUP_HOME=/opt/rustwide/rustup-home" "-w" "/opt/rustwide/workdir" "-m" "1610612736" "--user" "0:0" "--network" "none" "ghcr.io/rust-lang/crates-build-env/linux@sha256:2788e3201cd34a07e3172128adcd8b3090168a8e3bcc40d7c032b9dda1df7d1c" "/opt/rustwide/cargo-home/bin/cargo" "+1.75.0" "test" "--frozen", kill_on_drop: false }`
[INFO] [stdout] 1404e8109df8e38de007d4d1a887d94e07c60b208ebff6e4aa1d2a923b30abe1
[INFO] running `Command { std: "docker" "start" "-a" "1404e8109df8e38de007d4d1a887d94e07c60b208ebff6e4aa1d2a923b30abe1", kill_on_drop: false }`
[INFO] [stderr] warning: unused import: `Ref`
[INFO] [stderr]  --> src/chapter5/two_layer_net.rs:2:12
[INFO] [stderr]   |
[INFO] [stderr] 2 |     cell::{Ref, RefCell},
[INFO] [stderr]   |            ^^^
[INFO] [stderr]   |
[INFO] [stderr]   = note: `#[warn(unused_imports)]` on by default
[INFO] [stderr] 
[INFO] [stderr] warning: unused variable: `dout`
[INFO] [stderr]   --> src/chapter5/layers/softmax_with_loss_layer.rs:23:29
[INFO] [stderr]    |
[INFO] [stderr] 23 |     pub fn backwards(&self, dout: f64) -> na::DMatrix<f64> {
[INFO] [stderr]    |                             ^^^^ help: if this is intentional, prefix it with an underscore: `_dout`
[INFO] [stderr]    |
[INFO] [stderr]    = note: `#[warn(unused_variables)]` on by default
[INFO] [stderr] 
[INFO] [stderr] warning: unused variable: `test_img`
[INFO] [stderr]    --> src/chapter5/two_layer_net.rs:225:9
[INFO] [stderr]     |
[INFO] [stderr] 225 |     let test_img = load_normalised_image(DatasetType::TestImg, &dataset_dir).flatten();
[INFO] [stderr]     |         ^^^^^^^^ help: if this is intentional, prefix it with an underscore: `_test_img`
[INFO] [stderr] 
[INFO] [stderr] warning: unused variable: `test_label`
[INFO] [stderr]    --> src/chapter5/two_layer_net.rs:226:9
[INFO] [stderr]     |
[INFO] [stderr] 226 |     let test_label = load_label(DatasetType::TestLabel, &dataset_dir).as_one_hot();
[INFO] [stderr]     |         ^^^^^^^^^^ help: if this is intentional, prefix it with an underscore: `_test_label`
[INFO] [stderr] 
[INFO] [stderr] warning: variable does not need to be mutable
[INFO] [stderr]    --> src/chapter5/two_layer_net.rs:294:9
[INFO] [stderr]     |
[INFO] [stderr] 294 |     let mut network = TwoLayerNet::new(784, 50, 10);
[INFO] [stderr]     |         ----^^^^^^^
[INFO] [stderr]     |         |
[INFO] [stderr]     |         help: remove this `mut`
[INFO] [stderr]     |
[INFO] [stderr]     = note: `#[warn(unused_mut)]` on by default
[INFO] [stderr] 
[INFO] [stderr] warning: unused import: `std::ops::Deref`
[INFO] [stderr]  --> src/chapter4/simple_net.rs:1:5
[INFO] [stderr]   |
[INFO] [stderr] 1 | use std::ops::Deref;
[INFO] [stderr]   |     ^^^^^^^^^^^^^^^
[INFO] [stderr]   |
[INFO] [stderr]   = note: `#[warn(unused_imports)]` on by default
[INFO] [stderr] 
[INFO] [stderr] warning: unused import: `DMatrix`
[INFO] [stderr]  --> src/chapter4/simple_net.rs:3:16
[INFO] [stderr]   |
[INFO] [stderr] 3 | use nalgebra::{DMatrix, DVector};
[INFO] [stderr]   |                ^^^^^^^
[INFO] [stderr] 
[INFO] [stderr] warning: unused import: `OMatrix`
[INFO] [stderr]  --> src/chapter4/main.rs:7:24
[INFO] [stderr]   |
[INFO] [stderr] 7 | use na::{DVector, Dyn, OMatrix};
[INFO] [stderr]   |                        ^^^^^^^
[INFO] [stderr] 
[INFO] [stderr] warning: unused variable: `net`
[INFO] [stderr]    --> src/chapter4/simple_net.rs:129:9
[INFO] [stderr]     |
[INFO] [stderr] 129 |     let net = SimpleNet::new();
[INFO] [stderr]     |         ^^^ help: if this is intentional, prefix it with an underscore: `_net`
[INFO] [stderr]     |
[INFO] [stderr]     = note: `#[warn(unused_variables)]` on by default
[INFO] [stderr] 
[INFO] [stderr] warning: function `sum_squared_error` is never used
[INFO] [stderr]   --> src/chapter4/main.rs:45:4
[INFO] [stderr]    |
[INFO] [stderr] 45 | fn sum_squared_error(y: na::DVector<f64>, t: na::DVector<u8>) -> f64 {
[INFO] [stderr]    |    ^^^^^^^^^^^^^^^^^
[INFO] [stderr]    |
[INFO] [stderr]    = note: `#[warn(dead_code)]` on by default
[INFO] [stderr] 
[INFO] [stderr] warning: method `numerical_gradient_vec` is never used
[INFO] [stderr]   --> src/chapter4/simple_net.rs:70:8
[INFO] [stderr]    |
[INFO] [stderr] 11 | impl SimpleNet {
[INFO] [stderr]    | -------------- method in this implementation
[INFO] [stderr] ...
[INFO] [stderr] 70 |     fn numerical_gradient_vec(
[INFO] [stderr]    |        ^^^^^^^^^^^^^^^^^^^^^^
[INFO] [stderr] 
[INFO] [stderr] warning: function `funtion_2` is never used
[INFO] [stderr]    --> src/chapter4/simple_net.rs:126:8
[INFO] [stderr]     |
[INFO] [stderr] 126 |     fn funtion_2(x: &na::DVector<f64>) -> f64 {
[INFO] [stderr]     |        ^^^^^^^^^
[INFO] [stderr] 
[INFO] [stderr] warning: unused variable: `train_img_label`
[INFO] [stderr]   --> src/chapter3/show_mnist.rs:10:9
[INFO] [stderr]    |
[INFO] [stderr] 10 |     let train_img_label = mnist::load_label(mnist::DatasetType::TestLabel, &dataset_dir);
[INFO] [stderr]    |         ^^^^^^^^^^^^^^^ help: if this is intentional, prefix it with an underscore: `_train_img_label`
[INFO] [stderr]    |
[INFO] [stderr]    = note: `#[warn(unused_variables)]` on by default
[INFO] [stderr] 
[INFO] [stderr] warning: function `softmax` is never used
[INFO] [stderr]   --> src/chapter3/main.rs:60:4
[INFO] [stderr]    |
[INFO] [stderr] 60 | fn softmax(x: na::RowDVector<f64>) -> RowDVector<f64> {
[INFO] [stderr]    |    ^^^^^^^
[INFO] [stderr]    |
[INFO] [stderr]    = note: `#[warn(dead_code)]` on by default
[INFO] [stderr] 
[INFO] [stderr] warning: `oreilly_deep_learning` (bin "oreilly_deep_learning_chapter5" test) generated 5 warnings (run `cargo fix --bin "oreilly_deep_learning_chapter5" --tests` to apply 5 suggestions)
[INFO] [stderr] warning: `oreilly_deep_learning` (bin "oreilly_deep_learning_chapter4" test) generated 7 warnings (run `cargo fix --bin "oreilly_deep_learning_chapter4" --tests` to apply 4 suggestions)
[INFO] [stderr] warning: `oreilly_deep_learning` (bin "oreilly_deep_learning_chapter3" test) generated 2 warnings (run `cargo fix --bin "oreilly_deep_learning_chapter3" --tests` to apply 1 suggestion)
[INFO] [stderr]     Finished test [unoptimized + debuginfo] target(s) in 0.30s
[INFO] [stderr]      Running unittests src/chapter2/main.rs (/opt/rustwide/target/debug/deps/oreilly_deep_learning_chapter2-5cf9640424188af2)
[INFO] [stdout] 
[INFO] [stdout] running 4 tests
[INFO] [stdout] test test_and ... ok
[INFO] [stdout] test test_nand ... ok
[INFO] [stdout] test test_or ... ok
[INFO] [stdout] test test_xor ... ok
[INFO] [stdout] 
[INFO] [stdout] test result: ok. 4 passed; 0 failed; 0 ignored; 0 measured; 0 filtered out; finished in 0.00s
[INFO] [stdout] 
[INFO] [stderr]      Running unittests src/chapter3/main.rs (/opt/rustwide/target/debug/deps/oreilly_deep_learning_chapter3-b104efc258920a11)
[INFO] [stdout] 
[INFO] [stdout] running 5 tests
[INFO] [stdout] test test_forward ... ok
[INFO] [stdout] test show_mnist::test_img_show ... FAILED
[INFO] [stdout] test test_relu ... ok
[INFO] [stdout] test test_sigmoid ... ok
[INFO] [stdout] test test_step_function ... ok
[INFO] [stdout] 
[INFO] [stdout] failures:
[INFO] [stdout] 
[INFO] [stdout] ---- show_mnist::test_img_show stdout ----
[INFO] [stdout] downloading train-images-idx3-ubyte.gz now in progress...
[INFO] [stdout] thread 'show_mnist::test_img_show' panicked at mylib/src/mnist.rs:146:10:
[INFO] [stdout] called `Result::unwrap()` on an `Err` value: reqwest::Error { kind: Request, url: Url { scheme: "http", cannot_be_a_base: false, username: "", password: None, host: Some(Domain("yann.lecun.com")), port: None, path: "/exdb/mnist/train-images-idx3-ubyte.gz", query: None, fragment: None }, source: hyper::Error(Connect, ConnectError("dns error", Custom { kind: Uncategorized, error: "failed to lookup address information: Temporary failure in name resolution" })) }
[INFO] [stdout] stack backtrace:
[INFO] [stdout]    0:     0x5578ca41c7fc - std::backtrace_rs::backtrace::libunwind::trace::ha637c64ce894333a
[INFO] [stdout]                                at /rustc/82e1608dfa6e0b5569232559e3d385fea5a93112/library/std/src/../../backtrace/src/backtrace/libunwind.rs:104:5
[INFO] [stdout]    1:     0x5578ca41c7fc - std::backtrace_rs::backtrace::trace_unsynchronized::h47f62dea28e0c88d
[INFO] [stdout]                                at /rustc/82e1608dfa6e0b5569232559e3d385fea5a93112/library/std/src/../../backtrace/src/backtrace/mod.rs:66:5
[INFO] [stdout]    2:     0x5578ca41c7fc - std::sys_common::backtrace::_print_fmt::h9eef0abe20ede486
[INFO] [stdout]                                at /rustc/82e1608dfa6e0b5569232559e3d385fea5a93112/library/std/src/sys_common/backtrace.rs:67:5
[INFO] [stdout]    3:     0x5578ca41c7fc - <std::sys_common::backtrace::_print::DisplayBacktrace as core::fmt::Display>::fmt::hed7f999df88cc644
[INFO] [stdout]                                at /rustc/82e1608dfa6e0b5569232559e3d385fea5a93112/library/std/src/sys_common/backtrace.rs:44:22
[INFO] [stdout]    4:     0x5578ca44bc80 - core::fmt::rt::Argument::fmt::h1539a9308b8d058d
[INFO] [stdout]                                at /rustc/82e1608dfa6e0b5569232559e3d385fea5a93112/library/core/src/fmt/rt.rs:142:9
[INFO] [stdout]    5:     0x5578ca44bc80 - core::fmt::write::h3a39390d8560d9c9
[INFO] [stdout]                                at /rustc/82e1608dfa6e0b5569232559e3d385fea5a93112/library/core/src/fmt/mod.rs:1120:17
[INFO] [stdout]    6:     0x5578ca41964f - std::io::Write::write_fmt::h040b369f3a0f9cbc
[INFO] [stdout]                                at /rustc/82e1608dfa6e0b5569232559e3d385fea5a93112/library/std/src/io/mod.rs:1762:15
[INFO] [stdout]    7:     0x5578ca41c5e4 - std::sys_common::backtrace::_print::h894006fb5c6f3d45
[INFO] [stdout]                                at /rustc/82e1608dfa6e0b5569232559e3d385fea5a93112/library/std/src/sys_common/backtrace.rs:47:5
[INFO] [stdout]    8:     0x5578ca41c5e4 - std::sys_common::backtrace::print::h23a2d212c6fff936
[INFO] [stdout]                                at /rustc/82e1608dfa6e0b5569232559e3d385fea5a93112/library/std/src/sys_common/backtrace.rs:34:9
[INFO] [stdout]    9:     0x5578ca41e2a7 - std::panicking::default_hook::{{closure}}::h8a1d2ee00185001a
[INFO] [stdout]   10:     0x5578ca41df93 - std::panicking::default_hook::h6038f2eba384e475
[INFO] [stdout]                                at /rustc/82e1608dfa6e0b5569232559e3d385fea5a93112/library/std/src/panicking.rs:289:9
[INFO] [stdout]   11:     0x5578c9d43a97 - <alloc::boxed::Box<F,A> as core::ops::function::Fn<Args>>::call::h0ad024c9bdc6d768
[INFO] [stdout]                                at /rustc/82e1608dfa6e0b5569232559e3d385fea5a93112/library/alloc/src/boxed.rs:2021:9
[INFO] [stdout]   12:     0x5578c9d43a97 - test::test_main::{{closure}}::h7500b54257359db6
[INFO] [stdout]                                at /rustc/82e1608dfa6e0b5569232559e3d385fea5a93112/library/test/src/lib.rs:138:21
[INFO] [stdout]   13:     0x5578ca41e8b8 - <alloc::boxed::Box<F,A> as core::ops::function::Fn<Args>>::call::h1f8f335eaa9cfaee
[INFO] [stdout]                                at /rustc/82e1608dfa6e0b5569232559e3d385fea5a93112/library/alloc/src/boxed.rs:2021:9
[INFO] [stdout]   14:     0x5578ca41e8b8 - std::panicking::rust_panic_with_hook::h2b5517d590cab22e
[INFO] [stdout]                                at /rustc/82e1608dfa6e0b5569232559e3d385fea5a93112/library/std/src/panicking.rs:783:13
[INFO] [stdout]   15:     0x5578ca41e60e - std::panicking::begin_panic_handler::{{closure}}::h233112c06e0ef43e
[INFO] [stdout]                                at /rustc/82e1608dfa6e0b5569232559e3d385fea5a93112/library/std/src/panicking.rs:657:13
[INFO] [stdout]   16:     0x5578ca41ccc6 - std::sys_common::backtrace::__rust_end_short_backtrace::h6e893f24d7ebbff8
[INFO] [stdout]                                at /rustc/82e1608dfa6e0b5569232559e3d385fea5a93112/library/std/src/sys_common/backtrace.rs:170:18
[INFO] [stdout]   17:     0x5578ca41e372 - rust_begin_unwind
[INFO] [stdout]                                at /rustc/82e1608dfa6e0b5569232559e3d385fea5a93112/library/std/src/panicking.rs:645:5
[INFO] [stdout]   18:     0x5578c9c9f735 - core::panicking::panic_fmt::hbf0e066aabfa482c
[INFO] [stdout]                                at /rustc/82e1608dfa6e0b5569232559e3d385fea5a93112/library/core/src/panicking.rs:72:14
[INFO] [stdout]   19:     0x5578c9c9fd63 - core::result::unwrap_failed::hddb4fea594200c52
[INFO] [stdout]                                at /rustc/82e1608dfa6e0b5569232559e3d385fea5a93112/library/core/src/result.rs:1653:5
[INFO] [stdout]   20:     0x5578c9f86c5d - core::result::Result<T,E>::unwrap::h2f974804222a48ec
[INFO] [stdout]                                at /rustc/82e1608dfa6e0b5569232559e3d385fea5a93112/library/core/src/result.rs:1077:23
[INFO] [stdout]   21:     0x5578c9f820e9 - mylib::mnist::download::h4a65f9e31a6bcbf2
[INFO] [stdout]                                at /opt/rustwide/workdir/mylib/src/mnist.rs:139:17
[INFO] [stdout]   22:     0x5578c9f81ddd - mylib::mnist::init_mnist::{{closure}}::he98c8ce9e65deb39
[INFO] [stdout]                                at /opt/rustwide/workdir/mylib/src/mnist.rs:126:23
[INFO] [stdout]   23:     0x5578c9f88424 - <core::slice::iter::Iter<T> as core::iter::traits::iterator::Iterator>::for_each::hf4f936d9dd53fb35
[INFO] [stdout]                                at /rustc/82e1608dfa6e0b5569232559e3d385fea5a93112/library/core/src/slice/iter/macros.rs:254:21
[INFO] [stdout]   24:     0x5578c9f81b81 - mylib::mnist::init_mnist::h1fb41f8f0ebfe79e
[INFO] [stdout]                                at /opt/rustwide/workdir/mylib/src/mnist.rs:124:5
[INFO] [stdout]   25:     0x5578c9cfc2fc - oreilly_deep_learning_chapter3::show_mnist::img_show::h771fe305d86e9383
[INFO] [stdout]                                at /opt/rustwide/workdir/src/chapter3/show_mnist.rs:7:5
[INFO] [stdout]   26:     0x5578c9cfc896 - oreilly_deep_learning_chapter3::show_mnist::test_img_show::hd71d271824e61d65
[INFO] [stdout]                                at /opt/rustwide/workdir/src/chapter3/show_mnist.rs:31:5
[INFO] [stdout]   27:     0x5578c9cfc877 - oreilly_deep_learning_chapter3::show_mnist::test_img_show::{{closure}}::h3d13fe910bf2fcdf
[INFO] [stdout]                                at /opt/rustwide/workdir/src/chapter3/show_mnist.rs:30:19
[INFO] [stdout]   28:     0x5578c9ce0816 - core::ops::function::FnOnce::call_once::h13263a897a141586
[INFO] [stdout]                                at /rustc/82e1608dfa6e0b5569232559e3d385fea5a93112/library/core/src/ops/function.rs:250:5
[INFO] [stdout]   29:     0x5578c9d490ef - core::ops::function::FnOnce::call_once::h2b5d431d5046312d
[INFO] [stdout]                                at /rustc/82e1608dfa6e0b5569232559e3d385fea5a93112/library/core/src/ops/function.rs:250:5
[INFO] [stdout]   30:     0x5578c9d490ef - test::__rust_begin_short_backtrace::h7714669af176e207
[INFO] [stdout]                                at /rustc/82e1608dfa6e0b5569232559e3d385fea5a93112/library/test/src/lib.rs:628:18
[INFO] [stdout]   31:     0x5578c9d48105 - test::run_test_in_process::{{closure}}::h85218797dcbcec12
[INFO] [stdout]                                at /rustc/82e1608dfa6e0b5569232559e3d385fea5a93112/library/test/src/lib.rs:651:60
[INFO] [stdout]   32:     0x5578c9d48105 - <core::panic::unwind_safe::AssertUnwindSafe<F> as core::ops::function::FnOnce<()>>::call_once::h76c106ea31c14d7b
[INFO] [stdout]                                at /rustc/82e1608dfa6e0b5569232559e3d385fea5a93112/library/core/src/panic/unwind_safe.rs:272:9
[INFO] [stdout]   33:     0x5578c9d48105 - std::panicking::try::do_call::h3bd5d0f6620ee946
[INFO] [stdout]                                at /rustc/82e1608dfa6e0b5569232559e3d385fea5a93112/library/std/src/panicking.rs:552:40
[INFO] [stdout]   34:     0x5578c9d48105 - std::panicking::try::h232e535e4744fe31
[INFO] [stdout]                                at /rustc/82e1608dfa6e0b5569232559e3d385fea5a93112/library/std/src/panicking.rs:516:19
[INFO] [stdout]   35:     0x5578c9d48105 - std::panic::catch_unwind::h3ce3bd6ca8dbac68
[INFO] [stdout]                                at /rustc/82e1608dfa6e0b5569232559e3d385fea5a93112/library/std/src/panic.rs:142:14
[INFO] [stdout]   36:     0x5578c9d48105 - test::run_test_in_process::hc97b257c9621286a
[INFO] [stdout]                                at /rustc/82e1608dfa6e0b5569232559e3d385fea5a93112/library/test/src/lib.rs:651:27
[INFO] [stdout]   37:     0x5578c9d48105 - test::run_test::{{closure}}::h2aa798823a438d38
[INFO] [stdout]                                at /rustc/82e1608dfa6e0b5569232559e3d385fea5a93112/library/test/src/lib.rs:574:43
[INFO] [stdout]   38:     0x5578c9d103c6 - test::run_test::{{closure}}::h87d231c78fb59832
[INFO] [stdout]                                at /rustc/82e1608dfa6e0b5569232559e3d385fea5a93112/library/test/src/lib.rs:602:41
[INFO] [stdout]   39:     0x5578c9d103c6 - std::sys_common::backtrace::__rust_begin_short_backtrace::he6df152596625789
[INFO] [stdout]                                at /rustc/82e1608dfa6e0b5569232559e3d385fea5a93112/library/std/src/sys_common/backtrace.rs:154:18
[INFO] [stdout]   40:     0x5578c9d15477 - std::thread::Builder::spawn_unchecked_::{{closure}}::{{closure}}::ha94be15d1e0acf36
[INFO] [stdout]                                at /rustc/82e1608dfa6e0b5569232559e3d385fea5a93112/library/std/src/thread/mod.rs:529:17
[INFO] [stdout]   41:     0x5578c9d15477 - <core::panic::unwind_safe::AssertUnwindSafe<F> as core::ops::function::FnOnce<()>>::call_once::h9dc6bd6372f16606
[INFO] [stdout]                                at /rustc/82e1608dfa6e0b5569232559e3d385fea5a93112/library/core/src/panic/unwind_safe.rs:272:9
[INFO] [stdout]   42:     0x5578c9d15477 - std::panicking::try::do_call::h9057517f80303cd4
[INFO] [stdout]                                at /rustc/82e1608dfa6e0b5569232559e3d385fea5a93112/library/std/src/panicking.rs:552:40
[INFO] [stdout]   43:     0x5578c9d15477 - std::panicking::try::he3a30b11ee45340c
[INFO] [stdout]                                at /rustc/82e1608dfa6e0b5569232559e3d385fea5a93112/library/std/src/panicking.rs:516:19
[INFO] [stdout]   44:     0x5578c9d15477 - std::panic::catch_unwind::h410458cfd3528b8b
[INFO] [stdout]                                at /rustc/82e1608dfa6e0b5569232559e3d385fea5a93112/library/std/src/panic.rs:142:14
[INFO] [stdout]   45:     0x5578c9d15477 - std::thread::Builder::spawn_unchecked_::{{closure}}::h72ac3bdb567b737b
[INFO] [stdout]                                at /rustc/82e1608dfa6e0b5569232559e3d385fea5a93112/library/std/src/thread/mod.rs:528:30
[INFO] [stdout]   46:     0x5578c9d15477 - core::ops::function::FnOnce::call_once{{vtable.shim}}::h38f34da3654a8344
[INFO] [stdout]                                at /rustc/82e1608dfa6e0b5569232559e3d385fea5a93112/library/core/src/ops/function.rs:250:5
[INFO] [stdout]   47:     0x5578ca423a55 - <alloc::boxed::Box<F,A> as core::ops::function::FnOnce<Args>>::call_once::hc7eafaff61e32df9
[INFO] [stdout]                                at /rustc/82e1608dfa6e0b5569232559e3d385fea5a93112/library/alloc/src/boxed.rs:2007:9
[INFO] [stdout]   48:     0x5578ca423a55 - <alloc::boxed::Box<F,A> as core::ops::function::FnOnce<Args>>::call_once::h6ba4a5de48dd2304
[INFO] [stdout]                                at /rustc/82e1608dfa6e0b5569232559e3d385fea5a93112/library/alloc/src/boxed.rs:2007:9
[INFO] [stdout]   49:     0x5578ca423a55 - std::sys::unix::thread::Thread::new::thread_start::he469335aef763e45
[INFO] [stdout]                                at /rustc/82e1608dfa6e0b5569232559e3d385fea5a93112/library/std/src/sys/unix/thread.rs:108:17
[INFO] [stdout]   50:     0x7f571c27dac3 - <unknown>
[INFO] [stdout]   51:     0x7f571c30ebf4 - __clone
[INFO] [stdout]   52:                0x0 - <unknown>
[INFO] [stdout] 
[INFO] [stdout] 
[INFO] [stdout] failures:
[INFO] [stdout]     show_mnist::test_img_show
[INFO] [stdout] 
[INFO] [stdout] test result: FAILED. 4 passed; 1 failed; 0 ignored; 0 measured; 0 filtered out; finished in 0.15s
[INFO] [stdout] 
[INFO] [stderr] error: test failed, to rerun pass `--bin oreilly_deep_learning_chapter3`
[INFO] running `Command { std: "docker" "inspect" "1404e8109df8e38de007d4d1a887d94e07c60b208ebff6e4aa1d2a923b30abe1", kill_on_drop: false }`
[INFO] running `Command { std: "docker" "rm" "-f" "1404e8109df8e38de007d4d1a887d94e07c60b208ebff6e4aa1d2a923b30abe1", kill_on_drop: false }`
[INFO] [stdout] 1404e8109df8e38de007d4d1a887d94e07c60b208ebff6e4aa1d2a923b30abe1
[INFO] testing Mikndesu/O-reilly-Deep-Learning against beta-2023-12-22 for beta-1.76-1
[INFO] running `Command { std: "git" "clone" "/workspace/cache/git-repos/https%3A%2F%2Fgithub.com%2FMikndesu%2FO-reilly-Deep-Learning" "/workspace/builds/worker-6-tc2/source", kill_on_drop: false }`
[INFO] [stderr] Cloning into '/workspace/builds/worker-6-tc2/source'...
[INFO] [stderr] done.
[INFO] validating manifest of git repo https://github.com/Mikndesu/O-reilly-Deep-Learning on toolchain beta-2023-12-22
[INFO] running `Command { std: CARGO_HOME="/workspace/cargo-home" RUSTUP_HOME="/workspace/rustup-home" "/workspace/cargo-home/bin/cargo" "+beta-2023-12-22" "metadata" "--manifest-path" "Cargo.toml" "--no-deps", kill_on_drop: false }`
[INFO] started tweaking git repo https://github.com/Mikndesu/O-reilly-Deep-Learning
[INFO] finished tweaking git repo https://github.com/Mikndesu/O-reilly-Deep-Learning
[INFO] tweaked toml for git repo https://github.com/Mikndesu/O-reilly-Deep-Learning written to /workspace/builds/worker-6-tc2/source/Cargo.toml
[INFO] crate git repo https://github.com/Mikndesu/O-reilly-Deep-Learning already has a lockfile, it will not be regenerated
[INFO] running `Command { std: CARGO_HOME="/workspace/cargo-home" RUSTUP_HOME="/workspace/rustup-home" "/workspace/cargo-home/bin/cargo" "+beta-2023-12-22" "fetch" "--manifest-path" "Cargo.toml", kill_on_drop: false }`
[INFO] running `Command { std: "docker" "create" "-v" "/var/lib/crater-agent-workspace/builds/worker-6-tc2/target:/opt/rustwide/target:rw,Z" "-v" "/var/lib/crater-agent-workspace/builds/worker-6-tc2/source:/opt/rustwide/workdir:ro,Z" "-v" "/var/lib/crater-agent-workspace/cargo-home:/opt/rustwide/cargo-home:ro,Z" "-v" "/var/lib/crater-agent-workspace/rustup-home:/opt/rustwide/rustup-home:ro,Z" "-e" "SOURCE_DIR=/opt/rustwide/workdir" "-e" "CARGO_TARGET_DIR=/opt/rustwide/target" "-e" "CARGO_HOME=/opt/rustwide/cargo-home" "-e" "RUSTUP_HOME=/opt/rustwide/rustup-home" "-w" "/opt/rustwide/workdir" "-m" "1610612736" "--user" "0:0" "--network" "none" "ghcr.io/rust-lang/crates-build-env/linux@sha256:2788e3201cd34a07e3172128adcd8b3090168a8e3bcc40d7c032b9dda1df7d1c" "/opt/rustwide/cargo-home/bin/cargo" "+beta-2023-12-22" "metadata" "--no-deps" "--format-version=1", kill_on_drop: false }`
[INFO] [stdout] 80f3d39e93475067f2ed81ca33960ddd9bce0bc690fd0fc822f801c70cafa8ca
[INFO] running `Command { std: "docker" "start" "-a" "80f3d39e93475067f2ed81ca33960ddd9bce0bc690fd0fc822f801c70cafa8ca", kill_on_drop: false }`
[INFO] running `Command { std: "docker" "inspect" "80f3d39e93475067f2ed81ca33960ddd9bce0bc690fd0fc822f801c70cafa8ca", kill_on_drop: false }`
[INFO] running `Command { std: "docker" "rm" "-f" "80f3d39e93475067f2ed81ca33960ddd9bce0bc690fd0fc822f801c70cafa8ca", kill_on_drop: false }`
[INFO] [stdout] 80f3d39e93475067f2ed81ca33960ddd9bce0bc690fd0fc822f801c70cafa8ca
[INFO] running `Command { std: "docker" "create" "-v" "/var/lib/crater-agent-workspace/builds/worker-6-tc2/target:/opt/rustwide/target:rw,Z" "-v" "/var/lib/crater-agent-workspace/builds/worker-6-tc2/source:/opt/rustwide/workdir:ro,Z" "-v" "/var/lib/crater-agent-workspace/cargo-home:/opt/rustwide/cargo-home:ro,Z" "-v" "/var/lib/crater-agent-workspace/rustup-home:/opt/rustwide/rustup-home:ro,Z" "-e" "SOURCE_DIR=/opt/rustwide/workdir" "-e" "CARGO_TARGET_DIR=/opt/rustwide/target" "-e" "CARGO_INCREMENTAL=0" "-e" "RUST_BACKTRACE=full" "-e" "RUSTFLAGS=--cap-lints=warn" "-e" "RUSTDOCFLAGS=--cap-lints=warn" "-e" "CARGO_HOME=/opt/rustwide/cargo-home" "-e" "RUSTUP_HOME=/opt/rustwide/rustup-home" "-w" "/opt/rustwide/workdir" "-m" "1610612736" "--user" "0:0" "--network" "none" "ghcr.io/rust-lang/crates-build-env/linux@sha256:2788e3201cd34a07e3172128adcd8b3090168a8e3bcc40d7c032b9dda1df7d1c" "/opt/rustwide/cargo-home/bin/cargo" "+beta-2023-12-22" "build" "--frozen" "--message-format=json", kill_on_drop: false }`
[INFO] [stdout] a26104af51fbf01a5497407604ddfe4d5f7f6a65e880e3eba6d8617b67260ca8
[INFO] running `Command { std: "docker" "start" "-a" "a26104af51fbf01a5497407604ddfe4d5f7f6a65e880e3eba6d8617b67260ca8", kill_on_drop: false }`
[INFO] [stderr]    Compiling autocfg v1.1.0
[INFO] [stderr]    Compiling cfg-if v1.0.0
[INFO] [stderr]    Compiling libc v0.2.151
[INFO] [stderr]    Compiling pkg-config v0.3.28
[INFO] [stderr]    Compiling libm v0.2.8
[INFO] [stderr]    Compiling proc-macro2 v1.0.75
[INFO] [stderr]    Compiling once_cell v1.19.0
[INFO] [stderr]    Compiling crossbeam-utils v0.8.18
[INFO] [stderr]    Compiling unicode-ident v1.0.12
[INFO] [stderr]    Compiling vcpkg v0.2.15
[INFO] [stderr]    Compiling pin-project-lite v0.2.13
[INFO] [stderr]    Compiling simd-adler32 v0.3.7
[INFO] [stderr]    Compiling rayon-core v1.12.0
[INFO] [stderr]    Compiling bytes v1.5.0
[INFO] [stderr]    Compiling bytemuck v1.14.0
[INFO] [stderr]    Compiling semver v1.0.21
[INFO] [stderr]    Compiling adler v1.0.2
[INFO] [stderr]    Compiling crc32fast v1.3.2
[INFO] [stderr]    Compiling miniz_oxide v0.7.1
[INFO] [stderr]    Compiling itoa v1.0.10
[INFO] [stderr]    Compiling scopeguard v1.2.0
[INFO] [stderr]    Compiling log v0.4.20
[INFO] [stderr]    Compiling futures-core v0.3.30
[INFO] [stderr]    Compiling tracing-core v0.1.32
[INFO] [stderr]    Compiling fnv v1.0.7
[INFO] [stderr]    Compiling num-traits v0.2.17
[INFO] [stderr]    Compiling lock_api v0.4.11
[INFO] [stderr]    Compiling slab v0.4.9
[INFO] [stderr]    Compiling num-integer v0.1.45
[INFO] [stderr]    Compiling num-rational v0.4.1
[INFO] [stderr]    Compiling foreign-types-shared v0.1.1
[INFO] [stderr]    Compiling either v1.9.0
[INFO] [stderr]    Compiling openssl v0.10.62
[INFO] [stderr]    Compiling rustc_version v0.4.0
[INFO] [stderr]    Compiling tracing v0.1.40
[INFO] [stderr]    Compiling foreign-types v0.3.2
[INFO] [stderr]    Compiling quote v1.0.35
[INFO] [stderr]    Compiling crossbeam-epoch v0.9.17
[INFO] [stderr]    Compiling spin v0.9.8
[INFO] [stderr]    Compiling flate2 v1.0.28
[INFO] [stderr]    Compiling http v0.2.11
[INFO] [stderr]    Compiling futures-sink v0.3.30
[INFO] [stderr]    Compiling weezl v0.1.7
[INFO] [stderr]    Compiling tinyvec_macros v0.1.1
[INFO] [stderr]    Compiling futures-io v0.3.30
[INFO] [stderr]    Compiling futures-task v0.3.30
[INFO] [stderr]    Compiling syn v2.0.48
[INFO] [stderr]    Compiling cc v1.0.83
[INFO] [stderr]    Compiling equivalent v1.0.1
[INFO] [stderr]    Compiling native-tls v0.2.11
[INFO] [stderr]    Compiling httparse v1.8.0
[INFO] [stderr]    Compiling hashbrown v0.14.3
[INFO] [stderr]    Compiling num_cpus v1.16.0
[INFO] [stderr]    Compiling crossbeam-deque v0.8.4
[INFO] [stderr]    Compiling socket2 v0.5.5
[INFO] [stderr]    Compiling mio v0.8.10
[INFO] [stderr]    Compiling bitflags v2.4.1
[INFO] [stderr]    Compiling bitflags v1.3.2
[INFO] [stderr]    Compiling pin-utils v0.1.0
[INFO] [stderr]    Compiling memchr v2.7.1
[INFO] [stderr]    Compiling getrandom v0.2.11
[INFO] [stderr]    Compiling flume v0.11.0
[INFO] [stderr]    Compiling pathfinder_simd v0.5.2
[INFO] [stderr]    Compiling tinyvec v1.6.0
[INFO] [stderr]    Compiling yeslogic-fontconfig-sys v3.2.0
[INFO] [stderr]    Compiling tokio v1.35.1
[INFO] [stderr]    Compiling zune-inflate v0.2.54
[INFO] [stderr]    Compiling fdeflate v0.3.3
[INFO] [stderr]    Compiling cmake v0.1.50
[INFO] [stderr]    Compiling serde v1.0.194
[INFO] [stderr]    Compiling percent-encoding v2.3.1
[INFO] [stderr]    Compiling indexmap v2.1.0
[INFO] [stderr]    Compiling futures-util v0.3.30
[INFO] [stderr]    Compiling paste v1.0.14
[INFO] [stderr]    Compiling color_quant v1.1.0
[INFO] [stderr]    Compiling rayon v1.8.0
[INFO] [stderr]    Compiling smallvec v1.11.2
[INFO] [stderr]    Compiling openssl-probe v0.1.5
[INFO] [stderr]    Compiling bit_field v0.10.2
[INFO] [stderr]    Compiling half v2.2.1
[INFO] [stderr]    Compiling lebe v0.5.2
[INFO] [stderr]    Compiling syn v1.0.109
[INFO] [stderr]    Compiling byteorder v1.5.0
[INFO] [stderr]    Compiling try-lock v0.2.5
[INFO] [stderr]    Compiling want v0.3.1
[INFO] [stderr]    Compiling unicode-normalization v0.1.22
[INFO] [stderr]    Compiling exr v1.71.0
[INFO] [stderr]    Compiling gif v0.12.0
[INFO] [stderr]    Compiling png v0.17.10
[INFO] [stderr]    Compiling http-body v0.4.6
[INFO] [stderr]    Compiling form_urlencoded v1.2.1
[INFO] [stderr]    Compiling openssl-sys v0.9.98
[INFO] [stderr]    Compiling freetype-sys v0.13.1
[INFO] [stderr]    Compiling rand_core v0.6.4
[INFO] [stderr]    Compiling futures-channel v0.3.30
[INFO] [stderr]    Compiling matrixmultiply v0.3.8
[INFO] [stderr]    Compiling safe_arch v0.7.1
[INFO] [stderr]    Compiling qoi v0.4.1
[INFO] [stderr]    Compiling libloading v0.8.1
[INFO] [stderr]    Compiling tower-service v0.3.2
[INFO] [stderr]    Compiling typenum v1.17.0
[INFO] [stderr]    Compiling httpdate v1.0.3
[INFO] [stderr]    Compiling unicode-bidi v0.3.14
[INFO] [stderr]    Compiling ppv-lite86 v0.2.17
[INFO] [stderr]    Compiling dlib v0.5.2
[INFO] [stderr]    Compiling wide v0.7.13
[INFO] [stderr]    Compiling approx v0.5.1
[INFO] [stderr]    Compiling rand_chacha v0.3.1
[INFO] [stderr]    Compiling idna v0.5.0
[INFO] [stderr]    Compiling num-complex v0.4.4
[INFO] [stderr]    Compiling dirs-sys-next v0.1.2
[INFO] [stderr]    Compiling const-cstr v0.3.0
[INFO] [stderr]    Compiling rawpointer v0.2.1
[INFO] [stderr]    Compiling plotters-backend v0.3.5
[INFO] [stderr]    Compiling font-kit v0.11.0
[INFO] [stderr]    Compiling same-file v1.0.6
[INFO] [stderr]    Compiling ryu v1.0.16
[INFO] [stderr]    Compiling walkdir v2.4.0
[INFO] [stderr]    Compiling url v2.5.0
[INFO] [stderr]    Compiling dirs-next v2.0.0
[INFO] [stderr]    Compiling pathfinder_geometry v0.5.1
[INFO] [stderr]    Compiling rand v0.8.5
[INFO] [stderr]    Compiling freetype v0.7.0
[INFO] [stderr]    Compiling encoding_rs v0.8.33
[INFO] [stderr]    Compiling iana-time-zone v0.1.59
[INFO] [stderr]    Compiling jpeg-decoder v0.3.0
[INFO] [stderr]    Compiling float-ord v0.2.0
[INFO] [stderr]    Compiling ipnet v2.9.0
[INFO] [stderr]    Compiling base64 v0.21.5
[INFO] [stderr]    Compiling mime v0.3.17
[INFO] [stderr]    Compiling lazy_static v1.4.0
[INFO] [stderr]    Compiling simba v0.8.1
[INFO] [stderr]    Compiling rand_distr v0.4.3
[INFO] [stderr]    Compiling chrono v0.4.31
[INFO] [stderr]    Compiling plotters-svg v0.3.5
[INFO] [stderr]    Compiling ttf-parser v0.17.1
[INFO] [stderr]    Compiling tiff v0.9.0
[INFO] [stderr]    Compiling tokio-util v0.7.10
[INFO] [stderr]    Compiling openssl-macros v0.1.1
[INFO] [stderr]    Compiling h2 v0.3.22
[INFO] [stderr]    Compiling image v0.24.7
[INFO] [stderr]    Compiling serde_urlencoded v0.7.1
[INFO] [stderr]    Compiling nalgebra-macros v0.2.1
[INFO] [stderr]    Compiling hyper v0.14.28
[INFO] [stderr]    Compiling plotters-bitmap v0.3.3
[INFO] [stderr]    Compiling plotters v0.3.5
[INFO] [stderr]    Compiling nalgebra v0.32.3
[INFO] [stderr]    Compiling tokio-native-tls v0.3.1
[INFO] [stderr]    Compiling hyper-tls v0.5.0
[INFO] [stderr]    Compiling reqwest v0.11.23
[INFO] [stderr]    Compiling mylib v0.1.0 (/opt/rustwide/workdir/mylib)
[INFO] [stderr]    Compiling oreilly_deep_learning v0.1.0 (/opt/rustwide/workdir)
[INFO] [stdout] warning: function `and` is never used
[INFO] [stdout]  --> src/chapter2/main.rs:3:4
[INFO] [stdout]   |
[INFO] [stdout] 3 | fn and(x1: f64, x2: f64) -> i32 {
[INFO] [stdout]   |    ^^^
[INFO] [stdout]   |
[INFO] [stdout]   = note: `#[warn(dead_code)]` on by default
[INFO] [stdout] 
[INFO] [stdout] 
[INFO] [stdout] warning: function `nand` is never used
[INFO] [stdout]   --> src/chapter2/main.rs:11:4
[INFO] [stdout]    |
[INFO] [stdout] 11 | fn nand(x1: f64, x2: f64) -> i32 {
[INFO] [stdout]    |    ^^^^
[INFO] [stdout] 
[INFO] [stdout] 
[INFO] [stdout] warning: function `or` is never used
[INFO] [stdout]   --> src/chapter2/main.rs:19:4
[INFO] [stdout]    |
[INFO] [stdout] 19 | fn or(x1: f64, x2: f64) -> i32 {
[INFO] [stdout]    |    ^^
[INFO] [stdout] 
[INFO] [stdout] 
[INFO] [stdout] warning: function `xor` is never used
[INFO] [stdout]   --> src/chapter2/main.rs:27:4
[INFO] [stdout]    |
[INFO] [stdout] 27 | fn xor(x1: f64, x2: f64) -> i32 {
[INFO] [stdout]    |    ^^^
[INFO] [stdout] 
[INFO] [stdout] 
[INFO] [stdout] warning: unused import: `Ref`
[INFO] [stdout]  --> src/chapter5/two_layer_net.rs:2:12
[INFO] [stdout]   |
[INFO] [stdout] 2 |     cell::{Ref, RefCell},
[INFO] [stdout]   |            ^^^
[INFO] [stdout]   |
[INFO] [stdout]   = note: `#[warn(unused_imports)]` on by default
[INFO] [stdout] 
[INFO] [stdout] 
[INFO] [stdout] warning: unused imports: `DatasetType`, `load_label`, `load_normalised_image`, `self`
[INFO] [stdout]  --> src/chapter5/two_layer_net.rs:7:20
[INFO] [stdout]   |
[INFO] [stdout] 7 | use mylib::mnist::{self, load_label, load_normalised_image, DatasetType};
[INFO] [stdout]   |                    ^^^^  ^^^^^^^^^^  ^^^^^^^^^^^^^^^^^^^^^  ^^^^^^^^^^^
[INFO] [stdout] 
[INFO] [stdout] 
[INFO] [stdout] warning: unused import: `dmatrix`
[INFO] [stdout]  --> src/chapter5/two_layer_net.rs:8:10
[INFO] [stdout]   |
[INFO] [stdout] 8 | use na::{dmatrix, DMatrix, Scalar};
[INFO] [stdout]   |          ^^^^^^^
[INFO] [stdout] 
[INFO] [stdout] 
[INFO] [stdout] warning: unused import: `std::ops::Deref`
[INFO] [stdout]  --> src/chapter4/simple_net.rs:1:5
[INFO] [stdout]   |
[INFO] [stdout] 1 | use std::ops::Deref;
[INFO] [stdout]   |     ^^^^^^^^^^^^^^^
[INFO] [stdout]   |
[INFO] [stdout]   = note: `#[warn(unused_imports)]` on by default
[INFO] [stdout] 
[INFO] [stdout] 
[INFO] [stdout] warning: unused import: `DMatrix`
[INFO] [stdout]  --> src/chapter4/simple_net.rs:3:16
[INFO] [stdout]   |
[INFO] [stdout] 3 | use nalgebra::{DMatrix, DVector};
[INFO] [stdout]   |                ^^^^^^^
[INFO] [stdout] 
[INFO] [stdout] 
[INFO] [stdout] warning: unused import: `OMatrix`
[INFO] [stdout]  --> src/chapter4/main.rs:7:24
[INFO] [stdout]   |
[INFO] [stdout] 7 | use na::{DVector, Dyn, OMatrix};
[INFO] [stdout]   |                        ^^^^^^^
[INFO] [stdout] 
[INFO] [stdout] 
[INFO] [stdout] warning: unused imports: `IntoFont`, `RED`, `WHITE`, `backend::BitMapBackend`, `chart::ChartBuilder`, `drawing::IntoDrawingArea`, `series::LineSeries`
[INFO] [stdout]   --> src/chapter3/main.rs:6:5
[INFO] [stdout]    |
[INFO] [stdout] 6  |     backend::BitMapBackend,
[INFO] [stdout]    |     ^^^^^^^^^^^^^^^^^^^^^^
[INFO] [stdout] 7  |     chart::ChartBuilder,
[INFO] [stdout]    |     ^^^^^^^^^^^^^^^^^^^
[INFO] [stdout] 8  |     drawing::IntoDrawingArea,
[INFO] [stdout]    |     ^^^^^^^^^^^^^^^^^^^^^^^^
[INFO] [stdout] 9  |     series::LineSeries,
[INFO] [stdout]    |     ^^^^^^^^^^^^^^^^^^
[INFO] [stdout] 10 |     style::{IntoFont, RED, WHITE},
[INFO] [stdout]    |             ^^^^^^^^  ^^^  ^^^^^
[INFO] [stdout]    |
[INFO] [stdout]    = note: `#[warn(unused_imports)]` on by default
[INFO] [stdout] 
[INFO] [stdout] 
[INFO] [stdout] warning: unused variable: `train_img_label`
[INFO] [stdout]   --> src/chapter3/show_mnist.rs:10:9
[INFO] [stdout]    |
[INFO] [stdout] 10 |     let train_img_label = mnist::load_label(mnist::DatasetType::TestLabel, &dataset_dir);
[INFO] [stdout]    |         ^^^^^^^^^^^^^^^ help: if this is intentional, prefix it with an underscore: `_train_img_label`
[INFO] [stdout]    |
[INFO] [stdout]    = note: `#[warn(unused_variables)]` on by default
[INFO] [stdout] 
[INFO] [stdout] 
[INFO] [stdout] warning: 4 warnings emitted
[INFO] [stdout] 
[INFO] [stdout] 
[INFO] [stdout] warning: struct `Network` is never constructed
[INFO] [stdout]   --> src/chapter3/main.rs:13:8
[INFO] [stdout]    |
[INFO] [stdout] 13 | struct Network {
[INFO] [stdout]    |        ^^^^^^^
[INFO] [stdout]    |
[INFO] [stdout]    = note: `#[warn(dead_code)]` on by default
[INFO] [stdout] 
[INFO] [stdout] 
[INFO] [stdout] warning: associated function `new` is never used
[INFO] [stdout]   --> src/chapter3/main.rs:23:12
[INFO] [stdout]    |
[INFO] [stdout] 22 | impl Network {
[INFO] [stdout]    | ------------ associated function in this implementation
[INFO] [stdout] 23 |     pub fn new(
[INFO] [stdout]    |            ^^^
[INFO] [stdout] 
[INFO] [stdout] 
[INFO] [stdout] warning: function `step_function` is never used
[INFO] [stdout]   --> src/chapter3/main.rs:42:4
[INFO] [stdout]    |
[INFO] [stdout] 42 | fn step_function(x: na::RowDVector<f64>) -> na::RowDVector<i32> {
[INFO] [stdout]    |    ^^^^^^^^^^^^^
[INFO] [stdout] 
[INFO] [stdout] 
[INFO] [stdout] warning: function `sigmoid` is never used
[INFO] [stdout]   --> src/chapter3/main.rs:49:4
[INFO] [stdout]    |
[INFO] [stdout] 49 | fn sigmoid(x: na::RowDVector<f64>) -> na::RowDVector<f64> {
[INFO] [stdout]    |    ^^^^^^^
[INFO] [stdout] 
[INFO] [stdout] 
[INFO] [stdout] warning: function `relu` is never used
[INFO] [stdout]   --> src/chapter3/main.rs:56:4
[INFO] [stdout]    |
[INFO] [stdout] 56 | fn relu(x: na::RowDVector<f64>) -> na::RowDVector<f64> {
[INFO] [stdout]    |    ^^^^
[INFO] [stdout] 
[INFO] [stdout] 
[INFO] [stdout] warning: function `softmax` is never used
[INFO] [stdout]   --> src/chapter3/main.rs:60:4
[INFO] [stdout]    |
[INFO] [stdout] 60 | fn softmax(x: na::RowDVector<f64>) -> RowDVector<f64> {
[INFO] [stdout]    |    ^^^^^^^
[INFO] [stdout] 
[INFO] [stdout] 
[INFO] [stdout] warning: function `identity_fucntion` is never used
[INFO] [stdout]   --> src/chapter3/main.rs:67:4
[INFO] [stdout]    |
[INFO] [stdout] 67 | fn identity_fucntion(x: na::RowDVector<f64>) -> na::RowDVector<f64> {
[INFO] [stdout]    |    ^^^^^^^^^^^^^^^^^
[INFO] [stdout] 
[INFO] [stdout] 
[INFO] [stdout] warning: function `forward` is never used
[INFO] [stdout]   --> src/chapter3/main.rs:71:4
[INFO] [stdout]    |
[INFO] [stdout] 71 | fn forward() {
[INFO] [stdout]    |    ^^^^^^^
[INFO] [stdout] 
[INFO] [stdout] 
[INFO] [stdout] warning: function `first_layer` is never used
[INFO] [stdout]   --> src/chapter3/main.rs:87:4
[INFO] [stdout]    |
[INFO] [stdout] 87 | fn first_layer(x: na::RowVector2<f64>, network: &Network) -> na::RowVector3<f64> {
[INFO] [stdout]    |    ^^^^^^^^^^^
[INFO] [stdout] 
[INFO] [stdout] 
[INFO] [stdout] warning: function `second_layer` is never used
[INFO] [stdout]   --> src/chapter3/main.rs:96:4
[INFO] [stdout]    |
[INFO] [stdout] 96 | fn second_layer(z1: na::RowVector3<f64>, network: &Network) -> na::RowVector2<f64> {
[INFO] [stdout]    |    ^^^^^^^^^^^^
[INFO] [stdout] 
[INFO] [stdout] 
[INFO] [stdout] warning: function `output_layer` is never used
[INFO] [stdout]    --> src/chapter3/main.rs:105:4
[INFO] [stdout]     |
[INFO] [stdout] 105 | fn output_layer(z2: na::RowVector2<f64>, network: &Network) -> na::RowDVector<f64> {
[INFO] [stdout]     |    ^^^^^^^^^^^^
[INFO] [stdout] 
[INFO] [stdout] 
[INFO] [stdout] warning: function `img_show` is never used
[INFO] [stdout]  --> src/chapter3/show_mnist.rs:5:4
[INFO] [stdout]   |
[INFO] [stdout] 5 | fn img_show() {
[INFO] [stdout]   |    ^^^^^^^^
[INFO] [stdout] 
[INFO] [stdout] 
[INFO] [stdout] warning: function `save_img_from_matrix` is never used
[INFO] [stdout]   --> src/chapter3/show_mnist.rs:20:4
[INFO] [stdout]    |
[INFO] [stdout] 20 | fn save_img_from_matrix(matrix: na::OMatrix<u8, Const<28>, Const<28>>) {
[INFO] [stdout]    |    ^^^^^^^^^^^^^^^^^^^^
[INFO] [stdout] 
[INFO] [stdout] 
[INFO] [stdout] warning: unused variable: `dout`
[INFO] [stdout]   --> src/chapter5/layers/softmax_with_loss_layer.rs:23:29
[INFO] [stdout]    |
[INFO] [stdout] 23 |     pub fn backwards(&self, dout: f64) -> na::DMatrix<f64> {
[INFO] [stdout]    |                             ^^^^ help: if this is intentional, prefix it with an underscore: `_dout`
[INFO] [stdout]    |
[INFO] [stdout]    = note: `#[warn(unused_variables)]` on by default
[INFO] [stdout] 
[INFO] [stdout] 
[INFO] [stdout] warning: function `gradient_descent` is never used
[INFO] [stdout]   --> src/chapter4/main.rs:10:4
[INFO] [stdout]    |
[INFO] [stdout] 10 | fn gradient_descent(f: fn(&na::DVector<f64>) -> f64, init_x: na::DVector<f64>) -> na::DVector<f64> {
[INFO] [stdout]    |    ^^^^^^^^^^^^^^^^
[INFO] [stdout]    |
[INFO] [stdout]    = note: `#[warn(dead_code)]` on by default
[INFO] [stdout] 
[INFO] [stdout] 
[INFO] [stdout] warning: function `numerical_diff` is never used
[INFO] [stdout]   --> src/chapter4/main.rs:21:4
[INFO] [stdout]    |
[INFO] [stdout] 21 | fn numerical_diff(f: fn(f64) -> f64, x: f64) -> f64 {
[INFO] [stdout]    |    ^^^^^^^^^^^^^^
[INFO] [stdout] 
[INFO] [stdout] 
[INFO] [stdout] warning: function `numerical_gradient` is never used
[INFO] [stdout]   --> src/chapter4/main.rs:26:4
[INFO] [stdout]    |
[INFO] [stdout] 26 | fn numerical_gradient(
[INFO] [stdout]    |    ^^^^^^^^^^^^^^^^^^
[INFO] [stdout] 
[INFO] [stdout] 
[INFO] [stdout] warning: function `sum_squared_error` is never used
[INFO] [stdout]   --> src/chapter4/main.rs:45:4
[INFO] [stdout]    |
[INFO] [stdout] 45 | fn sum_squared_error(y: na::DVector<f64>, t: na::DVector<u8>) -> f64 {
[INFO] [stdout]    |    ^^^^^^^^^^^^^^^^^
[INFO] [stdout] 
[INFO] [stdout] 
[INFO] [stdout] warning: function `cross_entropy_error` is never used
[INFO] [stdout]   --> src/chapter4/main.rs:55:4
[INFO] [stdout]    |
[INFO] [stdout] 55 | fn cross_entropy_error(
[INFO] [stdout]    |    ^^^^^^^^^^^^^^^^^^^
[INFO] [stdout] 
[INFO] [stdout] 
[INFO] [stdout] warning: function `cross_entropy_error_from_label` is never used
[INFO] [stdout]   --> src/chapter4/main.rs:71:4
[INFO] [stdout]    |
[INFO] [stdout] 71 | fn cross_entropy_error_from_label(y: na::OMatrix<f64, Dyn, na::Const<10>>, t: Label) -> f64 {
[INFO] [stdout]    |    ^^^^^^^^^^^^^^^^^^^^^^^^^^^^^^
[INFO] [stdout] 
[INFO] [stdout] 
[INFO] [stdout] warning: function `mini_batch` is never used
[INFO] [stdout]   --> src/chapter4/main.rs:75:4
[INFO] [stdout]    |
[INFO] [stdout] 75 | fn mini_batch() -> Vec<usize> {
[INFO] [stdout]    |    ^^^^^^^^^^
[INFO] [stdout] 
[INFO] [stdout] 
[INFO] [stdout] warning: struct `SimpleNet` is never constructed
[INFO] [stdout]  --> src/chapter4/simple_net.rs:7:8
[INFO] [stdout]   |
[INFO] [stdout] 7 | struct SimpleNet {
[INFO] [stdout]   |        ^^^^^^^^^
[INFO] [stdout] 
[INFO] [stdout] 
[INFO] [stdout] warning: multiple associated items are never used
[INFO] [stdout]   --> src/chapter4/simple_net.rs:12:8
[INFO] [stdout]    |
[INFO] [stdout] 11 | impl SimpleNet {
[INFO] [stdout]    | -------------- associated items in this implementation
[INFO] [stdout] 12 |     fn new() -> Self {
[INFO] [stdout]    |        ^^^
[INFO] [stdout] ...
[INFO] [stdout] 19 |     fn predict(&self, x: na::Vector2<f64>) -> na::Vector3<f64> {
[INFO] [stdout]    |        ^^^^^^^
[INFO] [stdout] ...
[INFO] [stdout] 23 |     fn softmax(&self, x: na::Vector3<f64>) -> na::DVector<f64> {
[INFO] [stdout]    |        ^^^^^^^
[INFO] [stdout] ...
[INFO] [stdout] 30 |     fn cross_entropy_error(&self, y: na::DVector<f64>, t: &na::DVector<u8>) -> f64 {
[INFO] [stdout]    |        ^^^^^^^^^^^^^^^^^^^
[INFO] [stdout] ...
[INFO] [stdout] 42 |     fn loss(&self, x: na::Vector2<f64>, t: &na::DVector<u8>) -> f64 {
[INFO] [stdout]    |        ^^^^
[INFO] [stdout] ...
[INFO] [stdout] 48 |     fn numerical_gradient(
[INFO] [stdout]    |        ^^^^^^^^^^^^^^^^^^
[INFO] [stdout] ...
[INFO] [stdout] 70 |     fn numerical_gradient_vec(
[INFO] [stdout]    |        ^^^^^^^^^^^^^^^^^^^^^^
[INFO] [stdout] 
[INFO] [stdout] 
[INFO] [stdout] warning: associated function `new` is never used
[INFO] [stdout]   --> src/chapter5/layers/sigmoid_layer.rs:22:12
[INFO] [stdout]    |
[INFO] [stdout] 21 | impl Sigmoid {
[INFO] [stdout]    | ------------ associated function in this implementation
[INFO] [stdout] 22 |     pub fn new() -> Self {
[INFO] [stdout]    |            ^^^
[INFO] [stdout]    |
[INFO] [stdout]    = note: `#[warn(dead_code)]` on by default
[INFO] [stdout] 
[INFO] [stdout] 
[INFO] [stdout] warning: method `numerical_gradient` is never used
[INFO] [stdout]    --> src/chapter5/two_layer_net.rs:185:12
[INFO] [stdout]     |
[INFO] [stdout] 116 | impl TwoLayerNet {
[INFO] [stdout]     | ---------------- method in this implementation
[INFO] [stdout] ...
[INFO] [stdout] 185 |     pub fn numerical_gradient(&mut self, x: &na::DMatrix<f64>, t: &na::DMatrix<u8>) {
[INFO] [stdout]     |            ^^^^^^^^^^^^^^^^^^
[INFO] [stdout] 
[INFO] [stdout] 
[INFO] [stdout] warning: 15 warnings emitted
[INFO] [stdout] 
[INFO] [stdout] 
[INFO] [stdout] warning: 6 warnings emitted
[INFO] [stdout] 
[INFO] [stdout] 
[INFO] [stdout] warning: 12 warnings emitted
[INFO] [stdout] 
[INFO] [stdout] 
[INFO] [stderr]     Finished dev [unoptimized + debuginfo] target(s) in 25.02s
[INFO] running `Command { std: "docker" "inspect" "a26104af51fbf01a5497407604ddfe4d5f7f6a65e880e3eba6d8617b67260ca8", kill_on_drop: false }`
[INFO] running `Command { std: "docker" "rm" "-f" "a26104af51fbf01a5497407604ddfe4d5f7f6a65e880e3eba6d8617b67260ca8", kill_on_drop: false }`
[INFO] [stdout] a26104af51fbf01a5497407604ddfe4d5f7f6a65e880e3eba6d8617b67260ca8
[INFO] running `Command { std: "docker" "create" "-v" "/var/lib/crater-agent-workspace/builds/worker-6-tc2/target:/opt/rustwide/target:rw,Z" "-v" "/var/lib/crater-agent-workspace/builds/worker-6-tc2/source:/opt/rustwide/workdir:ro,Z" "-v" "/var/lib/crater-agent-workspace/cargo-home:/opt/rustwide/cargo-home:ro,Z" "-v" "/var/lib/crater-agent-workspace/rustup-home:/opt/rustwide/rustup-home:ro,Z" "-e" "SOURCE_DIR=/opt/rustwide/workdir" "-e" "CARGO_TARGET_DIR=/opt/rustwide/target" "-e" "CARGO_INCREMENTAL=0" "-e" "RUST_BACKTRACE=full" "-e" "RUSTFLAGS=--cap-lints=warn" "-e" "RUSTDOCFLAGS=--cap-lints=warn" "-e" "CARGO_HOME=/opt/rustwide/cargo-home" "-e" "RUSTUP_HOME=/opt/rustwide/rustup-home" "-w" "/opt/rustwide/workdir" "-m" "1610612736" "--user" "0:0" "--network" "none" "ghcr.io/rust-lang/crates-build-env/linux@sha256:2788e3201cd34a07e3172128adcd8b3090168a8e3bcc40d7c032b9dda1df7d1c" "/opt/rustwide/cargo-home/bin/cargo" "+beta-2023-12-22" "test" "--frozen" "--no-run" "--message-format=json", kill_on_drop: false }`
[INFO] [stdout] d6862aed7ead416bee70d32606254c1b314fd825ec7c1ca59239008e7161227f
[INFO] running `Command { std: "docker" "start" "-a" "d6862aed7ead416bee70d32606254c1b314fd825ec7c1ca59239008e7161227f", kill_on_drop: false }`
[INFO] [stderr]    Compiling oreilly_deep_learning v0.1.0 (/opt/rustwide/workdir)
[INFO] [stdout] warning: unused import: `std::ops::Deref`
[INFO] [stdout]  --> src/chapter4/simple_net.rs:1:5
[INFO] [stdout]   |
[INFO] [stdout] 1 | use std::ops::Deref;
[INFO] [stdout]   |     ^^^^^^^^^^^^^^^
[INFO] [stdout]   |
[INFO] [stdout]   = note: `#[warn(unused_imports)]` on by default
[INFO] [stdout] 
[INFO] [stdout] 
[INFO] [stdout] warning: unused import: `DMatrix`
[INFO] [stdout]  --> src/chapter4/simple_net.rs:3:16
[INFO] [stdout]   |
[INFO] [stdout] 3 | use nalgebra::{DMatrix, DVector};
[INFO] [stdout]   |                ^^^^^^^
[INFO] [stdout] 
[INFO] [stdout] 
[INFO] [stdout] warning: unused import: `OMatrix`
[INFO] [stdout]  --> src/chapter4/main.rs:7:24
[INFO] [stdout]   |
[INFO] [stdout] 7 | use na::{DVector, Dyn, OMatrix};
[INFO] [stdout]   |                        ^^^^^^^
[INFO] [stdout] 
[INFO] [stdout] 
[INFO] [stdout] warning: unused import: `Ref`
[INFO] [stdout]  --> src/chapter5/two_layer_net.rs:2:12
[INFO] [stdout]   |
[INFO] [stdout] 2 |     cell::{Ref, RefCell},
[INFO] [stdout]   |            ^^^
[INFO] [stdout]   |
[INFO] [stdout]   = note: `#[warn(unused_imports)]` on by default
[INFO] [stdout] 
[INFO] [stdout] 
[INFO] [stdout] warning: unused variable: `train_img_label`
[INFO] [stdout]   --> src/chapter3/show_mnist.rs:10:9
[INFO] [stdout]    |
[INFO] [stdout] 10 |     let train_img_label = mnist::load_label(mnist::DatasetType::TestLabel, &dataset_dir);
[INFO] [stdout]    |         ^^^^^^^^^^^^^^^ help: if this is intentional, prefix it with an underscore: `_train_img_label`
[INFO] [stdout]    |
[INFO] [stdout]    = note: `#[warn(unused_variables)]` on by default
[INFO] [stdout] 
[INFO] [stdout] 
[INFO] [stdout] warning: function `softmax` is never used
[INFO] [stdout]   --> src/chapter3/main.rs:60:4
[INFO] [stdout]    |
[INFO] [stdout] 60 | fn softmax(x: na::RowDVector<f64>) -> RowDVector<f64> {
[INFO] [stdout]    |    ^^^^^^^
[INFO] [stdout]    |
[INFO] [stdout]    = note: `#[warn(dead_code)]` on by default
[INFO] [stdout] 
[INFO] [stdout] 
[INFO] [stdout] warning: unused variable: `net`
[INFO] [stdout]    --> src/chapter4/simple_net.rs:129:9
[INFO] [stdout]     |
[INFO] [stdout] 129 |     let net = SimpleNet::new();
[INFO] [stdout]     |         ^^^ help: if this is intentional, prefix it with an underscore: `_net`
[INFO] [stdout]     |
[INFO] [stdout]     = note: `#[warn(unused_variables)]` on by default
[INFO] [stdout] 
[INFO] [stdout] 
[INFO] [stdout] warning: unused variable: `dout`
[INFO] [stdout]   --> src/chapter5/layers/softmax_with_loss_layer.rs:23:29
[INFO] [stdout]    |
[INFO] [stdout] 23 |     pub fn backwards(&self, dout: f64) -> na::DMatrix<f64> {
[INFO] [stdout]    |                             ^^^^ help: if this is intentional, prefix it with an underscore: `_dout`
[INFO] [stdout]    |
[INFO] [stdout]    = note: `#[warn(unused_variables)]` on by default
[INFO] [stdout] 
[INFO] [stdout] 
[INFO] [stdout] warning: function `sum_squared_error` is never used
[INFO] [stdout]   --> src/chapter4/main.rs:45:4
[INFO] [stdout]    |
[INFO] [stdout] 45 | fn sum_squared_error(y: na::DVector<f64>, t: na::DVector<u8>) -> f64 {
[INFO] [stdout]    |    ^^^^^^^^^^^^^^^^^
[INFO] [stdout]    |
[INFO] [stdout]    = note: `#[warn(dead_code)]` on by default
[INFO] [stdout] 
[INFO] [stdout] 
[INFO] [stdout] warning: method `numerical_gradient_vec` is never used
[INFO] [stdout]   --> src/chapter4/simple_net.rs:70:8
[INFO] [stdout]    |
[INFO] [stdout] 11 | impl SimpleNet {
[INFO] [stdout]    | -------------- method in this implementation
[INFO] [stdout] ...
[INFO] [stdout] 70 |     fn numerical_gradient_vec(
[INFO] [stdout]    |        ^^^^^^^^^^^^^^^^^^^^^^
[INFO] [stdout] 
[INFO] [stdout] 
[INFO] [stdout] warning: function `funtion_2` is never used
[INFO] [stdout]    --> src/chapter4/simple_net.rs:126:8
[INFO] [stdout]     |
[INFO] [stdout] 126 |     fn funtion_2(x: &na::DVector<f64>) -> f64 {
[INFO] [stdout]     |        ^^^^^^^^^
[INFO] [stdout] 
[INFO] [stdout] 
[INFO] [stdout] warning: unused variable: `test_img`
[INFO] [stdout]    --> src/chapter5/two_layer_net.rs:225:9
[INFO] [stdout]     |
[INFO] [stdout] 225 |     let test_img = load_normalised_image(DatasetType::TestImg, &dataset_dir).flatten();
[INFO] [stdout]     |         ^^^^^^^^ help: if this is intentional, prefix it with an underscore: `_test_img`
[INFO] [stdout] 
[INFO] [stdout] 
[INFO] [stdout] warning: unused variable: `test_label`
[INFO] [stdout]    --> src/chapter5/two_layer_net.rs:226:9
[INFO] [stdout]     |
[INFO] [stdout] 226 |     let test_label = load_label(DatasetType::TestLabel, &dataset_dir).as_one_hot();
[INFO] [stdout]     |         ^^^^^^^^^^ help: if this is intentional, prefix it with an underscore: `_test_label`
[INFO] [stdout] 
[INFO] [stdout] 
[INFO] [stdout] warning: variable does not need to be mutable
[INFO] [stdout]    --> src/chapter5/two_layer_net.rs:294:9
[INFO] [stdout]     |
[INFO] [stdout] 294 |     let mut network = TwoLayerNet::new(784, 50, 10);
[INFO] [stdout]     |         ----^^^^^^^
[INFO] [stdout]     |         |
[INFO] [stdout]     |         help: remove this `mut`
[INFO] [stdout]     |
[INFO] [stdout]     = note: `#[warn(unused_mut)]` on by default
[INFO] [stdout] 
[INFO] [stdout] 
[INFO] [stdout] warning: 5 warnings emitted
[INFO] [stdout] 
[INFO] [stdout] 
[INFO] [stdout] warning: 2 warnings emitted
[INFO] [stdout] 
[INFO] [stdout] 
[INFO] [stdout] warning: 7 warnings emitted
[INFO] [stdout] 
[INFO] [stdout] 
[INFO] [stderr]     Finished test [unoptimized + debuginfo] target(s) in 6.19s
[INFO] running `Command { std: "docker" "inspect" "d6862aed7ead416bee70d32606254c1b314fd825ec7c1ca59239008e7161227f", kill_on_drop: false }`
[INFO] running `Command { std: "docker" "rm" "-f" "d6862aed7ead416bee70d32606254c1b314fd825ec7c1ca59239008e7161227f", kill_on_drop: false }`
[INFO] [stdout] d6862aed7ead416bee70d32606254c1b314fd825ec7c1ca59239008e7161227f
[INFO] running `Command { std: "docker" "create" "-v" "/var/lib/crater-agent-workspace/builds/worker-6-tc2/target:/opt/rustwide/target:rw,Z" "-v" "/var/lib/crater-agent-workspace/builds/worker-6-tc2/source:/opt/rustwide/workdir:ro,Z" "-v" "/var/lib/crater-agent-workspace/cargo-home:/opt/rustwide/cargo-home:ro,Z" "-v" "/var/lib/crater-agent-workspace/rustup-home:/opt/rustwide/rustup-home:ro,Z" "-e" "SOURCE_DIR=/opt/rustwide/workdir" "-e" "CARGO_TARGET_DIR=/opt/rustwide/target" "-e" "CARGO_INCREMENTAL=0" "-e" "RUST_BACKTRACE=full" "-e" "RUSTFLAGS=--cap-lints=warn" "-e" "RUSTDOCFLAGS=--cap-lints=warn" "-e" "CARGO_HOME=/opt/rustwide/cargo-home" "-e" "RUSTUP_HOME=/opt/rustwide/rustup-home" "-w" "/opt/rustwide/workdir" "-m" "1610612736" "--user" "0:0" "--network" "none" "ghcr.io/rust-lang/crates-build-env/linux@sha256:2788e3201cd34a07e3172128adcd8b3090168a8e3bcc40d7c032b9dda1df7d1c" "/opt/rustwide/cargo-home/bin/cargo" "+beta-2023-12-22" "test" "--frozen", kill_on_drop: false }`
[INFO] [stdout] 889585382b51daa011e83c0f2032ea7ef579fefd675c8560530d10c16e207427
[INFO] running `Command { std: "docker" "start" "-a" "889585382b51daa011e83c0f2032ea7ef579fefd675c8560530d10c16e207427", kill_on_drop: false }`
[INFO] [stderr] warning: unused import: `Ref`
[INFO] [stderr]  --> src/chapter5/two_layer_net.rs:2:12
[INFO] [stderr]   |
[INFO] [stderr] 2 |     cell::{Ref, RefCell},
[INFO] [stderr]   |            ^^^
[INFO] [stderr]   |
[INFO] [stderr]   = note: `#[warn(unused_imports)]` on by default
[INFO] [stderr] 
[INFO] [stderr] warning: unused variable: `dout`
[INFO] [stderr]   --> src/chapter5/layers/softmax_with_loss_layer.rs:23:29
[INFO] [stderr]    |
[INFO] [stderr] 23 |     pub fn backwards(&self, dout: f64) -> na::DMatrix<f64> {
[INFO] [stderr]    |                             ^^^^ help: if this is intentional, prefix it with an underscore: `_dout`
[INFO] [stderr]    |
[INFO] [stderr]    = note: `#[warn(unused_variables)]` on by default
[INFO] [stderr] 
[INFO] [stderr] warning: unused variable: `test_img`
[INFO] [stderr]    --> src/chapter5/two_layer_net.rs:225:9
[INFO] [stderr]     |
[INFO] [stderr] 225 |     let test_img = load_normalised_image(DatasetType::TestImg, &dataset_dir).flatten();
[INFO] [stderr]     |         ^^^^^^^^ help: if this is intentional, prefix it with an underscore: `_test_img`
[INFO] [stderr] 
[INFO] [stderr] warning: unused variable: `test_label`
[INFO] [stderr]    --> src/chapter5/two_layer_net.rs:226:9
[INFO] [stderr]     |
[INFO] [stderr] 226 |     let test_label = load_label(DatasetType::TestLabel, &dataset_dir).as_one_hot();
[INFO] [stderr]     |         ^^^^^^^^^^ help: if this is intentional, prefix it with an underscore: `_test_label`
[INFO] [stderr] 
[INFO] [stderr] warning: variable does not need to be mutable
[INFO] [stderr]    --> src/chapter5/two_layer_net.rs:294:9
[INFO] [stderr]     |
[INFO] [stderr] 294 |     let mut network = TwoLayerNet::new(784, 50, 10);
[INFO] [stderr]     |         ----^^^^^^^
[INFO] [stderr]     |         |
[INFO] [stderr]     |         help: remove this `mut`
[INFO] [stderr]     |
[INFO] [stderr]     = note: `#[warn(unused_mut)]` on by default
[INFO] [stderr] 
[INFO] [stderr] warning: unused import: `std::ops::Deref`
[INFO] [stderr]  --> src/chapter4/simple_net.rs:1:5
[INFO] [stderr]   |
[INFO] [stderr] 1 | use std::ops::Deref;
[INFO] [stderr]   |     ^^^^^^^^^^^^^^^
[INFO] [stderr]   |
[INFO] [stderr]   = note: `#[warn(unused_imports)]` on by default
[INFO] [stderr] 
[INFO] [stderr] warning: unused import: `DMatrix`
[INFO] [stderr]  --> src/chapter4/simple_net.rs:3:16
[INFO] [stderr]   |
[INFO] [stderr] 3 | use nalgebra::{DMatrix, DVector};
[INFO] [stderr]   |                ^^^^^^^
[INFO] [stderr] 
[INFO] [stderr] warning: unused import: `OMatrix`
[INFO] [stderr]  --> src/chapter4/main.rs:7:24
[INFO] [stderr]   |
[INFO] [stderr] 7 | use na::{DVector, Dyn, OMatrix};
[INFO] [stderr]   |                        ^^^^^^^
[INFO] [stderr] 
[INFO] [stderr] warning: unused variable: `net`
[INFO] [stderr]    --> src/chapter4/simple_net.rs:129:9
[INFO] [stderr]     |
[INFO] [stderr] 129 |     let net = SimpleNet::new();
[INFO] [stderr]     |         ^^^ help: if this is intentional, prefix it with an underscore: `_net`
[INFO] [stderr]     |
[INFO] [stderr]     = note: `#[warn(unused_variables)]` on by default
[INFO] [stderr] 
[INFO] [stderr] warning: function `sum_squared_error` is never used
[INFO] [stderr]   --> src/chapter4/main.rs:45:4
[INFO] [stderr]    |
[INFO] [stderr] 45 | fn sum_squared_error(y: na::DVector<f64>, t: na::DVector<u8>) -> f64 {
[INFO] [stderr]    |    ^^^^^^^^^^^^^^^^^
[INFO] [stderr]    |
[INFO] [stderr]    = note: `#[warn(dead_code)]` on by default
[INFO] [stderr] 
[INFO] [stderr] warning: method `numerical_gradient_vec` is never used
[INFO] [stderr]   --> src/chapter4/simple_net.rs:70:8
[INFO] [stderr]    |
[INFO] [stderr] 11 | impl SimpleNet {
[INFO] [stderr]    | -------------- method in this implementation
[INFO] [stderr] ...
[INFO] [stderr] 70 |     fn numerical_gradient_vec(
[INFO] [stderr]    |        ^^^^^^^^^^^^^^^^^^^^^^
[INFO] [stderr] 
[INFO] [stderr] warning: function `funtion_2` is never used
[INFO] [stderr]    --> src/chapter4/simple_net.rs:126:8
[INFO] [stderr]     |
[INFO] [stderr] 126 |     fn funtion_2(x: &na::DVector<f64>) -> f64 {
[INFO] [stderr]     |        ^^^^^^^^^
[INFO] [stderr] 
[INFO] [stderr] warning: unused variable: `train_img_label`
[INFO] [stderr]   --> src/chapter3/show_mnist.rs:10:9
[INFO] [stderr]    |
[INFO] [stderr] 10 |     let train_img_label = mnist::load_label(mnist::DatasetType::TestLabel, &dataset_dir);
[INFO] [stderr]    |         ^^^^^^^^^^^^^^^ help: if this is intentional, prefix it with an underscore: `_train_img_label`
[INFO] [stderr]    |
[INFO] [stderr]    = note: `#[warn(unused_variables)]` on by default
[INFO] [stderr] 
[INFO] [stderr] warning: function `softmax` is never used
[INFO] [stderr]   --> src/chapter3/main.rs:60:4
[INFO] [stderr]    |
[INFO] [stderr] 60 | fn softmax(x: na::RowDVector<f64>) -> RowDVector<f64> {
[INFO] [stderr]    |    ^^^^^^^
[INFO] [stderr]    |
[INFO] [stderr]    = note: `#[warn(dead_code)]` on by default
[INFO] [stderr] 
[INFO] [stderr] warning: `oreilly_deep_learning` (bin "oreilly_deep_learning_chapter5" test) generated 5 warnings (run `cargo fix --bin "oreilly_deep_learning_chapter5" --tests` to apply 5 suggestions)
[INFO] [stderr] warning: `oreilly_deep_learning` (bin "oreilly_deep_learning_chapter4" test) generated 7 warnings (run `cargo fix --bin "oreilly_deep_learning_chapter4" --tests` to apply 4 suggestions)
[INFO] [stderr] warning: `oreilly_deep_learning` (bin "oreilly_deep_learning_chapter3" test) generated 2 warnings (run `cargo fix --bin "oreilly_deep_learning_chapter3" --tests` to apply 1 suggestion)
[INFO] [stderr]     Finished test [unoptimized + debuginfo] target(s) in 0.29s
[INFO] [stderr]      Running unittests src/chapter2/main.rs (/opt/rustwide/target/debug/deps/oreilly_deep_learning_chapter2-9732fa9ae80ed5d0)
[INFO] [stdout] 
[INFO] [stdout] running 4 tests
[INFO] [stdout] test test_or ... ok
[INFO] [stdout] test test_and ... ok
[INFO] [stdout] test test_nand ... ok
[INFO] [stdout] test test_xor ... ok
[INFO] [stdout] 
[INFO] [stdout] test result: ok. 4 passed; 0 failed; 0 ignored; 0 measured; 0 filtered out; finished in 0.00s
[INFO] [stdout] 
[INFO] [stderr]      Running unittests src/chapter3/main.rs (/opt/rustwide/target/debug/deps/oreilly_deep_learning_chapter3-8fd5a0c93ad2bc26)
[INFO] [stdout] 
[INFO] [stdout] running 5 tests
[INFO] [stdout] test test_forward ... ok
[INFO] [stdout] test test_relu ... ok
[INFO] [stdout] test test_sigmoid ... ok
[INFO] [stdout] test test_step_function ... ok
[INFO] [stdout] test show_mnist::test_img_show ... FAILED
[INFO] [stdout] 
[INFO] [stdout] failures:
[INFO] [stdout] 
[INFO] [stdout] ---- show_mnist::test_img_show stdout ----
[INFO] [stdout] downloading train-images-idx3-ubyte.gz now in progress...
[INFO] [stdout] thread 'show_mnist::test_img_show' panicked at mylib/src/mnist.rs:146:10:
[INFO] [stdout] called `Result::unwrap()` on an `Err` value: reqwest::Error { kind: Request, url: Url { scheme: "http", cannot_be_a_base: false, username: "", password: None, host: Some(Domain("yann.lecun.com")), port: None, path: "/exdb/mnist/train-images-idx3-ubyte.gz", query: None, fragment: None }, source: hyper::Error(Connect, ConnectError("dns error", Custom { kind: Uncategorized, error: "failed to lookup address information: Temporary failure in name resolution" })) }
[INFO] [stdout] stack backtrace:
[INFO] [stdout]    0:     0x55dbb212a826 - std::backtrace_rs::backtrace::libunwind::trace::h261606ad26a499c1
[INFO] [stdout]                                at /rustc/0e09125c6c3c2fd70d7de961bcf0e51575235fad/library/std/src/../../backtrace/src/backtrace/libunwind.rs:104:5
[INFO] [stdout]    1:     0x55dbb212a826 - std::backtrace_rs::backtrace::trace_unsynchronized::hd183f0625477fb28
[INFO] [stdout]                                at /rustc/0e09125c6c3c2fd70d7de961bcf0e51575235fad/library/std/src/../../backtrace/src/backtrace/mod.rs:66:5
[INFO] [stdout]    2:     0x55dbb212a826 - std::sys_common::backtrace::_print_fmt::hd7f8fef21b4eda67
[INFO] [stdout]                                at /rustc/0e09125c6c3c2fd70d7de961bcf0e51575235fad/library/std/src/sys_common/backtrace.rs:68:5
[INFO] [stdout]    3:     0x55dbb212a826 - <std::sys_common::backtrace::_print::DisplayBacktrace as core::fmt::Display>::fmt::h623d9b51f2f453f1
[INFO] [stdout]                                at /rustc/0e09125c6c3c2fd70d7de961bcf0e51575235fad/library/std/src/sys_common/backtrace.rs:44:22
[INFO] [stdout]    4:     0x55dbb2158f60 - core::fmt::rt::Argument::fmt::h9f417ac76a86f368
[INFO] [stdout]                                at /rustc/0e09125c6c3c2fd70d7de961bcf0e51575235fad/library/core/src/fmt/rt.rs:142:9
[INFO] [stdout]    5:     0x55dbb2158f60 - core::fmt::write::hc9b6faf4ac2aeff7
[INFO] [stdout]                                at /rustc/0e09125c6c3c2fd70d7de961bcf0e51575235fad/library/core/src/fmt/mod.rs:1120:17
[INFO] [stdout]    6:     0x55dbb212773f - std::io::Write::write_fmt::he04625a3a989fec3
[INFO] [stdout]                                at /rustc/0e09125c6c3c2fd70d7de961bcf0e51575235fad/library/std/src/io/mod.rs:1810:15
[INFO] [stdout]    7:     0x55dbb212a604 - std::sys_common::backtrace::_print::hd5d66399c7df88a2
[INFO] [stdout]                                at /rustc/0e09125c6c3c2fd70d7de961bcf0e51575235fad/library/std/src/sys_common/backtrace.rs:47:5
[INFO] [stdout]    8:     0x55dbb212a604 - std::sys_common::backtrace::print::he81ed2da642d37e5
[INFO] [stdout]                                at /rustc/0e09125c6c3c2fd70d7de961bcf0e51575235fad/library/std/src/sys_common/backtrace.rs:34:9
[INFO] [stdout]    9:     0x55dbb212c377 - std::panicking::default_hook::{{closure}}::h85773f4fa117163d
[INFO] [stdout]   10:     0x55dbb212c05d - std::panicking::default_hook::h6a1694a91d09b278
[INFO] [stdout]                                at /rustc/0e09125c6c3c2fd70d7de961bcf0e51575235fad/library/std/src/panicking.rs:289:9
[INFO] [stdout]   11:     0x55dbb1a530a7 - <alloc::boxed::Box<F,A> as core::ops::function::Fn<Args>>::call::h616ac37fa3cd6c8f
[INFO] [stdout]                                at /rustc/0e09125c6c3c2fd70d7de961bcf0e51575235fad/library/alloc/src/boxed.rs:2029:9
[INFO] [stdout]   12:     0x55dbb1a530a7 - test::test_main::{{closure}}::h00d84697cefdcbb6
[INFO] [stdout]                                at /rustc/0e09125c6c3c2fd70d7de961bcf0e51575235fad/library/test/src/lib.rs:138:21
[INFO] [stdout]   13:     0x55dbb212c996 - <alloc::boxed::Box<F,A> as core::ops::function::Fn<Args>>::call::hcb3fe3b9bb537ba8
[INFO] [stdout]                                at /rustc/0e09125c6c3c2fd70d7de961bcf0e51575235fad/library/alloc/src/boxed.rs:2029:9
[INFO] [stdout]   14:     0x55dbb212c996 - std::panicking::rust_panic_with_hook::h0a7ad96e90f7145b
[INFO] [stdout]                                at /rustc/0e09125c6c3c2fd70d7de961bcf0e51575235fad/library/std/src/panicking.rs:783:13
[INFO] [stdout]   15:     0x55dbb212c6e2 - std::panicking::begin_panic_handler::{{closure}}::h7919090525c6485e
[INFO] [stdout]                                at /rustc/0e09125c6c3c2fd70d7de961bcf0e51575235fad/library/std/src/panicking.rs:657:13
[INFO] [stdout]   16:     0x55dbb212ad26 - std::sys_common::backtrace::__rust_end_short_backtrace::hf3289479464f7dfe
[INFO] [stdout]                                at /rustc/0e09125c6c3c2fd70d7de961bcf0e51575235fad/library/std/src/sys_common/backtrace.rs:171:18
[INFO] [stdout]   17:     0x55dbb212c440 - rust_begin_unwind
[INFO] [stdout]                                at /rustc/0e09125c6c3c2fd70d7de961bcf0e51575235fad/library/std/src/panicking.rs:645:5
[INFO] [stdout]   18:     0x55dbb19ad735 - core::panicking::panic_fmt::hcc9f77c5c132af55
[INFO] [stdout]                                at /rustc/0e09125c6c3c2fd70d7de961bcf0e51575235fad/library/core/src/panicking.rs:72:14
[INFO] [stdout]   19:     0x55dbb19add73 - core::result::unwrap_failed::hbe14f498be1452f9
[INFO] [stdout]                                at /rustc/0e09125c6c3c2fd70d7de961bcf0e51575235fad/library/core/src/result.rs:1649:5
[INFO] [stdout]   20:     0x55dbb1c9079d - core::result::Result<T,E>::unwrap::h819a93f6b614fcf9
[INFO] [stdout]                                at /rustc/0e09125c6c3c2fd70d7de961bcf0e51575235fad/library/core/src/result.rs:1073:23
[INFO] [stdout]   21:     0x55dbb1c94c29 - mylib::mnist::download::hb2e31ab640dc710d
[INFO] [stdout]                                at /opt/rustwide/workdir/mylib/src/mnist.rs:139:17
[INFO] [stdout]   22:     0x55dbb1c9491d - mylib::mnist::init_mnist::{{closure}}::h550c2adfc5df6b0f
[INFO] [stdout]                                at /opt/rustwide/workdir/mylib/src/mnist.rs:126:23
[INFO] [stdout]   23:     0x55dbb1c8f142 - <core::slice::iter::Iter<T> as core::iter::traits::iterator::Iterator>::for_each::heaae77bac58e746a
[INFO] [stdout]                                at /rustc/0e09125c6c3c2fd70d7de961bcf0e51575235fad/library/core/src/slice/iter/macros.rs:254:21
[INFO] [stdout]   24:     0x55dbb1c946d1 - mylib::mnist::init_mnist::h5e2df3ccf0317408
[INFO] [stdout]                                at /opt/rustwide/workdir/mylib/src/mnist.rs:124:5
[INFO] [stdout]   25:     0x55dbb1a05cfc - oreilly_deep_learning_chapter3::show_mnist::img_show::h48083aa08fa7f49c
[INFO] [stdout]                                at /opt/rustwide/workdir/src/chapter3/show_mnist.rs:7:5
[INFO] [stdout]   26:     0x55dbb1a06286 - oreilly_deep_learning_chapter3::show_mnist::test_img_show::hf92129d528b59ded
[INFO] [stdout]                                at /opt/rustwide/workdir/src/chapter3/show_mnist.rs:31:5
[INFO] [stdout]   27:     0x55dbb1a06267 - oreilly_deep_learning_chapter3::show_mnist::test_img_show::{{closure}}::h4f265594304f23a9
[INFO] [stdout]                                at /opt/rustwide/workdir/src/chapter3/show_mnist.rs:30:19
[INFO] [stdout]   28:     0x55dbb19ec106 - core::ops::function::FnOnce::call_once::hd40a04929daa73b4
[INFO] [stdout]                                at /rustc/0e09125c6c3c2fd70d7de961bcf0e51575235fad/library/core/src/ops/function.rs:250:5
[INFO] [stdout]   29:     0x55dbb1a5897f - core::ops::function::FnOnce::call_once::hd64d26f405258157
[INFO] [stdout]                                at /rustc/0e09125c6c3c2fd70d7de961bcf0e51575235fad/library/core/src/ops/function.rs:250:5
[INFO] [stdout]   30:     0x55dbb1a5897f - test::__rust_begin_short_backtrace::he21b0b7a6d731bf9
[INFO] [stdout]                                at /rustc/0e09125c6c3c2fd70d7de961bcf0e51575235fad/library/test/src/lib.rs:627:18
[INFO] [stdout]   31:     0x55dbb1a57701 - test::run_test_in_process::{{closure}}::hf5c73986d7bdfde2
[INFO] [stdout]                                at /rustc/0e09125c6c3c2fd70d7de961bcf0e51575235fad/library/test/src/lib.rs:650:60
[INFO] [stdout]   32:     0x55dbb1a57701 - <core::panic::unwind_safe::AssertUnwindSafe<F> as core::ops::function::FnOnce<()>>::call_once::h330011ad032aadc0
[INFO] [stdout]                                at /rustc/0e09125c6c3c2fd70d7de961bcf0e51575235fad/library/core/src/panic/unwind_safe.rs:272:9
[INFO] [stdout]   33:     0x55dbb1a57701 - std::panicking::try::do_call::he61b0a958b795a41
[INFO] [stdout]                                at /rustc/0e09125c6c3c2fd70d7de961bcf0e51575235fad/library/std/src/panicking.rs:552:40
[INFO] [stdout]   34:     0x55dbb1a57701 - std::panicking::try::h7309da130f906eb7
[INFO] [stdout]                                at /rustc/0e09125c6c3c2fd70d7de961bcf0e51575235fad/library/std/src/panicking.rs:516:19
[INFO] [stdout]   35:     0x55dbb1a57701 - std::panic::catch_unwind::hc5c3a06fdaf0a92a
[INFO] [stdout]                                at /rustc/0e09125c6c3c2fd70d7de961bcf0e51575235fad/library/std/src/panic.rs:142:14
[INFO] [stdout]   36:     0x55dbb1a57701 - test::run_test_in_process::h7e7b7c71c3324e0f
[INFO] [stdout]                                at /rustc/0e09125c6c3c2fd70d7de961bcf0e51575235fad/library/test/src/lib.rs:650:27
[INFO] [stdout]   37:     0x55dbb1a57701 - test::run_test::{{closure}}::h1f509f28f5cf20b1
[INFO] [stdout]                                at /rustc/0e09125c6c3c2fd70d7de961bcf0e51575235fad/library/test/src/lib.rs:573:43
[INFO] [stdout]   38:     0x55dbb1a1ea36 - test::run_test::{{closure}}::h1754218abf443f6d
[INFO] [stdout]                                at /rustc/0e09125c6c3c2fd70d7de961bcf0e51575235fad/library/test/src/lib.rs:601:41
[INFO] [stdout]   39:     0x55dbb1a1ea36 - std::sys_common::backtrace::__rust_begin_short_backtrace::h2ee174b9d5954948
[INFO] [stdout]                                at /rustc/0e09125c6c3c2fd70d7de961bcf0e51575235fad/library/std/src/sys_common/backtrace.rs:155:18
[INFO] [stdout]   40:     0x55dbb1a23a97 - std::thread::Builder::spawn_unchecked_::{{closure}}::{{closure}}::hf60bee9c1a17ef09
[INFO] [stdout]                                at /rustc/0e09125c6c3c2fd70d7de961bcf0e51575235fad/library/std/src/thread/mod.rs:529:17
[INFO] [stdout]   41:     0x55dbb1a23a97 - <core::panic::unwind_safe::AssertUnwindSafe<F> as core::ops::function::FnOnce<()>>::call_once::h33d0dddec5216160
[INFO] [stdout]                                at /rustc/0e09125c6c3c2fd70d7de961bcf0e51575235fad/library/core/src/panic/unwind_safe.rs:272:9
[INFO] [stdout]   42:     0x55dbb1a23a97 - std::panicking::try::do_call::h144b3048b546f835
[INFO] [stdout]                                at /rustc/0e09125c6c3c2fd70d7de961bcf0e51575235fad/library/std/src/panicking.rs:552:40
[INFO] [stdout]   43:     0x55dbb1a23a97 - std::panicking::try::h978244d04646189f
[INFO] [stdout]                                at /rustc/0e09125c6c3c2fd70d7de961bcf0e51575235fad/library/std/src/panicking.rs:516:19
[INFO] [stdout]   44:     0x55dbb1a23a97 - std::panic::catch_unwind::hdf436369d188fe86
[INFO] [stdout]                                at /rustc/0e09125c6c3c2fd70d7de961bcf0e51575235fad/library/std/src/panic.rs:142:14
[INFO] [stdout]   45:     0x55dbb1a23a97 - std::thread::Builder::spawn_unchecked_::{{closure}}::h87329cbdd33c79ec
[INFO] [stdout]                                at /rustc/0e09125c6c3c2fd70d7de961bcf0e51575235fad/library/std/src/thread/mod.rs:528:30
[INFO] [stdout]   46:     0x55dbb1a23a97 - core::ops::function::FnOnce::call_once{{vtable.shim}}::h401abbe67897d450
[INFO] [stdout]                                at /rustc/0e09125c6c3c2fd70d7de961bcf0e51575235fad/library/core/src/ops/function.rs:250:5
[INFO] [stdout]   47:     0x55dbb2131b55 - <alloc::boxed::Box<F,A> as core::ops::function::FnOnce<Args>>::call_once::h5d7c8f150ab9c84c
[INFO] [stdout]                                at /rustc/0e09125c6c3c2fd70d7de961bcf0e51575235fad/library/alloc/src/boxed.rs:2015:9
[INFO] [stdout]   48:     0x55dbb2131b55 - <alloc::boxed::Box<F,A> as core::ops::function::FnOnce<Args>>::call_once::h570d5b005c242c15
[INFO] [stdout]                                at /rustc/0e09125c6c3c2fd70d7de961bcf0e51575235fad/library/alloc/src/boxed.rs:2015:9
[INFO] [stdout]   49:     0x55dbb2131b55 - std::sys::unix::thread::Thread::new::thread_start::h36b0a20c0b2361ad
[INFO] [stdout]                                at /rustc/0e09125c6c3c2fd70d7de961bcf0e51575235fad/library/std/src/sys/unix/thread.rs:108:17
[INFO] [stdout]   50:     0x7fb34e152ac3 - <unknown>
[INFO] [stdout]   51:     0x7fb34e1e3bf4 - __clone
[INFO] [stdout]   52:                0x0 - <unknown>
[INFO] [stdout] 
[INFO] [stdout] 
[INFO] [stdout] failures:
[INFO] [stdout]     show_mnist::test_img_show
[INFO] [stdout] 
[INFO] [stdout] test result: FAILED. 4 passed; 1 failed; 0 ignored; 0 measured; 0 filtered out; finished in 0.11s
[INFO] [stdout] 
[INFO] [stderr] error: test failed, to rerun pass `--bin oreilly_deep_learning_chapter3`
[INFO] running `Command { std: "docker" "inspect" "889585382b51daa011e83c0f2032ea7ef579fefd675c8560530d10c16e207427", kill_on_drop: false }`
[INFO] running `Command { std: "docker" "rm" "-f" "889585382b51daa011e83c0f2032ea7ef579fefd675c8560530d10c16e207427", kill_on_drop: false }`
[INFO] [stdout] 889585382b51daa011e83c0f2032ea7ef579fefd675c8560530d10c16e207427
