[INFO] cloning repository https://github.com/Michael-Liendo/axum-server
[INFO] running `Command { std: "git" "-c" "credential.helper=" "-c" "credential.helper=/workspace/cargo-home/bin/git-credential-null" "clone" "--bare" "https://github.com/Michael-Liendo/axum-server" "/workspace/cache/git-repos/https%3A%2F%2Fgithub.com%2FMichael-Liendo%2Faxum-server", kill_on_drop: false }`
[INFO] [stderr] Cloning into bare repository '/workspace/cache/git-repos/https%3A%2F%2Fgithub.com%2FMichael-Liendo%2Faxum-server'...
[INFO] running `Command { std: "git" "rev-parse" "HEAD", kill_on_drop: false }`
[INFO] [stdout] c7c6df747800eadb1e61a702f03f79d727b603da
[INFO] testing Michael-Liendo/axum-server against 1.75.0 for beta-1.76-1
[INFO] running `Command { std: "git" "clone" "/workspace/cache/git-repos/https%3A%2F%2Fgithub.com%2FMichael-Liendo%2Faxum-server" "/workspace/builds/worker-4-tc1/source", kill_on_drop: false }`
[INFO] [stderr] Cloning into '/workspace/builds/worker-4-tc1/source'...
[INFO] [stderr] done.
[INFO] validating manifest of git repo https://github.com/Michael-Liendo/axum-server on toolchain 1.75.0
[INFO] running `Command { std: CARGO_HOME="/workspace/cargo-home" RUSTUP_HOME="/workspace/rustup-home" "/workspace/cargo-home/bin/cargo" "+1.75.0" "metadata" "--manifest-path" "Cargo.toml" "--no-deps", kill_on_drop: false }`
[INFO] started tweaking git repo https://github.com/Michael-Liendo/axum-server
[INFO] finished tweaking git repo https://github.com/Michael-Liendo/axum-server
[INFO] tweaked toml for git repo https://github.com/Michael-Liendo/axum-server written to /workspace/builds/worker-4-tc1/source/Cargo.toml
[INFO] crate git repo https://github.com/Michael-Liendo/axum-server already has a lockfile, it will not be regenerated
[INFO] running `Command { std: CARGO_HOME="/workspace/cargo-home" RUSTUP_HOME="/workspace/rustup-home" "/workspace/cargo-home/bin/cargo" "+1.75.0" "fetch" "--manifest-path" "Cargo.toml", kill_on_drop: false }`
[INFO] [stderr]     Blocking waiting for file lock on package cache
[INFO] [stderr]     Blocking waiting for file lock on package cache
[INFO] running `Command { std: "docker" "create" "-v" "/var/lib/crater-agent-workspace/builds/worker-4-tc1/target:/opt/rustwide/target:rw,Z" "-v" "/var/lib/crater-agent-workspace/builds/worker-4-tc1/source:/opt/rustwide/workdir:ro,Z" "-v" "/var/lib/crater-agent-workspace/cargo-home:/opt/rustwide/cargo-home:ro,Z" "-v" "/var/lib/crater-agent-workspace/rustup-home:/opt/rustwide/rustup-home:ro,Z" "-e" "SOURCE_DIR=/opt/rustwide/workdir" "-e" "CARGO_TARGET_DIR=/opt/rustwide/target" "-e" "CARGO_HOME=/opt/rustwide/cargo-home" "-e" "RUSTUP_HOME=/opt/rustwide/rustup-home" "-w" "/opt/rustwide/workdir" "-m" "1610612736" "--user" "0:0" "--network" "none" "ghcr.io/rust-lang/crates-build-env/linux@sha256:2788e3201cd34a07e3172128adcd8b3090168a8e3bcc40d7c032b9dda1df7d1c" "/opt/rustwide/cargo-home/bin/cargo" "+1.75.0" "metadata" "--no-deps" "--format-version=1", kill_on_drop: false }`
[INFO] [stdout] ce74e99708e41ad0dd4e51965d520d4c19bf27f1a5864cee58c08d3446530393
[INFO] running `Command { std: "docker" "start" "-a" "ce74e99708e41ad0dd4e51965d520d4c19bf27f1a5864cee58c08d3446530393", kill_on_drop: false }`
[INFO] running `Command { std: "docker" "inspect" "ce74e99708e41ad0dd4e51965d520d4c19bf27f1a5864cee58c08d3446530393", kill_on_drop: false }`
[INFO] running `Command { std: "docker" "rm" "-f" "ce74e99708e41ad0dd4e51965d520d4c19bf27f1a5864cee58c08d3446530393", kill_on_drop: false }`
[INFO] [stdout] ce74e99708e41ad0dd4e51965d520d4c19bf27f1a5864cee58c08d3446530393
[INFO] running `Command { std: "docker" "create" "-v" "/var/lib/crater-agent-workspace/builds/worker-4-tc1/target:/opt/rustwide/target:rw,Z" "-v" "/var/lib/crater-agent-workspace/builds/worker-4-tc1/source:/opt/rustwide/workdir:ro,Z" "-v" "/var/lib/crater-agent-workspace/cargo-home:/opt/rustwide/cargo-home:ro,Z" "-v" "/var/lib/crater-agent-workspace/rustup-home:/opt/rustwide/rustup-home:ro,Z" "-e" "SOURCE_DIR=/opt/rustwide/workdir" "-e" "CARGO_TARGET_DIR=/opt/rustwide/target" "-e" "CARGO_INCREMENTAL=0" "-e" "RUST_BACKTRACE=full" "-e" "RUSTFLAGS=--cap-lints=warn" "-e" "RUSTDOCFLAGS=--cap-lints=warn" "-e" "CARGO_HOME=/opt/rustwide/cargo-home" "-e" "RUSTUP_HOME=/opt/rustwide/rustup-home" "-w" "/opt/rustwide/workdir" "-m" "1610612736" "--user" "0:0" "--network" "none" "ghcr.io/rust-lang/crates-build-env/linux@sha256:2788e3201cd34a07e3172128adcd8b3090168a8e3bcc40d7c032b9dda1df7d1c" "/opt/rustwide/cargo-home/bin/cargo" "+1.75.0" "build" "--frozen" "--message-format=json", kill_on_drop: false }`
[INFO] [stdout] c5a7a629afe8292fef76b224c72ce361dfd6ee1dcd9417345272fd35b4a2de6d
[INFO] running `Command { std: "docker" "start" "-a" "c5a7a629afe8292fef76b224c72ce361dfd6ee1dcd9417345272fd35b4a2de6d", kill_on_drop: false }`
[INFO] [stderr]    Compiling proc-macro2 v1.0.66
[INFO] [stderr]    Compiling unicode-ident v1.0.11
[INFO] [stderr]    Compiling libc v0.2.147
[INFO] [stderr]    Compiling itoa v1.0.9
[INFO] [stderr]    Compiling fnv v1.0.7
[INFO] [stderr]    Compiling pin-project-lite v0.2.13
[INFO] [stderr]    Compiling futures-core v0.3.28
[INFO] [stderr]    Compiling rustversion v1.0.14
[INFO] [stderr]    Compiling bytes v1.4.0
[INFO] [stderr]    Compiling parking_lot_core v0.9.8
[INFO] [stderr]    Compiling scopeguard v1.2.0
[INFO] [stderr]    Compiling futures-task v0.3.28
[INFO] [stderr]    Compiling smallvec v1.11.0
[INFO] [stderr]    Compiling lock_api v0.4.10
[INFO] [stderr]    Compiling slab v0.4.9
[INFO] [stderr]    Compiling futures-util v0.3.28
[INFO] [stderr]    Compiling pin-utils v0.1.0
[INFO] [stderr]    Compiling once_cell v1.18.0
[INFO] [stderr]    Compiling serde v1.0.188
[INFO] [stderr]    Compiling unicase v2.7.0
[INFO] [stderr]    Compiling percent-encoding v2.3.0
[INFO] [stderr]    Compiling tower-service v0.3.2
[INFO] [stderr]    Compiling memchr v2.6.3
[INFO] [stderr]    Compiling async-trait v0.1.73
[INFO] [stderr]    Compiling tracing-core v0.1.31
[INFO] [stderr]    Compiling mime v0.3.17
[INFO] [stderr]    Compiling strsim v0.10.0
[INFO] [stderr]    Compiling tower-layer v0.3.2
[INFO] [stderr]    Compiling log v0.4.20
[INFO] [stderr]    Compiling regex-syntax v0.7.5
[INFO] [stderr]    Compiling http v0.2.9
[INFO] [stderr]    Compiling httparse v1.8.0
[INFO] [stderr]    Compiling futures-channel v0.3.28
[INFO] [stderr]    Compiling time-core v0.1.1
[INFO] [stderr]    Compiling cookie v0.17.0
[INFO] [stderr]    Compiling ryu v1.0.15
[INFO] [stderr]    Compiling time-macros v0.2.14
[INFO] [stderr]    Compiling tracing v0.1.37
[INFO] [stderr]    Compiling mime_guess v2.0.4
[INFO] [stderr]    Compiling try-lock v0.2.4
[INFO] [stderr]    Compiling ppv-lite86 v0.2.17
[INFO] [stderr]    Compiling serde_json v1.0.105
[INFO] [stderr]    Compiling deranged v0.3.8
[INFO] [stderr]    Compiling quote v1.0.33
[INFO] [stderr]    Compiling httpdate v1.0.3
[INFO] [stderr]    Compiling syn v2.0.31
[INFO] [stderr]    Compiling aho-corasick v1.0.5
[INFO] [stderr]    Compiling want v0.3.1
[INFO] [stderr]    Compiling form_urlencoded v1.2.0
[INFO] [stderr]    Compiling futures-sink v0.3.28
[INFO] [stderr]    Compiling bitflags v2.4.0
[INFO] [stderr]    Compiling heck v0.4.1
[INFO] [stderr]    Compiling sync_wrapper v0.1.2
[INFO] [stderr]    Compiling matchit v0.7.2
[INFO] [stderr]    Compiling http-range-header v0.3.1
[INFO] [stderr]    Compiling http-body v0.4.5
[INFO] [stderr]    Compiling axum-core v0.3.4
[INFO] [stderr]    Compiling axum v0.6.20
[INFO] [stderr]    Compiling socket2 v0.5.3
[INFO] [stderr]    Compiling signal-hook-registry v1.4.1
[INFO] [stderr]    Compiling mio v0.8.8
[INFO] [stderr]    Compiling num_cpus v1.16.0
[INFO] [stderr]    Compiling getrandom v0.2.10
[INFO] [stderr]    Compiling socket2 v0.4.9
[INFO] [stderr]    Compiling rand_core v0.6.4
[INFO] [stderr]    Compiling parking_lot v0.12.1
[INFO] [stderr]    Compiling rand_chacha v0.3.1
[INFO] [stderr]    Compiling rand v0.8.5
[INFO] [stderr]    Compiling time v0.3.28
[INFO] [stderr]    Compiling regex-automata v0.3.8
[INFO] [stderr]    Compiling uuid v1.4.1
[INFO] [stderr]    Compiling darling_core v0.20.3
[INFO] [stderr]    Compiling regex v1.9.5
[INFO] [stderr]    Compiling futures-macro v0.3.28
[INFO] [stderr]    Compiling serde_derive v1.0.188
[INFO] [stderr]    Compiling tokio-macros v2.1.0
[INFO] [stderr]    Compiling pin-project-internal v1.1.3
[INFO] [stderr]    Compiling strum_macros v0.25.2
[INFO] [stderr]    Compiling lazy-regex-proc_macros v3.0.1
[INFO] [stderr]    Compiling tokio v1.32.0
[INFO] [stderr]    Compiling darling_macro v0.20.3
[INFO] [stderr]    Compiling pin-project v1.1.3
[INFO] [stderr]    Compiling darling v0.20.3
[INFO] [stderr]    Compiling serde_with_macros v3.3.0
[INFO] [stderr]    Compiling lazy-regex v3.0.2
[INFO] [stderr]    Compiling tokio-util v0.7.8
[INFO] [stderr]    Compiling hyper v0.14.27
[INFO] [stderr]    Compiling tower v0.4.13
[INFO] [stderr]    Compiling tower-http v0.4.4
[INFO] [stderr]    Compiling tower-cookies v0.9.0
[INFO] [stderr]    Compiling serde_urlencoded v0.7.1
[INFO] [stderr]    Compiling serde_path_to_error v0.1.14
[INFO] [stderr]    Compiling serde_with v3.3.0
[INFO] [stderr]    Compiling axum-server v0.1.0 (/opt/rustwide/workdir)
[INFO] [stderr]     Finished dev [unoptimized + debuginfo] target(s) in 45.95s
[INFO] running `Command { std: "docker" "inspect" "c5a7a629afe8292fef76b224c72ce361dfd6ee1dcd9417345272fd35b4a2de6d", kill_on_drop: false }`
[INFO] running `Command { std: "docker" "rm" "-f" "c5a7a629afe8292fef76b224c72ce361dfd6ee1dcd9417345272fd35b4a2de6d", kill_on_drop: false }`
[INFO] [stdout] c5a7a629afe8292fef76b224c72ce361dfd6ee1dcd9417345272fd35b4a2de6d
[INFO] running `Command { std: "docker" "create" "-v" "/var/lib/crater-agent-workspace/builds/worker-4-tc1/target:/opt/rustwide/target:rw,Z" "-v" "/var/lib/crater-agent-workspace/builds/worker-4-tc1/source:/opt/rustwide/workdir:ro,Z" "-v" "/var/lib/crater-agent-workspace/cargo-home:/opt/rustwide/cargo-home:ro,Z" "-v" "/var/lib/crater-agent-workspace/rustup-home:/opt/rustwide/rustup-home:ro,Z" "-e" "SOURCE_DIR=/opt/rustwide/workdir" "-e" "CARGO_TARGET_DIR=/opt/rustwide/target" "-e" "CARGO_INCREMENTAL=0" "-e" "RUST_BACKTRACE=full" "-e" "RUSTFLAGS=--cap-lints=warn" "-e" "RUSTDOCFLAGS=--cap-lints=warn" "-e" "CARGO_HOME=/opt/rustwide/cargo-home" "-e" "RUSTUP_HOME=/opt/rustwide/rustup-home" "-w" "/opt/rustwide/workdir" "-m" "1610612736" "--user" "0:0" "--network" "none" "ghcr.io/rust-lang/crates-build-env/linux@sha256:2788e3201cd34a07e3172128adcd8b3090168a8e3bcc40d7c032b9dda1df7d1c" "/opt/rustwide/cargo-home/bin/cargo" "+1.75.0" "test" "--frozen" "--no-run" "--message-format=json", kill_on_drop: false }`
[INFO] [stdout] 591a33433d8d0f3aa19a1798ceee4a0d05683c5b9a54cae81c3ca11874b842aa
[INFO] running `Command { std: "docker" "start" "-a" "591a33433d8d0f3aa19a1798ceee4a0d05683c5b9a54cae81c3ca11874b842aa", kill_on_drop: false }`
[INFO] [stderr]    Compiling libc v0.2.147
[INFO] [stderr]    Compiling tinyvec_macros v0.1.1
[INFO] [stderr]    Compiling vcpkg v0.2.15
[INFO] [stderr]    Compiling pkg-config v0.3.27
[INFO] [stderr]    Compiling indexmap v1.9.3
[INFO] [stderr]    Compiling unicode-bidi v0.3.13
[INFO] [stderr]    Compiling time v0.3.28
[INFO] [stderr]    Compiling tokio-util v0.7.8
[INFO] [stderr]    Compiling foreign-types-shared v0.1.1
[INFO] [stderr]    Compiling openssl v0.10.57
[INFO] [stderr]    Compiling openssl-macros v0.1.1
[INFO] [stderr]    Compiling cookie v0.16.2
[INFO] [stderr]    Compiling native-tls v0.2.11
[INFO] [stderr]    Compiling openssl-probe v0.1.5
[INFO] [stderr]    Compiling psl-types v2.0.11
[INFO] [stderr]    Compiling matches v0.1.10
[INFO] [stderr]    Compiling tinyvec v1.6.0
[INFO] [stderr]    Compiling encoding_rs v0.8.33
[INFO] [stderr]    Compiling foreign-types v0.3.2
[INFO] [stderr]    Compiling base64 v0.21.3
[INFO] [stderr]    Compiling ipnet v2.8.0
[INFO] [stderr]    Compiling thiserror v1.0.48
[INFO] [stderr]    Compiling thiserror-impl v1.0.48
[INFO] [stderr]    Compiling anyhow v1.0.75
[INFO] [stderr]    Compiling h2 v0.3.21
[INFO] [stderr]    Compiling tower-http v0.4.4
[INFO] [stderr]    Compiling cc v1.0.83
[INFO] [stderr]    Compiling unicode-normalization v0.1.22
[INFO] [stderr]    Compiling idna v0.4.0
[INFO] [stderr]    Compiling idna v0.3.0
[INFO] [stderr]    Compiling idna v0.2.3
[INFO] [stderr]    Compiling cookie v0.17.0
[INFO] [stderr]    Compiling openssl-sys v0.9.92
[INFO] [stderr]    Compiling url v2.4.1
[INFO] [stderr]    Compiling publicsuffix v2.2.3
[INFO] [stderr]    Compiling tower-cookies v0.9.0
[INFO] [stderr]    Compiling cookie_store v0.16.2
[INFO] [stderr]    Compiling cookie_store v0.19.1
[INFO] [stderr]    Compiling hyper v0.14.27
[INFO] [stderr]    Compiling tokio-native-tls v0.3.1
[INFO] [stderr]    Compiling hyper-tls v0.5.0
[INFO] [stderr]    Compiling axum v0.6.20
[INFO] [stderr]    Compiling reqwest v0.11.20
[INFO] [stderr]    Compiling reqwest_cookie_store v0.5.0
[INFO] [stderr]    Compiling httpc-test v0.1.5
[INFO] [stderr]    Compiling axum-server v0.1.0 (/opt/rustwide/workdir)
[INFO] [stderr]     Finished test [unoptimized + debuginfo] target(s) in 32.83s
[INFO] running `Command { std: "docker" "inspect" "591a33433d8d0f3aa19a1798ceee4a0d05683c5b9a54cae81c3ca11874b842aa", kill_on_drop: false }`
[INFO] running `Command { std: "docker" "rm" "-f" "591a33433d8d0f3aa19a1798ceee4a0d05683c5b9a54cae81c3ca11874b842aa", kill_on_drop: false }`
[INFO] [stdout] 591a33433d8d0f3aa19a1798ceee4a0d05683c5b9a54cae81c3ca11874b842aa
[INFO] running `Command { std: "docker" "create" "-v" "/var/lib/crater-agent-workspace/builds/worker-4-tc1/target:/opt/rustwide/target:rw,Z" "-v" "/var/lib/crater-agent-workspace/builds/worker-4-tc1/source:/opt/rustwide/workdir:ro,Z" "-v" "/var/lib/crater-agent-workspace/cargo-home:/opt/rustwide/cargo-home:ro,Z" "-v" "/var/lib/crater-agent-workspace/rustup-home:/opt/rustwide/rustup-home:ro,Z" "-e" "SOURCE_DIR=/opt/rustwide/workdir" "-e" "CARGO_TARGET_DIR=/opt/rustwide/target" "-e" "CARGO_INCREMENTAL=0" "-e" "RUST_BACKTRACE=full" "-e" "RUSTFLAGS=--cap-lints=warn" "-e" "RUSTDOCFLAGS=--cap-lints=warn" "-e" "CARGO_HOME=/opt/rustwide/cargo-home" "-e" "RUSTUP_HOME=/opt/rustwide/rustup-home" "-w" "/opt/rustwide/workdir" "-m" "1610612736" "--user" "0:0" "--network" "none" "ghcr.io/rust-lang/crates-build-env/linux@sha256:2788e3201cd34a07e3172128adcd8b3090168a8e3bcc40d7c032b9dda1df7d1c" "/opt/rustwide/cargo-home/bin/cargo" "+1.75.0" "test" "--frozen", kill_on_drop: false }`
[INFO] [stdout] e74b942b549f0b2fa0d9e8fa0d06e6f6f16f35bad7caf6ed0f53489fdb036f99
[INFO] running `Command { std: "docker" "start" "-a" "e74b942b549f0b2fa0d9e8fa0d06e6f6f16f35bad7caf6ed0f53489fdb036f99", kill_on_drop: false }`
[INFO] [stderr]     Finished test [unoptimized + debuginfo] target(s) in 0.20s
[INFO] [stderr]      Running unittests src/main.rs (/opt/rustwide/target/debug/deps/axum_server-6dbd017ec585fbdb)
[INFO] [stderr]      Running tests/quick_dev.rs (/opt/rustwide/target/debug/deps/quick_dev-50eda8aa55dbb5b3)
[INFO] [stdout] 
[INFO] [stdout] running 0 tests
[INFO] [stdout] 
[INFO] [stdout] test result: ok. 0 passed; 0 failed; 0 ignored; 0 measured; 0 filtered out; finished in 0.00s
[INFO] [stdout] 
[INFO] [stdout] 
[INFO] [stdout] running 1 test
[INFO] [stderr] error: test failed, to rerun pass `--test quick_dev`
[INFO] [stdout] test quick_dev ... FAILED
[INFO] [stdout] 
[INFO] [stdout] failures:
[INFO] [stdout] 
[INFO] [stdout] ---- quick_dev stdout ----
[INFO] [stdout] Error: error sending request for url (http://localhost:3000/hello2/michael): error trying to connect: tcp connect error: Cannot assign requested address (os error 99)
[INFO] [stdout] 
[INFO] [stdout] Caused by:
[INFO] [stdout]     0: error trying to connect: tcp connect error: Cannot assign requested address (os error 99)
[INFO] [stdout]     1: tcp connect error: Cannot assign requested address (os error 99)
[INFO] [stdout]     2: Cannot assign requested address (os error 99)
[INFO] [stdout] 
[INFO] [stdout] 
[INFO] [stdout] failures:
[INFO] [stdout]     quick_dev
[INFO] [stdout] 
[INFO] [stdout] test result: FAILED. 0 passed; 1 failed; 0 ignored; 0 measured; 0 filtered out; finished in 0.11s
[INFO] [stdout] 
[INFO] running `Command { std: "docker" "inspect" "e74b942b549f0b2fa0d9e8fa0d06e6f6f16f35bad7caf6ed0f53489fdb036f99", kill_on_drop: false }`
[INFO] running `Command { std: "docker" "rm" "-f" "e74b942b549f0b2fa0d9e8fa0d06e6f6f16f35bad7caf6ed0f53489fdb036f99", kill_on_drop: false }`
[INFO] [stdout] e74b942b549f0b2fa0d9e8fa0d06e6f6f16f35bad7caf6ed0f53489fdb036f99
