[INFO] cloning repository https://github.com/Michael-F-Bryan/fornjot-plugins
[INFO] running `Command { std: "git" "-c" "credential.helper=" "-c" "credential.helper=/workspace/cargo-home/bin/git-credential-null" "clone" "--bare" "https://github.com/Michael-F-Bryan/fornjot-plugins" "/workspace/cache/git-repos/https%3A%2F%2Fgithub.com%2FMichael-F-Bryan%2Ffornjot-plugins", kill_on_drop: false }`
[INFO] [stderr] Cloning into bare repository '/workspace/cache/git-repos/https%3A%2F%2Fgithub.com%2FMichael-F-Bryan%2Ffornjot-plugins'...
[INFO] running `Command { std: "git" "rev-parse" "HEAD", kill_on_drop: false }`
[INFO] [stdout] 7ced70b260fe173f3fd08bb3b3ebb3ca6614981b
[INFO] testing Michael-F-Bryan/fornjot-plugins against 1.75.0 for beta-1.76-1
[INFO] running `Command { std: "git" "clone" "/workspace/cache/git-repos/https%3A%2F%2Fgithub.com%2FMichael-F-Bryan%2Ffornjot-plugins" "/workspace/builds/worker-7-tc1/source", kill_on_drop: false }`
[INFO] [stderr] Cloning into '/workspace/builds/worker-7-tc1/source'...
[INFO] [stderr] done.
[INFO] validating manifest of git repo https://github.com/Michael-F-Bryan/fornjot-plugins on toolchain 1.75.0
[INFO] running `Command { std: CARGO_HOME="/workspace/cargo-home" RUSTUP_HOME="/workspace/rustup-home" "/workspace/cargo-home/bin/cargo" "+1.75.0" "metadata" "--manifest-path" "Cargo.toml" "--no-deps", kill_on_drop: false }`
[INFO] started tweaking git repo https://github.com/Michael-F-Bryan/fornjot-plugins
[INFO] finished tweaking git repo https://github.com/Michael-F-Bryan/fornjot-plugins
[INFO] tweaked toml for git repo https://github.com/Michael-F-Bryan/fornjot-plugins written to /workspace/builds/worker-7-tc1/source/Cargo.toml
[INFO] crate git repo https://github.com/Michael-F-Bryan/fornjot-plugins already has a lockfile, it will not be regenerated
[INFO] running `Command { std: CARGO_HOME="/workspace/cargo-home" RUSTUP_HOME="/workspace/rustup-home" "/workspace/cargo-home/bin/cargo" "+1.75.0" "fetch" "--manifest-path" "Cargo.toml", kill_on_drop: false }`
[INFO] [stderr] warning: virtual workspace defaulting to `resolver = "1"` despite one or more workspace members being on edition 2021 which implies `resolver = "2"`
[INFO] [stderr] note: to keep the current resolver, specify `workspace.resolver = "1"` in the workspace root's manifest
[INFO] [stderr] note: to use the edition 2021 resolver, specify `workspace.resolver = "2"` in the workspace root's manifest
[INFO] [stderr] note: for more details see https://doc.rust-lang.org/cargo/reference/resolver.html#resolver-versions
[INFO] [stderr]     Updating git repository `https://github.com/Michael-F-Bryan/Fornjot`
[INFO] [stderr]     Updating git repository `https://github.com/hannobraun/Fornjot`
[INFO] [stderr]     Updating git repository `https://github.com/bytecodealliance/wit-bindgen`
[INFO] [stderr]  Downloading crates ...
[INFO] [stderr]   Downloaded wasm-encoder v0.14.0
[INFO] [stderr]   Downloaded cranelift-codegen-shared v0.85.1
[INFO] [stderr]   Downloaded wasmtime-jit-debug v0.38.1
[INFO] [stderr]   Downloaded wasmtime-types v0.38.1
[INFO] [stderr]   Downloaded wasmtime-fiber v0.38.1
[INFO] [stderr]   Downloaded cranelift-native v0.85.1
[INFO] [stderr]   Downloaded wat v1.0.46
[INFO] [stderr]   Downloaded psm v0.1.19
[INFO] [stderr]   Downloaded wasmtime-jit v0.38.1
[INFO] [stderr]   Downloaded wasmtime-cache v0.38.1
[INFO] [stderr]   Downloaded wasmtime-cranelift v0.38.1
[INFO] [stderr]   Downloaded wasmtime-runtime v0.38.1
[INFO] [stderr]   Downloaded cranelift-codegen v0.85.1
[INFO] [stderr]   Downloaded cranelift-wasm v0.85.1
[INFO] [stderr]   Downloaded tracing-subscriber v0.3.14
[INFO] [stderr]   Downloaded cranelift-codegen-meta v0.85.1
[INFO] [stderr]   Downloaded wast v44.0.0
[INFO] [stderr]   Downloaded wasmtime v0.38.1
[INFO] [stderr]   Downloaded cranelift-isle v0.85.1
[INFO] [stderr]   Downloaded cranelift-bforest v0.85.1
[INFO] [stderr]   Downloaded cranelift-frontend v0.85.1
[INFO] [stderr]   Downloaded cranelift-entity v0.85.1
[INFO] [stderr]   Downloaded wasmtime-environ v0.38.1
[INFO] running `Command { std: "docker" "create" "-v" "/var/lib/crater-agent-workspace/builds/worker-7-tc1/target:/opt/rustwide/target:rw,Z" "-v" "/var/lib/crater-agent-workspace/builds/worker-7-tc1/source:/opt/rustwide/workdir:ro,Z" "-v" "/var/lib/crater-agent-workspace/cargo-home:/opt/rustwide/cargo-home:ro,Z" "-v" "/var/lib/crater-agent-workspace/rustup-home:/opt/rustwide/rustup-home:ro,Z" "-e" "SOURCE_DIR=/opt/rustwide/workdir" "-e" "CARGO_TARGET_DIR=/opt/rustwide/target" "-e" "CARGO_HOME=/opt/rustwide/cargo-home" "-e" "RUSTUP_HOME=/opt/rustwide/rustup-home" "-w" "/opt/rustwide/workdir" "-m" "1610612736" "--user" "0:0" "--network" "none" "ghcr.io/rust-lang/crates-build-env/linux@sha256:2788e3201cd34a07e3172128adcd8b3090168a8e3bcc40d7c032b9dda1df7d1c" "/opt/rustwide/cargo-home/bin/cargo" "+1.75.0" "metadata" "--no-deps" "--format-version=1", kill_on_drop: false }`
[INFO] [stdout] 9ae1b2f030ccfa69713442a01200449165eb150367ae4609d867c8769b1e8582
[INFO] running `Command { std: "docker" "start" "-a" "9ae1b2f030ccfa69713442a01200449165eb150367ae4609d867c8769b1e8582", kill_on_drop: false }`
[INFO] running `Command { std: "docker" "inspect" "9ae1b2f030ccfa69713442a01200449165eb150367ae4609d867c8769b1e8582", kill_on_drop: false }`
[INFO] running `Command { std: "docker" "rm" "-f" "9ae1b2f030ccfa69713442a01200449165eb150367ae4609d867c8769b1e8582", kill_on_drop: false }`
[INFO] [stdout] 9ae1b2f030ccfa69713442a01200449165eb150367ae4609d867c8769b1e8582
[INFO] running `Command { std: "docker" "create" "-v" "/var/lib/crater-agent-workspace/builds/worker-7-tc1/target:/opt/rustwide/target:rw,Z" "-v" "/var/lib/crater-agent-workspace/builds/worker-7-tc1/source:/opt/rustwide/workdir:ro,Z" "-v" "/var/lib/crater-agent-workspace/cargo-home:/opt/rustwide/cargo-home:ro,Z" "-v" "/var/lib/crater-agent-workspace/rustup-home:/opt/rustwide/rustup-home:ro,Z" "-e" "SOURCE_DIR=/opt/rustwide/workdir" "-e" "CARGO_TARGET_DIR=/opt/rustwide/target" "-e" "CARGO_INCREMENTAL=0" "-e" "RUST_BACKTRACE=full" "-e" "RUSTFLAGS=--cap-lints=warn" "-e" "RUSTDOCFLAGS=--cap-lints=warn" "-e" "CARGO_HOME=/opt/rustwide/cargo-home" "-e" "RUSTUP_HOME=/opt/rustwide/rustup-home" "-w" "/opt/rustwide/workdir" "-m" "1610612736" "--user" "0:0" "--network" "none" "ghcr.io/rust-lang/crates-build-env/linux@sha256:2788e3201cd34a07e3172128adcd8b3090168a8e3bcc40d7c032b9dda1df7d1c" "/opt/rustwide/cargo-home/bin/cargo" "+1.75.0" "build" "--frozen" "--message-format=json", kill_on_drop: false }`
[INFO] [stdout] 5227f91f0eec93efec0f6fae51a4db14b085800f7e1211b0f5d926d9ef54f2fd
[INFO] running `Command { std: "docker" "start" "-a" "5227f91f0eec93efec0f6fae51a4db14b085800f7e1211b0f5d926d9ef54f2fd", kill_on_drop: false }`
[INFO] [stderr] warning: virtual workspace defaulting to `resolver = "1"` despite one or more workspace members being on edition 2021 which implies `resolver = "2"`
[INFO] [stderr] note: to keep the current resolver, specify `workspace.resolver = "1"` in the workspace root's manifest
[INFO] [stderr] note: to use the edition 2021 resolver, specify `workspace.resolver = "2"` in the workspace root's manifest
[INFO] [stderr] note: for more details see https://doc.rust-lang.org/cargo/reference/resolver.html#resolver-versions
[INFO] [stderr]    Compiling libc v0.2.126
[INFO] [stderr]    Compiling proc-macro2 v1.0.40
[INFO] [stderr]    Compiling quote v1.0.20
[INFO] [stderr]    Compiling unicode-ident v1.0.1
[INFO] [stderr]    Compiling syn v1.0.98
[INFO] [stderr]    Compiling serde_derive v1.0.139
[INFO] [stderr]    Compiling serde v1.0.139
[INFO] [stderr]    Compiling once_cell v1.13.0
[INFO] [stderr]    Compiling indexmap v1.9.1
[INFO] [stderr]    Compiling hashbrown v0.12.2
[INFO] [stderr]    Compiling anyhow v1.0.58
[INFO] [stderr]    Compiling fallible-iterator v0.2.0
[INFO] [stderr]    Compiling stable_deref_trait v1.2.0
[INFO] [stderr]    Compiling target-lexicon v0.12.4
[INFO] [stderr]    Compiling ahash v0.7.6
[INFO] [stderr]    Compiling cranelift-isle v0.85.1
[INFO] [stderr]    Compiling cranelift-codegen-shared v0.85.1
[INFO] [stderr]    Compiling io-lifetimes v0.5.3
[INFO] [stderr]    Compiling crc32fast v1.3.2
[INFO] [stderr]    Compiling cranelift-codegen-meta v0.85.1
[INFO] [stderr]    Compiling unicase v2.6.0
[INFO] [stderr]    Compiling crossbeam-utils v0.8.10
[INFO] [stderr]    Compiling regex-syntax v0.6.27
[INFO] [stderr]    Compiling rustix v0.33.7
[INFO] [stderr]    Compiling smallvec v1.9.0
[INFO] [stderr]    Compiling typenum v1.15.0
[INFO] [stderr]    Compiling jobserver v0.1.24
[INFO] [stderr]    Compiling getrandom v0.2.7
[INFO] [stderr]    Compiling cc v1.0.73
[INFO] [stderr]    Compiling hashbrown v0.11.2
[INFO] [stderr]    Compiling generic-array v0.14.5
[INFO] [stderr]    Compiling tinyvec_macros v0.1.0
[INFO] [stderr]    Compiling linux-raw-sys v0.0.42
[INFO] [stderr]    Compiling slice-group-by v0.3.0
[INFO] [stderr]    Compiling tinyvec v1.6.0
[INFO] [stderr]    Compiling regalloc2 v0.2.3
[INFO] [stderr]    Compiling zstd-sys v2.0.1+zstd.1.5.2
[INFO] [stderr]    Compiling wasmtime-fiber v0.38.1
[INFO] [stderr]    Compiling aho-corasick v0.7.18
[INFO] [stderr]    Compiling crossbeam-epoch v0.9.9
[INFO] [stderr]    Compiling pulldown-cmark v0.8.0
[INFO] [stderr]    Compiling unicode-normalization v0.1.21
[INFO] [stderr]    Compiling cranelift-codegen v0.85.1
[INFO] [stderr]    Compiling regex v1.6.0
[INFO] [stderr]    Compiling backtrace v0.3.66
[INFO] [stderr]    Compiling rand_core v0.6.3
[INFO] [stderr]    Compiling rayon-core v1.9.3
[INFO] [stderr]    Compiling more-asserts v0.2.2
[INFO] [stderr]    Compiling id-arena v2.2.1
[INFO] [stderr]    Compiling unicode-xid v0.2.3
[INFO] [stderr]    Compiling zstd-safe v5.0.2+zstd.1.5.2
[INFO] [stderr]    Compiling either v1.7.0
[INFO] [stderr]    Compiling ppv-lite86 v0.2.16
[INFO] [stderr]    Compiling miniz_oxide v0.5.3
[INFO] [stderr]    Compiling wit-parser v0.1.0 (https://github.com/bytecodealliance/wit-bindgen#60e3c5b4)
[INFO] [stderr]    Compiling wasmtime-runtime v0.38.1
[INFO] [stderr]    Compiling rand_chacha v0.3.1
[INFO] [stderr]    Compiling ittapi-rs v0.2.0
[INFO] [stderr]    Compiling atty v0.2.14
[INFO] [stderr]    Compiling tracing-core v0.1.28
[INFO] [stderr]    Compiling object v0.29.0
[INFO] [stderr]    Compiling unicode-segmentation v1.9.0
[INFO] [stderr]    Compiling rustc-demangle v0.1.21
[INFO] [stderr]    Compiling cpp_demangle v0.3.5
[INFO] [stderr]    Compiling termcolor v1.1.3
[INFO] [stderr]    Compiling leb128 v0.2.5
[INFO] [stderr]    Compiling heck v0.3.3
[INFO] [stderr]    Compiling wasm-encoder v0.14.0
[INFO] [stderr]    Compiling env_logger v0.9.0
[INFO] [stderr]    Compiling wit-bindgen-gen-core v0.1.0 (https://github.com/bytecodealliance/wit-bindgen#60e3c5b4)
[INFO] [stderr]    Compiling crossbeam-deque v0.8.1
[INFO] [stderr]    Compiling thiserror-impl v1.0.31
[INFO] [stderr]    Compiling tracing-attributes v0.1.22
[INFO] [stderr]    Compiling rand v0.8.5
[INFO] [stderr]    Compiling itertools v0.10.3
[INFO] [stderr]    Compiling digest v0.9.0
[INFO] [stderr]    Compiling block-buffer v0.9.0
[INFO] [stderr]    Compiling crossbeam-channel v0.5.5
[INFO] [stderr]    Compiling psm v0.1.19
[INFO] [stderr]    Compiling num_cpus v1.13.1
[INFO] [stderr]    Compiling dirs-sys-next v0.1.2
[INFO] [stderr]    Compiling memfd v0.4.1
[INFO] [stderr]    Compiling region v2.2.0
[INFO] [stderr]    Compiling rayon v1.5.3
[INFO] [stderr]    Compiling wasmtime-cache v0.38.1
[INFO] [stderr]    Compiling thiserror v1.0.31
[INFO] [stderr]    Compiling opaque-debug v0.3.0
[INFO] [stderr]    Compiling wit-bindgen-gen-wasmtime v0.1.0 (https://github.com/bytecodealliance/wit-bindgen#60e3c5b4)
[INFO] [stderr]    Compiling cpufeatures v0.2.2
[INFO] [stderr]    Compiling unicode-width v0.1.9
[INFO] [stderr]    Compiling async-trait v0.1.56
[INFO] [stderr]    Compiling wast v44.0.0
[INFO] [stderr]    Compiling sha2 v0.9.9
[INFO] [stderr]    Compiling directories-next v2.0.0
[INFO] [stderr]    Compiling tracing v0.1.35
[INFO] [stderr]    Compiling fj-proc v0.7.0 (https://github.com/hannobraun/Fornjot#9c1278ab)
[INFO] [stderr]    Compiling wit-bindgen-gen-rust v0.1.0 (https://github.com/bytecodealliance/wit-bindgen#60e3c5b4)
[INFO] [stderr]    Compiling file-per-thread-logger v0.1.5
[INFO] [stderr]    Compiling wasmtime v0.38.1
[INFO] [stderr]    Compiling base64 v0.13.0
[INFO] [stderr]    Compiling fj v0.7.0 (https://github.com/hannobraun/Fornjot#9c1278ab)
[INFO] [stderr]    Compiling regex-automata v0.1.10
[INFO] [stderr]    Compiling paste v1.0.7
[INFO] [stderr]    Compiling wit-bindgen-wasmtime-impl v0.1.0 (https://github.com/bytecodealliance/wit-bindgen#60e3c5b4)
[INFO] [stderr]    Compiling matchers v0.1.0
[INFO] [stderr]    Compiling fj-plugins v0.1.0 (/opt/rustwide/workdir/crates/plugins)
[INFO] [stderr]    Compiling tracing-log v0.1.3
[INFO] [stderr]    Compiling thread_local v1.1.4
[INFO] [stderr]    Compiling ansi_term v0.12.1
[INFO] [stderr]    Compiling cuboid v0.1.0 (/opt/rustwide/workdir/models/cuboid)
[INFO] [stderr]    Compiling tracing-subscriber v0.3.14
[INFO] [stderr]    Compiling wat v1.0.46
[INFO] [stderr]    Compiling gimli v0.26.1
[INFO] [stderr]    Compiling cranelift-entity v0.85.1
[INFO] [stderr]    Compiling wasmparser v0.85.0
[INFO] [stderr]    Compiling cranelift-bforest v0.85.1
[INFO] [stderr]    Compiling object v0.28.4
[INFO] [stderr]    Compiling bincode v1.3.3
[INFO] [stderr]    Compiling toml v0.5.9
[INFO] [stderr]    Compiling wasmtime-types v0.38.1
[INFO] [stderr]    Compiling wasmtime-environ v0.38.1
[INFO] [stderr]    Compiling addr2line v0.17.0
[INFO] [stderr]    Compiling wasmtime-jit-debug v0.38.1
[INFO] [stderr]    Compiling wasmtime-jit v0.38.1
[INFO] [stderr]    Compiling cranelift-frontend v0.85.1
[INFO] [stderr]    Compiling cranelift-native v0.85.1
[INFO] [stderr]    Compiling cranelift-wasm v0.85.1
[INFO] [stderr]    Compiling wasmtime-cranelift v0.38.1
[INFO] [stderr]    Compiling zstd v0.11.2+zstd.1.5.2
[INFO] [stderr]    Compiling wit-bindgen-wasmtime v0.1.0 (https://github.com/bytecodealliance/wit-bindgen#60e3c5b4)
[INFO] [stderr]    Compiling fj-wasm-shim v0.1.0 (/opt/rustwide/workdir/crates/wasm-shim)
[INFO] [stderr]     Finished dev [unoptimized + debuginfo] target(s) in 42.48s
[INFO] running `Command { std: "docker" "inspect" "5227f91f0eec93efec0f6fae51a4db14b085800f7e1211b0f5d926d9ef54f2fd", kill_on_drop: false }`
[INFO] running `Command { std: "docker" "rm" "-f" "5227f91f0eec93efec0f6fae51a4db14b085800f7e1211b0f5d926d9ef54f2fd", kill_on_drop: false }`
[INFO] [stdout] 5227f91f0eec93efec0f6fae51a4db14b085800f7e1211b0f5d926d9ef54f2fd
[INFO] running `Command { std: "docker" "create" "-v" "/var/lib/crater-agent-workspace/builds/worker-7-tc1/target:/opt/rustwide/target:rw,Z" "-v" "/var/lib/crater-agent-workspace/builds/worker-7-tc1/source:/opt/rustwide/workdir:ro,Z" "-v" "/var/lib/crater-agent-workspace/cargo-home:/opt/rustwide/cargo-home:ro,Z" "-v" "/var/lib/crater-agent-workspace/rustup-home:/opt/rustwide/rustup-home:ro,Z" "-e" "SOURCE_DIR=/opt/rustwide/workdir" "-e" "CARGO_TARGET_DIR=/opt/rustwide/target" "-e" "CARGO_INCREMENTAL=0" "-e" "RUST_BACKTRACE=full" "-e" "RUSTFLAGS=--cap-lints=warn" "-e" "RUSTDOCFLAGS=--cap-lints=warn" "-e" "CARGO_HOME=/opt/rustwide/cargo-home" "-e" "RUSTUP_HOME=/opt/rustwide/rustup-home" "-w" "/opt/rustwide/workdir" "-m" "1610612736" "--user" "0:0" "--network" "none" "ghcr.io/rust-lang/crates-build-env/linux@sha256:2788e3201cd34a07e3172128adcd8b3090168a8e3bcc40d7c032b9dda1df7d1c" "/opt/rustwide/cargo-home/bin/cargo" "+1.75.0" "test" "--frozen" "--no-run" "--message-format=json", kill_on_drop: false }`
[INFO] [stdout] 42958d71a5b60596a5661484d6ecf41e8d07077fff939f855352f97c06f72bba
[INFO] running `Command { std: "docker" "start" "-a" "42958d71a5b60596a5661484d6ecf41e8d07077fff939f855352f97c06f72bba", kill_on_drop: false }`
[INFO] [stderr] warning: virtual workspace defaulting to `resolver = "1"` despite one or more workspace members being on edition 2021 which implies `resolver = "2"`
[INFO] [stderr] note: to keep the current resolver, specify `workspace.resolver = "1"` in the workspace root's manifest
[INFO] [stderr] note: to use the edition 2021 resolver, specify `workspace.resolver = "2"` in the workspace root's manifest
[INFO] [stderr] note: for more details see https://doc.rust-lang.org/cargo/reference/resolver.html#resolver-versions
[INFO] [stderr]    Compiling semver v1.0.12
[INFO] [stderr]    Compiling serde_json v1.0.82
[INFO] [stderr]    Compiling camino v1.0.9
[INFO] [stderr]    Compiling inotify-sys v0.1.5
[INFO] [stderr]    Compiling itoa v1.0.2
[INFO] [stderr]    Compiling ryu v1.0.10
[INFO] [stderr]    Compiling cargo-platform v0.1.2
[INFO] [stderr]    Compiling fj-proc v0.7.0 (https://github.com/Michael-F-Bryan/Fornjot?branch=hotfix/target-dir#727ab812)
[INFO] [stderr]    Compiling inotify v0.9.6
[INFO] [stderr]    Compiling mio v0.8.4
[INFO] [stderr]    Compiling filetime v0.2.17
[INFO] [stderr]    Compiling libloading v0.7.3
[INFO] [stderr]    Compiling notify v5.0.0-pre.15
[INFO] [stderr]    Compiling predicates-core v1.0.3
[INFO] [stderr]    Compiling doc-comment v0.3.3
[INFO] [stderr]    Compiling difflib v0.4.0
[INFO] [stderr]    Compiling termtree v0.2.4
[INFO] [stderr]    Compiling bstr v0.2.17
[INFO] [stderr]    Compiling predicates v2.1.1
[INFO] [stderr]    Compiling fj v0.7.0 (https://github.com/Michael-F-Bryan/Fornjot?branch=hotfix/target-dir#727ab812)
[INFO] [stderr]    Compiling predicates-tree v1.0.5
[INFO] [stderr]    Compiling wait-timeout v0.2.0
[INFO] [stderr]    Compiling fj-plugins v0.1.0 (/opt/rustwide/workdir/crates/plugins)
[INFO] [stderr]    Compiling cargo_metadata v0.15.0
[INFO] [stderr]    Compiling assert_cmd v2.0.4
[INFO] [stderr]    Compiling fj-host v0.7.0 (https://github.com/Michael-F-Bryan/Fornjot?branch=hotfix/target-dir#727ab812)
[INFO] [stderr]    Compiling cuboid v0.1.0 (/opt/rustwide/workdir/models/cuboid)
[INFO] [stderr]    Compiling fj-wasm-shim v0.1.0 (/opt/rustwide/workdir/crates/wasm-shim)
[INFO] [stderr]     Finished test [unoptimized + debuginfo] target(s) in 6.74s
[INFO] running `Command { std: "docker" "inspect" "42958d71a5b60596a5661484d6ecf41e8d07077fff939f855352f97c06f72bba", kill_on_drop: false }`
[INFO] running `Command { std: "docker" "rm" "-f" "42958d71a5b60596a5661484d6ecf41e8d07077fff939f855352f97c06f72bba", kill_on_drop: false }`
[INFO] [stdout] 42958d71a5b60596a5661484d6ecf41e8d07077fff939f855352f97c06f72bba
[INFO] running `Command { std: "docker" "create" "-v" "/var/lib/crater-agent-workspace/builds/worker-7-tc1/target:/opt/rustwide/target:rw,Z" "-v" "/var/lib/crater-agent-workspace/builds/worker-7-tc1/source:/opt/rustwide/workdir:ro,Z" "-v" "/var/lib/crater-agent-workspace/cargo-home:/opt/rustwide/cargo-home:ro,Z" "-v" "/var/lib/crater-agent-workspace/rustup-home:/opt/rustwide/rustup-home:ro,Z" "-e" "SOURCE_DIR=/opt/rustwide/workdir" "-e" "CARGO_TARGET_DIR=/opt/rustwide/target" "-e" "CARGO_INCREMENTAL=0" "-e" "RUST_BACKTRACE=full" "-e" "RUSTFLAGS=--cap-lints=warn" "-e" "RUSTDOCFLAGS=--cap-lints=warn" "-e" "CARGO_HOME=/opt/rustwide/cargo-home" "-e" "RUSTUP_HOME=/opt/rustwide/rustup-home" "-w" "/opt/rustwide/workdir" "-m" "1610612736" "--user" "0:0" "--network" "none" "ghcr.io/rust-lang/crates-build-env/linux@sha256:2788e3201cd34a07e3172128adcd8b3090168a8e3bcc40d7c032b9dda1df7d1c" "/opt/rustwide/cargo-home/bin/cargo" "+1.75.0" "test" "--frozen", kill_on_drop: false }`
[INFO] [stdout] 69606f3d78e8550f3909e1c8d8c41cb192ab9cc5e613bdfa21e08a7d0bddd4f0
[INFO] running `Command { std: "docker" "start" "-a" "69606f3d78e8550f3909e1c8d8c41cb192ab9cc5e613bdfa21e08a7d0bddd4f0", kill_on_drop: false }`
[INFO] [stderr] warning: virtual workspace defaulting to `resolver = "1"` despite one or more workspace members being on edition 2021 which implies `resolver = "2"`
[INFO] [stderr] note: to keep the current resolver, specify `workspace.resolver = "1"` in the workspace root's manifest
[INFO] [stderr] note: to use the edition 2021 resolver, specify `workspace.resolver = "2"` in the workspace root's manifest
[INFO] [stderr] note: for more details see https://doc.rust-lang.org/cargo/reference/resolver.html#resolver-versions
[INFO] [stderr]     Finished test [unoptimized + debuginfo] target(s) in 0.18s
[INFO] [stderr]      Running unittests src/lib.rs (/opt/rustwide/target/debug/deps/cuboid-e7c3ce1d8c28896d)
[INFO] [stdout] 
[INFO] [stdout] running 0 tests
[INFO] [stdout] 
[INFO] [stdout] test result: ok. 0 passed; 0 failed; 0 ignored; 0 measured; 0 filtered out; finished in 0.00s
[INFO] [stdout] 
[INFO] [stderr]      Running tests/integration.rs (/opt/rustwide/target/debug/deps/integration-a6397fd9302b6560)
[INFO] [stdout] 
[INFO] [stdout] running 1 test
[INFO] [stderr] warning: virtual workspace defaulting to `resolver = "1"` despite one or more workspace members being on edition 2021 which implies `resolver = "2"`
[INFO] [stderr] note: to keep the current resolver, specify `workspace.resolver = "1"` in the workspace root's manifest
[INFO] [stderr] note: to use the edition 2021 resolver, specify `workspace.resolver = "2"` in the workspace root's manifest
[INFO] [stderr] note: for more details see https://doc.rust-lang.org/cargo/reference/resolver.html#resolver-versions
[INFO] [stderr]     Finished dev [unoptimized + debuginfo] target(s) in 0.05s
[INFO] [stdout] test load_native_cuboid_and_generate_geometry ... FAILED
[INFO] [stdout] 
[INFO] [stdout] failures:
[INFO] [stdout] 
[INFO] [stdout] ---- load_native_cuboid_and_generate_geometry stdout ----
[INFO] [stdout] thread 'load_native_cuboid_and_generate_geometry' panicked at models/cuboid/tests/integration.rs:14:58:
[INFO] [stdout] called `Result::unwrap()` on an `Err` value: LibLoading(DlOpen { desc: "/opt/rustwide/workdir/target/debug/libcuboid.so: cannot open shared object file: No such file or directory" })
[INFO] [stdout] stack backtrace:
[INFO] [stdout]    0:     0x55faed74065c - std::backtrace_rs::backtrace::libunwind::trace::ha637c64ce894333a
[INFO] [stdout]                                at /rustc/82e1608dfa6e0b5569232559e3d385fea5a93112/library/std/src/../../backtrace/src/backtrace/libunwind.rs:104:5
[INFO] [stdout]    1:     0x55faed74065c - std::backtrace_rs::backtrace::trace_unsynchronized::h47f62dea28e0c88d
[INFO] [stdout]                                at /rustc/82e1608dfa6e0b5569232559e3d385fea5a93112/library/std/src/../../backtrace/src/backtrace/mod.rs:66:5
[INFO] [stdout]    2:     0x55faed74065c - std::sys_common::backtrace::_print_fmt::h9eef0abe20ede486
[INFO] [stdout]                                at /rustc/82e1608dfa6e0b5569232559e3d385fea5a93112/library/std/src/sys_common/backtrace.rs:67:5
[INFO] [stdout]    3:     0x55faed74065c - <std::sys_common::backtrace::_print::DisplayBacktrace as core::fmt::Display>::fmt::hed7f999df88cc644
[INFO] [stdout]                                at /rustc/82e1608dfa6e0b5569232559e3d385fea5a93112/library/std/src/sys_common/backtrace.rs:44:22
[INFO] [stdout]    4:     0x55faed76a4a0 - core::fmt::rt::Argument::fmt::h1539a9308b8d058d
[INFO] [stdout]                                at /rustc/82e1608dfa6e0b5569232559e3d385fea5a93112/library/core/src/fmt/rt.rs:142:9
[INFO] [stdout]    5:     0x55faed76a4a0 - core::fmt::write::h3a39390d8560d9c9
[INFO] [stdout]                                at /rustc/82e1608dfa6e0b5569232559e3d385fea5a93112/library/core/src/fmt/mod.rs:1120:17
[INFO] [stdout]    6:     0x55faed73dbbf - std::io::Write::write_fmt::h040b369f3a0f9cbc
[INFO] [stdout]                                at /rustc/82e1608dfa6e0b5569232559e3d385fea5a93112/library/std/src/io/mod.rs:1762:15
[INFO] [stdout]    7:     0x55faed740444 - std::sys_common::backtrace::_print::h894006fb5c6f3d45
[INFO] [stdout]                                at /rustc/82e1608dfa6e0b5569232559e3d385fea5a93112/library/std/src/sys_common/backtrace.rs:47:5
[INFO] [stdout]    8:     0x55faed740444 - std::sys_common::backtrace::print::h23a2d212c6fff936
[INFO] [stdout]                                at /rustc/82e1608dfa6e0b5569232559e3d385fea5a93112/library/std/src/sys_common/backtrace.rs:34:9
[INFO] [stdout]    9:     0x55faed742107 - std::panicking::default_hook::{{closure}}::h8a1d2ee00185001a
[INFO] [stdout]   10:     0x55faed741df3 - std::panicking::default_hook::h6038f2eba384e475
[INFO] [stdout]                                at /rustc/82e1608dfa6e0b5569232559e3d385fea5a93112/library/std/src/panicking.rs:289:9
[INFO] [stdout]   11:     0x55faed675b07 - <alloc::boxed::Box<F,A> as core::ops::function::Fn<Args>>::call::h0ad024c9bdc6d768
[INFO] [stdout]                                at /rustc/82e1608dfa6e0b5569232559e3d385fea5a93112/library/alloc/src/boxed.rs:2021:9
[INFO] [stdout]   12:     0x55faed675b07 - test::test_main::{{closure}}::h7500b54257359db6
[INFO] [stdout]                                at /rustc/82e1608dfa6e0b5569232559e3d385fea5a93112/library/test/src/lib.rs:138:21
[INFO] [stdout]   13:     0x55faed742718 - <alloc::boxed::Box<F,A> as core::ops::function::Fn<Args>>::call::h1f8f335eaa9cfaee
[INFO] [stdout]                                at /rustc/82e1608dfa6e0b5569232559e3d385fea5a93112/library/alloc/src/boxed.rs:2021:9
[INFO] [stdout]   14:     0x55faed742718 - std::panicking::rust_panic_with_hook::h2b5517d590cab22e
[INFO] [stdout]                                at /rustc/82e1608dfa6e0b5569232559e3d385fea5a93112/library/std/src/panicking.rs:783:13
[INFO] [stdout]   15:     0x55faed74246e - std::panicking::begin_panic_handler::{{closure}}::h233112c06e0ef43e
[INFO] [stdout]                                at /rustc/82e1608dfa6e0b5569232559e3d385fea5a93112/library/std/src/panicking.rs:657:13
[INFO] [stdout]   16:     0x55faed740b26 - std::sys_common::backtrace::__rust_end_short_backtrace::h6e893f24d7ebbff8
[INFO] [stdout]                                at /rustc/82e1608dfa6e0b5569232559e3d385fea5a93112/library/std/src/sys_common/backtrace.rs:170:18
[INFO] [stdout]   17:     0x55faed7421d2 - rust_begin_unwind
[INFO] [stdout]                                at /rustc/82e1608dfa6e0b5569232559e3d385fea5a93112/library/std/src/panicking.rs:645:5
[INFO] [stdout]   18:     0x55faed63bcf5 - core::panicking::panic_fmt::hbf0e066aabfa482c
[INFO] [stdout]                                at /rustc/82e1608dfa6e0b5569232559e3d385fea5a93112/library/core/src/panicking.rs:72:14
[INFO] [stdout]   19:     0x55faed63c283 - core::result::unwrap_failed::hddb4fea594200c52
[INFO] [stdout]                                at /rustc/82e1608dfa6e0b5569232559e3d385fea5a93112/library/core/src/result.rs:1653:5
[INFO] [stdout]   20:     0x55faed63ccd7 - core::result::Result<T,E>::unwrap::h6ecf27be2d36efa1
[INFO] [stdout]                                at /rustc/82e1608dfa6e0b5569232559e3d385fea5a93112/library/core/src/result.rs:1077:23
[INFO] [stdout]   21:     0x55faed640b08 - integration::load_native_cuboid_and_generate_geometry::h98d6108bc532adef
[INFO] [stdout]                                at /opt/rustwide/workdir/models/cuboid/tests/integration.rs:14:18
[INFO] [stdout]   22:     0x55faed640727 - integration::load_native_cuboid_and_generate_geometry::{{closure}}::hdb17edf309640a0c
[INFO] [stdout]                                at /opt/rustwide/workdir/models/cuboid/tests/integration.rs:6:46
[INFO] [stdout]   23:     0x55faed63c916 - core::ops::function::FnOnce::call_once::h38cf2c5163b7b5d7
[INFO] [stdout]                                at /rustc/82e1608dfa6e0b5569232559e3d385fea5a93112/library/core/src/ops/function.rs:250:5
[INFO] [stdout]   24:     0x55faed67b15f - core::ops::function::FnOnce::call_once::h2b5d431d5046312d
[INFO] [stdout]                                at /rustc/82e1608dfa6e0b5569232559e3d385fea5a93112/library/core/src/ops/function.rs:250:5
[INFO] [stdout]   25:     0x55faed67b15f - test::__rust_begin_short_backtrace::h7714669af176e207
[INFO] [stdout]                                at /rustc/82e1608dfa6e0b5569232559e3d385fea5a93112/library/test/src/lib.rs:628:18
[INFO] [stdout]   26:     0x55faed67a175 - test::run_test_in_process::{{closure}}::h85218797dcbcec12
[INFO] [stdout]                                at /rustc/82e1608dfa6e0b5569232559e3d385fea5a93112/library/test/src/lib.rs:651:60
[INFO] [stdout]   27:     0x55faed67a175 - <core::panic::unwind_safe::AssertUnwindSafe<F> as core::ops::function::FnOnce<()>>::call_once::h76c106ea31c14d7b
[INFO] [stdout]                                at /rustc/82e1608dfa6e0b5569232559e3d385fea5a93112/library/core/src/panic/unwind_safe.rs:272:9
[INFO] [stdout]   28:     0x55faed67a175 - std::panicking::try::do_call::h3bd5d0f6620ee946
[INFO] [stdout]                                at /rustc/82e1608dfa6e0b5569232559e3d385fea5a93112/library/std/src/panicking.rs:552:40
[INFO] [stdout]   29:     0x55faed67a175 - std::panicking::try::h232e535e4744fe31
[INFO] [stdout]                                at /rustc/82e1608dfa6e0b5569232559e3d385fea5a93112/library/std/src/panicking.rs:516:19
[INFO] [stdout]   30:     0x55faed67a175 - std::panic::catch_unwind::h3ce3bd6ca8dbac68
[INFO] [stdout]                                at /rustc/82e1608dfa6e0b5569232559e3d385fea5a93112/library/std/src/panic.rs:142:14
[INFO] [stdout]   31:     0x55faed67a175 - test::run_test_in_process::hc97b257c9621286a
[INFO] [stdout]                                at /rustc/82e1608dfa6e0b5569232559e3d385fea5a93112/library/test/src/lib.rs:651:27
[INFO] [stdout]   32:     0x55faed67a175 - test::run_test::{{closure}}::h2aa798823a438d38
[INFO] [stdout]                                at /rustc/82e1608dfa6e0b5569232559e3d385fea5a93112/library/test/src/lib.rs:574:43
[INFO] [stdout]   33:     0x55faed642436 - test::run_test::{{closure}}::h87d231c78fb59832
[INFO] [stdout]                                at /rustc/82e1608dfa6e0b5569232559e3d385fea5a93112/library/test/src/lib.rs:602:41
[INFO] [stdout]   34:     0x55faed642436 - std::sys_common::backtrace::__rust_begin_short_backtrace::he6df152596625789
[INFO] [stdout]                                at /rustc/82e1608dfa6e0b5569232559e3d385fea5a93112/library/std/src/sys_common/backtrace.rs:154:18
[INFO] [stdout]   35:     0x55faed6474e7 - std::thread::Builder::spawn_unchecked_::{{closure}}::{{closure}}::ha94be15d1e0acf36
[INFO] [stdout]                                at /rustc/82e1608dfa6e0b5569232559e3d385fea5a93112/library/std/src/thread/mod.rs:529:17
[INFO] [stdout]   36:     0x55faed6474e7 - <core::panic::unwind_safe::AssertUnwindSafe<F> as core::ops::function::FnOnce<()>>::call_once::h9dc6bd6372f16606
[INFO] [stdout]                                at /rustc/82e1608dfa6e0b5569232559e3d385fea5a93112/library/core/src/panic/unwind_safe.rs:272:9
[INFO] [stdout]   37:     0x55faed6474e7 - std::panicking::try::do_call::h9057517f80303cd4
[INFO] [stdout]                                at /rustc/82e1608dfa6e0b5569232559e3d385fea5a93112/library/std/src/panicking.rs:552:40
[INFO] [stdout]   38:     0x55faed6474e7 - std::panicking::try::he3a30b11ee45340c
[INFO] [stdout]                                at /rustc/82e1608dfa6e0b5569232559e3d385fea5a93112/library/std/src/panicking.rs:516:19
[INFO] [stdout]   39:     0x55faed6474e7 - std::panic::catch_unwind::h410458cfd3528b8b
[INFO] [stdout]                                at /rustc/82e1608dfa6e0b5569232559e3d385fea5a93112/library/std/src/panic.rs:142:14
[INFO] [stdout]   40:     0x55faed6474e7 - std::thread::Builder::spawn_unchecked_::{{closure}}::h72ac3bdb567b737b
[INFO] [stdout]                                at /rustc/82e1608dfa6e0b5569232559e3d385fea5a93112/library/std/src/thread/mod.rs:528:30
[INFO] [stdout]   41:     0x55faed6474e7 - core::ops::function::FnOnce::call_once{{vtable.shim}}::h38f34da3654a8344
[INFO] [stdout]                                at /rustc/82e1608dfa6e0b5569232559e3d385fea5a93112/library/core/src/ops/function.rs:250:5
[INFO] [stdout]   42:     0x55faed747375 - <alloc::boxed::Box<F,A> as core::ops::function::FnOnce<Args>>::call_once::hc7eafaff61e32df9
[INFO] [stdout]                                at /rustc/82e1608dfa6e0b5569232559e3d385fea5a93112/library/alloc/src/boxed.rs:2007:9
[INFO] [stdout]   43:     0x55faed747375 - <alloc::boxed::Box<F,A> as core::ops::function::FnOnce<Args>>::call_once::h6ba4a5de48dd2304
[INFO] [stdout]                                at /rustc/82e1608dfa6e0b5569232559e3d385fea5a93112/library/alloc/src/boxed.rs:2007:9
[INFO] [stdout]   44:     0x55faed747375 - std::sys::unix::thread::Thread::new::thread_start::he469335aef763e45
[INFO] [stdout]                                at /rustc/82e1608dfa6e0b5569232559e3d385fea5a93112/library/std/src/sys/unix/thread.rs:108:17
[INFO] [stdout]   45:     0x7f2cbebaaac3 - <unknown>
[INFO] [stdout]   46:     0x7f2cbec3bbf4 - __clone
[INFO] [stdout]   47:                0x0 - <unknown>
[INFO] [stdout] 
[INFO] [stdout] 
[INFO] [stdout] failures:
[INFO] [stdout]     load_native_cuboid_and_generate_geometry
[INFO] [stdout] 
[INFO] [stdout] test result: FAILED. 0 passed; 1 failed; 0 ignored; 0 measured; 0 filtered out; finished in 0.25s
[INFO] [stdout] 
[INFO] [stderr] error: test failed, to rerun pass `-p cuboid --test integration`
[INFO] running `Command { std: "docker" "inspect" "69606f3d78e8550f3909e1c8d8c41cb192ab9cc5e613bdfa21e08a7d0bddd4f0", kill_on_drop: false }`
[INFO] running `Command { std: "docker" "rm" "-f" "69606f3d78e8550f3909e1c8d8c41cb192ab9cc5e613bdfa21e08a7d0bddd4f0", kill_on_drop: false }`
[INFO] [stdout] 69606f3d78e8550f3909e1c8d8c41cb192ab9cc5e613bdfa21e08a7d0bddd4f0
[INFO] testing Michael-F-Bryan/fornjot-plugins against beta-2023-12-22 for beta-1.76-1
[INFO] running `Command { std: "git" "clone" "/workspace/cache/git-repos/https%3A%2F%2Fgithub.com%2FMichael-F-Bryan%2Ffornjot-plugins" "/workspace/builds/worker-7-tc2/source", kill_on_drop: false }`
[INFO] [stderr] Cloning into '/workspace/builds/worker-7-tc2/source'...
[INFO] [stderr] done.
[INFO] validating manifest of git repo https://github.com/Michael-F-Bryan/fornjot-plugins on toolchain beta-2023-12-22
[INFO] running `Command { std: CARGO_HOME="/workspace/cargo-home" RUSTUP_HOME="/workspace/rustup-home" "/workspace/cargo-home/bin/cargo" "+beta-2023-12-22" "metadata" "--manifest-path" "Cargo.toml" "--no-deps", kill_on_drop: false }`
[INFO] started tweaking git repo https://github.com/Michael-F-Bryan/fornjot-plugins
[INFO] finished tweaking git repo https://github.com/Michael-F-Bryan/fornjot-plugins
[INFO] tweaked toml for git repo https://github.com/Michael-F-Bryan/fornjot-plugins written to /workspace/builds/worker-7-tc2/source/Cargo.toml
[INFO] crate git repo https://github.com/Michael-F-Bryan/fornjot-plugins already has a lockfile, it will not be regenerated
[INFO] running `Command { std: CARGO_HOME="/workspace/cargo-home" RUSTUP_HOME="/workspace/rustup-home" "/workspace/cargo-home/bin/cargo" "+beta-2023-12-22" "fetch" "--manifest-path" "Cargo.toml", kill_on_drop: false }`
[INFO] [stderr] warning: virtual workspace defaulting to `resolver = "1"` despite one or more workspace members being on edition 2021 which implies `resolver = "2"`
[INFO] [stderr] note: to keep the current resolver, specify `workspace.resolver = "1"` in the workspace root's manifest
[INFO] [stderr] note: to use the edition 2021 resolver, specify `workspace.resolver = "2"` in the workspace root's manifest
[INFO] [stderr] note: for more details see https://doc.rust-lang.org/cargo/reference/resolver.html#resolver-versions
[INFO] running `Command { std: "docker" "create" "-v" "/var/lib/crater-agent-workspace/builds/worker-7-tc2/target:/opt/rustwide/target:rw,Z" "-v" "/var/lib/crater-agent-workspace/builds/worker-7-tc2/source:/opt/rustwide/workdir:ro,Z" "-v" "/var/lib/crater-agent-workspace/cargo-home:/opt/rustwide/cargo-home:ro,Z" "-v" "/var/lib/crater-agent-workspace/rustup-home:/opt/rustwide/rustup-home:ro,Z" "-e" "SOURCE_DIR=/opt/rustwide/workdir" "-e" "CARGO_TARGET_DIR=/opt/rustwide/target" "-e" "CARGO_HOME=/opt/rustwide/cargo-home" "-e" "RUSTUP_HOME=/opt/rustwide/rustup-home" "-w" "/opt/rustwide/workdir" "-m" "1610612736" "--user" "0:0" "--network" "none" "ghcr.io/rust-lang/crates-build-env/linux@sha256:2788e3201cd34a07e3172128adcd8b3090168a8e3bcc40d7c032b9dda1df7d1c" "/opt/rustwide/cargo-home/bin/cargo" "+beta-2023-12-22" "metadata" "--no-deps" "--format-version=1", kill_on_drop: false }`
[INFO] [stdout] 949e57f4e0fcae260faedc1044e52a5d1918428feecb401eb336c0f5a6a63217
[INFO] running `Command { std: "docker" "start" "-a" "949e57f4e0fcae260faedc1044e52a5d1918428feecb401eb336c0f5a6a63217", kill_on_drop: false }`
[INFO] running `Command { std: "docker" "inspect" "949e57f4e0fcae260faedc1044e52a5d1918428feecb401eb336c0f5a6a63217", kill_on_drop: false }`
[INFO] running `Command { std: "docker" "rm" "-f" "949e57f4e0fcae260faedc1044e52a5d1918428feecb401eb336c0f5a6a63217", kill_on_drop: false }`
[INFO] [stdout] 949e57f4e0fcae260faedc1044e52a5d1918428feecb401eb336c0f5a6a63217
[INFO] running `Command { std: "docker" "create" "-v" "/var/lib/crater-agent-workspace/builds/worker-7-tc2/target:/opt/rustwide/target:rw,Z" "-v" "/var/lib/crater-agent-workspace/builds/worker-7-tc2/source:/opt/rustwide/workdir:ro,Z" "-v" "/var/lib/crater-agent-workspace/cargo-home:/opt/rustwide/cargo-home:ro,Z" "-v" "/var/lib/crater-agent-workspace/rustup-home:/opt/rustwide/rustup-home:ro,Z" "-e" "SOURCE_DIR=/opt/rustwide/workdir" "-e" "CARGO_TARGET_DIR=/opt/rustwide/target" "-e" "CARGO_INCREMENTAL=0" "-e" "RUST_BACKTRACE=full" "-e" "RUSTFLAGS=--cap-lints=warn" "-e" "RUSTDOCFLAGS=--cap-lints=warn" "-e" "CARGO_HOME=/opt/rustwide/cargo-home" "-e" "RUSTUP_HOME=/opt/rustwide/rustup-home" "-w" "/opt/rustwide/workdir" "-m" "1610612736" "--user" "0:0" "--network" "none" "ghcr.io/rust-lang/crates-build-env/linux@sha256:2788e3201cd34a07e3172128adcd8b3090168a8e3bcc40d7c032b9dda1df7d1c" "/opt/rustwide/cargo-home/bin/cargo" "+beta-2023-12-22" "build" "--frozen" "--message-format=json", kill_on_drop: false }`
[INFO] [stdout] bb80d26bf5e4e025146c05f1fba7b7d1c68234b9d61341ecfa2c7ac2c3bb2b68
[INFO] running `Command { std: "docker" "start" "-a" "bb80d26bf5e4e025146c05f1fba7b7d1c68234b9d61341ecfa2c7ac2c3bb2b68", kill_on_drop: false }`
[INFO] [stderr] warning: virtual workspace defaulting to `resolver = "1"` despite one or more workspace members being on edition 2021 which implies `resolver = "2"`
[INFO] [stderr] note: to keep the current resolver, specify `workspace.resolver = "1"` in the workspace root's manifest
[INFO] [stderr] note: to use the edition 2021 resolver, specify `workspace.resolver = "2"` in the workspace root's manifest
[INFO] [stderr] note: for more details see https://doc.rust-lang.org/cargo/reference/resolver.html#resolver-versions
[INFO] [stderr]    Compiling libc v0.2.126
[INFO] [stderr]    Compiling proc-macro2 v1.0.40
[INFO] [stderr]    Compiling quote v1.0.20
[INFO] [stderr]    Compiling unicode-ident v1.0.1
[INFO] [stderr]    Compiling syn v1.0.98
[INFO] [stderr]    Compiling serde_derive v1.0.139
[INFO] [stderr]    Compiling serde v1.0.139
[INFO] [stderr]    Compiling once_cell v1.13.0
[INFO] [stderr]    Compiling indexmap v1.9.1
[INFO] [stderr]    Compiling hashbrown v0.12.2
[INFO] [stderr]    Compiling anyhow v1.0.58
[INFO] [stderr]    Compiling stable_deref_trait v1.2.0
[INFO] [stderr]    Compiling fallible-iterator v0.2.0
[INFO] [stderr]    Compiling target-lexicon v0.12.4
[INFO] [stderr]    Compiling ahash v0.7.6
[INFO] [stderr]    Compiling cranelift-isle v0.85.1
[INFO] [stderr]    Compiling io-lifetimes v0.5.3
[INFO] [stderr]    Compiling crc32fast v1.3.2
[INFO] [stderr]    Compiling cranelift-codegen-shared v0.85.1
[INFO] [stderr]    Compiling cranelift-codegen-meta v0.85.1
[INFO] [stderr]    Compiling unicase v2.6.0
[INFO] [stderr]    Compiling smallvec v1.9.0
[INFO] [stderr]    Compiling rustix v0.33.7
[INFO] [stderr]    Compiling crossbeam-utils v0.8.10
[INFO] [stderr]    Compiling regex-syntax v0.6.27
[INFO] [stderr]    Compiling typenum v1.15.0
[INFO] [stderr]    Compiling jobserver v0.1.24
[INFO] [stderr]    Compiling getrandom v0.2.7
[INFO] [stderr]    Compiling cc v1.0.73
[INFO] [stderr]    Compiling generic-array v0.14.5
[INFO] [stderr]    Compiling hashbrown v0.11.2
[INFO] [stderr]    Compiling tinyvec_macros v0.1.0
[INFO] [stderr]    Compiling slice-group-by v0.3.0
[INFO] [stderr]    Compiling linux-raw-sys v0.0.42
[INFO] [stderr]    Compiling regalloc2 v0.2.3
[INFO] [stderr]    Compiling tinyvec v1.6.0
[INFO] [stderr]    Compiling wasmtime-fiber v0.38.1
[INFO] [stderr]    Compiling zstd-sys v2.0.1+zstd.1.5.2
[INFO] [stderr]    Compiling cranelift-codegen v0.85.1
[INFO] [stderr]    Compiling aho-corasick v0.7.18
[INFO] [stderr]    Compiling crossbeam-epoch v0.9.9
[INFO] [stderr]    Compiling pulldown-cmark v0.8.0
[INFO] [stderr]    Compiling unicode-normalization v0.1.21
[INFO] [stderr]    Compiling regex v1.6.0
[INFO] [stderr]    Compiling backtrace v0.3.66
[INFO] [stderr]    Compiling rand_core v0.6.3
[INFO] [stderr]    Compiling ppv-lite86 v0.2.16
[INFO] [stderr]    Compiling zstd-safe v5.0.2+zstd.1.5.2
[INFO] [stderr]    Compiling more-asserts v0.2.2
[INFO] [stderr]    Compiling unicode-xid v0.2.3
[INFO] [stderr]    Compiling either v1.7.0
[INFO] [stderr]    Compiling id-arena v2.2.1
[INFO] [stderr]    Compiling rayon-core v1.9.3
[INFO] [stderr]    Compiling rand_chacha v0.3.1
[INFO] [stderr]    Compiling wit-parser v0.1.0 (https://github.com/bytecodealliance/wit-bindgen#60e3c5b4)
[INFO] [stderr]    Compiling miniz_oxide v0.5.3
[INFO] [stderr]    Compiling wasmtime-runtime v0.38.1
[INFO] [stderr]    Compiling ittapi-rs v0.2.0
[INFO] [stderr]    Compiling atty v0.2.14
[INFO] [stderr]    Compiling tracing-core v0.1.28
[INFO] [stderr]    Compiling object v0.29.0
[INFO] [stderr]    Compiling rustc-demangle v0.1.21
[INFO] [stderr]    Compiling cpp_demangle v0.3.5
[INFO] [stderr]    Compiling unicode-segmentation v1.9.0
[INFO] [stderr]    Compiling termcolor v1.1.3
[INFO] [stderr]    Compiling leb128 v0.2.5
[INFO] [stderr]    Compiling wasm-encoder v0.14.0
[INFO] [stderr]    Compiling env_logger v0.9.0
[INFO] [stderr]    Compiling heck v0.3.3
[INFO] [stderr]    Compiling wit-bindgen-gen-core v0.1.0 (https://github.com/bytecodealliance/wit-bindgen#60e3c5b4)
[INFO] [stderr]    Compiling thiserror-impl v1.0.31
[INFO] [stderr]    Compiling tracing-attributes v0.1.22
[INFO] [stderr]    Compiling crossbeam-deque v0.8.1
[INFO] [stderr]    Compiling rand v0.8.5
[INFO] [stderr]    Compiling itertools v0.10.3
[INFO] [stderr]    Compiling block-buffer v0.9.0
[INFO] [stderr]    Compiling digest v0.9.0
[INFO] [stderr]    Compiling crossbeam-channel v0.5.5
[INFO] [stderr]    Compiling psm v0.1.19
[INFO] [stderr]    Compiling num_cpus v1.13.1
[INFO] [stderr]    Compiling dirs-sys-next v0.1.2
[INFO] [stderr]    Compiling region v2.2.0
[INFO] [stderr]    Compiling memfd v0.4.1
[INFO] [stderr]    Compiling thiserror v1.0.31
[INFO] [stderr]    Compiling rayon v1.5.3
[INFO] [stderr]    Compiling async-trait v0.1.56
[INFO] [stderr]    Compiling opaque-debug v0.3.0
[INFO] [stderr]    Compiling wit-bindgen-gen-wasmtime v0.1.0 (https://github.com/bytecodealliance/wit-bindgen#60e3c5b4)
[INFO] [stderr]    Compiling wasmtime-cache v0.38.1
[INFO] [stderr]    Compiling cpufeatures v0.2.2
[INFO] [stderr]    Compiling unicode-width v0.1.9
[INFO] [stderr]    Compiling sha2 v0.9.9
[INFO] [stderr]    Compiling wast v44.0.0
[INFO] [stderr]    Compiling directories-next v2.0.0
[INFO] [stderr]    Compiling tracing v0.1.35
[INFO] [stderr]    Compiling fj-proc v0.7.0 (https://github.com/hannobraun/Fornjot#9c1278ab)
[INFO] [stderr]    Compiling wit-bindgen-gen-rust v0.1.0 (https://github.com/bytecodealliance/wit-bindgen#60e3c5b4)
[INFO] [stderr]    Compiling file-per-thread-logger v0.1.5
[INFO] [stderr]    Compiling wasmtime v0.38.1
[INFO] [stderr]    Compiling base64 v0.13.0
[INFO] [stderr]    Compiling fj v0.7.0 (https://github.com/hannobraun/Fornjot#9c1278ab)
[INFO] [stderr]    Compiling regex-automata v0.1.10
[INFO] [stderr]    Compiling paste v1.0.7
[INFO] [stderr]    Compiling wit-bindgen-wasmtime-impl v0.1.0 (https://github.com/bytecodealliance/wit-bindgen#60e3c5b4)
[INFO] [stderr]    Compiling matchers v0.1.0
[INFO] [stderr]    Compiling fj-plugins v0.1.0 (/opt/rustwide/workdir/crates/plugins)
[INFO] [stderr]    Compiling tracing-log v0.1.3
[INFO] [stderr]    Compiling thread_local v1.1.4
[INFO] [stderr]    Compiling ansi_term v0.12.1
[INFO] [stderr]    Compiling cuboid v0.1.0 (/opt/rustwide/workdir/models/cuboid)
[INFO] [stderr]    Compiling tracing-subscriber v0.3.14
[INFO] [stderr]    Compiling wat v1.0.46
[INFO] [stderr]    Compiling cranelift-entity v0.85.1
[INFO] [stderr]    Compiling gimli v0.26.1
[INFO] [stderr]    Compiling wasmparser v0.85.0
[INFO] [stderr]    Compiling cranelift-bforest v0.85.1
[INFO] [stderr]    Compiling object v0.28.4
[INFO] [stderr]    Compiling bincode v1.3.3
[INFO] [stderr]    Compiling toml v0.5.9
[INFO] [stderr]    Compiling wasmtime-types v0.38.1
[INFO] [stderr]    Compiling wasmtime-environ v0.38.1
[INFO] [stderr]    Compiling addr2line v0.17.0
[INFO] [stderr]    Compiling wasmtime-jit-debug v0.38.1
[INFO] [stderr]    Compiling wasmtime-jit v0.38.1
[INFO] [stderr]    Compiling cranelift-frontend v0.85.1
[INFO] [stderr]    Compiling cranelift-native v0.85.1
[INFO] [stderr]    Compiling cranelift-wasm v0.85.1
[INFO] [stderr]    Compiling wasmtime-cranelift v0.38.1
[INFO] [stderr]    Compiling zstd v0.11.2+zstd.1.5.2
[INFO] [stderr]    Compiling wit-bindgen-wasmtime v0.1.0 (https://github.com/bytecodealliance/wit-bindgen#60e3c5b4)
[INFO] [stderr]    Compiling fj-wasm-shim v0.1.0 (/opt/rustwide/workdir/crates/wasm-shim)
[INFO] [stderr]     Finished dev [unoptimized + debuginfo] target(s) in 32.68s
[INFO] running `Command { std: "docker" "inspect" "bb80d26bf5e4e025146c05f1fba7b7d1c68234b9d61341ecfa2c7ac2c3bb2b68", kill_on_drop: false }`
[INFO] running `Command { std: "docker" "rm" "-f" "bb80d26bf5e4e025146c05f1fba7b7d1c68234b9d61341ecfa2c7ac2c3bb2b68", kill_on_drop: false }`
[INFO] [stdout] bb80d26bf5e4e025146c05f1fba7b7d1c68234b9d61341ecfa2c7ac2c3bb2b68
[INFO] running `Command { std: "docker" "create" "-v" "/var/lib/crater-agent-workspace/builds/worker-7-tc2/target:/opt/rustwide/target:rw,Z" "-v" "/var/lib/crater-agent-workspace/builds/worker-7-tc2/source:/opt/rustwide/workdir:ro,Z" "-v" "/var/lib/crater-agent-workspace/cargo-home:/opt/rustwide/cargo-home:ro,Z" "-v" "/var/lib/crater-agent-workspace/rustup-home:/opt/rustwide/rustup-home:ro,Z" "-e" "SOURCE_DIR=/opt/rustwide/workdir" "-e" "CARGO_TARGET_DIR=/opt/rustwide/target" "-e" "CARGO_INCREMENTAL=0" "-e" "RUST_BACKTRACE=full" "-e" "RUSTFLAGS=--cap-lints=warn" "-e" "RUSTDOCFLAGS=--cap-lints=warn" "-e" "CARGO_HOME=/opt/rustwide/cargo-home" "-e" "RUSTUP_HOME=/opt/rustwide/rustup-home" "-w" "/opt/rustwide/workdir" "-m" "1610612736" "--user" "0:0" "--network" "none" "ghcr.io/rust-lang/crates-build-env/linux@sha256:2788e3201cd34a07e3172128adcd8b3090168a8e3bcc40d7c032b9dda1df7d1c" "/opt/rustwide/cargo-home/bin/cargo" "+beta-2023-12-22" "test" "--frozen" "--no-run" "--message-format=json", kill_on_drop: false }`
[INFO] [stdout] 4b881bf25fd2df45322846713783bcfa414293970f0dba2a43f7cdf58cd38d40
[INFO] running `Command { std: "docker" "start" "-a" "4b881bf25fd2df45322846713783bcfa414293970f0dba2a43f7cdf58cd38d40", kill_on_drop: false }`
[INFO] [stderr] warning: virtual workspace defaulting to `resolver = "1"` despite one or more workspace members being on edition 2021 which implies `resolver = "2"`
[INFO] [stderr] note: to keep the current resolver, specify `workspace.resolver = "1"` in the workspace root's manifest
[INFO] [stderr] note: to use the edition 2021 resolver, specify `workspace.resolver = "2"` in the workspace root's manifest
[INFO] [stderr] note: for more details see https://doc.rust-lang.org/cargo/reference/resolver.html#resolver-versions
[INFO] [stderr]    Compiling serde_json v1.0.82
[INFO] [stderr]    Compiling camino v1.0.9
[INFO] [stderr]    Compiling semver v1.0.12
[INFO] [stderr]    Compiling inotify-sys v0.1.5
[INFO] [stderr]    Compiling itoa v1.0.2
[INFO] [stderr]    Compiling ryu v1.0.10
[INFO] [stderr]    Compiling cargo-platform v0.1.2
[INFO] [stderr]    Compiling mio v0.8.4
[INFO] [stderr]    Compiling inotify v0.9.6
[INFO] [stderr]    Compiling fj-proc v0.7.0 (https://github.com/Michael-F-Bryan/Fornjot?branch=hotfix/target-dir#727ab812)
[INFO] [stderr]    Compiling filetime v0.2.17
[INFO] [stderr]    Compiling notify v5.0.0-pre.15
[INFO] [stderr]    Compiling libloading v0.7.3
[INFO] [stderr]    Compiling predicates-core v1.0.3
[INFO] [stderr]    Compiling doc-comment v0.3.3
[INFO] [stderr]    Compiling difflib v0.4.0
[INFO] [stderr]    Compiling termtree v0.2.4
[INFO] [stderr]    Compiling predicates-tree v1.0.5
[INFO] [stderr]    Compiling bstr v0.2.17
[INFO] [stderr]    Compiling predicates v2.1.1
[INFO] [stderr]    Compiling wait-timeout v0.2.0
[INFO] [stderr]    Compiling fj-plugins v0.1.0 (/opt/rustwide/workdir/crates/plugins)
[INFO] [stderr]    Compiling fj v0.7.0 (https://github.com/Michael-F-Bryan/Fornjot?branch=hotfix/target-dir#727ab812)
[INFO] [stderr]    Compiling cargo_metadata v0.15.0
[INFO] [stderr]    Compiling assert_cmd v2.0.4
[INFO] [stderr]    Compiling fj-host v0.7.0 (https://github.com/Michael-F-Bryan/Fornjot?branch=hotfix/target-dir#727ab812)
[INFO] [stderr]    Compiling cuboid v0.1.0 (/opt/rustwide/workdir/models/cuboid)
[INFO] [stderr]    Compiling fj-wasm-shim v0.1.0 (/opt/rustwide/workdir/crates/wasm-shim)
[INFO] [stderr]     Finished test [unoptimized + debuginfo] target(s) in 6.06s
[INFO] running `Command { std: "docker" "inspect" "4b881bf25fd2df45322846713783bcfa414293970f0dba2a43f7cdf58cd38d40", kill_on_drop: false }`
[INFO] running `Command { std: "docker" "rm" "-f" "4b881bf25fd2df45322846713783bcfa414293970f0dba2a43f7cdf58cd38d40", kill_on_drop: false }`
[INFO] [stdout] 4b881bf25fd2df45322846713783bcfa414293970f0dba2a43f7cdf58cd38d40
[INFO] running `Command { std: "docker" "create" "-v" "/var/lib/crater-agent-workspace/builds/worker-7-tc2/target:/opt/rustwide/target:rw,Z" "-v" "/var/lib/crater-agent-workspace/builds/worker-7-tc2/source:/opt/rustwide/workdir:ro,Z" "-v" "/var/lib/crater-agent-workspace/cargo-home:/opt/rustwide/cargo-home:ro,Z" "-v" "/var/lib/crater-agent-workspace/rustup-home:/opt/rustwide/rustup-home:ro,Z" "-e" "SOURCE_DIR=/opt/rustwide/workdir" "-e" "CARGO_TARGET_DIR=/opt/rustwide/target" "-e" "CARGO_INCREMENTAL=0" "-e" "RUST_BACKTRACE=full" "-e" "RUSTFLAGS=--cap-lints=warn" "-e" "RUSTDOCFLAGS=--cap-lints=warn" "-e" "CARGO_HOME=/opt/rustwide/cargo-home" "-e" "RUSTUP_HOME=/opt/rustwide/rustup-home" "-w" "/opt/rustwide/workdir" "-m" "1610612736" "--user" "0:0" "--network" "none" "ghcr.io/rust-lang/crates-build-env/linux@sha256:2788e3201cd34a07e3172128adcd8b3090168a8e3bcc40d7c032b9dda1df7d1c" "/opt/rustwide/cargo-home/bin/cargo" "+beta-2023-12-22" "test" "--frozen", kill_on_drop: false }`
[INFO] [stdout] 78fa090fd56eb242d3a2912c5320f6431c1a725bc1399fb4de10afb8f19c2978
[INFO] running `Command { std: "docker" "start" "-a" "78fa090fd56eb242d3a2912c5320f6431c1a725bc1399fb4de10afb8f19c2978", kill_on_drop: false }`
[INFO] [stderr] warning: virtual workspace defaulting to `resolver = "1"` despite one or more workspace members being on edition 2021 which implies `resolver = "2"`
[INFO] [stderr] note: to keep the current resolver, specify `workspace.resolver = "1"` in the workspace root's manifest
[INFO] [stderr] note: to use the edition 2021 resolver, specify `workspace.resolver = "2"` in the workspace root's manifest
[INFO] [stderr] note: for more details see https://doc.rust-lang.org/cargo/reference/resolver.html#resolver-versions
[INFO] [stderr]     Finished test [unoptimized + debuginfo] target(s) in 0.11s
[INFO] [stderr]      Running unittests src/lib.rs (/opt/rustwide/target/debug/deps/cuboid-7d46c0aef02750b4)
[INFO] [stdout] 
[INFO] [stdout] running 0 tests
[INFO] [stdout] 
[INFO] [stdout] test result: ok. 0 passed; 0 failed; 0 ignored; 0 measured; 0 filtered out; finished in 0.00s
[INFO] [stdout] 
[INFO] [stderr]      Running tests/integration.rs (/opt/rustwide/target/debug/deps/integration-fedc93af0e7a770a)
[INFO] [stdout] 
[INFO] [stdout] running 1 test
[INFO] [stderr] warning: virtual workspace defaulting to `resolver = "1"` despite one or more workspace members being on edition 2021 which implies `resolver = "2"`
[INFO] [stderr] note: to keep the current resolver, specify `workspace.resolver = "1"` in the workspace root's manifest
[INFO] [stderr] note: to use the edition 2021 resolver, specify `workspace.resolver = "2"` in the workspace root's manifest
[INFO] [stderr] note: for more details see https://doc.rust-lang.org/cargo/reference/resolver.html#resolver-versions
[INFO] [stderr]     Finished dev [unoptimized + debuginfo] target(s) in 0.06s
[INFO] [stdout] test load_native_cuboid_and_generate_geometry ... FAILED
[INFO] [stdout] 
[INFO] [stdout] failures:
[INFO] [stdout] 
[INFO] [stdout] ---- load_native_cuboid_and_generate_geometry stdout ----
[INFO] [stdout] thread 'load_native_cuboid_and_generate_geometry' panicked at models/cuboid/tests/integration.rs:14:58:
[INFO] [stdout] called `Result::unwrap()` on an `Err` value: LibLoading(DlOpen { desc: "/opt/rustwide/workdir/target/debug/libcuboid.so: cannot open shared object file: No such file or directory" })
[INFO] [stdout] stack backtrace:
[INFO] [stdout]    0:     0x557efc117d26 - std::backtrace_rs::backtrace::libunwind::trace::h261606ad26a499c1
[INFO] [stdout]                                at /rustc/0e09125c6c3c2fd70d7de961bcf0e51575235fad/library/std/src/../../backtrace/src/backtrace/libunwind.rs:104:5
[INFO] [stdout]    1:     0x557efc117d26 - std::backtrace_rs::backtrace::trace_unsynchronized::hd183f0625477fb28
[INFO] [stdout]                                at /rustc/0e09125c6c3c2fd70d7de961bcf0e51575235fad/library/std/src/../../backtrace/src/backtrace/mod.rs:66:5
[INFO] [stdout]    2:     0x557efc117d26 - std::sys_common::backtrace::_print_fmt::hd7f8fef21b4eda67
[INFO] [stdout]                                at /rustc/0e09125c6c3c2fd70d7de961bcf0e51575235fad/library/std/src/sys_common/backtrace.rs:68:5
[INFO] [stdout]    3:     0x557efc117d26 - <std::sys_common::backtrace::_print::DisplayBacktrace as core::fmt::Display>::fmt::h623d9b51f2f453f1
[INFO] [stdout]                                at /rustc/0e09125c6c3c2fd70d7de961bcf0e51575235fad/library/std/src/sys_common/backtrace.rs:44:22
[INFO] [stdout]    4:     0x557efc140e60 - core::fmt::rt::Argument::fmt::h9f417ac76a86f368
[INFO] [stdout]                                at /rustc/0e09125c6c3c2fd70d7de961bcf0e51575235fad/library/core/src/fmt/rt.rs:142:9
[INFO] [stdout]    5:     0x557efc140e60 - core::fmt::write::hc9b6faf4ac2aeff7
[INFO] [stdout]                                at /rustc/0e09125c6c3c2fd70d7de961bcf0e51575235fad/library/core/src/fmt/mod.rs:1120:17
[INFO] [stdout]    6:     0x557efc1153cf - std::io::Write::write_fmt::he04625a3a989fec3
[INFO] [stdout]                                at /rustc/0e09125c6c3c2fd70d7de961bcf0e51575235fad/library/std/src/io/mod.rs:1810:15
[INFO] [stdout]    7:     0x557efc117b04 - std::sys_common::backtrace::_print::hd5d66399c7df88a2
[INFO] [stdout]                                at /rustc/0e09125c6c3c2fd70d7de961bcf0e51575235fad/library/std/src/sys_common/backtrace.rs:47:5
[INFO] [stdout]    8:     0x557efc117b04 - std::sys_common::backtrace::print::he81ed2da642d37e5
[INFO] [stdout]                                at /rustc/0e09125c6c3c2fd70d7de961bcf0e51575235fad/library/std/src/sys_common/backtrace.rs:34:9
[INFO] [stdout]    9:     0x557efc119877 - std::panicking::default_hook::{{closure}}::h85773f4fa117163d
[INFO] [stdout]   10:     0x557efc11955d - std::panicking::default_hook::h6a1694a91d09b278
[INFO] [stdout]                                at /rustc/0e09125c6c3c2fd70d7de961bcf0e51575235fad/library/std/src/panicking.rs:289:9
[INFO] [stdout]   11:     0x557efc050b27 - <alloc::boxed::Box<F,A> as core::ops::function::Fn<Args>>::call::h616ac37fa3cd6c8f
[INFO] [stdout]                                at /rustc/0e09125c6c3c2fd70d7de961bcf0e51575235fad/library/alloc/src/boxed.rs:2029:9
[INFO] [stdout]   12:     0x557efc050b27 - test::test_main::{{closure}}::h00d84697cefdcbb6
[INFO] [stdout]                                at /rustc/0e09125c6c3c2fd70d7de961bcf0e51575235fad/library/test/src/lib.rs:138:21
[INFO] [stdout]   13:     0x557efc119e96 - <alloc::boxed::Box<F,A> as core::ops::function::Fn<Args>>::call::hcb3fe3b9bb537ba8
[INFO] [stdout]                                at /rustc/0e09125c6c3c2fd70d7de961bcf0e51575235fad/library/alloc/src/boxed.rs:2029:9
[INFO] [stdout]   14:     0x557efc119e96 - std::panicking::rust_panic_with_hook::h0a7ad96e90f7145b
[INFO] [stdout]                                at /rustc/0e09125c6c3c2fd70d7de961bcf0e51575235fad/library/std/src/panicking.rs:783:13
[INFO] [stdout]   15:     0x557efc119be2 - std::panicking::begin_panic_handler::{{closure}}::h7919090525c6485e
[INFO] [stdout]                                at /rustc/0e09125c6c3c2fd70d7de961bcf0e51575235fad/library/std/src/panicking.rs:657:13
[INFO] [stdout]   16:     0x557efc118226 - std::sys_common::backtrace::__rust_end_short_backtrace::hf3289479464f7dfe
[INFO] [stdout]                                at /rustc/0e09125c6c3c2fd70d7de961bcf0e51575235fad/library/std/src/sys_common/backtrace.rs:171:18
[INFO] [stdout]   17:     0x557efc119940 - rust_begin_unwind
[INFO] [stdout]                                at /rustc/0e09125c6c3c2fd70d7de961bcf0e51575235fad/library/std/src/panicking.rs:645:5
[INFO] [stdout]   18:     0x557efc015cd5 - core::panicking::panic_fmt::hcc9f77c5c132af55
[INFO] [stdout]                                at /rustc/0e09125c6c3c2fd70d7de961bcf0e51575235fad/library/core/src/panicking.rs:72:14
[INFO] [stdout]   19:     0x557efc016273 - core::result::unwrap_failed::hbe14f498be1452f9
[INFO] [stdout]                                at /rustc/0e09125c6c3c2fd70d7de961bcf0e51575235fad/library/core/src/result.rs:1649:5
[INFO] [stdout]   20:     0x557efc016cae - core::result::Result<T,E>::unwrap::hea383eb74131eca7
[INFO] [stdout]                                at /rustc/0e09125c6c3c2fd70d7de961bcf0e51575235fad/library/core/src/result.rs:1073:23
[INFO] [stdout]   21:     0x557efc01ab68 - integration::load_native_cuboid_and_generate_geometry::h0e2e6e3fb5f71881
[INFO] [stdout]                                at /opt/rustwide/workdir/models/cuboid/tests/integration.rs:14:18
[INFO] [stdout]   22:     0x557efc01a787 - integration::load_native_cuboid_and_generate_geometry::{{closure}}::h50efe5324c3ea284
[INFO] [stdout]                                at /opt/rustwide/workdir/models/cuboid/tests/integration.rs:6:46
[INFO] [stdout]   23:     0x557efc0169f6 - core::ops::function::FnOnce::call_once::hf3d71a84f4b584f1
[INFO] [stdout]                                at /rustc/0e09125c6c3c2fd70d7de961bcf0e51575235fad/library/core/src/ops/function.rs:250:5
[INFO] [stdout]   24:     0x557efc0563ff - core::ops::function::FnOnce::call_once::hd64d26f405258157
[INFO] [stdout]                                at /rustc/0e09125c6c3c2fd70d7de961bcf0e51575235fad/library/core/src/ops/function.rs:250:5
[INFO] [stdout]   25:     0x557efc0563ff - test::__rust_begin_short_backtrace::he21b0b7a6d731bf9
[INFO] [stdout]                                at /rustc/0e09125c6c3c2fd70d7de961bcf0e51575235fad/library/test/src/lib.rs:627:18
[INFO] [stdout]   26:     0x557efc055181 - test::run_test_in_process::{{closure}}::hf5c73986d7bdfde2
[INFO] [stdout]                                at /rustc/0e09125c6c3c2fd70d7de961bcf0e51575235fad/library/test/src/lib.rs:650:60
[INFO] [stdout]   27:     0x557efc055181 - <core::panic::unwind_safe::AssertUnwindSafe<F> as core::ops::function::FnOnce<()>>::call_once::h330011ad032aadc0
[INFO] [stdout]                                at /rustc/0e09125c6c3c2fd70d7de961bcf0e51575235fad/library/core/src/panic/unwind_safe.rs:272:9
[INFO] [stdout]   28:     0x557efc055181 - std::panicking::try::do_call::he61b0a958b795a41
[INFO] [stdout]                                at /rustc/0e09125c6c3c2fd70d7de961bcf0e51575235fad/library/std/src/panicking.rs:552:40
[INFO] [stdout]   29:     0x557efc055181 - std::panicking::try::h7309da130f906eb7
[INFO] [stdout]                                at /rustc/0e09125c6c3c2fd70d7de961bcf0e51575235fad/library/std/src/panicking.rs:516:19
[INFO] [stdout]   30:     0x557efc055181 - std::panic::catch_unwind::hc5c3a06fdaf0a92a
[INFO] [stdout]                                at /rustc/0e09125c6c3c2fd70d7de961bcf0e51575235fad/library/std/src/panic.rs:142:14
[INFO] [stdout]   31:     0x557efc055181 - test::run_test_in_process::h7e7b7c71c3324e0f
[INFO] [stdout]                                at /rustc/0e09125c6c3c2fd70d7de961bcf0e51575235fad/library/test/src/lib.rs:650:27
[INFO] [stdout]   32:     0x557efc055181 - test::run_test::{{closure}}::h1f509f28f5cf20b1
[INFO] [stdout]                                at /rustc/0e09125c6c3c2fd70d7de961bcf0e51575235fad/library/test/src/lib.rs:573:43
[INFO] [stdout]   33:     0x557efc01c4b6 - test::run_test::{{closure}}::h1754218abf443f6d
[INFO] [stdout]                                at /rustc/0e09125c6c3c2fd70d7de961bcf0e51575235fad/library/test/src/lib.rs:601:41
[INFO] [stdout]   34:     0x557efc01c4b6 - std::sys_common::backtrace::__rust_begin_short_backtrace::h2ee174b9d5954948
[INFO] [stdout]                                at /rustc/0e09125c6c3c2fd70d7de961bcf0e51575235fad/library/std/src/sys_common/backtrace.rs:155:18
[INFO] [stdout]   35:     0x557efc021517 - std::thread::Builder::spawn_unchecked_::{{closure}}::{{closure}}::hf60bee9c1a17ef09
[INFO] [stdout]                                at /rustc/0e09125c6c3c2fd70d7de961bcf0e51575235fad/library/std/src/thread/mod.rs:529:17
[INFO] [stdout]   36:     0x557efc021517 - <core::panic::unwind_safe::AssertUnwindSafe<F> as core::ops::function::FnOnce<()>>::call_once::h33d0dddec5216160
[INFO] [stdout]                                at /rustc/0e09125c6c3c2fd70d7de961bcf0e51575235fad/library/core/src/panic/unwind_safe.rs:272:9
[INFO] [stdout]   37:     0x557efc021517 - std::panicking::try::do_call::h144b3048b546f835
[INFO] [stdout]                                at /rustc/0e09125c6c3c2fd70d7de961bcf0e51575235fad/library/std/src/panicking.rs:552:40
[INFO] [stdout]   38:     0x557efc021517 - std::panicking::try::h978244d04646189f
[INFO] [stdout]                                at /rustc/0e09125c6c3c2fd70d7de961bcf0e51575235fad/library/std/src/panicking.rs:516:19
[INFO] [stdout]   39:     0x557efc021517 - std::panic::catch_unwind::hdf436369d188fe86
[INFO] [stdout]                                at /rustc/0e09125c6c3c2fd70d7de961bcf0e51575235fad/library/std/src/panic.rs:142:14
[INFO] [stdout]   40:     0x557efc021517 - std::thread::Builder::spawn_unchecked_::{{closure}}::h87329cbdd33c79ec
[INFO] [stdout]                                at /rustc/0e09125c6c3c2fd70d7de961bcf0e51575235fad/library/std/src/thread/mod.rs:528:30
[INFO] [stdout]   41:     0x557efc021517 - core::ops::function::FnOnce::call_once{{vtable.shim}}::h401abbe67897d450
[INFO] [stdout]                                at /rustc/0e09125c6c3c2fd70d7de961bcf0e51575235fad/library/core/src/ops/function.rs:250:5
[INFO] [stdout]   42:     0x557efc11eb05 - <alloc::boxed::Box<F,A> as core::ops::function::FnOnce<Args>>::call_once::h5d7c8f150ab9c84c
[INFO] [stdout]                                at /rustc/0e09125c6c3c2fd70d7de961bcf0e51575235fad/library/alloc/src/boxed.rs:2015:9
[INFO] [stdout]   43:     0x557efc11eb05 - <alloc::boxed::Box<F,A> as core::ops::function::FnOnce<Args>>::call_once::h570d5b005c242c15
[INFO] [stdout]                                at /rustc/0e09125c6c3c2fd70d7de961bcf0e51575235fad/library/alloc/src/boxed.rs:2015:9
[INFO] [stdout]   44:     0x557efc11eb05 - std::sys::unix::thread::Thread::new::thread_start::h36b0a20c0b2361ad
[INFO] [stdout]                                at /rustc/0e09125c6c3c2fd70d7de961bcf0e51575235fad/library/std/src/sys/unix/thread.rs:108:17
[INFO] [stdout]   45:     0x7f1dc75bbac3 - <unknown>
[INFO] [stdout]   46:     0x7f1dc764cbf4 - __clone
[INFO] [stdout]   47:                0x0 - <unknown>
[INFO] [stdout] 
[INFO] [stdout] 
[INFO] [stdout] failures:
[INFO] [stdout]     load_native_cuboid_and_generate_geometry
[INFO] [stdout] 
[INFO] [stdout] test result: FAILED. 0 passed; 1 failed; 0 ignored; 0 measured; 0 filtered out; finished in 0.24s
[INFO] [stdout] 
[INFO] [stderr] error: test failed, to rerun pass `-p cuboid --test integration`
[INFO] running `Command { std: "docker" "inspect" "78fa090fd56eb242d3a2912c5320f6431c1a725bc1399fb4de10afb8f19c2978", kill_on_drop: false }`
[INFO] running `Command { std: "docker" "rm" "-f" "78fa090fd56eb242d3a2912c5320f6431c1a725bc1399fb4de10afb8f19c2978", kill_on_drop: false }`
[INFO] [stdout] 78fa090fd56eb242d3a2912c5320f6431c1a725bc1399fb4de10afb8f19c2978
