[INFO] cloning repository https://github.com/MiNI-UAV/UAV_aggregator
[INFO] running `Command { std: "git" "-c" "credential.helper=" "-c" "credential.helper=/workspace/cargo-home/bin/git-credential-null" "clone" "--bare" "https://github.com/MiNI-UAV/UAV_aggregator" "/workspace/cache/git-repos/https%3A%2F%2Fgithub.com%2FMiNI-UAV%2FUAV_aggregator", kill_on_drop: false }`
[INFO] [stderr] Cloning into bare repository '/workspace/cache/git-repos/https%3A%2F%2Fgithub.com%2FMiNI-UAV%2FUAV_aggregator'...
[INFO] running `Command { std: "git" "rev-parse" "HEAD", kill_on_drop: false }`
[INFO] [stdout] f9f6a9e36cdb6b4f11ecbabf9f1ac34adde2a3fc
[INFO] testing MiNI-UAV/UAV_aggregator against 1.75.0 for beta-1.76-1
[INFO] running `Command { std: "git" "clone" "/workspace/cache/git-repos/https%3A%2F%2Fgithub.com%2FMiNI-UAV%2FUAV_aggregator" "/workspace/builds/worker-7-tc1/source", kill_on_drop: false }`
[INFO] [stderr] Cloning into '/workspace/builds/worker-7-tc1/source'...
[INFO] [stderr] done.
[INFO] [stderr] Updating files:  70% (343/485)
Updating files:  71% (345/485)
Updating files:  72% (350/485)
Updating files:  73% (355/485)
Updating files:  74% (359/485)
Updating files:  75% (364/485)
Updating files:  76% (369/485)
Updating files:  77% (374/485)
Updating files:  78% (379/485)
Updating files:  79% (384/485)
Updating files:  80% (388/485)
Updating files:  81% (393/485)
Updating files:  82% (398/485)
Updating files:  83% (403/485)
Updating files:  84% (408/485)
Updating files:  85% (413/485)
Updating files:  86% (418/485)
Updating files:  87% (422/485)
Updating files:  88% (427/485)
Updating files:  89% (432/485)
Updating files:  90% (437/485)
Updating files:  91% (442/485)
Updating files:  92% (447/485)
Updating files:  93% (452/485)
Updating files:  94% (456/485)
Updating files:  95% (461/485)
Updating files:  96% (466/485)
Updating files:  97% (471/485)
Updating files:  98% (476/485)
Updating files:  99% (481/485)
Updating files: 100% (485/485)
Updating files: 100% (485/485), done.
[INFO] validating manifest of git repo https://github.com/MiNI-UAV/UAV_aggregator on toolchain 1.75.0
[INFO] running `Command { std: CARGO_HOME="/workspace/cargo-home" RUSTUP_HOME="/workspace/rustup-home" "/workspace/cargo-home/bin/cargo" "+1.75.0" "metadata" "--manifest-path" "Cargo.toml" "--no-deps", kill_on_drop: false }`
[INFO] started tweaking git repo https://github.com/MiNI-UAV/UAV_aggregator
[INFO] finished tweaking git repo https://github.com/MiNI-UAV/UAV_aggregator
[INFO] tweaked toml for git repo https://github.com/MiNI-UAV/UAV_aggregator written to /workspace/builds/worker-7-tc1/source/Cargo.toml
[INFO] crate git repo https://github.com/MiNI-UAV/UAV_aggregator already has a lockfile, it will not be regenerated
[INFO] running `Command { std: CARGO_HOME="/workspace/cargo-home" RUSTUP_HOME="/workspace/rustup-home" "/workspace/cargo-home/bin/cargo" "+1.75.0" "fetch" "--manifest-path" "Cargo.toml", kill_on_drop: false }`
[INFO] [stderr]  Downloading crates ...
[INFO] [stderr]   Downloaded system-deps v6.0.5
[INFO] [stderr]   Downloaded zeromq-src v0.2.5+4.3.4
[INFO] [stderr]   Downloaded dircpy v0.3.14
[INFO] running `Command { std: "docker" "create" "-v" "/var/lib/crater-agent-workspace/builds/worker-7-tc1/target:/opt/rustwide/target:rw,Z" "-v" "/var/lib/crater-agent-workspace/builds/worker-7-tc1/source:/opt/rustwide/workdir:ro,Z" "-v" "/var/lib/crater-agent-workspace/cargo-home:/opt/rustwide/cargo-home:ro,Z" "-v" "/var/lib/crater-agent-workspace/rustup-home:/opt/rustwide/rustup-home:ro,Z" "-e" "SOURCE_DIR=/opt/rustwide/workdir" "-e" "CARGO_TARGET_DIR=/opt/rustwide/target" "-e" "CARGO_HOME=/opt/rustwide/cargo-home" "-e" "RUSTUP_HOME=/opt/rustwide/rustup-home" "-w" "/opt/rustwide/workdir" "-m" "1610612736" "--user" "0:0" "--network" "none" "ghcr.io/rust-lang/crates-build-env/linux@sha256:2788e3201cd34a07e3172128adcd8b3090168a8e3bcc40d7c032b9dda1df7d1c" "/opt/rustwide/cargo-home/bin/cargo" "+1.75.0" "metadata" "--no-deps" "--format-version=1", kill_on_drop: false }`
[INFO] [stdout] cfd0394bc70d01c74819fe6ccca3627b77b580d347d9ef576469f4b8071aeb61
[INFO] running `Command { std: "docker" "start" "-a" "cfd0394bc70d01c74819fe6ccca3627b77b580d347d9ef576469f4b8071aeb61", kill_on_drop: false }`
[INFO] running `Command { std: "docker" "inspect" "cfd0394bc70d01c74819fe6ccca3627b77b580d347d9ef576469f4b8071aeb61", kill_on_drop: false }`
[INFO] running `Command { std: "docker" "rm" "-f" "cfd0394bc70d01c74819fe6ccca3627b77b580d347d9ef576469f4b8071aeb61", kill_on_drop: false }`
[INFO] [stdout] cfd0394bc70d01c74819fe6ccca3627b77b580d347d9ef576469f4b8071aeb61
[INFO] running `Command { std: "docker" "create" "-v" "/var/lib/crater-agent-workspace/builds/worker-7-tc1/target:/opt/rustwide/target:rw,Z" "-v" "/var/lib/crater-agent-workspace/builds/worker-7-tc1/source:/opt/rustwide/workdir:ro,Z" "-v" "/var/lib/crater-agent-workspace/cargo-home:/opt/rustwide/cargo-home:ro,Z" "-v" "/var/lib/crater-agent-workspace/rustup-home:/opt/rustwide/rustup-home:ro,Z" "-e" "SOURCE_DIR=/opt/rustwide/workdir" "-e" "CARGO_TARGET_DIR=/opt/rustwide/target" "-e" "CARGO_INCREMENTAL=0" "-e" "RUST_BACKTRACE=full" "-e" "RUSTFLAGS=--cap-lints=warn" "-e" "RUSTDOCFLAGS=--cap-lints=warn" "-e" "CARGO_HOME=/opt/rustwide/cargo-home" "-e" "RUSTUP_HOME=/opt/rustwide/rustup-home" "-w" "/opt/rustwide/workdir" "-m" "1610612736" "--user" "0:0" "--network" "none" "ghcr.io/rust-lang/crates-build-env/linux@sha256:2788e3201cd34a07e3172128adcd8b3090168a8e3bcc40d7c032b9dda1df7d1c" "/opt/rustwide/cargo-home/bin/cargo" "+1.75.0" "build" "--frozen" "--message-format=json", kill_on_drop: false }`
[INFO] [stdout] 2e0d93b4e4f73fa8187a913da3755e3806f54524f6e23f252475c6601144583e
[INFO] running `Command { std: "docker" "start" "-a" "2e0d93b4e4f73fa8187a913da3755e3806f54524f6e23f252475c6601144583e", kill_on_drop: false }`
[INFO] [stderr]    Compiling crossbeam-utils v0.8.15
[INFO] [stderr]    Compiling libc v0.2.150
[INFO] [stderr]    Compiling memoffset v0.8.0
[INFO] [stderr]    Compiling crossbeam-epoch v0.9.14
[INFO] [stderr]    Compiling scopeguard v1.1.0
[INFO] [stderr]    Compiling serde v1.0.183
[INFO] [stderr]    Compiling pkg-config v0.3.27
[INFO] [stderr]    Compiling crossbeam-queue v0.3.8
[INFO] [stderr]    Compiling either v1.8.1
[INFO] [stderr]    Compiling indexmap v1.9.3
[INFO] [stderr]    Compiling typenum v1.16.0
[INFO] [stderr]    Compiling target-lexicon v0.12.7
[INFO] [stderr]    Compiling hashbrown v0.12.3
[INFO] [stderr]    Compiling log v0.4.17
[INFO] [stderr]    Compiling version_check v0.9.4
[INFO] [stderr]    Compiling num-traits v0.2.15
[INFO] [stderr]    Compiling same-file v1.0.6
[INFO] [stderr]    Compiling winnow v0.4.6
[INFO] [stderr]    Compiling walkdir v2.3.3
[INFO] [stderr]    Compiling smallvec v1.10.0
[INFO] [stderr]    Compiling proc-macro2 v1.0.64
[INFO] [stderr]    Compiling heck v0.4.1
[INFO] [stderr]    Compiling generic-array v0.14.7
[INFO] [stderr]    Compiling version-compare v0.1.1
[INFO] [stderr]    Compiling quote v1.0.29
[INFO] [stderr]    Compiling unicode-ident v1.0.10
[INFO] [stderr]    Compiling paste v1.0.13
[INFO] [stderr]    Compiling syn v1.0.109
[INFO] [stderr]    Compiling crossbeam-channel v0.5.8
[INFO] [stderr]    Compiling subtle v2.5.0
[INFO] [stderr]    Compiling bytemuck v1.13.1
[INFO] [stderr]    Compiling crossbeam-deque v0.8.3
[INFO] [stderr]    Compiling cfg-expr v0.15.1
[INFO] [stderr]    Compiling x11 v2.21.0
[INFO] [stderr]    Compiling safe_arch v0.7.0
[INFO] [stderr]    Compiling matrixmultiply v0.3.7
[INFO] [stderr]    Compiling anyhow v1.0.74
[INFO] [stderr]    Compiling camino v1.1.6
[INFO] [stderr]    Compiling memchr v2.6.4
[INFO] [stderr]    Compiling crossbeam v0.8.2
[INFO] [stderr]    Compiling jobserver v0.1.26
[INFO] [stderr]    Compiling num_cpus v1.15.0
[INFO] [stderr]    Compiling device_query v1.1.3
[INFO] [stderr]    Compiling cc v1.0.79
[INFO] [stderr]    Compiling rayon-core v1.11.0
[INFO] [stderr]    Compiling num-complex v0.4.3
[INFO] [stderr]    Compiling num-integer v0.1.45
[INFO] [stderr]    Compiling approx v0.5.1
[INFO] [stderr]    Compiling wide v0.7.11
[INFO] [stderr]    Compiling aho-corasick v1.1.2
[INFO] [stderr]    Compiling equivalent v1.0.1
[INFO] [stderr]    Compiling rawpointer v0.2.1
[INFO] [stderr]    Compiling ryu v1.0.15
[INFO] [stderr]    Compiling getrandom v0.2.10
[INFO] [stderr]    Compiling arrayvec v0.7.4
[INFO] [stderr]    Compiling rayon v1.7.0
[INFO] [stderr]    Compiling rand_core v0.6.4
[INFO] [stderr]    Compiling itoa v1.0.9
[INFO] [stderr]    Compiling static_assertions v1.1.0
[INFO] [stderr]    Compiling zmq v0.10.0
[INFO] [stderr]    Compiling regex-syntax v0.8.2
[INFO] [stderr]    Compiling arrayref v0.3.7
[INFO] [stderr]    Compiling ppv-lite86 v0.2.17
[INFO] [stderr]    Compiling constant_time_eq v0.3.0
[INFO] [stderr]    Compiling serde_json v1.0.105
[INFO] [stderr]    Compiling hashbrown v0.14.0
[INFO] [stderr]    Compiling nix v0.26.2
[INFO] [stderr]    Compiling crypto-common v0.1.6
[INFO] [stderr]    Compiling block-buffer v0.10.4
[INFO] [stderr]    Compiling digest v0.10.7
[INFO] [stderr]    Compiling rand_chacha v0.3.1
[INFO] [stderr]    Compiling blake3 v1.4.1
[INFO] [stderr]    Compiling num-rational v0.4.1
[INFO] [stderr]    Compiling indexmap v2.0.0
[INFO] [stderr]    Compiling simba v0.8.1
[INFO] [stderr]    Compiling serde_spanned v0.6.1
[INFO] [stderr]    Compiling toml_datetime v0.6.1
[INFO] [stderr]    Compiling unsafe-libyaml v0.2.9
[INFO] [stderr]    Compiling toml_edit v0.19.8
[INFO] [stderr]    Compiling xml-rs v0.8.15
[INFO] [stderr]    Compiling lazy_static v1.4.0
[INFO] [stderr]    Compiling cpufeatures v0.2.9
[INFO] [stderr]    Compiling sha1 v0.10.5
[INFO] [stderr]    Compiling ctrlc v3.4.0
[INFO] [stderr]    Compiling rand v0.8.5
[INFO] [stderr]    Compiling hex v0.4.3
[INFO] [stderr]    Compiling regex-automata v0.4.3
[INFO] [stderr]    Compiling xmltree v0.10.3
[INFO] [stderr]    Compiling jwalk v0.6.2
[INFO] [stderr]    Compiling serde_yaml v0.9.25
[INFO] [stderr]    Compiling dircpy v0.3.14
[INFO] [stderr]    Compiling zeromq-src v0.2.5+4.3.4
[INFO] [stderr]    Compiling toml v0.7.3
[INFO] [stderr]    Compiling merkle_hash v3.5.0
[INFO] [stderr]    Compiling nalgebra-macros v0.2.1
[INFO] [stderr]    Compiling system-deps v6.0.5
[INFO] [stderr]    Compiling zmq-sys v0.12.0
[INFO] [stderr]    Compiling regex v1.10.2
[INFO] [stderr]    Compiling nalgebra v0.32.3
[INFO] [stderr]    Compiling UAV_aggregator v0.1.0 (/opt/rustwide/workdir)
[INFO] [stderr]     Finished dev [unoptimized + debuginfo] target(s) in 21.60s
[INFO] running `Command { std: "docker" "inspect" "2e0d93b4e4f73fa8187a913da3755e3806f54524f6e23f252475c6601144583e", kill_on_drop: false }`
[INFO] running `Command { std: "docker" "rm" "-f" "2e0d93b4e4f73fa8187a913da3755e3806f54524f6e23f252475c6601144583e", kill_on_drop: false }`
[INFO] [stdout] 2e0d93b4e4f73fa8187a913da3755e3806f54524f6e23f252475c6601144583e
[INFO] running `Command { std: "docker" "create" "-v" "/var/lib/crater-agent-workspace/builds/worker-7-tc1/target:/opt/rustwide/target:rw,Z" "-v" "/var/lib/crater-agent-workspace/builds/worker-7-tc1/source:/opt/rustwide/workdir:ro,Z" "-v" "/var/lib/crater-agent-workspace/cargo-home:/opt/rustwide/cargo-home:ro,Z" "-v" "/var/lib/crater-agent-workspace/rustup-home:/opt/rustwide/rustup-home:ro,Z" "-e" "SOURCE_DIR=/opt/rustwide/workdir" "-e" "CARGO_TARGET_DIR=/opt/rustwide/target" "-e" "CARGO_INCREMENTAL=0" "-e" "RUST_BACKTRACE=full" "-e" "RUSTFLAGS=--cap-lints=warn" "-e" "RUSTDOCFLAGS=--cap-lints=warn" "-e" "CARGO_HOME=/opt/rustwide/cargo-home" "-e" "RUSTUP_HOME=/opt/rustwide/rustup-home" "-w" "/opt/rustwide/workdir" "-m" "1610612736" "--user" "0:0" "--network" "none" "ghcr.io/rust-lang/crates-build-env/linux@sha256:2788e3201cd34a07e3172128adcd8b3090168a8e3bcc40d7c032b9dda1df7d1c" "/opt/rustwide/cargo-home/bin/cargo" "+1.75.0" "test" "--frozen" "--no-run" "--message-format=json", kill_on_drop: false }`
[INFO] [stdout] a76bf256b92251ff46e0324cefbc6868be356949d4915427cf95a1095cb71781
[INFO] running `Command { std: "docker" "start" "-a" "a76bf256b92251ff46e0324cefbc6868be356949d4915427cf95a1095cb71781", kill_on_drop: false }`
[INFO] [stderr]    Compiling UAV_aggregator v0.1.0 (/opt/rustwide/workdir)
[INFO] [stderr]     Finished test [unoptimized + debuginfo] target(s) in 1.24s
[INFO] running `Command { std: "docker" "inspect" "a76bf256b92251ff46e0324cefbc6868be356949d4915427cf95a1095cb71781", kill_on_drop: false }`
[INFO] running `Command { std: "docker" "rm" "-f" "a76bf256b92251ff46e0324cefbc6868be356949d4915427cf95a1095cb71781", kill_on_drop: false }`
[INFO] [stdout] a76bf256b92251ff46e0324cefbc6868be356949d4915427cf95a1095cb71781
[INFO] running `Command { std: "docker" "create" "-v" "/var/lib/crater-agent-workspace/builds/worker-7-tc1/target:/opt/rustwide/target:rw,Z" "-v" "/var/lib/crater-agent-workspace/builds/worker-7-tc1/source:/opt/rustwide/workdir:ro,Z" "-v" "/var/lib/crater-agent-workspace/cargo-home:/opt/rustwide/cargo-home:ro,Z" "-v" "/var/lib/crater-agent-workspace/rustup-home:/opt/rustwide/rustup-home:ro,Z" "-e" "SOURCE_DIR=/opt/rustwide/workdir" "-e" "CARGO_TARGET_DIR=/opt/rustwide/target" "-e" "CARGO_INCREMENTAL=0" "-e" "RUST_BACKTRACE=full" "-e" "RUSTFLAGS=--cap-lints=warn" "-e" "RUSTDOCFLAGS=--cap-lints=warn" "-e" "CARGO_HOME=/opt/rustwide/cargo-home" "-e" "RUSTUP_HOME=/opt/rustwide/rustup-home" "-w" "/opt/rustwide/workdir" "-m" "1610612736" "--user" "0:0" "--network" "none" "ghcr.io/rust-lang/crates-build-env/linux@sha256:2788e3201cd34a07e3172128adcd8b3090168a8e3bcc40d7c032b9dda1df7d1c" "/opt/rustwide/cargo-home/bin/cargo" "+1.75.0" "test" "--frozen", kill_on_drop: false }`
[INFO] [stdout] ceba155f7714365e103943f523e099c8769251d61bb348dca9cda1467a0f9926
[INFO] running `Command { std: "docker" "start" "-a" "ceba155f7714365e103943f523e099c8769251d61bb348dca9cda1467a0f9926", kill_on_drop: false }`
[INFO] [stderr]     Finished test [unoptimized + debuginfo] target(s) in 0.06s
[INFO] [stderr]      Running unittests src/main.rs (/opt/rustwide/target/debug/deps/UAV_aggregator-71977aafea7563e3)
[INFO] [stdout] 
[INFO] [stdout] running 4 tests
[INFO] [stdout] test atmosphere::tests::calc_density_test ... ok
[INFO] [stdout] test atmosphere::tests::calc_temp_test ... ok
[INFO] [stdout] test collision::tests::create_rot_matrix_from_quaterion ... ok
[INFO] [stdout] test atmosphere::tests::calc_pressure_test ... ok
[INFO] [stdout] 
[INFO] [stdout] test result: ok. 4 passed; 0 failed; 0 ignored; 0 measured; 0 filtered out; finished in 0.00s
[INFO] [stdout] 
[INFO] [stderr]      Running tests/src/main.rs (/opt/rustwide/target/debug/deps/src-60521ef505a789ee)
[INFO] [stdout] 
[INFO] [stdout] running 3 tests
[INFO] [stderr]     Finished dev [unoptimized + debuginfo] target(s) in 0.05s
[INFO] [stderr]      Running `/opt/rustwide/target/debug/UAV_aggregator`
[INFO] [stderr] thread 'main' panicked at src/logger.rs:74:55:
[INFO] [stderr] called `Result::unwrap()` on an `Err` value: Os { code: 30, kind: ReadOnlyFilesystem, message: "Read-only file system" }
[INFO] [stderr] stack backtrace:
[INFO] [stderr]    0:     0x55db9bd8405c - std::backtrace_rs::backtrace::libunwind::trace::ha637c64ce894333a
[INFO] [stderr]                                at /rustc/82e1608dfa6e0b5569232559e3d385fea5a93112/library/std/src/../../backtrace/src/backtrace/libunwind.rs:104:5
[INFO] [stderr]    1:     0x55db9bd8405c - std::backtrace_rs::backtrace::trace_unsynchronized::h47f62dea28e0c88d
[INFO] [stderr]                                at /rustc/82e1608dfa6e0b5569232559e3d385fea5a93112/library/std/src/../../backtrace/src/backtrace/mod.rs:66:5
[INFO] [stderr]    2:     0x55db9bd8405c - std::sys_common::backtrace::_print_fmt::h9eef0abe20ede486
[INFO] [stderr]                                at /rustc/82e1608dfa6e0b5569232559e3d385fea5a93112/library/std/src/sys_common/backtrace.rs:67:5
[INFO] [stderr]    3:     0x55db9bd8405c - <std::sys_common::backtrace::_print::DisplayBacktrace as core::fmt::Display>::fmt::hed7f999df88cc644
[INFO] [stderr]                                at /rustc/82e1608dfa6e0b5569232559e3d385fea5a93112/library/std/src/sys_common/backtrace.rs:44:22
[INFO] [stderr]    4:     0x55db9bdaf460 - core::fmt::rt::Argument::fmt::h1539a9308b8d058d
[INFO] [stderr]                                at /rustc/82e1608dfa6e0b5569232559e3d385fea5a93112/library/core/src/fmt/rt.rs:142:9
[INFO] [stderr]    5:     0x55db9bdaf460 - core::fmt::write::h3a39390d8560d9c9
[INFO] [stderr]                                at /rustc/82e1608dfa6e0b5569232559e3d385fea5a93112/library/core/src/fmt/mod.rs:1120:17
[INFO] [stderr]    6:     0x55db9bd81d6f - std::io::Write::write_fmt::h5fc9997dfe05f882
[INFO] [stderr]                                at /rustc/82e1608dfa6e0b5569232559e3d385fea5a93112/library/std/src/io/mod.rs:1762:15
[INFO] [stderr]    7:     0x55db9bd83e44 - std::sys_common::backtrace::_print::h894006fb5c6f3d45
[INFO] [stderr]                                at /rustc/82e1608dfa6e0b5569232559e3d385fea5a93112/library/std/src/sys_common/backtrace.rs:47:5
[INFO] [stderr]    8:     0x55db9bd83e44 - std::sys_common::backtrace::print::h23a2d212c6fff936
[INFO] [stderr]                                at /rustc/82e1608dfa6e0b5569232559e3d385fea5a93112/library/std/src/sys_common/backtrace.rs:34:9
[INFO] [stderr]    9:     0x55db9bd85447 - std::panicking::default_hook::{{closure}}::h8a1d2ee00185001a
[INFO] [stderr]   10:     0x55db9bd851af - std::panicking::default_hook::h6038f2eba384e475
[INFO] [stderr]                                at /rustc/82e1608dfa6e0b5569232559e3d385fea5a93112/library/std/src/panicking.rs:292:9
[INFO] [stderr]   11:     0x55db9bd858c8 - std::panicking::rust_panic_with_hook::h2b5517d590cab22e
[INFO] [stderr]                                at /rustc/82e1608dfa6e0b5569232559e3d385fea5a93112/library/std/src/panicking.rs:779:13
[INFO] [stderr]   12:     0x55db9bd857ae - std::panicking::begin_panic_handler::{{closure}}::h233112c06e0ef43e
[INFO] [stderr]                                at /rustc/82e1608dfa6e0b5569232559e3d385fea5a93112/library/std/src/panicking.rs:657:13
[INFO] [stderr]   13:     0x55db9bd84526 - std::sys_common::backtrace::__rust_end_short_backtrace::h6e893f24d7ebbff8
[INFO] [stderr]                                at /rustc/82e1608dfa6e0b5569232559e3d385fea5a93112/library/std/src/sys_common/backtrace.rs:170:18
[INFO] [stderr]   14:     0x55db9bd85512 - rust_begin_unwind
[INFO] [stderr]                                at /rustc/82e1608dfa6e0b5569232559e3d385fea5a93112/library/std/src/panicking.rs:645:5
[INFO] [stderr]   15:     0x55db9b6ea455 - core::panicking::panic_fmt::hbf0e066aabfa482c
[INFO] [stderr]                                at /rustc/82e1608dfa6e0b5569232559e3d385fea5a93112/library/core/src/panicking.rs:72:14
[INFO] [stderr]   16:     0x55db9b6eaa83 - core::result::unwrap_failed::hddb4fea594200c52
[INFO] [stderr]                                at /rustc/82e1608dfa6e0b5569232559e3d385fea5a93112/library/core/src/result.rs:1653:5
[INFO] [stderr]   17:     0x55db9b7a5cbb - core::result::Result<T,E>::unwrap::h65c56c9598bfb6e4
[INFO] [stderr]                                at /rustc/82e1608dfa6e0b5569232559e3d385fea5a93112/library/core/src/result.rs:1077:23
[INFO] [stderr]   18:     0x55db9b79ac8a - UAV_aggregator::logger::Logger::init::h38ad90903167696b
[INFO] [stderr]                                at /opt/rustwide/workdir/src/logger.rs:74:24
[INFO] [stderr]   19:     0x55db9b79cb26 - UAV_aggregator::logger::Logger::startSession::he1e57262bcdd4779
[INFO] [stderr]                                at /opt/rustwide/workdir/src/logger.rs:96:9
[INFO] [stderr]   20:     0x55db9b79df8b - UAV_aggregator::main::h03f3d3bd87ea68d4
[INFO] [stderr]                                at /opt/rustwide/workdir/src/main.rs:23:5
[INFO] [stderr]   21:     0x55db9b76800b - core::ops::function::FnOnce::call_once::h831c2b003f192318
[INFO] [stderr]                                at /rustc/82e1608dfa6e0b5569232559e3d385fea5a93112/library/core/src/ops/function.rs:250:5
[INFO] [stderr]   22:     0x55db9b7baebe - std::sys_common::backtrace::__rust_begin_short_backtrace::h61c2cd6ee4041616
[INFO] [stderr]                                at /rustc/82e1608dfa6e0b5569232559e3d385fea5a93112/library/std/src/sys_common/backtrace.rs:154:18
[INFO] [stderr]   23:     0x55db9b7d5fb1 - std::rt::lang_start::{{closure}}::h483e873414d53eba
[INFO] [stderr]                                at /rustc/82e1608dfa6e0b5569232559e3d385fea5a93112/library/std/src/rt.rs:167:18
[INFO] [stderr]   24:     0x55db9bd7ca37 - core::ops::function::impls::<impl core::ops::function::FnOnce<A> for &F>::call_once::hd95060ecd5e1ca24
[INFO] [stderr]                                at /rustc/82e1608dfa6e0b5569232559e3d385fea5a93112/library/core/src/ops/function.rs:284:13
[INFO] [stderr]   25:     0x55db9bd7ca37 - std::panicking::try::do_call::h6e8cf51db32a6e4b
[INFO] [stderr]                                at /rustc/82e1608dfa6e0b5569232559e3d385fea5a93112/library/std/src/panicking.rs:552:40
[INFO] [stderr]   26:     0x55db9bd7ca37 - std::panicking::try::h3a52eefe24fe3c29
[INFO] [stderr]                                at /rustc/82e1608dfa6e0b5569232559e3d385fea5a93112/library/std/src/panicking.rs:516:19
[INFO] [stderr]   27:     0x55db9bd7ca37 - std::panic::catch_unwind::h24c28c23c02c3841
[INFO] [stderr]                                at /rustc/82e1608dfa6e0b5569232559e3d385fea5a93112/library/std/src/panic.rs:142:14
[INFO] [stderr]   28:     0x55db9bd7ca37 - std::rt::lang_start_internal::{{closure}}::h705d3c9cbc06ef47
[INFO] [stderr]                                at /rustc/82e1608dfa6e0b5569232559e3d385fea5a93112/library/std/src/rt.rs:148:48
[INFO] [stderr]   29:     0x55db9bd7ca37 - std::panicking::try::do_call::ha21f52ba13158470
[INFO] [stderr]                                at /rustc/82e1608dfa6e0b5569232559e3d385fea5a93112/library/std/src/panicking.rs:552:40
[INFO] [stderr]   30:     0x55db9bd7ca37 - std::panicking::try::h5581346bf6aeb1f8
[INFO] [stderr]                                at /rustc/82e1608dfa6e0b5569232559e3d385fea5a93112/library/std/src/panicking.rs:516:19
[INFO] [stderr]   31:     0x55db9bd7ca37 - std::panic::catch_unwind::h7919645a6b72e25b
[INFO] [stderr]                                at /rustc/82e1608dfa6e0b5569232559e3d385fea5a93112/library/std/src/panic.rs:142:14
[INFO] [stderr]   32:     0x55db9bd7ca37 - std::rt::lang_start_internal::h12de51168669836e
[INFO] [stderr]                                at /rustc/82e1608dfa6e0b5569232559e3d385fea5a93112/library/std/src/rt.rs:148:20
[INFO] [stderr]   33:     0x55db9b7d5f8a - std::rt::lang_start::h0708c73d686bbdf8
[INFO] [stderr]                                at /rustc/82e1608dfa6e0b5569232559e3d385fea5a93112/library/std/src/rt.rs:166:17
[INFO] [stderr]   34:     0x55db9b7a04ae - main
[INFO] [stderr]   35:     0x7f00a2aa1d90 - <unknown>
[INFO] [stderr]   36:     0x7f00a2aa1e40 - __libc_start_main
[INFO] [stderr]   37:     0x55db9b6ead85 - _start
[INFO] [stderr]   38:                0x0 - <unknown>
[INFO] [stdout] test program_run_and_end ... ok
[INFO] [stderr]     Finished dev [unoptimized + debuginfo] target(s) in 0.05s
[INFO] [stderr]      Running `/opt/rustwide/target/debug/UAV_aggregator`
[INFO] [stderr] thread 'main' panicked at src/logger.rs:74:55:
[INFO] [stderr] called `Result::unwrap()` on an `Err` value: Os { code: 30, kind: ReadOnlyFilesystem, message: "Read-only file system" }
[INFO] [stderr] stack backtrace:
[INFO] [stderr]    0:     0x55913268405c - std::backtrace_rs::backtrace::libunwind::trace::ha637c64ce894333a
[INFO] [stderr]                                at /rustc/82e1608dfa6e0b5569232559e3d385fea5a93112/library/std/src/../../backtrace/src/backtrace/libunwind.rs:104:5
[INFO] [stderr]    1:     0x55913268405c - std::backtrace_rs::backtrace::trace_unsynchronized::h47f62dea28e0c88d
[INFO] [stderr]                                at /rustc/82e1608dfa6e0b5569232559e3d385fea5a93112/library/std/src/../../backtrace/src/backtrace/mod.rs:66:5
[INFO] [stderr]    2:     0x55913268405c - std::sys_common::backtrace::_print_fmt::h9eef0abe20ede486
[INFO] [stderr]                                at /rustc/82e1608dfa6e0b5569232559e3d385fea5a93112/library/std/src/sys_common/backtrace.rs:67:5
[INFO] [stderr]    3:     0x55913268405c - <std::sys_common::backtrace::_print::DisplayBacktrace as core::fmt::Display>::fmt::hed7f999df88cc644
[INFO] [stderr]                                at /rustc/82e1608dfa6e0b5569232559e3d385fea5a93112/library/std/src/sys_common/backtrace.rs:44:22
[INFO] [stderr]    4:     0x5591326af460 - core::fmt::rt::Argument::fmt::h1539a9308b8d058d
[INFO] [stderr]                                at /rustc/82e1608dfa6e0b5569232559e3d385fea5a93112/library/core/src/fmt/rt.rs:142:9
[INFO] [stderr]    5:     0x5591326af460 - core::fmt::write::h3a39390d8560d9c9
[INFO] [stderr]                                at /rustc/82e1608dfa6e0b5569232559e3d385fea5a93112/library/core/src/fmt/mod.rs:1120:17
[INFO] [stderr]    6:     0x559132681d6f - std::io::Write::write_fmt::h5fc9997dfe05f882
[INFO] [stderr]                                at /rustc/82e1608dfa6e0b5569232559e3d385fea5a93112/library/std/src/io/mod.rs:1762:15
[INFO] [stderr]    7:     0x559132683e44 - std::sys_common::backtrace::_print::h894006fb5c6f3d45
[INFO] [stderr]                                at /rustc/82e1608dfa6e0b5569232559e3d385fea5a93112/library/std/src/sys_common/backtrace.rs:47:5
[INFO] [stderr]    8:     0x559132683e44 - std::sys_common::backtrace::print::h23a2d212c6fff936
[INFO] [stderr]                                at /rustc/82e1608dfa6e0b5569232559e3d385fea5a93112/library/std/src/sys_common/backtrace.rs:34:9
[INFO] [stderr]    9:     0x559132685447 - std::panicking::default_hook::{{closure}}::h8a1d2ee00185001a
[INFO] [stderr]   10:     0x5591326851af - std::panicking::default_hook::h6038f2eba384e475
[INFO] [stderr]                                at /rustc/82e1608dfa6e0b5569232559e3d385fea5a93112/library/std/src/panicking.rs:292:9
[INFO] [stderr]   11:     0x5591326858c8 - std::panicking::rust_panic_with_hook::h2b5517d590cab22e
[INFO] [stderr]                                at /rustc/82e1608dfa6e0b5569232559e3d385fea5a93112/library/std/src/panicking.rs:779:13
[INFO] [stderr]   12:     0x5591326857ae - std::panicking::begin_panic_handler::{{closure}}::h233112c06e0ef43e
[INFO] [stderr]                                at /rustc/82e1608dfa6e0b5569232559e3d385fea5a93112/library/std/src/panicking.rs:657:13
[INFO] [stderr]   13:     0x559132684526 - std::sys_common::backtrace::__rust_end_short_backtrace::h6e893f24d7ebbff8
[INFO] [stderr]                                at /rustc/82e1608dfa6e0b5569232559e3d385fea5a93112/library/std/src/sys_common/backtrace.rs:170:18
[INFO] [stderr]   14:     0x559132685512 - rust_begin_unwind
[INFO] [stderr]                                at /rustc/82e1608dfa6e0b5569232559e3d385fea5a93112/library/std/src/panicking.rs:645:5
[INFO] [stderr]   15:     0x559131fea455 - core::panicking::panic_fmt::hbf0e066aabfa482c
[INFO] [stderr]                                at /rustc/82e1608dfa6e0b5569232559e3d385fea5a93112/library/core/src/panicking.rs:72:14
[INFO] [stderr]   16:     0x559131feaa83 - core::result::unwrap_failed::hddb4fea594200c52
[INFO] [stderr]                                at /rustc/82e1608dfa6e0b5569232559e3d385fea5a93112/library/core/src/result.rs:1653:5
[INFO] [stderr]   17:     0x5591320a5cbb - core::result::Result<T,E>::unwrap::h65c56c9598bfb6e4
[INFO] [stderr]                                at /rustc/82e1608dfa6e0b5569232559e3d385fea5a93112/library/core/src/result.rs:1077:23
[INFO] [stderr]   18:     0x55913209ac8a - UAV_aggregator::logger::Logger::init::h38ad90903167696b
[INFO] [stderr]                                at /opt/rustwide/workdir/src/logger.rs:74:24
[INFO] [stderr]   19:     0x55913209cb26 - UAV_aggregator::logger::Logger::startSession::he1e57262bcdd4779
[INFO] [stderr]                                at /opt/rustwide/workdir/src/logger.rs:96:9
[INFO] [stderr]   20:     0x55913209df8b - UAV_aggregator::main::h03f3d3bd87ea68d4
[INFO] [stderr]                                at /opt/rustwide/workdir/src/main.rs:23:5
[INFO] [stderr]   21:     0x55913206800b - core::ops::function::FnOnce::call_once::h831c2b003f192318
[INFO] [stderr]                                at /rustc/82e1608dfa6e0b5569232559e3d385fea5a93112/library/core/src/ops/function.rs:250:5
[INFO] [stderr]   22:     0x5591320baebe - std::sys_common::backtrace::__rust_begin_short_backtrace::h61c2cd6ee4041616
[INFO] [stderr]                                at /rustc/82e1608dfa6e0b5569232559e3d385fea5a93112/library/std/src/sys_common/backtrace.rs:154:18
[INFO] [stderr]   23:     0x5591320d5fb1 - std::rt::lang_start::{{closure}}::h483e873414d53eba
[INFO] [stderr]                                at /rustc/82e1608dfa6e0b5569232559e3d385fea5a93112/library/std/src/rt.rs:167:18
[INFO] [stderr]   24:     0x55913267ca37 - core::ops::function::impls::<impl core::ops::function::FnOnce<A> for &F>::call_once::hd95060ecd5e1ca24
[INFO] [stderr]                                at /rustc/82e1608dfa6e0b5569232559e3d385fea5a93112/library/core/src/ops/function.rs:284:13
[INFO] [stderr]   25:     0x55913267ca37 - std::panicking::try::do_call::h6e8cf51db32a6e4b
[INFO] [stderr]                                at /rustc/82e1608dfa6e0b5569232559e3d385fea5a93112/library/std/src/panicking.rs:552:40
[INFO] [stderr]   26:     0x55913267ca37 - std::panicking::try::h3a52eefe24fe3c29
[INFO] [stderr]                                at /rustc/82e1608dfa6e0b5569232559e3d385fea5a93112/library/std/src/panicking.rs:516:19
[INFO] [stderr]   27:     0x55913267ca37 - std::panic::catch_unwind::h24c28c23c02c3841
[INFO] [stderr]                                at /rustc/82e1608dfa6e0b5569232559e3d385fea5a93112/library/std/src/panic.rs:142:14
[INFO] [stderr]   28:     0x55913267ca37 - std::rt::lang_start_internal::{{closure}}::h705d3c9cbc06ef47
[INFO] [stderr]                                at /rustc/82e1608dfa6e0b5569232559e3d385fea5a93112/library/std/src/rt.rs:148:48
[INFO] [stderr]   29:     0x55913267ca37 - std::panicking::try::do_call::ha21f52ba13158470
[INFO] [stderr]                                at /rustc/82e1608dfa6e0b5569232559e3d385fea5a93112/library/std/src/panicking.rs:552:40
[INFO] [stderr]   30:     0x55913267ca37 - std::panicking::try::h5581346bf6aeb1f8
[INFO] [stderr]                                at /rustc/82e1608dfa6e0b5569232559e3d385fea5a93112/library/std/src/panicking.rs:516:19
[INFO] [stderr]   31:     0x55913267ca37 - std::panic::catch_unwind::h7919645a6b72e25b
[INFO] [stderr]                                at /rustc/82e1608dfa6e0b5569232559e3d385fea5a93112/library/std/src/panic.rs:142:14
[INFO] [stderr]   32:     0x55913267ca37 - std::rt::lang_start_internal::h12de51168669836e
[INFO] [stderr]                                at /rustc/82e1608dfa6e0b5569232559e3d385fea5a93112/library/std/src/rt.rs:148:20
[INFO] [stderr]   33:     0x5591320d5f8a - std::rt::lang_start::h0708c73d686bbdf8
[INFO] [stderr]                                at /rustc/82e1608dfa6e0b5569232559e3d385fea5a93112/library/std/src/rt.rs:166:17
[INFO] [stderr]   34:     0x5591320a04ae - main
[INFO] [stderr]   35:     0x7fd301d45d90 - <unknown>
[INFO] [stderr]   36:     0x7fd301d45e40 - __libc_start_main
[INFO] [stderr]   37:     0x559131fead85 - _start
[INFO] [stderr]   38:                0x0 - <unknown>
[INFO] [stdout] test server_reply_info_correctly ... FAILED
[INFO] [stdout] test server_reply_on_config_send_correctly has been running for over 60 seconds
[ERROR] error running command: no output for 300 seconds
[INFO] running `Command { std: "docker" "inspect" "ceba155f7714365e103943f523e099c8769251d61bb348dca9cda1467a0f9926", kill_on_drop: false }`
[INFO] running `Command { std: "docker" "rm" "-f" "ceba155f7714365e103943f523e099c8769251d61bb348dca9cda1467a0f9926", kill_on_drop: false }`
[INFO] [stdout] ceba155f7714365e103943f523e099c8769251d61bb348dca9cda1467a0f9926
[INFO] testing MiNI-UAV/UAV_aggregator against beta-2023-12-22 for beta-1.76-1
[INFO] running `Command { std: "git" "clone" "/workspace/cache/git-repos/https%3A%2F%2Fgithub.com%2FMiNI-UAV%2FUAV_aggregator" "/workspace/builds/worker-7-tc2/source", kill_on_drop: false }`
[INFO] [stderr] Cloning into '/workspace/builds/worker-7-tc2/source'...
[INFO] [stderr] done.
[INFO] [stderr] Updating files:  39% (193/485)
Updating files:  40% (194/485)
Updating files:  41% (199/485)
Updating files:  42% (204/485)
Updating files:  43% (209/485)
Updating files:  44% (214/485)
Updating files:  45% (219/485)
Updating files:  46% (224/485)
Updating files:  47% (228/485)
Updating files:  48% (233/485)
Updating files:  49% (238/485)
Updating files:  50% (243/485)
Updating files:  51% (248/485)
Updating files:  52% (253/485)
Updating files:  53% (258/485)
Updating files:  54% (262/485)
Updating files:  55% (267/485)
Updating files:  56% (272/485)
Updating files:  57% (277/485)
Updating files:  58% (282/485)
Updating files:  59% (287/485)
Updating files:  60% (291/485)
Updating files:  61% (296/485)
Updating files:  62% (301/485)
Updating files:  63% (306/485)
Updating files:  64% (311/485)
Updating files:  65% (316/485)
Updating files:  66% (321/485)
Updating files:  67% (325/485)
Updating files:  68% (330/485)
Updating files:  69% (335/485)
Updating files:  70% (340/485)
Updating files:  71% (345/485)
Updating files:  72% (350/485)
Updating files:  73% (355/485)
Updating files:  74% (359/485)
Updating files:  75% (364/485)
Updating files:  76% (369/485)
Updating files:  77% (374/485)
Updating files:  78% (379/485)
Updating files:  79% (384/485)
Updating files:  80% (388/485)
Updating files:  81% (393/485)
Updating files:  82% (398/485)
Updating files:  83% (403/485)
Updating files:  84% (408/485)
Updating files:  85% (413/485)
Updating files:  86% (418/485)
Updating files:  87% (422/485)
Updating files:  88% (427/485)
Updating files:  89% (432/485)
Updating files:  90% (437/485)
Updating files:  91% (442/485)
Updating files:  92% (447/485)
Updating files:  93% (452/485)
Updating files:  94% (456/485)
Updating files:  95% (461/485)
Updating files:  96% (466/485)
Updating files:  97% (471/485)
Updating files:  98% (476/485)
Updating files:  99% (481/485)
Updating files: 100% (485/485)
Updating files: 100% (485/485), done.
[INFO] validating manifest of git repo https://github.com/MiNI-UAV/UAV_aggregator on toolchain beta-2023-12-22
[INFO] running `Command { std: CARGO_HOME="/workspace/cargo-home" RUSTUP_HOME="/workspace/rustup-home" "/workspace/cargo-home/bin/cargo" "+beta-2023-12-22" "metadata" "--manifest-path" "Cargo.toml" "--no-deps", kill_on_drop: false }`
[INFO] started tweaking git repo https://github.com/MiNI-UAV/UAV_aggregator
[INFO] finished tweaking git repo https://github.com/MiNI-UAV/UAV_aggregator
[INFO] tweaked toml for git repo https://github.com/MiNI-UAV/UAV_aggregator written to /workspace/builds/worker-7-tc2/source/Cargo.toml
[INFO] crate git repo https://github.com/MiNI-UAV/UAV_aggregator already has a lockfile, it will not be regenerated
[INFO] running `Command { std: CARGO_HOME="/workspace/cargo-home" RUSTUP_HOME="/workspace/rustup-home" "/workspace/cargo-home/bin/cargo" "+beta-2023-12-22" "fetch" "--manifest-path" "Cargo.toml", kill_on_drop: false }`
[INFO] running `Command { std: "docker" "create" "-v" "/var/lib/crater-agent-workspace/builds/worker-7-tc2/target:/opt/rustwide/target:rw,Z" "-v" "/var/lib/crater-agent-workspace/builds/worker-7-tc2/source:/opt/rustwide/workdir:ro,Z" "-v" "/var/lib/crater-agent-workspace/cargo-home:/opt/rustwide/cargo-home:ro,Z" "-v" "/var/lib/crater-agent-workspace/rustup-home:/opt/rustwide/rustup-home:ro,Z" "-e" "SOURCE_DIR=/opt/rustwide/workdir" "-e" "CARGO_TARGET_DIR=/opt/rustwide/target" "-e" "CARGO_HOME=/opt/rustwide/cargo-home" "-e" "RUSTUP_HOME=/opt/rustwide/rustup-home" "-w" "/opt/rustwide/workdir" "-m" "1610612736" "--user" "0:0" "--network" "none" "ghcr.io/rust-lang/crates-build-env/linux@sha256:2788e3201cd34a07e3172128adcd8b3090168a8e3bcc40d7c032b9dda1df7d1c" "/opt/rustwide/cargo-home/bin/cargo" "+beta-2023-12-22" "metadata" "--no-deps" "--format-version=1", kill_on_drop: false }`
[INFO] [stdout] 01be590c4f450e8ddfc01b8fec59279e902a57c80253a548d7649513f4741dab
[INFO] running `Command { std: "docker" "start" "-a" "01be590c4f450e8ddfc01b8fec59279e902a57c80253a548d7649513f4741dab", kill_on_drop: false }`
[INFO] running `Command { std: "docker" "inspect" "01be590c4f450e8ddfc01b8fec59279e902a57c80253a548d7649513f4741dab", kill_on_drop: false }`
[INFO] running `Command { std: "docker" "rm" "-f" "01be590c4f450e8ddfc01b8fec59279e902a57c80253a548d7649513f4741dab", kill_on_drop: false }`
[INFO] [stdout] 01be590c4f450e8ddfc01b8fec59279e902a57c80253a548d7649513f4741dab
[INFO] running `Command { std: "docker" "create" "-v" "/var/lib/crater-agent-workspace/builds/worker-7-tc2/target:/opt/rustwide/target:rw,Z" "-v" "/var/lib/crater-agent-workspace/builds/worker-7-tc2/source:/opt/rustwide/workdir:ro,Z" "-v" "/var/lib/crater-agent-workspace/cargo-home:/opt/rustwide/cargo-home:ro,Z" "-v" "/var/lib/crater-agent-workspace/rustup-home:/opt/rustwide/rustup-home:ro,Z" "-e" "SOURCE_DIR=/opt/rustwide/workdir" "-e" "CARGO_TARGET_DIR=/opt/rustwide/target" "-e" "CARGO_INCREMENTAL=0" "-e" "RUST_BACKTRACE=full" "-e" "RUSTFLAGS=--cap-lints=warn" "-e" "RUSTDOCFLAGS=--cap-lints=warn" "-e" "CARGO_HOME=/opt/rustwide/cargo-home" "-e" "RUSTUP_HOME=/opt/rustwide/rustup-home" "-w" "/opt/rustwide/workdir" "-m" "1610612736" "--user" "0:0" "--network" "none" "ghcr.io/rust-lang/crates-build-env/linux@sha256:2788e3201cd34a07e3172128adcd8b3090168a8e3bcc40d7c032b9dda1df7d1c" "/opt/rustwide/cargo-home/bin/cargo" "+beta-2023-12-22" "build" "--frozen" "--message-format=json", kill_on_drop: false }`
[INFO] [stdout] c9d26b5737481364b806c98421ef71768c7e9ec3dbabde2655074f3fc6704886
[INFO] running `Command { std: "docker" "start" "-a" "c9d26b5737481364b806c98421ef71768c7e9ec3dbabde2655074f3fc6704886", kill_on_drop: false }`
[INFO] [stderr]    Compiling crossbeam-utils v0.8.15
[INFO] [stderr]    Compiling libc v0.2.150
[INFO] [stderr]    Compiling memoffset v0.8.0
[INFO] [stderr]    Compiling crossbeam-epoch v0.9.14
[INFO] [stderr]    Compiling scopeguard v1.1.0
[INFO] [stderr]    Compiling serde v1.0.183
[INFO] [stderr]    Compiling pkg-config v0.3.27
[INFO] [stderr]    Compiling either v1.8.1
[INFO] [stderr]    Compiling crossbeam-queue v0.3.8
[INFO] [stderr]    Compiling indexmap v1.9.3
[INFO] [stderr]    Compiling typenum v1.16.0
[INFO] [stderr]    Compiling hashbrown v0.12.3
[INFO] [stderr]    Compiling target-lexicon v0.12.7
[INFO] [stderr]    Compiling log v0.4.17
[INFO] [stderr]    Compiling version_check v0.9.4
[INFO] [stderr]    Compiling num-traits v0.2.15
[INFO] [stderr]    Compiling winnow v0.4.6
[INFO] [stderr]    Compiling same-file v1.0.6
[INFO] [stderr]    Compiling smallvec v1.10.0
[INFO] [stderr]    Compiling generic-array v0.14.7
[INFO] [stderr]    Compiling walkdir v2.3.3
[INFO] [stderr]    Compiling version-compare v0.1.1
[INFO] [stderr]    Compiling proc-macro2 v1.0.64
[INFO] [stderr]    Compiling heck v0.4.1
[INFO] [stderr]    Compiling unicode-ident v1.0.10
[INFO] [stderr]    Compiling quote v1.0.29
[INFO] [stderr]    Compiling paste v1.0.13
[INFO] [stderr]    Compiling bytemuck v1.13.1
[INFO] [stderr]    Compiling subtle v2.5.0
[INFO] [stderr]    Compiling syn v1.0.109
[INFO] [stderr]    Compiling x11 v2.21.0
[INFO] [stderr]    Compiling crossbeam-channel v0.5.8
[INFO] [stderr]    Compiling safe_arch v0.7.0
[INFO] [stderr]    Compiling matrixmultiply v0.3.7
[INFO] [stderr]    Compiling memchr v2.6.4
[INFO] [stderr]    Compiling crossbeam-deque v0.8.3
[INFO] [stderr]    Compiling cfg-expr v0.15.1
[INFO] [stderr]    Compiling jobserver v0.1.26
[INFO] [stderr]    Compiling num_cpus v1.15.0
[INFO] [stderr]    Compiling anyhow v1.0.74
[INFO] [stderr]    Compiling camino v1.1.6
[INFO] [stderr]    Compiling crossbeam v0.8.2
[INFO] [stderr]    Compiling device_query v1.1.3
[INFO] [stderr]    Compiling cc v1.0.79
[INFO] [stderr]    Compiling rayon-core v1.11.0
[INFO] [stderr]    Compiling num-integer v0.1.45
[INFO] [stderr]    Compiling approx v0.5.1
[INFO] [stderr]    Compiling num-complex v0.4.3
[INFO] [stderr]    Compiling aho-corasick v1.1.2
[INFO] [stderr]    Compiling wide v0.7.11
[INFO] [stderr]    Compiling arrayref v0.3.7
[INFO] [stderr]    Compiling arrayvec v0.7.4
[INFO] [stderr]    Compiling ppv-lite86 v0.2.17
[INFO] [stderr]    Compiling zmq v0.10.0
[INFO] [stderr]    Compiling getrandom v0.2.10
[INFO] [stderr]    Compiling hashbrown v0.14.0
[INFO] [stderr]    Compiling rayon v1.7.0
[INFO] [stderr]    Compiling rand_core v0.6.4
[INFO] [stderr]    Compiling regex-syntax v0.8.2
[INFO] [stderr]    Compiling ryu v1.0.15
[INFO] [stderr]    Compiling serde_json v1.0.105
[INFO] [stderr]    Compiling static_assertions v1.1.0
[INFO] [stderr]    Compiling itoa v1.0.9
[INFO] [stderr]    Compiling rawpointer v0.2.1
[INFO] [stderr]    Compiling crypto-common v0.1.6
[INFO] [stderr]    Compiling block-buffer v0.10.4
[INFO] [stderr]    Compiling equivalent v1.0.1
[INFO] [stderr]    Compiling constant_time_eq v0.3.0
[INFO] [stderr]    Compiling nix v0.26.2
[INFO] [stderr]    Compiling digest v0.10.7
[INFO] [stderr]    Compiling rand_chacha v0.3.1
[INFO] [stderr]    Compiling num-rational v0.4.1
[INFO] [stderr]    Compiling indexmap v2.0.0
[INFO] [stderr]    Compiling blake3 v1.4.1
[INFO] [stderr]    Compiling cpufeatures v0.2.9
[INFO] [stderr]    Compiling lazy_static v1.4.0
[INFO] [stderr]    Compiling xml-rs v0.8.15
[INFO] [stderr]    Compiling unsafe-libyaml v0.2.9
[INFO] [stderr]    Compiling sha1 v0.10.5
[INFO] [stderr]    Compiling simba v0.8.1
[INFO] [stderr]    Compiling ctrlc v3.4.0
[INFO] [stderr]    Compiling rand v0.8.5
[INFO] [stderr]    Compiling toml_datetime v0.6.1
[INFO] [stderr]    Compiling serde_spanned v0.6.1
[INFO] [stderr]    Compiling toml_edit v0.19.8
[INFO] [stderr]    Compiling hex v0.4.3
[INFO] [stderr]    Compiling xmltree v0.10.3
[INFO] [stderr]    Compiling regex-automata v0.4.3
[INFO] [stderr]    Compiling serde_yaml v0.9.25
[INFO] [stderr]    Compiling jwalk v0.6.2
[INFO] [stderr]    Compiling dircpy v0.3.14
[INFO] [stderr]    Compiling zeromq-src v0.2.5+4.3.4
[INFO] [stderr]    Compiling merkle_hash v3.5.0
[INFO] [stderr]    Compiling nalgebra-macros v0.2.1
[INFO] [stderr]    Compiling toml v0.7.3
[INFO] [stderr]    Compiling system-deps v6.0.5
[INFO] [stderr]    Compiling regex v1.10.2
[INFO] [stderr]    Compiling zmq-sys v0.12.0
[INFO] [stderr]    Compiling nalgebra v0.32.3
[INFO] [stderr]    Compiling UAV_aggregator v0.1.0 (/opt/rustwide/workdir)
[INFO] [stderr]     Finished dev [unoptimized + debuginfo] target(s) in 22.52s
[INFO] running `Command { std: "docker" "inspect" "c9d26b5737481364b806c98421ef71768c7e9ec3dbabde2655074f3fc6704886", kill_on_drop: false }`
[INFO] running `Command { std: "docker" "rm" "-f" "c9d26b5737481364b806c98421ef71768c7e9ec3dbabde2655074f3fc6704886", kill_on_drop: false }`
[INFO] [stdout] c9d26b5737481364b806c98421ef71768c7e9ec3dbabde2655074f3fc6704886
[INFO] running `Command { std: "docker" "create" "-v" "/var/lib/crater-agent-workspace/builds/worker-7-tc2/target:/opt/rustwide/target:rw,Z" "-v" "/var/lib/crater-agent-workspace/builds/worker-7-tc2/source:/opt/rustwide/workdir:ro,Z" "-v" "/var/lib/crater-agent-workspace/cargo-home:/opt/rustwide/cargo-home:ro,Z" "-v" "/var/lib/crater-agent-workspace/rustup-home:/opt/rustwide/rustup-home:ro,Z" "-e" "SOURCE_DIR=/opt/rustwide/workdir" "-e" "CARGO_TARGET_DIR=/opt/rustwide/target" "-e" "CARGO_INCREMENTAL=0" "-e" "RUST_BACKTRACE=full" "-e" "RUSTFLAGS=--cap-lints=warn" "-e" "RUSTDOCFLAGS=--cap-lints=warn" "-e" "CARGO_HOME=/opt/rustwide/cargo-home" "-e" "RUSTUP_HOME=/opt/rustwide/rustup-home" "-w" "/opt/rustwide/workdir" "-m" "1610612736" "--user" "0:0" "--network" "none" "ghcr.io/rust-lang/crates-build-env/linux@sha256:2788e3201cd34a07e3172128adcd8b3090168a8e3bcc40d7c032b9dda1df7d1c" "/opt/rustwide/cargo-home/bin/cargo" "+beta-2023-12-22" "test" "--frozen" "--no-run" "--message-format=json", kill_on_drop: false }`
[INFO] [stdout] 788604fcdbf213fa84ca3fd965a8e64c293008657c7080bbe27edbe8b8f2cb05
[INFO] running `Command { std: "docker" "start" "-a" "788604fcdbf213fa84ca3fd965a8e64c293008657c7080bbe27edbe8b8f2cb05", kill_on_drop: false }`
[INFO] [stderr]    Compiling UAV_aggregator v0.1.0 (/opt/rustwide/workdir)
[INFO] [stderr]     Finished test [unoptimized + debuginfo] target(s) in 2.15s
[INFO] running `Command { std: "docker" "inspect" "788604fcdbf213fa84ca3fd965a8e64c293008657c7080bbe27edbe8b8f2cb05", kill_on_drop: false }`
[INFO] running `Command { std: "docker" "rm" "-f" "788604fcdbf213fa84ca3fd965a8e64c293008657c7080bbe27edbe8b8f2cb05", kill_on_drop: false }`
[INFO] [stdout] 788604fcdbf213fa84ca3fd965a8e64c293008657c7080bbe27edbe8b8f2cb05
[INFO] running `Command { std: "docker" "create" "-v" "/var/lib/crater-agent-workspace/builds/worker-7-tc2/target:/opt/rustwide/target:rw,Z" "-v" "/var/lib/crater-agent-workspace/builds/worker-7-tc2/source:/opt/rustwide/workdir:ro,Z" "-v" "/var/lib/crater-agent-workspace/cargo-home:/opt/rustwide/cargo-home:ro,Z" "-v" "/var/lib/crater-agent-workspace/rustup-home:/opt/rustwide/rustup-home:ro,Z" "-e" "SOURCE_DIR=/opt/rustwide/workdir" "-e" "CARGO_TARGET_DIR=/opt/rustwide/target" "-e" "CARGO_INCREMENTAL=0" "-e" "RUST_BACKTRACE=full" "-e" "RUSTFLAGS=--cap-lints=warn" "-e" "RUSTDOCFLAGS=--cap-lints=warn" "-e" "CARGO_HOME=/opt/rustwide/cargo-home" "-e" "RUSTUP_HOME=/opt/rustwide/rustup-home" "-w" "/opt/rustwide/workdir" "-m" "1610612736" "--user" "0:0" "--network" "none" "ghcr.io/rust-lang/crates-build-env/linux@sha256:2788e3201cd34a07e3172128adcd8b3090168a8e3bcc40d7c032b9dda1df7d1c" "/opt/rustwide/cargo-home/bin/cargo" "+beta-2023-12-22" "test" "--frozen", kill_on_drop: false }`
[INFO] [stdout] 53c77b6f07ec74e12dfeba6932d98d9dd6b1b59c3c88541523dbcf4fde44d0d4
[INFO] running `Command { std: "docker" "start" "-a" "53c77b6f07ec74e12dfeba6932d98d9dd6b1b59c3c88541523dbcf4fde44d0d4", kill_on_drop: false }`
[INFO] [stderr]     Finished test [unoptimized + debuginfo] target(s) in 0.10s
[INFO] [stderr]      Running unittests src/main.rs (/opt/rustwide/target/debug/deps/UAV_aggregator-973bc1ffbdbc49ba)
[INFO] [stdout] 
[INFO] [stdout] running 4 tests
[INFO] [stdout] test collision::tests::create_rot_matrix_from_quaterion ... ok
[INFO] [stdout] test atmosphere::tests::calc_temp_test ... ok
[INFO] [stdout] test atmosphere::tests::calc_pressure_test ... ok
[INFO] [stdout] test atmosphere::tests::calc_density_test ... ok
[INFO] [stdout] 
[INFO] [stdout] test result: ok. 4 passed; 0 failed; 0 ignored; 0 measured; 0 filtered out; finished in 0.02s
[INFO] [stdout] 
[INFO] [stderr]      Running tests/src/main.rs (/opt/rustwide/target/debug/deps/src-6ded434c7405bd78)
[INFO] [stdout] 
[INFO] [stdout] running 3 tests
[INFO] [stderr]     Finished dev [unoptimized + debuginfo] target(s) in 0.09s
[INFO] [stderr]      Running `/opt/rustwide/target/debug/UAV_aggregator`
[INFO] [stderr] thread 'main' panicked at src/logger.rs:74:55:
[INFO] [stderr] called `Result::unwrap()` on an `Err` value: Os { code: 30, kind: ReadOnlyFilesystem, message: "Read-only file system" }
[INFO] [stderr] stack backtrace:
[INFO] [stderr]    0:     0x5602e2827216 - std::backtrace_rs::backtrace::libunwind::trace::h261606ad26a499c1
[INFO] [stderr]                                at /rustc/0e09125c6c3c2fd70d7de961bcf0e51575235fad/library/std/src/../../backtrace/src/backtrace/libunwind.rs:104:5
[INFO] [stderr]    1:     0x5602e2827216 - std::backtrace_rs::backtrace::trace_unsynchronized::hd183f0625477fb28
[INFO] [stderr]                                at /rustc/0e09125c6c3c2fd70d7de961bcf0e51575235fad/library/std/src/../../backtrace/src/backtrace/mod.rs:66:5
[INFO] [stderr]    2:     0x5602e2827216 - std::sys_common::backtrace::_print_fmt::hd7f8fef21b4eda67
[INFO] [stderr]                                at /rustc/0e09125c6c3c2fd70d7de961bcf0e51575235fad/library/std/src/sys_common/backtrace.rs:68:5
[INFO] [stderr]    3:     0x5602e2827216 - <std::sys_common::backtrace::_print::DisplayBacktrace as core::fmt::Display>::fmt::h623d9b51f2f453f1
[INFO] [stderr]                                at /rustc/0e09125c6c3c2fd70d7de961bcf0e51575235fad/library/std/src/sys_common/backtrace.rs:44:22
[INFO] [stderr]    4:     0x5602e2851950 - core::fmt::rt::Argument::fmt::h9f417ac76a86f368
[INFO] [stderr]                                at /rustc/0e09125c6c3c2fd70d7de961bcf0e51575235fad/library/core/src/fmt/rt.rs:142:9
[INFO] [stderr]    5:     0x5602e2851950 - core::fmt::write::hc9b6faf4ac2aeff7
[INFO] [stderr]                                at /rustc/0e09125c6c3c2fd70d7de961bcf0e51575235fad/library/core/src/fmt/mod.rs:1120:17
[INFO] [stderr]    6:     0x5602e2824f3f - std::io::Write::write_fmt::hfead1eee52c2e65e
[INFO] [stderr]                                at /rustc/0e09125c6c3c2fd70d7de961bcf0e51575235fad/library/std/src/io/mod.rs:1810:15
[INFO] [stderr]    7:     0x5602e2826ff4 - std::sys_common::backtrace::_print::hd5d66399c7df88a2
[INFO] [stderr]                                at /rustc/0e09125c6c3c2fd70d7de961bcf0e51575235fad/library/std/src/sys_common/backtrace.rs:47:5
[INFO] [stderr]    8:     0x5602e2826ff4 - std::sys_common::backtrace::print::he81ed2da642d37e5
[INFO] [stderr]                                at /rustc/0e09125c6c3c2fd70d7de961bcf0e51575235fad/library/std/src/sys_common/backtrace.rs:34:9
[INFO] [stderr]    9:     0x5602e28286c7 - std::panicking::default_hook::{{closure}}::h85773f4fa117163d
[INFO] [stderr]   10:     0x5602e2828429 - std::panicking::default_hook::h6a1694a91d09b278
[INFO] [stderr]                                at /rustc/0e09125c6c3c2fd70d7de961bcf0e51575235fad/library/std/src/panicking.rs:292:9
[INFO] [stderr]   11:     0x5602e2828b58 - std::panicking::rust_panic_with_hook::h0a7ad96e90f7145b
[INFO] [stderr]                                at /rustc/0e09125c6c3c2fd70d7de961bcf0e51575235fad/library/std/src/panicking.rs:779:13
[INFO] [stderr]   12:     0x5602e2828a32 - std::panicking::begin_panic_handler::{{closure}}::h7919090525c6485e
[INFO] [stderr]                                at /rustc/0e09125c6c3c2fd70d7de961bcf0e51575235fad/library/std/src/panicking.rs:657:13
[INFO] [stderr]   13:     0x5602e2827716 - std::sys_common::backtrace::__rust_end_short_backtrace::hf3289479464f7dfe
[INFO] [stderr]                                at /rustc/0e09125c6c3c2fd70d7de961bcf0e51575235fad/library/std/src/sys_common/backtrace.rs:171:18
[INFO] [stderr]   14:     0x5602e2828790 - rust_begin_unwind
[INFO] [stderr]                                at /rustc/0e09125c6c3c2fd70d7de961bcf0e51575235fad/library/std/src/panicking.rs:645:5
[INFO] [stderr]   15:     0x5602e218d465 - core::panicking::panic_fmt::hcc9f77c5c132af55
[INFO] [stderr]                                at /rustc/0e09125c6c3c2fd70d7de961bcf0e51575235fad/library/core/src/panicking.rs:72:14
[INFO] [stderr]   16:     0x5602e218daa3 - core::result::unwrap_failed::hbe14f498be1452f9
[INFO] [stderr]                                at /rustc/0e09125c6c3c2fd70d7de961bcf0e51575235fad/library/core/src/result.rs:1649:5
[INFO] [stderr]   17:     0x5602e226707b - core::result::Result<T,E>::unwrap::hc3d44b566e430c38
[INFO] [stderr]                                at /rustc/0e09125c6c3c2fd70d7de961bcf0e51575235fad/library/core/src/result.rs:1073:23
[INFO] [stderr]   18:     0x5602e225043a - UAV_aggregator::logger::Logger::init::h0a3a77c8a8d5b5c5
[INFO] [stderr]                                at /opt/rustwide/workdir/src/logger.rs:74:24
[INFO] [stderr]   19:     0x5602e22522d6 - UAV_aggregator::logger::Logger::startSession::h2223235cbde13675
[INFO] [stderr]                                at /opt/rustwide/workdir/src/logger.rs:96:9
[INFO] [stderr]   20:     0x5602e225373b - UAV_aggregator::main::h67f1316037a51fc6
[INFO] [stderr]                                at /opt/rustwide/workdir/src/main.rs:23:5
[INFO] [stderr]   21:     0x5602e226daab - core::ops::function::FnOnce::call_once::h78a0d34f5fa108c8
[INFO] [stderr]                                at /rustc/0e09125c6c3c2fd70d7de961bcf0e51575235fad/library/core/src/ops/function.rs:250:5
[INFO] [stderr]   22:     0x5602e2213d5e - std::sys_common::backtrace::__rust_begin_short_backtrace::hc7fc8fb23f5f8e83
[INFO] [stderr]                                at /rustc/0e09125c6c3c2fd70d7de961bcf0e51575235fad/library/std/src/sys_common/backtrace.rs:155:18
[INFO] [stderr]   23:     0x5602e223f0d1 - std::rt::lang_start::{{closure}}::h51fe90017dd6b376
[INFO] [stderr]                                at /rustc/0e09125c6c3c2fd70d7de961bcf0e51575235fad/library/std/src/rt.rs:166:18
[INFO] [stderr]   24:     0x5602e281f9c1 - core::ops::function::impls::<impl core::ops::function::FnOnce<A> for &F>::call_once::h4eb4c5e1620f29b0
[INFO] [stderr]                                at /rustc/0e09125c6c3c2fd70d7de961bcf0e51575235fad/library/core/src/ops/function.rs:284:13
[INFO] [stderr]   25:     0x5602e281f9c1 - std::panicking::try::do_call::h73fd26535faffcdf
[INFO] [stderr]                                at /rustc/0e09125c6c3c2fd70d7de961bcf0e51575235fad/library/std/src/panicking.rs:552:40
[INFO] [stderr]   26:     0x5602e281f9c1 - std::panicking::try::h77ff1d98f0fb9f39
[INFO] [stderr]                                at /rustc/0e09125c6c3c2fd70d7de961bcf0e51575235fad/library/std/src/panicking.rs:516:19
[INFO] [stderr]   27:     0x5602e281f9c1 - std::panic::catch_unwind::hab3caf2448b95e37
[INFO] [stderr]                                at /rustc/0e09125c6c3c2fd70d7de961bcf0e51575235fad/library/std/src/panic.rs:142:14
[INFO] [stderr]   28:     0x5602e281f9c1 - std::rt::lang_start_internal::{{closure}}::h8086711f9c783f78
[INFO] [stderr]                                at /rustc/0e09125c6c3c2fd70d7de961bcf0e51575235fad/library/std/src/rt.rs:148:48
[INFO] [stderr]   29:     0x5602e281f9c1 - std::panicking::try::do_call::hf920d4dc291cd6ca
[INFO] [stderr]                                at /rustc/0e09125c6c3c2fd70d7de961bcf0e51575235fad/library/std/src/panicking.rs:552:40
[INFO] [stderr]   30:     0x5602e281f9c1 - std::panicking::try::h2b806ccc0a85db74
[INFO] [stderr]                                at /rustc/0e09125c6c3c2fd70d7de961bcf0e51575235fad/library/std/src/panicking.rs:516:19
[INFO] [stderr]   31:     0x5602e281f9c1 - std::panic::catch_unwind::h038489539c507df2
[INFO] [stderr]                                at /rustc/0e09125c6c3c2fd70d7de961bcf0e51575235fad/library/std/src/panic.rs:142:14
[INFO] [stderr]   32:     0x5602e281f9c1 - std::rt::lang_start_internal::h28503b88912e8a5c
[INFO] [stderr]                                at /rustc/0e09125c6c3c2fd70d7de961bcf0e51575235fad/library/std/src/rt.rs:148:20
[INFO] [stderr]   33:     0x5602e223f0aa - std::rt::lang_start::h014773f15ef3f4a3
[INFO] [stderr]                                at /rustc/0e09125c6c3c2fd70d7de961bcf0e51575235fad/library/std/src/rt.rs:165:17
[INFO] [stderr]   34:     0x5602e2255c5e - main
[INFO] [stderr]   35:     0x7fa33562fd90 - <unknown>
[INFO] [stderr]   36:     0x7fa33562fe40 - __libc_start_main
[INFO] [stderr]   37:     0x5602e218dda5 - _start
[INFO] [stderr]   38:                0x0 - <unknown>
[INFO] [stdout] test program_run_and_end ... ok
[INFO] [stderr]     Finished dev [unoptimized + debuginfo] target(s) in 0.09s
[INFO] [stderr]      Running `/opt/rustwide/target/debug/UAV_aggregator`
[INFO] [stderr] thread 'main' panicked at src/logger.rs:74:55:
[INFO] [stderr] called `Result::unwrap()` on an `Err` value: Os { code: 30, kind: ReadOnlyFilesystem, message: "Read-only file system" }
[INFO] [stderr] stack backtrace:
[INFO] [stderr]    0:     0x560a74bea216 - std::backtrace_rs::backtrace::libunwind::trace::h261606ad26a499c1
[INFO] [stderr]                                at /rustc/0e09125c6c3c2fd70d7de961bcf0e51575235fad/library/std/src/../../backtrace/src/backtrace/libunwind.rs:104:5
[INFO] [stderr]    1:     0x560a74bea216 - std::backtrace_rs::backtrace::trace_unsynchronized::hd183f0625477fb28
[INFO] [stderr]                                at /rustc/0e09125c6c3c2fd70d7de961bcf0e51575235fad/library/std/src/../../backtrace/src/backtrace/mod.rs:66:5
[INFO] [stderr]    2:     0x560a74bea216 - std::sys_common::backtrace::_print_fmt::hd7f8fef21b4eda67
[INFO] [stderr]                                at /rustc/0e09125c6c3c2fd70d7de961bcf0e51575235fad/library/std/src/sys_common/backtrace.rs:68:5
[INFO] [stderr]    3:     0x560a74bea216 - <std::sys_common::backtrace::_print::DisplayBacktrace as core::fmt::Display>::fmt::h623d9b51f2f453f1
[INFO] [stderr]                                at /rustc/0e09125c6c3c2fd70d7de961bcf0e51575235fad/library/std/src/sys_common/backtrace.rs:44:22
[INFO] [stderr]    4:     0x560a74c14950 - core::fmt::rt::Argument::fmt::h9f417ac76a86f368
[INFO] [stderr]                                at /rustc/0e09125c6c3c2fd70d7de961bcf0e51575235fad/library/core/src/fmt/rt.rs:142:9
[INFO] [stderr]    5:     0x560a74c14950 - core::fmt::write::hc9b6faf4ac2aeff7
[INFO] [stderr]                                at /rustc/0e09125c6c3c2fd70d7de961bcf0e51575235fad/library/core/src/fmt/mod.rs:1120:17
[INFO] [stderr]    6:     0x560a74be7f3f - std::io::Write::write_fmt::hfead1eee52c2e65e
[INFO] [stderr]                                at /rustc/0e09125c6c3c2fd70d7de961bcf0e51575235fad/library/std/src/io/mod.rs:1810:15
[INFO] [stderr]    7:     0x560a74be9ff4 - std::sys_common::backtrace::_print::hd5d66399c7df88a2
[INFO] [stderr]                                at /rustc/0e09125c6c3c2fd70d7de961bcf0e51575235fad/library/std/src/sys_common/backtrace.rs:47:5
[INFO] [stderr]    8:     0x560a74be9ff4 - std::sys_common::backtrace::print::he81ed2da642d37e5
[INFO] [stderr]                                at /rustc/0e09125c6c3c2fd70d7de961bcf0e51575235fad/library/std/src/sys_common/backtrace.rs:34:9
[INFO] [stderr]    9:     0x560a74beb6c7 - std::panicking::default_hook::{{closure}}::h85773f4fa117163d
[INFO] [stderr]   10:     0x560a74beb429 - std::panicking::default_hook::h6a1694a91d09b278
[INFO] [stderr]                                at /rustc/0e09125c6c3c2fd70d7de961bcf0e51575235fad/library/std/src/panicking.rs:292:9
[INFO] [stderr]   11:     0x560a74bebb58 - std::panicking::rust_panic_with_hook::h0a7ad96e90f7145b
[INFO] [stderr]                                at /rustc/0e09125c6c3c2fd70d7de961bcf0e51575235fad/library/std/src/panicking.rs:779:13
[INFO] [stderr]   12:     0x560a74beba32 - std::panicking::begin_panic_handler::{{closure}}::h7919090525c6485e
[INFO] [stderr]                                at /rustc/0e09125c6c3c2fd70d7de961bcf0e51575235fad/library/std/src/panicking.rs:657:13
[INFO] [stderr]   13:     0x560a74bea716 - std::sys_common::backtrace::__rust_end_short_backtrace::hf3289479464f7dfe
[INFO] [stderr]                                at /rustc/0e09125c6c3c2fd70d7de961bcf0e51575235fad/library/std/src/sys_common/backtrace.rs:171:18
[INFO] [stderr]   14:     0x560a74beb790 - rust_begin_unwind
[INFO] [stderr]                                at /rustc/0e09125c6c3c2fd70d7de961bcf0e51575235fad/library/std/src/panicking.rs:645:5
[INFO] [stderr]   15:     0x560a74550465 - core::panicking::panic_fmt::hcc9f77c5c132af55
[INFO] [stderr]                                at /rustc/0e09125c6c3c2fd70d7de961bcf0e51575235fad/library/core/src/panicking.rs:72:14
[INFO] [stderr]   16:     0x560a74550aa3 - core::result::unwrap_failed::hbe14f498be1452f9
[INFO] [stderr]                                at /rustc/0e09125c6c3c2fd70d7de961bcf0e51575235fad/library/core/src/result.rs:1649:5
[INFO] [stderr]   17:     0x560a7462a07b - core::result::Result<T,E>::unwrap::hc3d44b566e430c38
[INFO] [stderr]                                at /rustc/0e09125c6c3c2fd70d7de961bcf0e51575235fad/library/core/src/result.rs:1073:23
[INFO] [stderr]   18:     0x560a7461343a - UAV_aggregator::logger::Logger::init::h0a3a77c8a8d5b5c5
[INFO] [stderr]                                at /opt/rustwide/workdir/src/logger.rs:74:24
[INFO] [stderr]   19:     0x560a746152d6 - UAV_aggregator::logger::Logger::startSession::h2223235cbde13675
[INFO] [stderr]                                at /opt/rustwide/workdir/src/logger.rs:96:9
[INFO] [stderr]   20:     0x560a7461673b - UAV_aggregator::main::h67f1316037a51fc6
[INFO] [stderr]                                at /opt/rustwide/workdir/src/main.rs:23:5
[INFO] [stderr]   21:     0x560a74630aab - core::ops::function::FnOnce::call_once::h78a0d34f5fa108c8
[INFO] [stderr]                                at /rustc/0e09125c6c3c2fd70d7de961bcf0e51575235fad/library/core/src/ops/function.rs:250:5
[INFO] [stderr]   22:     0x560a745d6d5e - std::sys_common::backtrace::__rust_begin_short_backtrace::hc7fc8fb23f5f8e83
[INFO] [stderr]                                at /rustc/0e09125c6c3c2fd70d7de961bcf0e51575235fad/library/std/src/sys_common/backtrace.rs:155:18
[INFO] [stderr]   23:     0x560a746020d1 - std::rt::lang_start::{{closure}}::h51fe90017dd6b376
[INFO] [stderr]                                at /rustc/0e09125c6c3c2fd70d7de961bcf0e51575235fad/library/std/src/rt.rs:166:18
[INFO] [stderr]   24:     0x560a74be29c1 - core::ops::function::impls::<impl core::ops::function::FnOnce<A> for &F>::call_once::h4eb4c5e1620f29b0
[INFO] [stderr]                                at /rustc/0e09125c6c3c2fd70d7de961bcf0e51575235fad/library/core/src/ops/function.rs:284:13
[INFO] [stderr]   25:     0x560a74be29c1 - std::panicking::try::do_call::h73fd26535faffcdf
[INFO] [stderr]                                at /rustc/0e09125c6c3c2fd70d7de961bcf0e51575235fad/library/std/src/panicking.rs:552:40
[INFO] [stderr]   26:     0x560a74be29c1 - std::panicking::try::h77ff1d98f0fb9f39
[INFO] [stderr]                                at /rustc/0e09125c6c3c2fd70d7de961bcf0e51575235fad/library/std/src/panicking.rs:516:19
[INFO] [stderr]   27:     0x560a74be29c1 - std::panic::catch_unwind::hab3caf2448b95e37
[INFO] [stderr]                                at /rustc/0e09125c6c3c2fd70d7de961bcf0e51575235fad/library/std/src/panic.rs:142:14
[INFO] [stderr]   28:     0x560a74be29c1 - std::rt::lang_start_internal::{{closure}}::h8086711f9c783f78
[INFO] [stderr]                                at /rustc/0e09125c6c3c2fd70d7de961bcf0e51575235fad/library/std/src/rt.rs:148:48
[INFO] [stderr]   29:     0x560a74be29c1 - std::panicking::try::do_call::hf920d4dc291cd6ca
[INFO] [stderr]                                at /rustc/0e09125c6c3c2fd70d7de961bcf0e51575235fad/library/std/src/panicking.rs:552:40
[INFO] [stderr]   30:     0x560a74be29c1 - std::panicking::try::h2b806ccc0a85db74
[INFO] [stderr]                                at /rustc/0e09125c6c3c2fd70d7de961bcf0e51575235fad/library/std/src/panicking.rs:516:19
[INFO] [stderr]   31:     0x560a74be29c1 - std::panic::catch_unwind::h038489539c507df2
[INFO] [stderr]                                at /rustc/0e09125c6c3c2fd70d7de961bcf0e51575235fad/library/std/src/panic.rs:142:14
[INFO] [stderr]   32:     0x560a74be29c1 - std::rt::lang_start_internal::h28503b88912e8a5c
[INFO] [stderr]                                at /rustc/0e09125c6c3c2fd70d7de961bcf0e51575235fad/library/std/src/rt.rs:148:20
[INFO] [stderr]   33:     0x560a746020aa - std::rt::lang_start::h014773f15ef3f4a3
[INFO] [stderr]                                at /rustc/0e09125c6c3c2fd70d7de961bcf0e51575235fad/library/std/src/rt.rs:165:17
[INFO] [stderr]   34:     0x560a74618c5e - main
[INFO] [stderr]   35:     0x7f59851a0d90 - <unknown>
[INFO] [stderr]   36:     0x7f59851a0e40 - __libc_start_main
[INFO] [stderr]   37:     0x560a74550da5 - _start
[INFO] [stderr]   38:                0x0 - <unknown>
[INFO] [stdout] test server_reply_on_config_send_correctly ... FAILED
[INFO] [stdout] test server_reply_info_correctly has been running for over 60 seconds
[ERROR] error running command: no output for 300 seconds
[INFO] running `Command { std: "docker" "inspect" "53c77b6f07ec74e12dfeba6932d98d9dd6b1b59c3c88541523dbcf4fde44d0d4", kill_on_drop: false }`
[INFO] running `Command { std: "docker" "rm" "-f" "53c77b6f07ec74e12dfeba6932d98d9dd6b1b59c3c88541523dbcf4fde44d0d4", kill_on_drop: false }`
[INFO] [stdout] 53c77b6f07ec74e12dfeba6932d98d9dd6b1b59c3c88541523dbcf4fde44d0d4
