[INFO] cloning repository https://github.com/MetisProtocol/zkp_fast_prover_verfier
[INFO] running `Command { std: "git" "-c" "credential.helper=" "-c" "credential.helper=/workspace/cargo-home/bin/git-credential-null" "clone" "--bare" "https://github.com/MetisProtocol/zkp_fast_prover_verfier" "/workspace/cache/git-repos/https%3A%2F%2Fgithub.com%2FMetisProtocol%2Fzkp_fast_prover_verfier", kill_on_drop: false }`
[INFO] [stderr] Cloning into bare repository '/workspace/cache/git-repos/https%3A%2F%2Fgithub.com%2FMetisProtocol%2Fzkp_fast_prover_verfier'...
[INFO] running `Command { std: "git" "rev-parse" "HEAD", kill_on_drop: false }`
[INFO] [stdout] d2c1bfd34d2639eb0d16ee3ea3b01ce5e35de951
[INFO] testing MetisProtocol/zkp_fast_prover_verfier against 1.75.0 for beta-1.76-1
[INFO] running `Command { std: "git" "clone" "/workspace/cache/git-repos/https%3A%2F%2Fgithub.com%2FMetisProtocol%2Fzkp_fast_prover_verfier" "/workspace/builds/worker-4-tc1/source", kill_on_drop: false }`
[INFO] [stderr] Cloning into '/workspace/builds/worker-4-tc1/source'...
[INFO] [stderr] done.
[INFO] validating manifest of git repo https://github.com/MetisProtocol/zkp_fast_prover_verfier on toolchain 1.75.0
[INFO] running `Command { std: CARGO_HOME="/workspace/cargo-home" RUSTUP_HOME="/workspace/rustup-home" "/workspace/cargo-home/bin/cargo" "+1.75.0" "metadata" "--manifest-path" "Cargo.toml" "--no-deps", kill_on_drop: false }`
[INFO] started tweaking git repo https://github.com/MetisProtocol/zkp_fast_prover_verfier
[INFO] finished tweaking git repo https://github.com/MetisProtocol/zkp_fast_prover_verfier
[INFO] tweaked toml for git repo https://github.com/MetisProtocol/zkp_fast_prover_verfier written to /workspace/builds/worker-4-tc1/source/Cargo.toml
[INFO] crate git repo https://github.com/MetisProtocol/zkp_fast_prover_verfier already has a lockfile, it will not be regenerated
[INFO] running `Command { std: CARGO_HOME="/workspace/cargo-home" RUSTUP_HOME="/workspace/rustup-home" "/workspace/cargo-home/bin/cargo" "+1.75.0" "fetch" "--manifest-path" "Cargo.toml", kill_on_drop: false }`
[INFO] [stderr]     Updating crates.io index
[INFO] [stderr]  Downloading crates ...
[INFO] [stderr]   Downloaded serde_derive v1.0.149
[INFO] [stderr]   Downloaded serde-big-array v0.4.1
[INFO] [stderr]   Downloaded serde v1.0.149
[INFO] [stderr]   Downloaded proptest v1.0.0
[INFO] [stderr]   Downloaded get-size-derive v0.1.1
[INFO] [stderr]   Downloaded emojihash-rs v0.2.1
[INFO] [stderr]   Downloaded get-size v0.1.1
[INFO] [stderr]   Downloaded rusty-leveldb v1.0.4
[INFO] running `Command { std: "docker" "create" "-v" "/var/lib/crater-agent-workspace/builds/worker-4-tc1/target:/opt/rustwide/target:rw,Z" "-v" "/var/lib/crater-agent-workspace/builds/worker-4-tc1/source:/opt/rustwide/workdir:ro,Z" "-v" "/var/lib/crater-agent-workspace/cargo-home:/opt/rustwide/cargo-home:ro,Z" "-v" "/var/lib/crater-agent-workspace/rustup-home:/opt/rustwide/rustup-home:ro,Z" "-e" "SOURCE_DIR=/opt/rustwide/workdir" "-e" "CARGO_TARGET_DIR=/opt/rustwide/target" "-e" "CARGO_HOME=/opt/rustwide/cargo-home" "-e" "RUSTUP_HOME=/opt/rustwide/rustup-home" "-w" "/opt/rustwide/workdir" "-m" "1610612736" "--user" "0:0" "--network" "none" "ghcr.io/rust-lang/crates-build-env/linux@sha256:2788e3201cd34a07e3172128adcd8b3090168a8e3bcc40d7c032b9dda1df7d1c" "/opt/rustwide/cargo-home/bin/cargo" "+1.75.0" "metadata" "--no-deps" "--format-version=1", kill_on_drop: false }`
[INFO] [stdout] f12274d25a5f71502cac077898b727a213eb02d2c434b033d6cc8ee7b3dc9598
[INFO] running `Command { std: "docker" "start" "-a" "f12274d25a5f71502cac077898b727a213eb02d2c434b033d6cc8ee7b3dc9598", kill_on_drop: false }`
[INFO] running `Command { std: "docker" "inspect" "f12274d25a5f71502cac077898b727a213eb02d2c434b033d6cc8ee7b3dc9598", kill_on_drop: false }`
[INFO] running `Command { std: "docker" "rm" "-f" "f12274d25a5f71502cac077898b727a213eb02d2c434b033d6cc8ee7b3dc9598", kill_on_drop: false }`
[INFO] [stdout] f12274d25a5f71502cac077898b727a213eb02d2c434b033d6cc8ee7b3dc9598
[INFO] running `Command { std: "docker" "create" "-v" "/var/lib/crater-agent-workspace/builds/worker-4-tc1/target:/opt/rustwide/target:rw,Z" "-v" "/var/lib/crater-agent-workspace/builds/worker-4-tc1/source:/opt/rustwide/workdir:ro,Z" "-v" "/var/lib/crater-agent-workspace/cargo-home:/opt/rustwide/cargo-home:ro,Z" "-v" "/var/lib/crater-agent-workspace/rustup-home:/opt/rustwide/rustup-home:ro,Z" "-e" "SOURCE_DIR=/opt/rustwide/workdir" "-e" "CARGO_TARGET_DIR=/opt/rustwide/target" "-e" "CARGO_INCREMENTAL=0" "-e" "RUST_BACKTRACE=full" "-e" "RUSTFLAGS=--cap-lints=warn" "-e" "RUSTDOCFLAGS=--cap-lints=warn" "-e" "CARGO_HOME=/opt/rustwide/cargo-home" "-e" "RUSTUP_HOME=/opt/rustwide/rustup-home" "-w" "/opt/rustwide/workdir" "-m" "1610612736" "--user" "0:0" "--network" "none" "ghcr.io/rust-lang/crates-build-env/linux@sha256:2788e3201cd34a07e3172128adcd8b3090168a8e3bcc40d7c032b9dda1df7d1c" "/opt/rustwide/cargo-home/bin/cargo" "+1.75.0" "build" "--frozen" "--message-format=json", kill_on_drop: false }`
[INFO] [stdout] 81a1520bb4bde044ae70663dbed9af6e77fdde2200c43e5ff3fb45c171beef04
[INFO] running `Command { std: "docker" "start" "-a" "81a1520bb4bde044ae70663dbed9af6e77fdde2200c43e5ff3fb45c171beef04", kill_on_drop: false }`
[INFO] [stderr]    Compiling proc-macro2 v1.0.47
[INFO] [stderr]    Compiling quote v1.0.21
[INFO] [stderr]    Compiling unicode-ident v1.0.5
[INFO] [stderr]    Compiling syn v1.0.105
[INFO] [stderr]    Compiling libc v0.2.138
[INFO] [stderr]    Compiling serde_derive v1.0.149
[INFO] [stderr]    Compiling typenum v1.16.0
[INFO] [stderr]    Compiling serde v1.0.149
[INFO] [stderr]    Compiling crossbeam-utils v0.8.14
[INFO] [stderr]    Compiling thiserror v1.0.37
[INFO] [stderr]    Compiling generic-array v0.14.6
[INFO] [stderr]    Compiling memoffset v0.7.1
[INFO] [stderr]    Compiling byteorder v1.4.3
[INFO] [stderr]    Compiling getrandom v0.1.16
[INFO] [stderr]    Compiling cc v1.0.77
[INFO] [stderr]    Compiling libm v0.2.6
[INFO] [stderr]    Compiling proc-macro-error-attr v1.0.4
[INFO] [stderr]    Compiling num-traits v0.2.15
[INFO] [stderr]    Compiling crossbeam-epoch v0.9.13
[INFO] [stderr]    Compiling fnv v1.0.7
[INFO] [stderr]    Compiling ident_case v1.0.1
[INFO] [stderr]    Compiling strsim v0.10.0
[INFO] [stderr]    Compiling once_cell v1.16.0
[INFO] [stderr]    Compiling siphasher v0.3.10
[INFO] [stderr]    Compiling proc-macro-error v1.0.4
[INFO] [stderr]    Compiling build_const v0.2.2
[INFO] [stderr]    Compiling arrayvec v0.7.2
[INFO] [stderr]    Compiling unicode-width v0.1.10
[INFO] [stderr]    Compiling byte-tools v0.3.1
[INFO] [stderr]    Compiling crunchy v0.2.2
[INFO] [stderr]    Compiling proc-macro-hack v0.5.19
[INFO] [stderr]    Compiling block-padding v0.1.5
[INFO] [stderr]    Compiling crc v1.8.1
[INFO] [stderr]    Compiling phf_shared v0.10.0
[INFO] [stderr]    Compiling ahash v0.7.6
[INFO] [stderr]    Compiling num-integer v0.1.45
[INFO] [stderr]    Compiling byte-slice-cast v1.2.2
[INFO] [stderr]    Compiling snap v1.1.0
[INFO] [stderr]    Compiling getrandom v0.2.8
[INFO] [stderr]    Compiling atty v0.2.14
[INFO] [stderr]    Compiling rand_core v0.6.4
[INFO] [stderr]    Compiling unicode-segmentation v1.10.0
[INFO] [stderr]    Compiling memchr v2.5.0
[INFO] [stderr]    Compiling static_assertions v1.1.0
[INFO] [stderr]    Compiling rayon-core v1.10.1
[INFO] [stderr]    Compiling rand_core v0.5.1
[INFO] [stderr]    Compiling rand_chacha v0.3.1
[INFO] [stderr]    Compiling generic-array v0.12.4
[INFO] [stderr]    Compiling rand_chacha v0.2.2
[INFO] [stderr]    Compiling heck v0.3.3
[INFO] [stderr]    Compiling ring v0.16.20
[INFO] [stderr]    Compiling rand v0.8.5
[INFO] [stderr]    Compiling blake3 v1.3.3
[INFO] [stderr]    Compiling num_cpus v1.14.0
[INFO] [stderr]    Compiling crossbeam-deque v0.8.2
[INFO] [stderr]    Compiling block-buffer v0.7.3
[INFO] [stderr]    Compiling digest v0.8.1
[INFO] [stderr]    Compiling crossbeam-channel v0.5.6
[INFO] [stderr]    Compiling textwrap v0.11.0
[INFO] [stderr]    Compiling num-bigint v0.4.3
[INFO] [stderr]    Compiling rustc-hex v2.1.0
[INFO] [stderr]    Compiling serde_json v1.0.89
[INFO] [stderr]    Compiling fake-simd v0.1.2
[INFO] [stderr]    Compiling either v1.8.0
[INFO] [stderr]    Compiling opaque-debug v0.2.3
[INFO] [stderr]    Compiling strsim v0.8.0
[INFO] [stderr]    Compiling crypto-common v0.1.6
[INFO] [stderr]    Compiling block-buffer v0.10.3
[INFO] [stderr]    Compiling ansi_term v0.12.1
[INFO] [stderr]    Compiling hex v0.4.3
[INFO] [stderr]    Compiling paw-raw v1.0.0
[INFO] [stderr]    Compiling subtle v2.4.1
[INFO] [stderr]    Compiling vec_map v0.8.2
[INFO] [stderr]    Compiling anyhow v1.0.66
[INFO] [stderr]    Compiling sha2 v0.8.2
[INFO] [stderr]    Compiling fixed-hash v0.7.0
[INFO] [stderr]    Compiling phf_generator v0.10.0
[INFO] [stderr]    Compiling digest v0.10.6
[INFO] [stderr]    Compiling clap v2.34.0
[INFO] [stderr]    Compiling uint v0.9.5
[INFO] [stderr]    Compiling rand v0.7.3
[INFO] [stderr]    Compiling terminal_size v0.1.17
[INFO] [stderr]    Compiling fs2 v0.4.3
[INFO] [stderr]    Compiling errno v0.2.8
[INFO] [stderr]    Compiling integer-encoding v3.0.4
[INFO] [stderr]    Compiling minimal-lexical v0.2.1
[INFO] [stderr]    Compiling untrusted v0.7.1
[INFO] [stderr]    Compiling arrayref v0.3.6
[INFO] [stderr]    Compiling spin v0.5.2
[INFO] [stderr]    Compiling constant_time_eq v0.2.4
[INFO] [stderr]    Compiling itoa v1.0.4
[INFO] [stderr]    Compiling ryu v1.0.11
[INFO] [stderr]    Compiling hashbrown v0.12.3
[INFO] [stderr]    Compiling rayon v1.6.0
[INFO] [stderr]    Compiling console v0.15.2
[INFO] [stderr]    Compiling nom v7.1.1
[INFO] [stderr]    Compiling emojihash-rs v0.2.1
[INFO] [stderr]    Compiling itertools v0.10.5
[INFO] [stderr]    Compiling rand_distr v0.4.3
[INFO] [stderr]    Compiling rusty-leveldb v1.0.4
[INFO] [stderr]    Compiling colored v2.0.0
[INFO] [stderr]    Compiling rand_pcg v0.3.1
[INFO] [stderr]    Compiling toml v0.5.9
[INFO] [stderr]    Compiling darling_core v0.13.4
[INFO] [stderr]    Compiling thiserror-impl v1.0.37
[INFO] [stderr]    Compiling impl-trait-for-tuples v0.2.2
[INFO] [stderr]    Compiling paw-attributes v1.0.2
[INFO] [stderr]    Compiling phf_macros v0.10.0
[INFO] [stderr]    Compiling structopt-derive v0.4.18
[INFO] [stderr]    Compiling get-size-derive v0.1.1
[INFO] [stderr]    Compiling paw v1.0.0
[INFO] [stderr]    Compiling get-size v0.1.1
[INFO] [stderr]    Compiling phf v0.10.1
[INFO] [stderr]    Compiling darling_macro v0.13.4
[INFO] [stderr]    Compiling structopt v0.3.26
[INFO] [stderr]    Compiling proc-macro-crate v1.2.1
[INFO] [stderr]    Compiling parity-scale-codec-derive v3.1.3
[INFO] [stderr]    Compiling darling v0.13.4
[INFO] [stderr]    Compiling serde_with_macros v1.5.2
[INFO] [stderr]    Compiling parity-scale-codec v3.2.1
[INFO] [stderr]    Compiling impl-serde v0.3.2
[INFO] [stderr]    Compiling bincode v1.3.3
[INFO] [stderr]    Compiling serde-big-array v0.4.1
[INFO] [stderr]    Compiling serde_with v1.14.0
[INFO] [stderr]    Compiling impl-codec v0.6.0
[INFO] [stderr]    Compiling primitive-types v0.11.1
[INFO] [stderr]    Compiling twenty-first v0.4.0 (/opt/rustwide/workdir)
[INFO] [stderr]     Finished dev [unoptimized + debuginfo] target(s) in 17.01s
[INFO] running `Command { std: "docker" "inspect" "81a1520bb4bde044ae70663dbed9af6e77fdde2200c43e5ff3fb45c171beef04", kill_on_drop: false }`
[INFO] running `Command { std: "docker" "rm" "-f" "81a1520bb4bde044ae70663dbed9af6e77fdde2200c43e5ff3fb45c171beef04", kill_on_drop: false }`
[INFO] [stdout] 81a1520bb4bde044ae70663dbed9af6e77fdde2200c43e5ff3fb45c171beef04
[INFO] running `Command { std: "docker" "create" "-v" "/var/lib/crater-agent-workspace/builds/worker-4-tc1/target:/opt/rustwide/target:rw,Z" "-v" "/var/lib/crater-agent-workspace/builds/worker-4-tc1/source:/opt/rustwide/workdir:ro,Z" "-v" "/var/lib/crater-agent-workspace/cargo-home:/opt/rustwide/cargo-home:ro,Z" "-v" "/var/lib/crater-agent-workspace/rustup-home:/opt/rustwide/rustup-home:ro,Z" "-e" "SOURCE_DIR=/opt/rustwide/workdir" "-e" "CARGO_TARGET_DIR=/opt/rustwide/target" "-e" "CARGO_INCREMENTAL=0" "-e" "RUST_BACKTRACE=full" "-e" "RUSTFLAGS=--cap-lints=warn" "-e" "RUSTDOCFLAGS=--cap-lints=warn" "-e" "CARGO_HOME=/opt/rustwide/cargo-home" "-e" "RUSTUP_HOME=/opt/rustwide/rustup-home" "-w" "/opt/rustwide/workdir" "-m" "1610612736" "--user" "0:0" "--network" "none" "ghcr.io/rust-lang/crates-build-env/linux@sha256:2788e3201cd34a07e3172128adcd8b3090168a8e3bcc40d7c032b9dda1df7d1c" "/opt/rustwide/cargo-home/bin/cargo" "+1.75.0" "test" "--frozen" "--no-run" "--message-format=json", kill_on_drop: false }`
[INFO] [stdout] 2ce9a31b6dbdf063607d6341f93a0f05796f9a34bdfdce570c6a11a8ddee2297
[INFO] running `Command { std: "docker" "start" "-a" "2ce9a31b6dbdf063607d6341f93a0f05796f9a34bdfdce570c6a11a8ddee2297", kill_on_drop: false }`
[INFO] [stderr]    Compiling darling_core v0.13.4
[INFO] [stderr]    Compiling regex-syntax v0.6.28
[INFO] [stderr]    Compiling plotters-backend v0.3.4
[INFO] [stderr]    Compiling remove_dir_all v0.5.3
[INFO] [stderr]    Compiling fastrand v1.8.0
[INFO] [stderr]    Compiling regex-automata v0.1.10
[INFO] [stderr]    Compiling csv-core v0.1.10
[INFO] [stderr]    Compiling wait-timeout v0.2.0
[INFO] [stderr]    Compiling bit-vec v0.6.3
[INFO] [stderr]    Compiling itoa v0.4.8
[INFO] [stderr]    Compiling half v1.8.2
[INFO] [stderr]    Compiling same-file v1.0.6
[INFO] [stderr]    Compiling cargo-husky v1.5.0
[INFO] [stderr]    Compiling cast v0.3.0
[INFO] [stderr]    Compiling tinytemplate v1.2.1
[INFO] [stderr]    Compiling rand_xorshift v0.3.0
[INFO] [stderr]    Compiling quick-error v2.0.1
[INFO] [stderr]    Compiling tempfile v3.3.0
[INFO] [stderr]    Compiling criterion-plot v0.4.5
[INFO] [stderr]    Compiling bit-set v0.5.3
[INFO] [stderr]    Compiling plotters-svg v0.3.3
[INFO] [stderr]    Compiling walkdir v2.3.2
[INFO] [stderr]    Compiling bstr v0.2.17
[INFO] [stderr]    Compiling oorandom v11.1.3
[INFO] [stderr]    Compiling serde_cbor v0.11.2
[INFO] [stderr]    Compiling plotters v0.3.4
[INFO] [stderr]    Compiling rusty-fork v0.3.0
[INFO] [stderr]    Compiling csv v1.1.6
[INFO] [stderr]    Compiling regex v1.7.0
[INFO] [stderr]    Compiling proptest v1.0.0
[INFO] [stderr]    Compiling darling_macro v0.13.4
[INFO] [stderr]    Compiling criterion v0.3.6
[INFO] [stderr]    Compiling darling v0.13.4
[INFO] [stderr]    Compiling serde_with_macros v1.5.2
[INFO] [stderr]    Compiling serde_with v1.14.0
[INFO] [stderr]    Compiling twenty-first v0.4.0 (/opt/rustwide/workdir)
[INFO] [stderr]     Finished test [unoptimized + debuginfo] target(s) in 18.00s
[INFO] running `Command { std: "docker" "inspect" "2ce9a31b6dbdf063607d6341f93a0f05796f9a34bdfdce570c6a11a8ddee2297", kill_on_drop: false }`
[INFO] running `Command { std: "docker" "rm" "-f" "2ce9a31b6dbdf063607d6341f93a0f05796f9a34bdfdce570c6a11a8ddee2297", kill_on_drop: false }`
[INFO] [stdout] 2ce9a31b6dbdf063607d6341f93a0f05796f9a34bdfdce570c6a11a8ddee2297
[INFO] running `Command { std: "docker" "create" "-v" "/var/lib/crater-agent-workspace/builds/worker-4-tc1/target:/opt/rustwide/target:rw,Z" "-v" "/var/lib/crater-agent-workspace/builds/worker-4-tc1/source:/opt/rustwide/workdir:ro,Z" "-v" "/var/lib/crater-agent-workspace/cargo-home:/opt/rustwide/cargo-home:ro,Z" "-v" "/var/lib/crater-agent-workspace/rustup-home:/opt/rustwide/rustup-home:ro,Z" "-e" "SOURCE_DIR=/opt/rustwide/workdir" "-e" "CARGO_TARGET_DIR=/opt/rustwide/target" "-e" "CARGO_INCREMENTAL=0" "-e" "RUST_BACKTRACE=full" "-e" "RUSTFLAGS=--cap-lints=warn" "-e" "RUSTDOCFLAGS=--cap-lints=warn" "-e" "CARGO_HOME=/opt/rustwide/cargo-home" "-e" "RUSTUP_HOME=/opt/rustwide/rustup-home" "-w" "/opt/rustwide/workdir" "-m" "1610612736" "--user" "0:0" "--network" "none" "ghcr.io/rust-lang/crates-build-env/linux@sha256:2788e3201cd34a07e3172128adcd8b3090168a8e3bcc40d7c032b9dda1df7d1c" "/opt/rustwide/cargo-home/bin/cargo" "+1.75.0" "test" "--frozen", kill_on_drop: false }`
[INFO] [stdout] ebe30fd9144fa4e6820b081922fa37ecfe178447d1e93c1d5c9705be6f0c5a3f
[INFO] running `Command { std: "docker" "start" "-a" "ebe30fd9144fa4e6820b081922fa37ecfe178447d1e93c1d5c9705be6f0c5a3f", kill_on_drop: false }`
[INFO] [stderr]     Finished test [unoptimized + debuginfo] target(s) in 0.16s
[INFO] [stderr]      Running unittests src/lib.rs (/opt/rustwide/target/debug/deps/twenty_first-a11acb06ce1982cf)
[INFO] [stdout] 
[INFO] [stdout] running 276 tests
[INFO] [stdout] test amount::dyadic_rationals::dyadic_rationals_tests::canonize_simple_test ... ok
[INFO] [stdout] test amount::dyadic_rationals::dyadic_rationals_tests::additive_inverse_test ... ok
[INFO] [stdout] test amount::dyadic_rationals::dyadic_rationals_tests::equality_test ... ok
[INFO] [stdout] test amount::dyadic_rationals::dyadic_rationals_tests::mul_simple_test ... ok
[INFO] [stdout] test amount::dyadic_rationals::dyadic_rationals_tests::scalar_mul_simple_test ... ok
[INFO] [stdout] test amount::dyadic_rationals::dyadic_rationals_tests::simple_add_test ... ok
[INFO] [stdout] test amount::dyadic_rationals::dyadic_rationals_tests::simple_sub_test ... ok
[INFO] [stdout] test amount::u32s::u32s_tests::biguinteger_conversion_test ... ok
[INFO] [stdout] test amount::u32s::u32s_tests::compare_simple_test_more ... ok
[INFO] [stdout] test amount::u32s::u32s_tests::compare_simple_test ... ok
[INFO] [stdout] test amount::u32s::u32s_tests::crash ... ignored
[INFO] [stdout] test amount::u32s::u32s_tests::convert_to_bfields_test ... ok
[INFO] [stdout] test amount::u32s::u32s_tests::display_u32s ... ok
[INFO] [stdout] test amount::u32s::u32s_tests::div_2_pbt ... ok
[INFO] [stdout] test amount::dyadic_rationals::dyadic_rationals_tests::canonize_pbt ... ok
[INFO] [stdout] test amount::u32s::u32s_tests::get_bit_test ... ok
[INFO] [stdout] test amount::u32s::u32s_tests::mod_div_simple_test_1 ... ok
[INFO] [stdout] test amount::u32s::u32s_tests::mod_div_simple_test_2 ... ok
[INFO] [stdout] test amount::u32s::u32s_tests::mod_div_simple_test_0 ... ok
[INFO] [stdout] test amount::u32s::u32s_tests::biguinteger_conversion_pbt ... ok
[INFO] [stdout] test amount::u32s::u32s_tests::mul_test_with_carry ... ok
[INFO] [stdout] test amount::u32s::u32s_tests::set_bit_simple_test ... ok
[INFO] [stdout] test amount::u32s::u32s_tests::simple_add_test ... ok
[INFO] [stdout] test amount::u32s::u32s_tests::simple_mul_test ... ok
[INFO] [stdout] test amount::u32s::u32s_tests::simple_sub_test ... ok
[INFO] [stdout] test amount::u32s::u32s_tests::simple_sum_test ... ok
[INFO] [stdout] test amount::u32s::u32s_tests::mul_two_div_two_simple_test ... ok
[INFO] [stdout] test amount::u32s::u32s_tests::u32_conversion_test ... ok
[INFO] [stdout] test amount::u32s::u32s_tests::mul_two_div_two_pbt ... ok
[INFO] [stdout] test shared_math::b_field_element::b_prime_field_element_test::byte_array_conversion_multiple_test ... ok
[INFO] [stdout] test shared_math::b_field_element::b_prime_field_element_test::add_sub_wrap_around_test ... ok
[INFO] [stdout] test shared_math::b_field_element::b_prime_field_element_test::b_field_xgcd_test ... ok
[INFO] [stdout] test amount::u32s::u32s_tests::serialization_test ... ok
[INFO] [stdout] test amount::u32s::u32s_tests::identity_mul_test ... ok
[INFO] [stdout] test shared_math::b_field_element::b_prime_field_element_test::equality_and_hash_test ... ok
[INFO] [stdout] test shared_math::b_field_element::b_prime_field_element_test::byte_array_conversion_test ... ok
[INFO] [stdout] test amount::u32s::u32s_tests::sub_add_pbt ... ok
[INFO] [stdout] test shared_math::b_field_element::b_prime_field_element_test::create_polynomial_test ... ok
[INFO] [stdout] test shared_math::b_field_element::b_prime_field_element_test::get_primitive_root_of_unity_test ... ok
[INFO] [stdout] test amount::dyadic_rationals::dyadic_rationals_tests::mul_div_pow_two_pbt ... ok
[INFO] [stdout] test shared_math::b_field_element::b_prime_field_element_test::display_test ... ok
[INFO] [stdout] test shared_math::b_field_element::b_prime_field_element_test::inversion_test ... ok
[INFO] [stdout] test shared_math::b_field_element::b_prime_field_element_test::inversion_property_based_test ... ok
[INFO] [stdout] test shared_math::b_field_element::b_prime_field_element_test::mod_pow_test ... ok
[INFO] [stdout] test shared_math::b_field_element::b_prime_field_element_test::lift_property_test ... ok
[INFO] [stdout] test amount::u32s::u32s_tests::get_bit_set_bit_pbt ... ok
[INFO] [stdout] test shared_math::b_field_element::b_prime_field_element_test::neg_test ... ok
[INFO] [stdout] test shared_math::b_field_element::b_prime_field_element_test::inverse_or_zero_bfe ... ok
[INFO] [stdout] test shared_math::b_field_element::b_prime_field_element_test::mul_div_pbt ... ok
[INFO] [stdout] test shared_math::b_field_element::b_prime_field_element_test::power_accumulator_simple_test ... ok
[INFO] [stdout] test shared_math::b_field_element::b_prime_field_element_test::next_and_previous_test ... ok
[INFO] [stdout] test shared_math::b_field_element::b_prime_field_element_test::simple_lift_test ... ok
[INFO] [stdout] test shared_math::b_field_element::b_prime_field_element_test::simple_value_test ... ok
[INFO] [stdout] test amount::u32s::u32s_tests::div_mul_pbt ... ok
[INFO] [stdout] test shared_math::b_field_element::b_prime_field_element_test::test_zero_one ... ok
[INFO] [stdout] test shared_math::b_field_element::b_prime_field_element_test::simple_generator_test ... ok
[INFO] [stdout] test shared_math::fri::fri_domain_tests::x_values_test ... ok
[INFO] [stdout] test shared_math::fri::fri_tests::get_rounds_count_test ... ok
[INFO] [stdout] test shared_math::mpolynomial::test_mpolynomials::degree_bounds_big ... ok
[INFO] [stdout] test shared_math::mpolynomial::test_mpolynomials::equality_test ... ok
[INFO] [stdout] test shared_math::b_field_element::b_prime_field_element_test::mul_div_plus_minus_neg_property_based_test ... ok
[INFO] [stdout] test shared_math::mpolynomial::test_mpolynomials::evaluate_symbolic_with_zeros_test ... ok
[INFO] [stdout] test shared_math::mpolynomial::test_mpolynomials::add_assign_simple_test ... ok
[INFO] [stdout] test shared_math::mpolynomial::test_mpolynomials::ignore_zero_coefficients_for_total_degree_computation_test ... ok
[INFO] [stdout] test shared_math::mpolynomial::test_mpolynomials::evaluate_test ... ok
[INFO] [stdout] test shared_math::mpolynomial::test_mpolynomials::is_one_test ... ok
[INFO] [stdout] test shared_math::b_field_element::b_prime_field_element_test::uniqueness_of_consecutive_emojis_bfe ... ok
[INFO] [stdout] test shared_math::mpolynomial::test_mpolynomials::lift_test ... ok
[INFO] [stdout] test shared_math::mpolynomial::test_mpolynomials::extract_exponents_list_test ... ok
[INFO] [stdout] test shared_math::mpolynomial::test_mpolynomials::mpoly_hashing_is_deterministic_and_unaffected_by_zero_coefficients_test ... ok
[INFO] [stdout] test shared_math::mpolynomial::test_mpolynomials::mut_with_one_test ... ok
[INFO] [stdout] test shared_math::mpolynomial::test_mpolynomials::evaluate_symbolic_test ... ok
[INFO] [stdout] test shared_math::b_field_element::b_prime_field_element_test::identity_tests ... ok
[INFO] [stdout] test amount::dyadic_rationals::dyadic_rationals_tests::add_sub_pbt ... ok
[INFO] [stdout] test shared_math::mpolynomial::test_mpolynomials::print_display_bfield_test ... ok
[INFO] [stdout] test shared_math::mpolynomial::test_mpolynomials::print_display_xfield_test ... ok
[INFO] [stdout] test shared_math::b_field_element::b_prime_field_element_test::batch_inversion_pbt ... ok
[INFO] [stdout] test shared_math::mpolynomial::test_mpolynomials::simple_add_test ... ok
[INFO] [stdout] test shared_math::mpolynomial::test_mpolynomials::simple_pow_test ... ok
[INFO] [stdout] test shared_math::mpolynomial::test_mpolynomials::simple_sub_test ... ok
[INFO] [stdout] test shared_math::mpolynomial::test_mpolynomials::simple_mul_test ... ok
[INFO] [stdout] test shared_math::mpolynomial::test_mpolynomials::square_test ... ok
[INFO] [stdout] test shared_math::mpolynomial::test_mpolynomials::mpolys_in_hash_set_test ... ok
[INFO] [stdout] test shared_math::mpolynomial::test_mpolynomials::square_test_simple ... ok
[INFO] [stdout] test shared_math::mpolynomial::test_mpolynomials::symbolic_degree_bound_ones ... ok
[INFO] [stdout] test shared_math::mpolynomial::test_mpolynomials::mul_commutative_test ... ok
[INFO] [stdout] test shared_math::mpolynomial::test_mpolynomials::symbolic_degree_bound_random ... ok
[INFO] [stdout] test shared_math::mpolynomial::test_mpolynomials::symbolic_degree_bound_simple2 ... ok
[INFO] [stdout] test shared_math::mpolynomial::test_mpolynomials::symbolic_degree_bound_zeroes ... ok
[INFO] [stdout] test shared_math::ntt::fast_ntt_attempt_tests::b_field_ntt_with_length_32 ... ok
[INFO] [stdout] test shared_math::mpolynomial::test_mpolynomials::variables_test ... ok
[INFO] [stdout] test shared_math::ntt::fast_ntt_attempt_tests::bfield_basic_test_of_chu_ntt ... ok
[INFO] [stdout] test shared_math::mpolynomial::test_mpolynomials::symbolic_degree_bound_simple ... ok
[INFO] [stdout] test shared_math::mpolynomial::test_mpolynomials::symbolic_degree_bound_zero ... ok
[INFO] [stdout] test shared_math::ntt::fast_ntt_attempt_tests::bfield_max_value_test_of_chu_ntt ... ok
[INFO] [stdout] test shared_math::other::test_other::bigint_test ... ok
[INFO] [stdout] test shared_math::other::test_other::binary_tree_properties ... ok
[INFO] [stdout] test shared_math::mpolynomial::test_mpolynomials::precalculate_scalar_exponents_simple_test ... ok
[INFO] [stdout] test shared_math::other::test_other::bit_representation_test ... ok
[INFO] [stdout] test shared_math::other::test_other::is_power_of_two_test ... ok
[INFO] [stdout] test shared_math::ntt::fast_ntt_attempt_tests::xfield_basic_test_of_chu_ntt ... ok
[INFO] [stdout] test shared_math::other::test_other::powers_of_two_below_test ... ok
[INFO] [stdout] test shared_math::other::test_other::count_bits_test ... ok
[INFO] [stdout] test shared_math::other::test_other::log_2_ceil_test ... ok
[INFO] [stdout] test shared_math::ntt::fast_ntt_attempt_tests::chu_ntt_b_field_prop_test ... ok
[INFO] [stdout] test shared_math::other::test_other::small_tree1 ... ok
[INFO] [stdout] test shared_math::other::test_other::small_tree4 ... ok
[INFO] [stdout] test shared_math::other::test_other::small_tree2 ... ok
[INFO] [stdout] test shared_math::polynomial::test_polynomials::add_assign_test ... ok
[INFO] [stdout] test shared_math::polynomial::test_polynomials::constant_zero_eq_constant_zero ... ok
[INFO] [stdout] test shared_math::polynomial::test_polynomials::differentiate_const ... ok
[INFO] [stdout] test shared_math::polynomial::test_polynomials::differentiate_quartic ... ok
[INFO] [stdout] test shared_math::polynomial::test_polynomials::differentiate_zero ... ok
[INFO] [stdout] test shared_math::polynomial::test_polynomials::equality ... ok
[INFO] [stdout] test shared_math::polynomial::test_polynomials::differentiate_leibniz ... ok
[INFO] [stdout] test amount::u32s::u32s_tests::mul_overflow_test_0 - should panic ... ok
[INFO] [stdout] test shared_math::polynomial::test_polynomials::fast_coset_divide_test ... ok
[INFO] [stdout] test amount::u32s::u32s_tests::mul_overflow_test_1 - should panic ... ok
[INFO] [stdout] test amount::u32s::u32s_tests::sum_panic_test - should panic ... ok
[INFO] [stdout] test shared_math::b_field_element::b_prime_field_element_test::disallow_conversion_of_u8_array_outside_range - should panic ... ok
[INFO] [stdout] test shared_math::polynomial::test_polynomials::fast_interpolate_test ... ok
[INFO] [stdout] test shared_math::polynomial::test_polynomials::fast_coset_evaluate_test ... ok
[INFO] [stdout] test shared_math::polynomial::test_polynomials::fast_evaluate_test ... ok
[INFO] [stdout] test shared_math::polynomial::test_polynomials::fast_square_test ... ok
[INFO] [stdout] test shared_math::polynomial::test_polynomials::fast_multiply_test ... ok
[INFO] [stdout] test shared_math::polynomial::test_polynomials::fast_lagrange_interpolate_test ... ok
[INFO] [stdout] test shared_math::polynomial::test_polynomials::fast_zerofier_test ... ok
[INFO] [stdout] test shared_math::polynomial::test_polynomials::get_point_on_line_tests ... ok
[INFO] [stdout] test shared_math::polynomial::test_polynomials::is_x_test ... ok
[INFO] [stdout] test shared_math::b_field_element::b_prime_field_element_test::multiplicative_inverse_of_zero - should panic ... ok
[INFO] [stdout] test shared_math::polynomial::test_polynomials::lagrange_interpolate_test ... ok
[INFO] [stdout] test shared_math::b_field_element::b_prime_field_element_test::multiplicative_inverse_of_p - should panic ... ok
[INFO] [stdout] test shared_math::polynomial::test_polynomials::mod_pow_test ... ok
[INFO] [stdout] test shared_math::polynomial::test_polynomials::leading_coefficient_test ... ok
[INFO] [stdout] test shared_math::polynomial::test_polynomials::mul_commutative_test ... ok
[INFO] [stdout] test shared_math::polynomial::test_polynomials::normalize_test ... ok
[INFO] [stdout] test shared_math::polynomial::test_polynomials::one_test ... ok
[INFO] [stdout] test shared_math::polynomial::test_polynomials::pol_div_bug_detection_test ... ok
[INFO] [stdout] test shared_math::polynomial::test_polynomials::polynomial_are_colinear_3_test ... ok
[INFO] [stdout] test shared_math::other::test_other::small_tree0_height - should panic ... ok
[INFO] [stdout] test shared_math::polynomial::test_polynomials::polynomial_are_colinear_test ... ok
[INFO] [stdout] test shared_math::other::test_other::small_tree0_node_count - should panic ... ok
[INFO] [stdout] test shared_math::polynomial::test_polynomials::polynomial_arithmetic_division_test ... ok
[INFO] [stdout] test shared_math::polynomial::test_polynomials::get_point_on_invalid_line_test - should panic ... FAILED
[INFO] [stdout] test shared_math::polynomial::test_polynomials::panic_when_one_is_not_one - should panic ... ok
[INFO] [stdout] test shared_math::polynomial::test_polynomials::polynomial_display_test ... ok
[INFO] [stdout] test shared_math::polynomial::test_polynomials::polynomial_divide_test ... ok
[INFO] [stdout] test shared_math::ntt::fast_ntt_attempt_tests::chu_ntt_x_field_prop_test ... ok
[INFO] [stdout] test shared_math::polynomial::test_polynomials::polynomial_shift_test ... ok
[INFO] [stdout] test shared_math::polynomial::test_polynomials::polynomial_are_colinear_test_big ... ok
[INFO] [stdout] test shared_math::polynomial::test_polynomials::square_simple_test ... ok
[INFO] [stdout] test shared_math::polynomial::test_polynomials::property_based_slow_lagrange_interpolation_test ... ok
[INFO] [stdout] test shared_math::polynomial::test_polynomials::property_based_slow_lagrange_interpolation_test_big ... ok
[INFO] [stdout] test shared_math::polynomial::test_polynomials::zero_test ... ok
[INFO] [stdout] test shared_math::polynomial::test_polynomials::polynomial_arithmetic_property_based_test ... ok
[INFO] [stdout] test shared_math::polynomial::test_polynomials::zerofier_test ... ok
[INFO] [stdout] test shared_math::rescue_prime_digest::digest_tests::digest_from_str ... ok
[INFO] [stdout] test shared_math::mpolynomial::test_mpolynomials::symbolic_degree_bound_prop ... ok
[INFO] [stdout] test shared_math::polynomial::test_polynomials::polynomial_arithmetic_property_based_test_big ... ok
[INFO] [stdout] test shared_math::rescue_prime_digest::digest_tests::get_size ... ok
[INFO] [stdout] test shared_math::polynomial::test_polynomials::fast_interpolate_pbt ... ok
[INFO] [stdout] test shared_math::polynomial::test_polynomials::xgcd_b_field_pol_test ... ok
[INFO] [stdout] test shared_math::x_field_element::x_field_element_test::inverse_or_zero_xfe ... ok
[INFO] [stdout] test shared_math::x_field_element::x_field_element_test::one_zero_test ... ok
[INFO] [stdout] test shared_math::x_field_element::x_field_element_test::uniqueness_of_consecutive_emojis_xfe ... ok
[INFO] [stdout] test shared_math::x_field_element::x_field_element_test::x_field_add_test ... ok
[INFO] [stdout] test shared_math::rescue_prime_digest::digest_tests::signature_digest_conversion_test ... ok
[INFO] [stdout] test shared_math::x_field_element::x_field_element_test::x_field_into_test ... ok
[INFO] [stdout] test shared_math::x_field_element::x_field_element_test::x_field_inv_test ... ok
[INFO] [stdout] test shared_math::x_field_element::x_field_element_test::incr_decr_test ... ok
[INFO] [stdout] test shared_math::x_field_element::x_field_element_test::x_field_mod_pow_test ... ok
[INFO] [stdout] test shared_math::x_field_element::x_field_element_test::mul_xfe_with_bfe_pbt ... ok
[INFO] [stdout] test shared_math::x_field_element::x_field_element_test::x_field_mul_test ... ok
[INFO] [stdout] test shared_math::x_field_element::x_field_element_test::x_field_overloaded_arithmetic_test ... ok
[INFO] [stdout] test shared_math::rescue_prime_regular::rescue_prime_regular_tests::trace_consistent_test ... ok
[INFO] [stdout] test shared_math::x_field_element::x_field_element_test::x_field_random_element_generation_test ... ok
[INFO] [stdout] test shared_math::x_field_element::x_field_element_test::x_field_ntt_test ... ok
[INFO] [stdout] test shared_math::rescue_prime_regular::rescue_prime_regular_tests::test_compliance ... ok
[INFO] [stdout] test shared_math::x_field_element::x_field_element_test::x_field_sub_test ... ok
[INFO] [stdout] test util_types::database_array::database_array_tests::panic_on_index_out_of_range_length_one_set_test - should panic ... ok
[INFO] [stdout] test util_types::database_array::database_array_tests::panic_on_index_out_of_range_empty_test - should panic ... ok
[INFO] [stdout] test shared_math::x_field_element::x_field_element_test::x_field_xgcp_test ... ok
[INFO] [stdout] test util_types::database_vector::database_vector_tests::index_zero_test ... ok
[INFO] [stdout] test util_types::database_vector::database_vector_tests::panic_on_index_out_of_range_empty_test - should panic ... ok
[INFO] [stdout] test util_types::database_vector::database_vector_tests::batch_set_test ... ok
[INFO] [stdout] test shared_math::x_field_element::x_field_element_test::x_field_inversion_pbt ... ok
[INFO] [stdout] test util_types::database_vector::database_vector_tests::panic_on_index_out_of_range_length_one_set_test - should panic ... ok
[INFO] [stdout] test util_types::database_array::database_array_tests::init_and_default_values_test ... ok
[INFO] [stdout] test util_types::database_vector::database_vector_tests::panic_on_index_out_of_range_length_one_test - should panic ... ok
[INFO] [stdout] test util_types::database_vector::database_vector_tests::restore_test ... ok
[INFO] [stdout] test util_types::database_vector::database_vector_tests::push_pop_test ... ok
[INFO] [stdout] test util_types::merkle_tree::merkle_tree_test::merkle_tree_get_authentication_path_test ... ok
[INFO] [stdout] test util_types::merkle_tree::merkle_tree_test::merkle_tree_verify_authentication_structure_degenerate_test ... ok
[INFO] [stdout] test util_types::merkle_tree::merkle_tree_test::root_from_arbitrary_number_of_digests_empty_test ... ok
[INFO] [stdout] test shared_math::mpolynomial::test_mpolynomials::pow_test ... ok
[INFO] [stdout] test util_types::merkle_tree::merkle_tree_test::merkle_tree_verify_authentication_structure_equivalence_test ... ok
[INFO] [stdout] test util_types::merkle_tree::merkle_tree_test::salted_merkle_tree_get_authentication_path_medium_test ... ok
[INFO] [stdout] test util_types::merkle_tree::merkle_tree_test::salted_merkle_tree_get_authentication_path_small_test ... ok
[INFO] [stdout] test util_types::merkle_tree::merkle_tree_test::salted_merkle_tree_regression_test_0 ... ok
[INFO] [stdout] test util_types::database_vector::database_vector_tests::push_many_test ... ok
[INFO] [stdout] test shared_math::polynomial::test_polynomials::xgcd_x_field_pol_test ... ok
[INFO] [stdout] test util_types::merkle_tree::merkle_tree_test::verify_authentication_path_from_leaf_hash_with_memoization_test ... ok
[INFO] [stdout] test shared_math::polynomial::test_polynomials::square_test ... ok
[INFO] [stdout] test util_types::merkle_tree::merkle_tree_test::salted_merkle_tree_multipath_test ... ok
[INFO] [stdout] test util_types::mmr::archival_mmr::mmr_test::bag_peaks_blake3_test ... ok
[INFO] [stdout] test util_types::merkle_tree::merkle_tree_test::verify_some_payload ... ok
[INFO] [stdout] test util_types::mmr::archival_mmr::mmr_test::empty_mmr_behavior_test ... ok
[INFO] [stdout] test shared_math::x_field_element::x_field_element_test::x_field_division_mul_pbt ... ok
[INFO] [stdout] test util_types::mmr::archival_mmr::mmr_test::mutate_leaf_archival_test ... ok
[INFO] [stdout] test util_types::mmr::archival_mmr::mmr_test::one_input_mmr_test ... ok
[INFO] [stdout] test util_types::merkle_tree::merkle_tree_test::root_from_odd_number_of_digests_test ... ok
[INFO] [stdout] test util_types::mmr::archival_mmr::mmr_test::remove_last_leaf_test ... ok
[INFO] [stdout] test util_types::mmr::archival_mmr::mmr_test::two_input_mmr_test ... ok
[INFO] [stdout] test util_types::mmr::archival_mmr::mmr_test::remove_last_leaf_pbt ... ok
[INFO] [stdout] test shared_math::polynomial::test_polynomials::fast_zerofier_pb_test ... ok
[INFO] [stdout] test util_types::mmr::archival_mmr::mmr_test::verify_against_correct_peak_test ... ok
[INFO] [stdout] test util_types::merkle_tree::merkle_tree_test::merkle_tree_test_32 ... ok
[INFO] [stdout] test util_types::mmr::mmr_accumulator::accumulator_mmr_tests::conversion_test ... ok
[INFO] [stdout] test util_types::mmr::mmr_accumulator::accumulator_mmr_tests::mmra_serialization_test ... ok
[INFO] [stdout] test util_types::merkle_tree::merkle_tree_test::verify_all_leaves_individually ... ok
[INFO] [stdout] test util_types::mmr::mmr_accumulator::accumulator_mmr_tests::verify_batch_update_single_append_test ... ok
[INFO] [stdout] test util_types::mmr::mmr_accumulator::accumulator_mmr_tests::verify_batch_update_single_mutate_test ... ok
[INFO] [stdout] test shared_math::polynomial::test_polynomials::fast_evaluate_pb_test ... ok
[INFO] [stdout] test util_types::mmr::mmr_accumulator::accumulator_mmr_tests::verify_batch_update_two_append_test ... ok
[INFO] [stdout] test util_types::mmr::mmr_accumulator::accumulator_mmr_tests::verify_batch_update_two_mutate_test ... ok
[INFO] [stdout] test util_types::mmr::mmr_membership_proof::mmr_membership_proof_test::batch_update_from_batch_leaf_mutation_total_replacement_test ... ok
[INFO] [stdout] test util_types::mmr::mmr_membership_proof::mmr_membership_proof_test::batch_update_from_leaf_mutation_no_change_return_value_test ... ok
[INFO] [stdout] test util_types::mmr::mmr_membership_proof::mmr_membership_proof_test::equality_and_hash_test ... ok
[INFO] [stdout] test util_types::mmr::mmr_membership_proof::mmr_membership_proof_test::get_node_indices_simple_test ... ok
[INFO] [stdout] test util_types::mmr::mmr_membership_proof::mmr_membership_proof_test::get_peak_index_simple_test ... ok
[INFO] [stdout] test util_types::mmr::mmr_membership_proof::mmr_membership_proof_test::serialization_test ... ok
[INFO] [stdout] test util_types::mmr::mmr_membership_proof::mmr_membership_proof_test::update_batch_membership_proofs_from_batch_leaf_mutations_test ... ok
[INFO] [stdout] test util_types::mmr::mmr_membership_proof::mmr_membership_proof_test::update_batch_membership_proofs_from_leaf_mutations_new_test ... ok
[INFO] [stdout] test shared_math::fri::fri_tests::fri_x_field_limit_test ... ok
[INFO] [stdout] test shared_math::polynomial::test_polynomials::mod_pow_arbitrary_test ... ok
[INFO] [stdout] test util_types::mmr::mmr_membership_proof::mmr_membership_proof_test::update_membership_proof_from_append_simple ... ok
[INFO] [stdout] test shared_math::fri::fri_tests::fri_on_x_field_test ... ok
[INFO] [stdout] test util_types::mmr::mmr_membership_proof::mmr_membership_proof_test::update_membership_proof_from_leaf_mutation_test ... ok
[INFO] [stdout] test util_types::mmr::shared::mmr_test::calculate_new_peaks_from_leaf_mutation_empty_mmr_test ... ok
[INFO] [stdout] test util_types::mmr::shared::mmr_test::data_index_node_index_pbt ... ok
[INFO] [stdout] test util_types::mmr::shared::mmr_test::data_index_to_node_index_test ... ok
[INFO] [stdout] test util_types::mmr::shared::mmr_test::get_authentication_path_node_indices_test ... ok
[INFO] [stdout] test util_types::mmr::archival_mmr::mmr_test::variable_size_blake3_mmr_test ... ok
[INFO] [stdout] test util_types::mmr::shared::mmr_test::get_height_from_data_index_test ... ok
[INFO] [stdout] test util_types::mmr::shared::mmr_test::get_peak_heights_and_peak_node_indices_test ... ok
[INFO] [stdout] test util_types::mmr::shared::mmr_test::leaf_count_to_node_count_test ... ok
[INFO] [stdout] test util_types::mmr::shared::mmr_test::is_right_child_test ... ok
[INFO] [stdout] test util_types::mmr::shared::mmr_test::leaf_index_to_peak_index_test ... ok
[INFO] [stdout] test util_types::mmr::shared::mmr_test::leftmost_ancestor_test ... ok
[INFO] [stdout] test util_types::mmr::shared::mmr_test::left_sibling_test ... ok
[INFO] [stdout] test util_types::mmr::shared::mmr_test::node_index_to_data_index_test ... ok
[INFO] [stdout] test util_types::mmr::shared::mmr_test::node_indices_added_by_append_test ... ok
[INFO] [stdout] test util_types::mmr::shared::mmr_test::non_leaf_nodes_left_test ... ok
[INFO] [stdout] test util_types::proof_stream::test_proof_stream::ps_empty_ts ... ok
[INFO] [stdout] test util_types::proof_stream::test_proof_stream::ps_enq_deq_enq_deq ... ok
[INFO] [stdout] test util_types::proof_stream::test_proof_stream::ps_enqueue_then_dequeue ... ok
[INFO] [stdout] test util_types::proof_stream::test_proof_stream::ps_is_fifo_no_lifo ... ok
[INFO] [stdout] test util_types::mmr::mmr_membership_proof::mmr_membership_proof_test::update_membership_proof_from_append_big_rescue_prime ... ok
[INFO] [stdout] test util_types::proof_stream::test_proof_stream::ps_test_default_empty_initiation ... ok
[INFO] [stdout] test util_types::proof_stream_typed::proof_stream_typed_tests::enqueue_dequeue_test ... ok
[INFO] [stdout] test util_types::proof_stream::test_proof_stream::ps_thrice_enqueue_then_dequeue ... ok
[INFO] [stdout] test util_types::proof_stream_typed::proof_stream_typed_tests::prover_verifier_fiat_shamir_test ... ok
[INFO] [stdout] test utils::test_utils::has_unique_elements_test ... ok
[INFO] [stdout] test util_types::mmr::mmr_membership_proof::mmr_membership_proof_test::batch_update_from_batch_leaf_mutation_test ... ok
[INFO] [stdout] test shared_math::mpolynomial::test_mpolynomials::precalculate_exponents_memoization_test ... ok
[INFO] [stdout] test util_types::mmr::archival_mmr::mmr_test::variable_size_rescue_prime_mmr_test ... ok
[INFO] [stdout] test util_types::mmr::mmr_membership_proof::mmr_membership_proof_test::update_membership_proof_from_leaf_mutation_blake3_big_test ... ok
[INFO] [stdout] test shared_math::polynomial::test_polynomials::interpolate_pb_test ... ok
[INFO] [stdout] test util_types::mmr::mmr_accumulator::accumulator_mmr_tests::batch_mutate_leaf_and_update_mps_test ... ok
[INFO] [stdout] test util_types::merkle_tree::merkle_tree_test::merkle_tree_verify_authentication_structure_test ... ok
[INFO] [stdout] test util_types::mmr::archival_mmr::mmr_test::accumulator_mmr_mutate_leaf_test ... ok
[INFO] [stdout] test util_types::mmr::mmr_membership_proof::mmr_membership_proof_test::update_membership_proof_from_append_big_tests ... ok
[INFO] [stdout] test util_types::merkle_tree::merkle_tree_test::salted_merkle_tree_verify_authentication_structure_test ... ok
[INFO] [stdout] test util_types::mmr::archival_mmr::mmr_test::mmr_prove_verify_leaf_mutation_test ... ok
[INFO] [stdout] test util_types::mmr::archival_mmr::mmr_test::mmr_append_test ... ok
[INFO] [stdout] test util_types::mmr::mmr_accumulator::accumulator_mmr_tests::verify_batch_update_pbt ... ok
[INFO] [stdout] 
[INFO] [stdout] failures:
[INFO] [stdout] 
[INFO] [stdout] ---- shared_math::polynomial::test_polynomials::get_point_on_invalid_line_test stdout ----
[INFO] [stdout] thread 'shared_math::polynomial::test_polynomials::get_point_on_invalid_line_test' panicked at src/shared_math/polynomial.rs:700:9:
[INFO] [stdout] assertion `left != right` failed: Line must not be parallel to y-axis
[INFO] [stdout]   left: BFieldElement(1)
[INFO] [stdout]  right: BFieldElement(1)
[INFO] [stdout] stack backtrace:
[INFO] [stdout]    0:     0x55aaa8c4ff5c - std::backtrace_rs::backtrace::libunwind::trace::ha637c64ce894333a
[INFO] [stdout]                                at /rustc/82e1608dfa6e0b5569232559e3d385fea5a93112/library/std/src/../../backtrace/src/backtrace/libunwind.rs:104:5
[INFO] [stdout]    1:     0x55aaa8c4ff5c - std::backtrace_rs::backtrace::trace_unsynchronized::h47f62dea28e0c88d
[INFO] [stdout]                                at /rustc/82e1608dfa6e0b5569232559e3d385fea5a93112/library/std/src/../../backtrace/src/backtrace/mod.rs:66:5
[INFO] [stdout]    2:     0x55aaa8c4ff5c - std::sys_common::backtrace::_print_fmt::h9eef0abe20ede486
[INFO] [stdout]                                at /rustc/82e1608dfa6e0b5569232559e3d385fea5a93112/library/std/src/sys_common/backtrace.rs:67:5
[INFO] [stdout]    3:     0x55aaa8c4ff5c - <std::sys_common::backtrace::_print::DisplayBacktrace as core::fmt::Display>::fmt::hed7f999df88cc644
[INFO] [stdout]                                at /rustc/82e1608dfa6e0b5569232559e3d385fea5a93112/library/std/src/sys_common/backtrace.rs:44:22
[INFO] [stdout]    4:     0x55aaa8c7bf00 - core::fmt::rt::Argument::fmt::h1539a9308b8d058d
[INFO] [stdout]                                at /rustc/82e1608dfa6e0b5569232559e3d385fea5a93112/library/core/src/fmt/rt.rs:142:9
[INFO] [stdout]    5:     0x55aaa8c7bf00 - core::fmt::write::h3a39390d8560d9c9
[INFO] [stdout]                                at /rustc/82e1608dfa6e0b5569232559e3d385fea5a93112/library/core/src/fmt/mod.rs:1120:17
[INFO] [stdout]    6:     0x55aaa8c4d12f - std::io::Write::write_fmt::h040b369f3a0f9cbc
[INFO] [stdout]                                at /rustc/82e1608dfa6e0b5569232559e3d385fea5a93112/library/std/src/io/mod.rs:1762:15
[INFO] [stdout]    7:     0x55aaa8c4fd44 - std::sys_common::backtrace::_print::h894006fb5c6f3d45
[INFO] [stdout]                                at /rustc/82e1608dfa6e0b5569232559e3d385fea5a93112/library/std/src/sys_common/backtrace.rs:47:5
[INFO] [stdout]    8:     0x55aaa8c4fd44 - std::sys_common::backtrace::print::h23a2d212c6fff936
[INFO] [stdout]                                at /rustc/82e1608dfa6e0b5569232559e3d385fea5a93112/library/std/src/sys_common/backtrace.rs:34:9
[INFO] [stdout]    9:     0x55aaa8c51a07 - std::panicking::default_hook::{{closure}}::h8a1d2ee00185001a
[INFO] [stdout]   10:     0x55aaa8c516f3 - std::panicking::default_hook::h6038f2eba384e475
[INFO] [stdout]                                at /rustc/82e1608dfa6e0b5569232559e3d385fea5a93112/library/std/src/panicking.rs:289:9
[INFO] [stdout]   11:     0x55aaa89c9a77 - <alloc::boxed::Box<F,A> as core::ops::function::Fn<Args>>::call::h0ad024c9bdc6d768
[INFO] [stdout]                                at /rustc/82e1608dfa6e0b5569232559e3d385fea5a93112/library/alloc/src/boxed.rs:2021:9
[INFO] [stdout]   12:     0x55aaa89c9a77 - test::test_main::{{closure}}::h7500b54257359db6
[INFO] [stdout]                                at /rustc/82e1608dfa6e0b5569232559e3d385fea5a93112/library/test/src/lib.rs:138:21
[INFO] [stdout]   13:     0x55aaa8c52018 - <alloc::boxed::Box<F,A> as core::ops::function::Fn<Args>>::call::h1f8f335eaa9cfaee
[INFO] [stdout]                                at /rustc/82e1608dfa6e0b5569232559e3d385fea5a93112/library/alloc/src/boxed.rs:2021:9
[INFO] [stdout]   14:     0x55aaa8c52018 - std::panicking::rust_panic_with_hook::h2b5517d590cab22e
[INFO] [stdout]                                at /rustc/82e1608dfa6e0b5569232559e3d385fea5a93112/library/std/src/panicking.rs:783:13
[INFO] [stdout]   15:     0x55aaa8c51d6e - std::panicking::begin_panic_handler::{{closure}}::h233112c06e0ef43e
[INFO] [stdout]                                at /rustc/82e1608dfa6e0b5569232559e3d385fea5a93112/library/std/src/panicking.rs:657:13
[INFO] [stdout]   16:     0x55aaa8c50426 - std::sys_common::backtrace::__rust_end_short_backtrace::h6e893f24d7ebbff8
[INFO] [stdout]                                at /rustc/82e1608dfa6e0b5569232559e3d385fea5a93112/library/std/src/sys_common/backtrace.rs:170:18
[INFO] [stdout]   17:     0x55aaa8c51ad2 - rust_begin_unwind
[INFO] [stdout]                                at /rustc/82e1608dfa6e0b5569232559e3d385fea5a93112/library/std/src/panicking.rs:645:5
[INFO] [stdout]   18:     0x55aaa8656845 - core::panicking::panic_fmt::hbf0e066aabfa482c
[INFO] [stdout]                                at /rustc/82e1608dfa6e0b5569232559e3d385fea5a93112/library/core/src/panicking.rs:72:14
[INFO] [stdout]   19:     0x55aaa8656da1 - core::panicking::assert_failed_inner::h0bba8b7c26ee4492
[INFO] [stdout]   20:     0x55aaa87b853e - core::panicking::assert_failed::h2cb6bff86a617b20
[INFO] [stdout]                                at /rustc/82e1608dfa6e0b5569232559e3d385fea5a93112/library/core/src/panicking.rs:279:5
[INFO] [stdout]   21:     0x55aaa87c774e - twenty_first::shared_math::polynomial::Polynomial<FF>::get_colinear_y::hb0014eb4ff90b5dc
[INFO] [stdout]                                at /opt/rustwide/workdir/src/shared_math/polynomial.rs:700:9
[INFO] [stdout]   22:     0x55aaa88aa41c - twenty_first::shared_math::polynomial::test_polynomials::get_point_on_invalid_line_test::hf3abd4a40ef531db
[INFO] [stdout]                                at /opt/rustwide/workdir/src/shared_math/polynomial.rs:2631:9
[INFO] [stdout]   23:     0x55aaa88aa0e7 - twenty_first::shared_math::polynomial::test_polynomials::get_point_on_invalid_line_test::{{closure}}::h8410d8510f855b37
[INFO] [stdout]                                at /opt/rustwide/workdir/src/shared_math/polynomial.rs:2627:40
[INFO] [stdout]   24:     0x55aaa8745026 - core::ops::function::FnOnce::call_once::h83eb0e344b4c8d6d
[INFO] [stdout]                                at /rustc/82e1608dfa6e0b5569232559e3d385fea5a93112/library/core/src/ops/function.rs:250:5
[INFO] [stdout]   25:     0x55aaa89cf0cf - core::ops::function::FnOnce::call_once::h2b5d431d5046312d
[INFO] [stdout]                                at /rustc/82e1608dfa6e0b5569232559e3d385fea5a93112/library/core/src/ops/function.rs:250:5
[INFO] [stdout]   26:     0x55aaa89cf0cf - test::__rust_begin_short_backtrace::h7714669af176e207
[INFO] [stdout]                                at /rustc/82e1608dfa6e0b5569232559e3d385fea5a93112/library/test/src/lib.rs:628:18
[INFO] [stdout]   27:     0x55aaa89ce0e5 - test::run_test_in_process::{{closure}}::h85218797dcbcec12
[INFO] [stdout]                                at /rustc/82e1608dfa6e0b5569232559e3d385fea5a93112/library/test/src/lib.rs:651:60
[INFO] [stdout]   28:     0x55aaa89ce0e5 - <core::panic::unwind_safe::AssertUnwindSafe<F> as core::ops::function::FnOnce<()>>::call_once::h76c106ea31c14d7b
[INFO] [stdout]                                at /rustc/82e1608dfa6e0b5569232559e3d385fea5a93112/library/core/src/panic/unwind_safe.rs:272:9
[INFO] [stdout]   29:     0x55aaa89ce0e5 - std::panicking::try::do_call::h3bd5d0f6620ee946
[INFO] [stdout]                                at /rustc/82e1608dfa6e0b5569232559e3d385fea5a93112/library/std/src/panicking.rs:552:40
[INFO] [stdout]   30:     0x55aaa89ce0e5 - std::panicking::try::h232e535e4744fe31
[INFO] [stdout]                                at /rustc/82e1608dfa6e0b5569232559e3d385fea5a93112/library/std/src/panicking.rs:516:19
[INFO] [stdout]   31:     0x55aaa89ce0e5 - std::panic::catch_unwind::h3ce3bd6ca8dbac68
[INFO] [stdout]                                at /rustc/82e1608dfa6e0b5569232559e3d385fea5a93112/library/std/src/panic.rs:142:14
[INFO] [stdout]   32:     0x55aaa89ce0e5 - test::run_test_in_process::hc97b257c9621286a
[INFO] [stdout]                                at /rustc/82e1608dfa6e0b5569232559e3d385fea5a93112/library/test/src/lib.rs:651:27
[INFO] [stdout]   33:     0x55aaa89ce0e5 - test::run_test::{{closure}}::h2aa798823a438d38
[INFO] [stdout]                                at /rustc/82e1608dfa6e0b5569232559e3d385fea5a93112/library/test/src/lib.rs:574:43
[INFO] [stdout]   34:     0x55aaa89963a6 - test::run_test::{{closure}}::h87d231c78fb59832
[INFO] [stdout]                                at /rustc/82e1608dfa6e0b5569232559e3d385fea5a93112/library/test/src/lib.rs:602:41
[INFO] [stdout]   35:     0x55aaa89963a6 - std::sys_common::backtrace::__rust_begin_short_backtrace::he6df152596625789
[INFO] [stdout]                                at /rustc/82e1608dfa6e0b5569232559e3d385fea5a93112/library/std/src/sys_common/backtrace.rs:154:18
[INFO] [stdout]   36:     0x55aaa899b457 - std::thread::Builder::spawn_unchecked_::{{closure}}::{{closure}}::ha94be15d1e0acf36
[INFO] [stdout]                                at /rustc/82e1608dfa6e0b5569232559e3d385fea5a93112/library/std/src/thread/mod.rs:529:17
[INFO] [stdout]   37:     0x55aaa899b457 - <core::panic::unwind_safe::AssertUnwindSafe<F> as core::ops::function::FnOnce<()>>::call_once::h9dc6bd6372f16606
[INFO] [stdout]                                at /rustc/82e1608dfa6e0b5569232559e3d385fea5a93112/library/core/src/panic/unwind_safe.rs:272:9
[INFO] [stdout]   38:     0x55aaa899b457 - std::panicking::try::do_call::h9057517f80303cd4
[INFO] [stdout]                                at /rustc/82e1608dfa6e0b5569232559e3d385fea5a93112/library/std/src/panicking.rs:552:40
[INFO] [stdout]   39:     0x55aaa899b457 - std::panicking::try::he3a30b11ee45340c
[INFO] [stdout]                                at /rustc/82e1608dfa6e0b5569232559e3d385fea5a93112/library/std/src/panicking.rs:516:19
[INFO] [stdout]   40:     0x55aaa899b457 - std::panic::catch_unwind::h410458cfd3528b8b
[INFO] [stdout]                                at /rustc/82e1608dfa6e0b5569232559e3d385fea5a93112/library/std/src/panic.rs:142:14
[INFO] [stdout]   41:     0x55aaa899b457 - std::thread::Builder::spawn_unchecked_::{{closure}}::h72ac3bdb567b737b
[INFO] [stdout]                                at /rustc/82e1608dfa6e0b5569232559e3d385fea5a93112/library/std/src/thread/mod.rs:528:30
[INFO] [stdout]   42:     0x55aaa899b457 - core::ops::function::FnOnce::call_once{{vtable.shim}}::h38f34da3654a8344
[INFO] [stdout]                                at /rustc/82e1608dfa6e0b5569232559e3d385fea5a93112/library/core/src/ops/function.rs:250:5
[INFO] [stdout]   43:     0x55aaa8c57ec5 - <alloc::boxed::Box<F,A> as core::ops::function::FnOnce<Args>>::call_once::hc7eafaff61e32df9
[INFO] [stdout]                                at /rustc/82e1608dfa6e0b5569232559e3d385fea5a93112/library/alloc/src/boxed.rs:2007:9
[INFO] [stdout]   44:     0x55aaa8c57ec5 - <alloc::boxed::Box<F,A> as core::ops::function::FnOnce<Args>>::call_once::h6ba4a5de48dd2304
[INFO] [stdout]                                at /rustc/82e1608dfa6e0b5569232559e3d385fea5a93112/library/alloc/src/boxed.rs:2007:9
[INFO] [stdout]   45:     0x55aaa8c57ec5 - std::sys::unix::thread::Thread::new::thread_start::he469335aef763e45
[INFO] [stdout]                                at /rustc/82e1608dfa6e0b5569232559e3d385fea5a93112/library/std/src/sys/unix/thread.rs:108:17
[INFO] [stdout]   46:     0x7fa77452dac3 - <unknown>
[INFO] [stdout]   47:     0x7fa7745bebf4 - __clone
[INFO] [stdout]   48:                0x0 - <unknown>
[INFO] [stdout] note: panic did not contain expected string
[INFO] [stdout]       panic message: `"assertion `left != right` failed: Line must not be parallel to y-axis\n  left: BFieldElement(1)\n right: BFieldElement(1)"`,
[INFO] [stdout]  expected substring: `"assertion failed"`
[INFO] [stdout] 
[INFO] [stdout] failures:
[INFO] [stdout]     shared_math::polynomial::test_polynomials::get_point_on_invalid_line_test
[INFO] [stdout] 
[INFO] [stdout] test result: FAILED. 274 passed; 1 failed; 1 ignored; 0 measured; 0 filtered out; finished in 34.78s
[INFO] [stdout] 
[INFO] [stderr] error: test failed, to rerun pass `--lib`
[INFO] running `Command { std: "docker" "inspect" "ebe30fd9144fa4e6820b081922fa37ecfe178447d1e93c1d5c9705be6f0c5a3f", kill_on_drop: false }`
[INFO] running `Command { std: "docker" "rm" "-f" "ebe30fd9144fa4e6820b081922fa37ecfe178447d1e93c1d5c9705be6f0c5a3f", kill_on_drop: false }`
[INFO] [stdout] ebe30fd9144fa4e6820b081922fa37ecfe178447d1e93c1d5c9705be6f0c5a3f
[INFO] testing MetisProtocol/zkp_fast_prover_verfier against beta-2023-12-22 for beta-1.76-1
[INFO] running `Command { std: "git" "clone" "/workspace/cache/git-repos/https%3A%2F%2Fgithub.com%2FMetisProtocol%2Fzkp_fast_prover_verfier" "/workspace/builds/worker-4-tc2/source", kill_on_drop: false }`
[INFO] [stderr] Cloning into '/workspace/builds/worker-4-tc2/source'...
[INFO] [stderr] done.
[INFO] validating manifest of git repo https://github.com/MetisProtocol/zkp_fast_prover_verfier on toolchain beta-2023-12-22
[INFO] running `Command { std: CARGO_HOME="/workspace/cargo-home" RUSTUP_HOME="/workspace/rustup-home" "/workspace/cargo-home/bin/cargo" "+beta-2023-12-22" "metadata" "--manifest-path" "Cargo.toml" "--no-deps", kill_on_drop: false }`
[INFO] started tweaking git repo https://github.com/MetisProtocol/zkp_fast_prover_verfier
[INFO] finished tweaking git repo https://github.com/MetisProtocol/zkp_fast_prover_verfier
[INFO] tweaked toml for git repo https://github.com/MetisProtocol/zkp_fast_prover_verfier written to /workspace/builds/worker-4-tc2/source/Cargo.toml
[INFO] crate git repo https://github.com/MetisProtocol/zkp_fast_prover_verfier already has a lockfile, it will not be regenerated
[INFO] running `Command { std: CARGO_HOME="/workspace/cargo-home" RUSTUP_HOME="/workspace/rustup-home" "/workspace/cargo-home/bin/cargo" "+beta-2023-12-22" "fetch" "--manifest-path" "Cargo.toml", kill_on_drop: false }`
[INFO] running `Command { std: "docker" "create" "-v" "/var/lib/crater-agent-workspace/builds/worker-4-tc2/target:/opt/rustwide/target:rw,Z" "-v" "/var/lib/crater-agent-workspace/builds/worker-4-tc2/source:/opt/rustwide/workdir:ro,Z" "-v" "/var/lib/crater-agent-workspace/cargo-home:/opt/rustwide/cargo-home:ro,Z" "-v" "/var/lib/crater-agent-workspace/rustup-home:/opt/rustwide/rustup-home:ro,Z" "-e" "SOURCE_DIR=/opt/rustwide/workdir" "-e" "CARGO_TARGET_DIR=/opt/rustwide/target" "-e" "CARGO_HOME=/opt/rustwide/cargo-home" "-e" "RUSTUP_HOME=/opt/rustwide/rustup-home" "-w" "/opt/rustwide/workdir" "-m" "1610612736" "--user" "0:0" "--network" "none" "ghcr.io/rust-lang/crates-build-env/linux@sha256:2788e3201cd34a07e3172128adcd8b3090168a8e3bcc40d7c032b9dda1df7d1c" "/opt/rustwide/cargo-home/bin/cargo" "+beta-2023-12-22" "metadata" "--no-deps" "--format-version=1", kill_on_drop: false }`
[INFO] [stdout] a5900f10ff03538cbe2a527b9787666e8b46b3a336f5428b3b751919777b76a3
[INFO] running `Command { std: "docker" "start" "-a" "a5900f10ff03538cbe2a527b9787666e8b46b3a336f5428b3b751919777b76a3", kill_on_drop: false }`
[INFO] running `Command { std: "docker" "inspect" "a5900f10ff03538cbe2a527b9787666e8b46b3a336f5428b3b751919777b76a3", kill_on_drop: false }`
[INFO] running `Command { std: "docker" "rm" "-f" "a5900f10ff03538cbe2a527b9787666e8b46b3a336f5428b3b751919777b76a3", kill_on_drop: false }`
[INFO] [stdout] a5900f10ff03538cbe2a527b9787666e8b46b3a336f5428b3b751919777b76a3
[INFO] running `Command { std: "docker" "create" "-v" "/var/lib/crater-agent-workspace/builds/worker-4-tc2/target:/opt/rustwide/target:rw,Z" "-v" "/var/lib/crater-agent-workspace/builds/worker-4-tc2/source:/opt/rustwide/workdir:ro,Z" "-v" "/var/lib/crater-agent-workspace/cargo-home:/opt/rustwide/cargo-home:ro,Z" "-v" "/var/lib/crater-agent-workspace/rustup-home:/opt/rustwide/rustup-home:ro,Z" "-e" "SOURCE_DIR=/opt/rustwide/workdir" "-e" "CARGO_TARGET_DIR=/opt/rustwide/target" "-e" "CARGO_INCREMENTAL=0" "-e" "RUST_BACKTRACE=full" "-e" "RUSTFLAGS=--cap-lints=warn" "-e" "RUSTDOCFLAGS=--cap-lints=warn" "-e" "CARGO_HOME=/opt/rustwide/cargo-home" "-e" "RUSTUP_HOME=/opt/rustwide/rustup-home" "-w" "/opt/rustwide/workdir" "-m" "1610612736" "--user" "0:0" "--network" "none" "ghcr.io/rust-lang/crates-build-env/linux@sha256:2788e3201cd34a07e3172128adcd8b3090168a8e3bcc40d7c032b9dda1df7d1c" "/opt/rustwide/cargo-home/bin/cargo" "+beta-2023-12-22" "build" "--frozen" "--message-format=json", kill_on_drop: false }`
[INFO] [stdout] 20fa20f3bb3970c4721066cde8d4842f883db8f18322db2e2cc60bfd9a106091
[INFO] running `Command { std: "docker" "start" "-a" "20fa20f3bb3970c4721066cde8d4842f883db8f18322db2e2cc60bfd9a106091", kill_on_drop: false }`
[INFO] [stderr]    Compiling proc-macro2 v1.0.47
[INFO] [stderr]    Compiling unicode-ident v1.0.5
[INFO] [stderr]    Compiling quote v1.0.21
[INFO] [stderr]    Compiling syn v1.0.105
[INFO] [stderr]    Compiling libc v0.2.138
[INFO] [stderr]    Compiling typenum v1.16.0
[INFO] [stderr]    Compiling serde_derive v1.0.149
[INFO] [stderr]    Compiling serde v1.0.149
[INFO] [stderr]    Compiling thiserror v1.0.37
[INFO] [stderr]    Compiling crossbeam-utils v0.8.14
[INFO] [stderr]    Compiling memoffset v0.7.1
[INFO] [stderr]    Compiling generic-array v0.14.6
[INFO] [stderr]    Compiling byteorder v1.4.3
[INFO] [stderr]    Compiling getrandom v0.1.16
[INFO] [stderr]    Compiling cc v1.0.77
[INFO] [stderr]    Compiling libm v0.2.6
[INFO] [stderr]    Compiling proc-macro-error-attr v1.0.4
[INFO] [stderr]    Compiling num-traits v0.2.15
[INFO] [stderr]    Compiling crossbeam-epoch v0.9.13
[INFO] [stderr]    Compiling fnv v1.0.7
[INFO] [stderr]    Compiling siphasher v0.3.10
[INFO] [stderr]    Compiling once_cell v1.16.0
[INFO] [stderr]    Compiling ident_case v1.0.1
[INFO] [stderr]    Compiling strsim v0.10.0
[INFO] [stderr]    Compiling proc-macro-error v1.0.4
[INFO] [stderr]    Compiling byte-tools v0.3.1
[INFO] [stderr]    Compiling crunchy v0.2.2
[INFO] [stderr]    Compiling arrayvec v0.7.2
[INFO] [stderr]    Compiling proc-macro-hack v0.5.19
[INFO] [stderr]    Compiling unicode-width v0.1.10
[INFO] [stderr]    Compiling build_const v0.2.2
[INFO] [stderr]    Compiling crc v1.8.1
[INFO] [stderr]    Compiling block-padding v0.1.5
[INFO] [stderr]    Compiling phf_shared v0.10.0
[INFO] [stderr]    Compiling getrandom v0.2.8
[INFO] [stderr]    Compiling atty v0.2.14
[INFO] [stderr]    Compiling num-integer v0.1.45
[INFO] [stderr]    Compiling rand_core v0.5.1
[INFO] [stderr]    Compiling ahash v0.7.6
[INFO] [stderr]    Compiling rand_core v0.6.4
[INFO] [stderr]    Compiling rayon-core v1.10.1
[INFO] [stderr]    Compiling memchr v2.5.0
[INFO] [stderr]    Compiling byte-slice-cast v1.2.2
[INFO] [stderr]    Compiling snap v1.1.0
[INFO] [stderr]    Compiling rand_chacha v0.3.1
[INFO] [stderr]    Compiling unicode-segmentation v1.10.0
[INFO] [stderr]    Compiling static_assertions v1.1.0
[INFO] [stderr]    Compiling rand_chacha v0.2.2
[INFO] [stderr]    Compiling generic-array v0.12.4
[INFO] [stderr]    Compiling crossbeam-deque v0.8.2
[INFO] [stderr]    Compiling num_cpus v1.14.0
[INFO] [stderr]    Compiling ring v0.16.20
[INFO] [stderr]    Compiling rand v0.8.5
[INFO] [stderr]    Compiling block-buffer v0.7.3
[INFO] [stderr]    Compiling heck v0.3.3
[INFO] [stderr]    Compiling digest v0.8.1
[INFO] [stderr]    Compiling blake3 v1.3.3
[INFO] [stderr]    Compiling crossbeam-channel v0.5.6
[INFO] [stderr]    Compiling crypto-common v0.1.6
[INFO] [stderr]    Compiling block-buffer v0.10.3
[INFO] [stderr]    Compiling textwrap v0.11.0
[INFO] [stderr]    Compiling num-bigint v0.4.3
[INFO] [stderr]    Compiling fake-simd v0.1.2
[INFO] [stderr]    Compiling opaque-debug v0.2.3
[INFO] [stderr]    Compiling rustc-hex v2.1.0
[INFO] [stderr]    Compiling either v1.8.0
[INFO] [stderr]    Compiling ansi_term v0.12.1
[INFO] [stderr]    Compiling anyhow v1.0.66
[INFO] [stderr]    Compiling hex v0.4.3
[INFO] [stderr]    Compiling paw-raw v1.0.0
[INFO] [stderr]    Compiling subtle v2.4.1
[INFO] [stderr]    Compiling strsim v0.8.0
[INFO] [stderr]    Compiling vec_map v0.8.2
[INFO] [stderr]    Compiling serde_json v1.0.89
[INFO] [stderr]    Compiling digest v0.10.6
[INFO] [stderr]    Compiling fixed-hash v0.7.0
[INFO] [stderr]    Compiling clap v2.34.0
[INFO] [stderr]    Compiling sha2 v0.8.2
[INFO] [stderr]    Compiling uint v0.9.5
[INFO] [stderr]    Compiling phf_generator v0.10.0
[INFO] [stderr]    Compiling rand v0.7.3
[INFO] [stderr]    Compiling errno v0.2.8
[INFO] [stderr]    Compiling fs2 v0.4.3
[INFO] [stderr]    Compiling terminal_size v0.1.17
[INFO] [stderr]    Compiling untrusted v0.7.1
[INFO] [stderr]    Compiling constant_time_eq v0.2.4
[INFO] [stderr]    Compiling ryu v1.0.11
[INFO] [stderr]    Compiling arrayref v0.3.6
[INFO] [stderr]    Compiling spin v0.5.2
[INFO] [stderr]    Compiling integer-encoding v3.0.4
[INFO] [stderr]    Compiling itoa v1.0.4
[INFO] [stderr]    Compiling minimal-lexical v0.2.1
[INFO] [stderr]    Compiling hashbrown v0.12.3
[INFO] [stderr]    Compiling console v0.15.2
[INFO] [stderr]    Compiling rayon v1.6.0
[INFO] [stderr]    Compiling emojihash-rs v0.2.1
[INFO] [stderr]    Compiling itertools v0.10.5
[INFO] [stderr]    Compiling nom v7.1.1
[INFO] [stderr]    Compiling rand_distr v0.4.3
[INFO] [stderr]    Compiling colored v2.0.0
[INFO] [stderr]    Compiling toml v0.5.9
[INFO] [stderr]    Compiling rusty-leveldb v1.0.4
[INFO] [stderr]    Compiling rand_pcg v0.3.1
[INFO] [stderr]    Compiling darling_core v0.13.4
[INFO] [stderr]    Compiling thiserror-impl v1.0.37
[INFO] [stderr]    Compiling impl-trait-for-tuples v0.2.2
[INFO] [stderr]    Compiling paw-attributes v1.0.2
[INFO] [stderr]    Compiling structopt-derive v0.4.18
[INFO] [stderr]    Compiling phf_macros v0.10.0
[INFO] [stderr]    Compiling get-size-derive v0.1.1
[INFO] [stderr]    Compiling darling_macro v0.13.4
[INFO] [stderr]    Compiling get-size v0.1.1
[INFO] [stderr]    Compiling paw v1.0.0
[INFO] [stderr]    Compiling phf v0.10.1
[INFO] [stderr]    Compiling structopt v0.3.26
[INFO] [stderr]    Compiling proc-macro-crate v1.2.1
[INFO] [stderr]    Compiling darling v0.13.4
[INFO] [stderr]    Compiling serde_with_macros v1.5.2
[INFO] [stderr]    Compiling parity-scale-codec-derive v3.1.3
[INFO] [stderr]    Compiling parity-scale-codec v3.2.1
[INFO] [stderr]    Compiling impl-serde v0.3.2
[INFO] [stderr]    Compiling bincode v1.3.3
[INFO] [stderr]    Compiling serde_with v1.14.0
[INFO] [stderr]    Compiling serde-big-array v0.4.1
[INFO] [stderr]    Compiling impl-codec v0.6.0
[INFO] [stderr]    Compiling primitive-types v0.11.1
[INFO] [stderr]    Compiling twenty-first v0.4.0 (/opt/rustwide/workdir)
[INFO] [stderr]     Finished dev [unoptimized + debuginfo] target(s) in 16.21s
[INFO] running `Command { std: "docker" "inspect" "20fa20f3bb3970c4721066cde8d4842f883db8f18322db2e2cc60bfd9a106091", kill_on_drop: false }`
[INFO] running `Command { std: "docker" "rm" "-f" "20fa20f3bb3970c4721066cde8d4842f883db8f18322db2e2cc60bfd9a106091", kill_on_drop: false }`
[INFO] [stdout] 20fa20f3bb3970c4721066cde8d4842f883db8f18322db2e2cc60bfd9a106091
[INFO] running `Command { std: "docker" "create" "-v" "/var/lib/crater-agent-workspace/builds/worker-4-tc2/target:/opt/rustwide/target:rw,Z" "-v" "/var/lib/crater-agent-workspace/builds/worker-4-tc2/source:/opt/rustwide/workdir:ro,Z" "-v" "/var/lib/crater-agent-workspace/cargo-home:/opt/rustwide/cargo-home:ro,Z" "-v" "/var/lib/crater-agent-workspace/rustup-home:/opt/rustwide/rustup-home:ro,Z" "-e" "SOURCE_DIR=/opt/rustwide/workdir" "-e" "CARGO_TARGET_DIR=/opt/rustwide/target" "-e" "CARGO_INCREMENTAL=0" "-e" "RUST_BACKTRACE=full" "-e" "RUSTFLAGS=--cap-lints=warn" "-e" "RUSTDOCFLAGS=--cap-lints=warn" "-e" "CARGO_HOME=/opt/rustwide/cargo-home" "-e" "RUSTUP_HOME=/opt/rustwide/rustup-home" "-w" "/opt/rustwide/workdir" "-m" "1610612736" "--user" "0:0" "--network" "none" "ghcr.io/rust-lang/crates-build-env/linux@sha256:2788e3201cd34a07e3172128adcd8b3090168a8e3bcc40d7c032b9dda1df7d1c" "/opt/rustwide/cargo-home/bin/cargo" "+beta-2023-12-22" "test" "--frozen" "--no-run" "--message-format=json", kill_on_drop: false }`
[INFO] [stdout] f21188b716d2e66bd352d1a1ab7a6af8f170bea995a091c68f904070038452af
[INFO] running `Command { std: "docker" "start" "-a" "f21188b716d2e66bd352d1a1ab7a6af8f170bea995a091c68f904070038452af", kill_on_drop: false }`
[INFO] [stderr]    Compiling darling_core v0.13.4
[INFO] [stderr]    Compiling remove_dir_all v0.5.3
[INFO] [stderr]    Compiling regex-automata v0.1.10
[INFO] [stderr]    Compiling plotters-backend v0.3.4
[INFO] [stderr]    Compiling fastrand v1.8.0
[INFO] [stderr]    Compiling regex-syntax v0.6.28
[INFO] [stderr]    Compiling csv-core v0.1.10
[INFO] [stderr]    Compiling wait-timeout v0.2.0
[INFO] [stderr]    Compiling cast v0.3.0
[INFO] [stderr]    Compiling bit-vec v0.6.3
[INFO] [stderr]    Compiling itoa v0.4.8
[INFO] [stderr]    Compiling same-file v1.0.6
[INFO] [stderr]    Compiling half v1.8.2
[INFO] [stderr]    Compiling cargo-husky v1.5.0
[INFO] [stderr]    Compiling tinytemplate v1.2.1
[INFO] [stderr]    Compiling rand_xorshift v0.3.0
[INFO] [stderr]    Compiling oorandom v11.1.3
[INFO] [stderr]    Compiling walkdir v2.3.2
[INFO] [stderr]    Compiling quick-error v2.0.1
[INFO] [stderr]    Compiling tempfile v3.3.0
[INFO] [stderr]    Compiling plotters-svg v0.3.3
[INFO] [stderr]    Compiling bit-set v0.5.3
[INFO] [stderr]    Compiling bstr v0.2.17
[INFO] [stderr]    Compiling serde_cbor v0.11.2
[INFO] [stderr]    Compiling criterion-plot v0.4.5
[INFO] [stderr]    Compiling plotters v0.3.4
[INFO] [stderr]    Compiling rusty-fork v0.3.0
[INFO] [stderr]    Compiling csv v1.1.6
[INFO] [stderr]    Compiling darling_macro v0.13.4
[INFO] [stderr]    Compiling regex v1.7.0
[INFO] [stderr]    Compiling proptest v1.0.0
[INFO] [stderr]    Compiling darling v0.13.4
[INFO] [stderr]    Compiling serde_with_macros v1.5.2
[INFO] [stderr]    Compiling criterion v0.3.6
[INFO] [stderr]    Compiling serde_with v1.14.0
[INFO] [stderr]    Compiling twenty-first v0.4.0 (/opt/rustwide/workdir)
[INFO] [stderr]     Finished test [unoptimized + debuginfo] target(s) in 11.61s
[INFO] running `Command { std: "docker" "inspect" "f21188b716d2e66bd352d1a1ab7a6af8f170bea995a091c68f904070038452af", kill_on_drop: false }`
[INFO] running `Command { std: "docker" "rm" "-f" "f21188b716d2e66bd352d1a1ab7a6af8f170bea995a091c68f904070038452af", kill_on_drop: false }`
[INFO] [stdout] f21188b716d2e66bd352d1a1ab7a6af8f170bea995a091c68f904070038452af
[INFO] running `Command { std: "docker" "create" "-v" "/var/lib/crater-agent-workspace/builds/worker-4-tc2/target:/opt/rustwide/target:rw,Z" "-v" "/var/lib/crater-agent-workspace/builds/worker-4-tc2/source:/opt/rustwide/workdir:ro,Z" "-v" "/var/lib/crater-agent-workspace/cargo-home:/opt/rustwide/cargo-home:ro,Z" "-v" "/var/lib/crater-agent-workspace/rustup-home:/opt/rustwide/rustup-home:ro,Z" "-e" "SOURCE_DIR=/opt/rustwide/workdir" "-e" "CARGO_TARGET_DIR=/opt/rustwide/target" "-e" "CARGO_INCREMENTAL=0" "-e" "RUST_BACKTRACE=full" "-e" "RUSTFLAGS=--cap-lints=warn" "-e" "RUSTDOCFLAGS=--cap-lints=warn" "-e" "CARGO_HOME=/opt/rustwide/cargo-home" "-e" "RUSTUP_HOME=/opt/rustwide/rustup-home" "-w" "/opt/rustwide/workdir" "-m" "1610612736" "--user" "0:0" "--network" "none" "ghcr.io/rust-lang/crates-build-env/linux@sha256:2788e3201cd34a07e3172128adcd8b3090168a8e3bcc40d7c032b9dda1df7d1c" "/opt/rustwide/cargo-home/bin/cargo" "+beta-2023-12-22" "test" "--frozen", kill_on_drop: false }`
[INFO] [stdout] b82262e80583caac364028cd84c1dfc089fd76e569af6463aec11d5a75ba18c5
[INFO] running `Command { std: "docker" "start" "-a" "b82262e80583caac364028cd84c1dfc089fd76e569af6463aec11d5a75ba18c5", kill_on_drop: false }`
[INFO] [stderr]     Finished test [unoptimized + debuginfo] target(s) in 0.12s
[INFO] [stderr]      Running unittests src/lib.rs (/opt/rustwide/target/debug/deps/twenty_first-2c34961b295413ce)
[INFO] [stdout] 
[INFO] [stdout] running 276 tests
[INFO] [stdout] test amount::dyadic_rationals::dyadic_rationals_tests::equality_test ... ok
[INFO] [stdout] test amount::dyadic_rationals::dyadic_rationals_tests::mul_simple_test ... ok
[INFO] [stdout] test amount::dyadic_rationals::dyadic_rationals_tests::additive_inverse_test ... ok
[INFO] [stdout] test amount::dyadic_rationals::dyadic_rationals_tests::canonize_simple_test ... ok
[INFO] [stdout] test amount::dyadic_rationals::dyadic_rationals_tests::simple_add_test ... ok
[INFO] [stdout] test amount::dyadic_rationals::dyadic_rationals_tests::scalar_mul_simple_test ... ok
[INFO] [stdout] test amount::dyadic_rationals::dyadic_rationals_tests::simple_sub_test ... ok
[INFO] [stdout] test amount::u32s::u32s_tests::biguinteger_conversion_test ... ok
[INFO] [stdout] test amount::u32s::u32s_tests::compare_simple_test ... ok
[INFO] [stdout] test amount::u32s::u32s_tests::compare_simple_test_more ... ok
[INFO] [stdout] test amount::u32s::u32s_tests::crash ... ignored
[INFO] [stdout] test amount::u32s::u32s_tests::convert_to_bfields_test ... ok
[INFO] [stdout] test amount::u32s::u32s_tests::div_2_pbt ... ok
[INFO] [stdout] test amount::u32s::u32s_tests::mod_div_simple_test_1 ... ok
[INFO] [stdout] test amount::u32s::u32s_tests::display_u32s ... ok
[INFO] [stdout] test amount::u32s::u32s_tests::get_bit_test ... ok
[INFO] [stdout] test amount::u32s::u32s_tests::mod_div_simple_test_2 ... ok
[INFO] [stdout] test amount::u32s::u32s_tests::mul_test_with_carry ... ok
[INFO] [stdout] test amount::u32s::u32s_tests::mod_div_simple_test_0 ... ok
[INFO] [stdout] test amount::dyadic_rationals::dyadic_rationals_tests::canonize_pbt ... ok
[INFO] [stdout] test amount::u32s::u32s_tests::biguinteger_conversion_pbt ... ok
[INFO] [stdout] test amount::u32s::u32s_tests::identity_mul_test ... ok
[INFO] [stdout] test amount::u32s::u32s_tests::mul_two_div_two_simple_test ... ok
[INFO] [stdout] test amount::u32s::u32s_tests::simple_add_test ... ok
[INFO] [stdout] test amount::u32s::u32s_tests::simple_mul_test ... ok
[INFO] [stdout] test amount::u32s::u32s_tests::mul_two_div_two_pbt ... ok
[INFO] [stdout] test amount::u32s::u32s_tests::serialization_test ... ok
[INFO] [stdout] test amount::u32s::u32s_tests::simple_sum_test ... ok
[INFO] [stdout] test amount::u32s::u32s_tests::simple_sub_test ... ok
[INFO] [stdout] test amount::u32s::u32s_tests::u32_conversion_test ... ok
[INFO] [stdout] test shared_math::b_field_element::b_prime_field_element_test::b_field_xgcd_test ... ok
[INFO] [stdout] test shared_math::b_field_element::b_prime_field_element_test::add_sub_wrap_around_test ... ok
[INFO] [stdout] test amount::u32s::u32s_tests::sub_add_pbt ... ok
[INFO] [stdout] test shared_math::b_field_element::b_prime_field_element_test::create_polynomial_test ... ok
[INFO] [stdout] test shared_math::b_field_element::b_prime_field_element_test::byte_array_conversion_multiple_test ... ok
[INFO] [stdout] test shared_math::b_field_element::b_prime_field_element_test::byte_array_conversion_test ... ok
[INFO] [stdout] test shared_math::b_field_element::b_prime_field_element_test::display_test ... ok
[INFO] [stdout] test shared_math::b_field_element::b_prime_field_element_test::equality_and_hash_test ... ok
[INFO] [stdout] test amount::dyadic_rationals::dyadic_rationals_tests::mul_div_pow_two_pbt ... ok
[INFO] [stdout] test shared_math::b_field_element::b_prime_field_element_test::get_primitive_root_of_unity_test ... ok
[INFO] [stdout] test shared_math::b_field_element::b_prime_field_element_test::inverse_or_zero_bfe ... ok
[INFO] [stdout] test shared_math::b_field_element::b_prime_field_element_test::inversion_property_based_test ... ok
[INFO] [stdout] test amount::u32s::u32s_tests::get_bit_set_bit_pbt ... ok
[INFO] [stdout] test amount::u32s::u32s_tests::set_bit_simple_test ... ok
[INFO] [stdout] test shared_math::b_field_element::b_prime_field_element_test::lift_property_test ... ok
[INFO] [stdout] test shared_math::b_field_element::b_prime_field_element_test::mod_pow_test ... ok
[INFO] [stdout] test shared_math::b_field_element::b_prime_field_element_test::inversion_test ... ok
[INFO] [stdout] test amount::u32s::u32s_tests::div_mul_pbt ... ok
[INFO] [stdout] test shared_math::b_field_element::b_prime_field_element_test::mul_div_pbt ... ok
[INFO] [stdout] test shared_math::b_field_element::b_prime_field_element_test::neg_test ... ok
[INFO] [stdout] test shared_math::b_field_element::b_prime_field_element_test::next_and_previous_test ... ok
[INFO] [stdout] test shared_math::b_field_element::b_prime_field_element_test::power_accumulator_simple_test ... ok
[INFO] [stdout] test shared_math::b_field_element::b_prime_field_element_test::simple_generator_test ... ok
[INFO] [stdout] test shared_math::b_field_element::b_prime_field_element_test::simple_lift_test ... ok
[INFO] [stdout] test shared_math::b_field_element::b_prime_field_element_test::simple_value_test ... ok
[INFO] [stdout] test shared_math::b_field_element::b_prime_field_element_test::test_zero_one ... ok
[INFO] [stdout] test shared_math::fri::fri_tests::get_rounds_count_test ... ok
[INFO] [stdout] test shared_math::fri::fri_domain_tests::x_values_test ... ok
[INFO] [stdout] test shared_math::b_field_element::b_prime_field_element_test::mul_div_plus_minus_neg_property_based_test ... ok
[INFO] [stdout] test shared_math::mpolynomial::test_mpolynomials::degree_bounds_big ... ok
[INFO] [stdout] test shared_math::b_field_element::b_prime_field_element_test::uniqueness_of_consecutive_emojis_bfe ... ok
[INFO] [stdout] test shared_math::mpolynomial::test_mpolynomials::equality_test ... ok
[INFO] [stdout] test shared_math::mpolynomial::test_mpolynomials::evaluate_test ... ok
[INFO] [stdout] test shared_math::b_field_element::b_prime_field_element_test::identity_tests ... ok
[INFO] [stdout] test shared_math::mpolynomial::test_mpolynomials::evaluate_symbolic_with_zeros_test ... ok
[INFO] [stdout] test shared_math::mpolynomial::test_mpolynomials::ignore_zero_coefficients_for_total_degree_computation_test ... ok
[INFO] [stdout] test amount::dyadic_rationals::dyadic_rationals_tests::add_sub_pbt ... ok
[INFO] [stdout] test shared_math::mpolynomial::test_mpolynomials::is_one_test ... ok
[INFO] [stdout] test shared_math::mpolynomial::test_mpolynomials::lift_test ... ok
[INFO] [stdout] test shared_math::mpolynomial::test_mpolynomials::mpoly_hashing_is_deterministic_and_unaffected_by_zero_coefficients_test ... ok
[INFO] [stdout] test shared_math::mpolynomial::test_mpolynomials::extract_exponents_list_test ... ok
[INFO] [stdout] test shared_math::mpolynomial::test_mpolynomials::add_assign_simple_test ... ok
[INFO] [stdout] test shared_math::mpolynomial::test_mpolynomials::evaluate_symbolic_test ... ok
[INFO] [stdout] test shared_math::b_field_element::b_prime_field_element_test::batch_inversion_pbt ... ok
[INFO] [stdout] test shared_math::mpolynomial::test_mpolynomials::print_display_xfield_test ... ok
[INFO] [stdout] test shared_math::mpolynomial::test_mpolynomials::simple_add_test ... ok
[INFO] [stdout] test shared_math::mpolynomial::test_mpolynomials::simple_mul_test ... ok
[INFO] [stdout] test shared_math::mpolynomial::test_mpolynomials::mut_with_one_test ... ok
[INFO] [stdout] test shared_math::mpolynomial::test_mpolynomials::print_display_bfield_test ... ok
[INFO] [stdout] test shared_math::mpolynomial::test_mpolynomials::simple_sub_test ... ok
[INFO] [stdout] test shared_math::mpolynomial::test_mpolynomials::simple_pow_test ... ok
[INFO] [stdout] test shared_math::mpolynomial::test_mpolynomials::precalculate_scalar_exponents_simple_test ... ok
[INFO] [stdout] test shared_math::mpolynomial::test_mpolynomials::square_test ... ok
[INFO] [stdout] test shared_math::mpolynomial::test_mpolynomials::mpolys_in_hash_set_test ... ok
[INFO] [stdout] test shared_math::mpolynomial::test_mpolynomials::symbolic_degree_bound_ones ... ok
[INFO] [stdout] test shared_math::mpolynomial::test_mpolynomials::square_test_simple ... ok
[INFO] [stdout] test shared_math::mpolynomial::test_mpolynomials::symbolic_degree_bound_zero ... ok
[INFO] [stdout] test shared_math::mpolynomial::test_mpolynomials::symbolic_degree_bound_zeroes ... ok
[INFO] [stdout] test shared_math::mpolynomial::test_mpolynomials::variables_test ... ok
[INFO] [stdout] test shared_math::mpolynomial::test_mpolynomials::symbolic_degree_bound_simple ... ok
[INFO] [stdout] test shared_math::mpolynomial::test_mpolynomials::symbolic_degree_bound_simple2 ... ok
[INFO] [stdout] test shared_math::ntt::fast_ntt_attempt_tests::b_field_ntt_with_length_32 ... ok
[INFO] [stdout] test shared_math::mpolynomial::test_mpolynomials::mul_commutative_test ... ok
[INFO] [stdout] test shared_math::mpolynomial::test_mpolynomials::symbolic_degree_bound_random ... ok
[INFO] [stdout] test shared_math::ntt::fast_ntt_attempt_tests::bfield_max_value_test_of_chu_ntt ... ok
[INFO] [stdout] test shared_math::other::test_other::bigint_test ... ok
[INFO] [stdout] test shared_math::ntt::fast_ntt_attempt_tests::xfield_basic_test_of_chu_ntt ... ok
[INFO] [stdout] test shared_math::other::test_other::bit_representation_test ... ok
[INFO] [stdout] test shared_math::other::test_other::binary_tree_properties ... ok
[INFO] [stdout] test shared_math::ntt::fast_ntt_attempt_tests::bfield_basic_test_of_chu_ntt ... ok
[INFO] [stdout] test shared_math::other::test_other::is_power_of_two_test ... ok
[INFO] [stdout] test shared_math::other::test_other::count_bits_test ... ok
[INFO] [stdout] test shared_math::other::test_other::log_2_ceil_test ... ok
[INFO] [stdout] test shared_math::ntt::fast_ntt_attempt_tests::chu_ntt_b_field_prop_test ... ok
[INFO] [stdout] test shared_math::other::test_other::powers_of_two_below_test ... ok
[INFO] [stdout] test shared_math::mpolynomial::test_mpolynomials::symbolic_degree_bound_prop ... ok
[INFO] [stdout] test shared_math::other::test_other::small_tree4 ... ok
[INFO] [stdout] test shared_math::other::test_other::small_tree1 ... ok
[INFO] [stdout] test shared_math::polynomial::test_polynomials::constant_zero_eq_constant_zero ... ok
[INFO] [stdout] test shared_math::other::test_other::small_tree2 ... ok
[INFO] [stdout] test shared_math::polynomial::test_polynomials::add_assign_test ... ok
[INFO] [stdout] test shared_math::polynomial::test_polynomials::differentiate_quartic ... ok
[INFO] [stdout] test shared_math::polynomial::test_polynomials::differentiate_zero ... ok
[INFO] [stdout] test shared_math::polynomial::test_polynomials::differentiate_leibniz ... ok
[INFO] [stdout] test shared_math::polynomial::test_polynomials::differentiate_const ... ok
[INFO] [stdout] test shared_math::polynomial::test_polynomials::fast_coset_evaluate_test ... ok
[INFO] [stdout] test amount::u32s::u32s_tests::mul_overflow_test_0 - should panic ... ok
[INFO] [stdout] test shared_math::polynomial::test_polynomials::equality ... ok
[INFO] [stdout] test shared_math::polynomial::test_polynomials::fast_coset_divide_test ... ok
[INFO] [stdout] test shared_math::polynomial::test_polynomials::fast_evaluate_test ... ok
[INFO] [stdout] test amount::u32s::u32s_tests::mul_overflow_test_1 - should panic ... ok
[INFO] [stdout] test shared_math::polynomial::test_polynomials::fast_multiply_test ... ok
[INFO] [stdout] test amount::u32s::u32s_tests::sum_panic_test - should panic ... ok
[INFO] [stdout] test shared_math::b_field_element::b_prime_field_element_test::multiplicative_inverse_of_p - should panic ... ok
[INFO] [stdout] test shared_math::b_field_element::b_prime_field_element_test::disallow_conversion_of_u8_array_outside_range - should panic ... ok
[INFO] [stdout] test shared_math::b_field_element::b_prime_field_element_test::multiplicative_inverse_of_zero - should panic ... ok
[INFO] [stdout] test shared_math::other::test_other::small_tree0_node_count - should panic ... ok
[INFO] [stdout] test shared_math::ntt::fast_ntt_attempt_tests::chu_ntt_x_field_prop_test ... ok
[INFO] [stdout] test shared_math::polynomial::test_polynomials::fast_interpolate_test ... ok
[INFO] [stdout] test shared_math::other::test_other::small_tree0_height - should panic ... ok
[INFO] [stdout] test shared_math::polynomial::test_polynomials::fast_square_test ... ok
[INFO] [stdout] test shared_math::polynomial::test_polynomials::fast_lagrange_interpolate_test ... ok
[INFO] [stdout] test shared_math::polynomial::test_polynomials::mod_pow_test ... ok
[INFO] [stdout] test shared_math::polynomial::test_polynomials::get_point_on_line_tests ... ok
[INFO] [stdout] test shared_math::polynomial::test_polynomials::fast_zerofier_test ... ok
[INFO] [stdout] test shared_math::polynomial::test_polynomials::mul_commutative_test ... ok
[INFO] [stdout] test shared_math::polynomial::test_polynomials::one_test ... ok
[INFO] [stdout] test shared_math::polynomial::test_polynomials::is_x_test ... ok
[INFO] [stdout] test shared_math::polynomial::test_polynomials::normalize_test ... ok
[INFO] [stdout] test shared_math::polynomial::test_polynomials::leading_coefficient_test ... ok
[INFO] [stdout] test shared_math::polynomial::test_polynomials::get_point_on_invalid_line_test - should panic ... FAILED
[INFO] [stdout] test shared_math::polynomial::test_polynomials::polynomial_are_colinear_3_test ... ok
[INFO] [stdout] test shared_math::polynomial::test_polynomials::pol_div_bug_detection_test ... ok
[INFO] [stdout] test shared_math::polynomial::test_polynomials::lagrange_interpolate_test ... ok
[INFO] [stdout] test shared_math::polynomial::test_polynomials::panic_when_one_is_not_one - should panic ... ok
[INFO] [stdout] test shared_math::polynomial::test_polynomials::polynomial_are_colinear_test ... ok
[INFO] [stdout] test shared_math::polynomial::test_polynomials::polynomial_are_colinear_test_big ... ok
[INFO] [stdout] test shared_math::polynomial::test_polynomials::polynomial_shift_test ... ok
[INFO] [stdout] test shared_math::polynomial::test_polynomials::polynomial_divide_test ... ok
[INFO] [stdout] test shared_math::polynomial::test_polynomials::property_based_slow_lagrange_interpolation_test_big ... ok
[INFO] [stdout] test shared_math::polynomial::test_polynomials::polynomial_display_test ... ok
[INFO] [stdout] test shared_math::polynomial::test_polynomials::polynomial_arithmetic_division_test ... ok
[INFO] [stdout] test shared_math::polynomial::test_polynomials::square_simple_test ... ok
[INFO] [stdout] test shared_math::polynomial::test_polynomials::zero_test ... ok
[INFO] [stdout] test shared_math::polynomial::test_polynomials::property_based_slow_lagrange_interpolation_test ... ok
[INFO] [stdout] test shared_math::polynomial::test_polynomials::fast_interpolate_pbt ... ok
[INFO] [stdout] test shared_math::polynomial::test_polynomials::polynomial_arithmetic_property_based_test_big ... ok
[INFO] [stdout] test shared_math::rescue_prime_digest::digest_tests::digest_from_str ... ok
[INFO] [stdout] test shared_math::rescue_prime_digest::digest_tests::get_size ... ok
[INFO] [stdout] test shared_math::rescue_prime_digest::digest_tests::signature_digest_conversion_test ... ok
[INFO] [stdout] test shared_math::x_field_element::x_field_element_test::incr_decr_test ... ok
[INFO] [stdout] test shared_math::x_field_element::x_field_element_test::inverse_or_zero_xfe ... ok
[INFO] [stdout] test shared_math::x_field_element::x_field_element_test::mul_xfe_with_bfe_pbt ... ok
[INFO] [stdout] test shared_math::x_field_element::x_field_element_test::one_zero_test ... ok
[INFO] [stdout] test shared_math::rescue_prime_regular::rescue_prime_regular_tests::trace_consistent_test ... ok
[INFO] [stdout] test shared_math::rescue_prime_regular::rescue_prime_regular_tests::test_compliance ... ok
[INFO] [stdout] test shared_math::polynomial::test_polynomials::polynomial_arithmetic_property_based_test ... ok
[INFO] [stdout] test shared_math::polynomial::test_polynomials::xgcd_b_field_pol_test ... ok
[INFO] [stdout] test shared_math::polynomial::test_polynomials::zerofier_test ... ok
[INFO] [stdout] test shared_math::x_field_element::x_field_element_test::x_field_add_test ... ok
[INFO] [stdout] test shared_math::x_field_element::x_field_element_test::x_field_inv_test ... ok
[INFO] [stdout] test shared_math::x_field_element::x_field_element_test::x_field_into_test ... ok
[INFO] [stdout] test shared_math::x_field_element::x_field_element_test::uniqueness_of_consecutive_emojis_xfe ... ok
[INFO] [stdout] test shared_math::x_field_element::x_field_element_test::x_field_mul_test ... ok
[INFO] [stdout] test shared_math::x_field_element::x_field_element_test::x_field_ntt_test ... ok
[INFO] [stdout] test shared_math::x_field_element::x_field_element_test::x_field_overloaded_arithmetic_test ... ok
[INFO] [stdout] test shared_math::x_field_element::x_field_element_test::x_field_mod_pow_test ... ok
[INFO] [stdout] test shared_math::x_field_element::x_field_element_test::x_field_random_element_generation_test ... ok
[INFO] [stdout] test shared_math::x_field_element::x_field_element_test::x_field_xgcp_test ... ok
[INFO] [stdout] test shared_math::x_field_element::x_field_element_test::x_field_inversion_pbt ... ok
[INFO] [stdout] test shared_math::x_field_element::x_field_element_test::x_field_sub_test ... ok
[INFO] [stdout] test util_types::database_vector::database_vector_tests::index_zero_test ... ok
[INFO] [stdout] test util_types::database_array::database_array_tests::panic_on_index_out_of_range_empty_test - should panic ... ok
[INFO] [stdout] test util_types::database_vector::database_vector_tests::batch_set_test ... ok
[INFO] [stdout] test util_types::database_vector::database_vector_tests::panic_on_index_out_of_range_empty_test - should panic ... ok
[INFO] [stdout] test shared_math::mpolynomial::test_mpolynomials::pow_test ... ok
[INFO] [stdout] test shared_math::polynomial::test_polynomials::xgcd_x_field_pol_test ... ok
[INFO] [stdout] test util_types::database_vector::database_vector_tests::push_pop_test ... ok
[INFO] [stdout] test shared_math::polynomial::test_polynomials::square_test ... ok
[INFO] [stdout] test util_types::database_array::database_array_tests::init_and_default_values_test ... ok
[INFO] [stdout] test util_types::database_array::database_array_tests::panic_on_index_out_of_range_length_one_set_test - should panic ... ok
[INFO] [stdout] test util_types::database_vector::database_vector_tests::panic_on_index_out_of_range_length_one_set_test - should panic ... ok
[INFO] [stdout] test util_types::database_vector::database_vector_tests::restore_test ... ok
[INFO] [stdout] test util_types::merkle_tree::merkle_tree_test::merkle_tree_get_authentication_path_test ... ok
[INFO] [stdout] test util_types::database_vector::database_vector_tests::panic_on_index_out_of_range_length_one_test - should panic ... ok
[INFO] [stdout] test util_types::merkle_tree::merkle_tree_test::merkle_tree_verify_authentication_structure_degenerate_test ... ok
[INFO] [stdout] test util_types::merkle_tree::merkle_tree_test::salted_merkle_tree_get_authentication_path_small_test ... ok
[INFO] [stdout] test util_types::merkle_tree::merkle_tree_test::salted_merkle_tree_get_authentication_path_medium_test ... ok
[INFO] [stdout] test util_types::merkle_tree::merkle_tree_test::root_from_arbitrary_number_of_digests_empty_test ... ok
[INFO] [stdout] test util_types::merkle_tree::merkle_tree_test::merkle_tree_verify_authentication_structure_equivalence_test ... ok
[INFO] [stdout] test util_types::database_vector::database_vector_tests::push_many_test ... ok
[INFO] [stdout] test util_types::merkle_tree::merkle_tree_test::salted_merkle_tree_regression_test_0 ... ok
[INFO] [stdout] test util_types::merkle_tree::merkle_tree_test::salted_merkle_tree_multipath_test ... ok
[INFO] [stdout] test util_types::merkle_tree::merkle_tree_test::verify_authentication_path_from_leaf_hash_with_memoization_test ... ok
[INFO] [stdout] test util_types::mmr::archival_mmr::mmr_test::bag_peaks_blake3_test ... ok
[INFO] [stdout] test util_types::mmr::archival_mmr::mmr_test::empty_mmr_behavior_test ... ok
[INFO] [stdout] test shared_math::x_field_element::x_field_element_test::x_field_division_mul_pbt ... ok
[INFO] [stdout] test util_types::merkle_tree::merkle_tree_test::root_from_odd_number_of_digests_test ... ok
[INFO] [stdout] test util_types::mmr::archival_mmr::mmr_test::mutate_leaf_archival_test ... ok
[INFO] [stdout] test util_types::merkle_tree::merkle_tree_test::verify_some_payload ... ok
[INFO] [stdout] test util_types::mmr::archival_mmr::mmr_test::one_input_mmr_test ... ok
[INFO] [stdout] test util_types::mmr::archival_mmr::mmr_test::remove_last_leaf_test ... ok
[INFO] [stdout] test util_types::mmr::archival_mmr::mmr_test::two_input_mmr_test ... ok
[INFO] [stdout] test util_types::mmr::archival_mmr::mmr_test::remove_last_leaf_pbt ... ok
[INFO] [stdout] test shared_math::polynomial::test_polynomials::fast_zerofier_pb_test ... ok
[INFO] [stdout] test util_types::mmr::archival_mmr::mmr_test::verify_against_correct_peak_test ... ok
[INFO] [stdout] test util_types::merkle_tree::merkle_tree_test::merkle_tree_test_32 ... ok
[INFO] [stdout] test util_types::mmr::mmr_accumulator::accumulator_mmr_tests::conversion_test ... ok
[INFO] [stdout] test util_types::mmr::mmr_accumulator::accumulator_mmr_tests::mmra_serialization_test ... ok
[INFO] [stdout] test shared_math::polynomial::test_polynomials::mod_pow_arbitrary_test ... ok
[INFO] [stdout] test util_types::mmr::mmr_accumulator::accumulator_mmr_tests::verify_batch_update_single_append_test ... ok
[INFO] [stdout] test util_types::mmr::mmr_accumulator::accumulator_mmr_tests::verify_batch_update_single_mutate_test ... ok
[INFO] [stdout] test util_types::mmr::mmr_accumulator::accumulator_mmr_tests::verify_batch_update_two_append_test ... ok
[INFO] [stdout] test util_types::mmr::mmr_accumulator::accumulator_mmr_tests::verify_batch_update_two_mutate_test ... ok
[INFO] [stdout] test shared_math::fri::fri_tests::fri_x_field_limit_test ... ok
[INFO] [stdout] test shared_math::polynomial::test_polynomials::fast_evaluate_pb_test ... ok
[INFO] [stdout] test util_types::mmr::mmr_membership_proof::mmr_membership_proof_test::batch_update_from_leaf_mutation_no_change_return_value_test ... ok
[INFO] [stdout] test util_types::mmr::mmr_membership_proof::mmr_membership_proof_test::equality_and_hash_test ... ok
[INFO] [stdout] test util_types::mmr::mmr_membership_proof::mmr_membership_proof_test::get_node_indices_simple_test ... ok
[INFO] [stdout] test util_types::mmr::mmr_membership_proof::mmr_membership_proof_test::get_peak_index_simple_test ... ok
[INFO] [stdout] test util_types::mmr::mmr_membership_proof::mmr_membership_proof_test::serialization_test ... ok
[INFO] [stdout] test util_types::mmr::mmr_membership_proof::mmr_membership_proof_test::update_batch_membership_proofs_from_batch_leaf_mutations_test ... ok
[INFO] [stdout] test util_types::mmr::mmr_membership_proof::mmr_membership_proof_test::update_batch_membership_proofs_from_leaf_mutations_new_test ... ok
[INFO] [stdout] test util_types::merkle_tree::merkle_tree_test::verify_all_leaves_individually ... ok
[INFO] [stdout] test shared_math::fri::fri_tests::fri_on_x_field_test ... ok
[INFO] [stdout] test util_types::mmr::mmr_membership_proof::mmr_membership_proof_test::update_membership_proof_from_append_simple ... ok
[INFO] [stdout] test util_types::mmr::mmr_membership_proof::mmr_membership_proof_test::batch_update_from_batch_leaf_mutation_total_replacement_test ... ok
[INFO] [stdout] test util_types::mmr::mmr_membership_proof::mmr_membership_proof_test::update_membership_proof_from_leaf_mutation_test ... ok
[INFO] [stdout] test util_types::mmr::shared::mmr_test::calculate_new_peaks_from_leaf_mutation_empty_mmr_test ... ok
[INFO] [stdout] test util_types::mmr::shared::mmr_test::data_index_node_index_pbt ... ok
[INFO] [stdout] test util_types::mmr::shared::mmr_test::data_index_to_node_index_test ... ok
[INFO] [stdout] test util_types::mmr::shared::mmr_test::get_authentication_path_node_indices_test ... ok
[INFO] [stdout] test util_types::mmr::shared::mmr_test::get_height_from_data_index_test ... ok
[INFO] [stdout] test util_types::mmr::shared::mmr_test::get_peak_heights_and_peak_node_indices_test ... ok
[INFO] [stdout] test util_types::mmr::shared::mmr_test::is_right_child_test ... ok
[INFO] [stdout] test util_types::mmr::shared::mmr_test::leaf_count_to_node_count_test ... ok
[INFO] [stdout] test util_types::mmr::shared::mmr_test::leaf_index_to_peak_index_test ... ok
[INFO] [stdout] test util_types::mmr::shared::mmr_test::left_sibling_test ... ok
[INFO] [stdout] test util_types::mmr::shared::mmr_test::leftmost_ancestor_test ... ok
[INFO] [stdout] test util_types::mmr::shared::mmr_test::node_index_to_data_index_test ... ok
[INFO] [stdout] test util_types::mmr::shared::mmr_test::node_indices_added_by_append_test ... ok
[INFO] [stdout] test util_types::mmr::mmr_membership_proof::mmr_membership_proof_test::batch_update_from_batch_leaf_mutation_test ... ok
[INFO] [stdout] test util_types::mmr::shared::mmr_test::non_leaf_nodes_left_test ... ok
[INFO] [stdout] test util_types::proof_stream::test_proof_stream::ps_empty_ts ... ok
[INFO] [stdout] test util_types::proof_stream::test_proof_stream::ps_enq_deq_enq_deq ... ok
[INFO] [stdout] test util_types::proof_stream::test_proof_stream::ps_is_fifo_no_lifo ... ok
[INFO] [stdout] test util_types::proof_stream::test_proof_stream::ps_enqueue_then_dequeue ... ok
[INFO] [stdout] test util_types::mmr::archival_mmr::mmr_test::variable_size_blake3_mmr_test ... ok
[INFO] [stdout] test util_types::proof_stream::test_proof_stream::ps_test_default_empty_initiation ... ok
[INFO] [stdout] test util_types::proof_stream_typed::proof_stream_typed_tests::enqueue_dequeue_test ... ok
[INFO] [stdout] test util_types::proof_stream_typed::proof_stream_typed_tests::prover_verifier_fiat_shamir_test ... ok
[INFO] [stdout] test utils::test_utils::has_unique_elements_test ... ok
[INFO] [stdout] test util_types::proof_stream::test_proof_stream::ps_thrice_enqueue_then_dequeue ... ok
[INFO] [stdout] test util_types::mmr::mmr_membership_proof::mmr_membership_proof_test::update_membership_proof_from_append_big_rescue_prime ... ok
[INFO] [stdout] test shared_math::mpolynomial::test_mpolynomials::precalculate_exponents_memoization_test ... ok
[INFO] [stdout] test util_types::mmr::mmr_membership_proof::mmr_membership_proof_test::update_membership_proof_from_leaf_mutation_blake3_big_test ... ok
[INFO] [stdout] test util_types::mmr::archival_mmr::mmr_test::variable_size_rescue_prime_mmr_test ... ok
[INFO] [stdout] test shared_math::polynomial::test_polynomials::interpolate_pb_test ... ok
[INFO] [stdout] test util_types::mmr::mmr_accumulator::accumulator_mmr_tests::batch_mutate_leaf_and_update_mps_test ... ok
[INFO] [stdout] test util_types::merkle_tree::merkle_tree_test::merkle_tree_verify_authentication_structure_test ... ok
[INFO] [stdout] test util_types::mmr::archival_mmr::mmr_test::accumulator_mmr_mutate_leaf_test ... ok
[INFO] [stdout] test util_types::mmr::mmr_membership_proof::mmr_membership_proof_test::update_membership_proof_from_append_big_tests ... ok
[INFO] [stdout] test util_types::merkle_tree::merkle_tree_test::salted_merkle_tree_verify_authentication_structure_test ... ok
[INFO] [stdout] test util_types::mmr::archival_mmr::mmr_test::mmr_prove_verify_leaf_mutation_test ... ok
[INFO] [stdout] test util_types::mmr::archival_mmr::mmr_test::mmr_append_test ... ok
[INFO] [stdout] test util_types::mmr::mmr_accumulator::accumulator_mmr_tests::verify_batch_update_pbt ... ok
[INFO] [stdout] 
[INFO] [stdout] failures:
[INFO] [stdout] 
[INFO] [stdout] ---- shared_math::polynomial::test_polynomials::get_point_on_invalid_line_test stdout ----
[INFO] [stdout] thread 'shared_math::polynomial::test_polynomials::get_point_on_invalid_line_test' panicked at src/shared_math/polynomial.rs:700:9:
[INFO] [stdout] assertion `left != right` failed: Line must not be parallel to y-axis
[INFO] [stdout]   left: BFieldElement(1)
[INFO] [stdout]  right: BFieldElement(1)
[INFO] [stdout] stack backtrace:
[INFO] [stdout]    0:     0x5621785ae8b6 - std::backtrace_rs::backtrace::libunwind::trace::h261606ad26a499c1
[INFO] [stdout]                                at /rustc/0e09125c6c3c2fd70d7de961bcf0e51575235fad/library/std/src/../../backtrace/src/backtrace/libunwind.rs:104:5
[INFO] [stdout]    1:     0x5621785ae8b6 - std::backtrace_rs::backtrace::trace_unsynchronized::hd183f0625477fb28
[INFO] [stdout]                                at /rustc/0e09125c6c3c2fd70d7de961bcf0e51575235fad/library/std/src/../../backtrace/src/backtrace/mod.rs:66:5
[INFO] [stdout]    2:     0x5621785ae8b6 - std::sys_common::backtrace::_print_fmt::hd7f8fef21b4eda67
[INFO] [stdout]                                at /rustc/0e09125c6c3c2fd70d7de961bcf0e51575235fad/library/std/src/sys_common/backtrace.rs:68:5
[INFO] [stdout]    3:     0x5621785ae8b6 - <std::sys_common::backtrace::_print::DisplayBacktrace as core::fmt::Display>::fmt::h623d9b51f2f453f1
[INFO] [stdout]                                at /rustc/0e09125c6c3c2fd70d7de961bcf0e51575235fad/library/std/src/sys_common/backtrace.rs:44:22
[INFO] [stdout]    4:     0x5621785d9b50 - core::fmt::rt::Argument::fmt::h9f417ac76a86f368
[INFO] [stdout]                                at /rustc/0e09125c6c3c2fd70d7de961bcf0e51575235fad/library/core/src/fmt/rt.rs:142:9
[INFO] [stdout]    5:     0x5621785d9b50 - core::fmt::write::hc9b6faf4ac2aeff7
[INFO] [stdout]                                at /rustc/0e09125c6c3c2fd70d7de961bcf0e51575235fad/library/core/src/fmt/mod.rs:1120:17
[INFO] [stdout]    6:     0x5621785aba8f - std::io::Write::write_fmt::he04625a3a989fec3
[INFO] [stdout]                                at /rustc/0e09125c6c3c2fd70d7de961bcf0e51575235fad/library/std/src/io/mod.rs:1810:15
[INFO] [stdout]    7:     0x5621785ae694 - std::sys_common::backtrace::_print::hd5d66399c7df88a2
[INFO] [stdout]                                at /rustc/0e09125c6c3c2fd70d7de961bcf0e51575235fad/library/std/src/sys_common/backtrace.rs:47:5
[INFO] [stdout]    8:     0x5621785ae694 - std::sys_common::backtrace::print::he81ed2da642d37e5
[INFO] [stdout]                                at /rustc/0e09125c6c3c2fd70d7de961bcf0e51575235fad/library/std/src/sys_common/backtrace.rs:34:9
[INFO] [stdout]    9:     0x5621785b0407 - std::panicking::default_hook::{{closure}}::h85773f4fa117163d
[INFO] [stdout]   10:     0x5621785b00ed - std::panicking::default_hook::h6a1694a91d09b278
[INFO] [stdout]                                at /rustc/0e09125c6c3c2fd70d7de961bcf0e51575235fad/library/std/src/panicking.rs:289:9
[INFO] [stdout]   11:     0x562178325ff7 - <alloc::boxed::Box<F,A> as core::ops::function::Fn<Args>>::call::h616ac37fa3cd6c8f
[INFO] [stdout]                                at /rustc/0e09125c6c3c2fd70d7de961bcf0e51575235fad/library/alloc/src/boxed.rs:2029:9
[INFO] [stdout]   12:     0x562178325ff7 - test::test_main::{{closure}}::h00d84697cefdcbb6
[INFO] [stdout]                                at /rustc/0e09125c6c3c2fd70d7de961bcf0e51575235fad/library/test/src/lib.rs:138:21
[INFO] [stdout]   13:     0x5621785b0a26 - <alloc::boxed::Box<F,A> as core::ops::function::Fn<Args>>::call::hcb3fe3b9bb537ba8
[INFO] [stdout]                                at /rustc/0e09125c6c3c2fd70d7de961bcf0e51575235fad/library/alloc/src/boxed.rs:2029:9
[INFO] [stdout]   14:     0x5621785b0a26 - std::panicking::rust_panic_with_hook::h0a7ad96e90f7145b
[INFO] [stdout]                                at /rustc/0e09125c6c3c2fd70d7de961bcf0e51575235fad/library/std/src/panicking.rs:783:13
[INFO] [stdout]   15:     0x5621785b0772 - std::panicking::begin_panic_handler::{{closure}}::h7919090525c6485e
[INFO] [stdout]                                at /rustc/0e09125c6c3c2fd70d7de961bcf0e51575235fad/library/std/src/panicking.rs:657:13
[INFO] [stdout]   16:     0x5621785aedb6 - std::sys_common::backtrace::__rust_end_short_backtrace::hf3289479464f7dfe
[INFO] [stdout]                                at /rustc/0e09125c6c3c2fd70d7de961bcf0e51575235fad/library/std/src/sys_common/backtrace.rs:171:18
[INFO] [stdout]   17:     0x5621785b04d0 - rust_begin_unwind
[INFO] [stdout]                                at /rustc/0e09125c6c3c2fd70d7de961bcf0e51575235fad/library/std/src/panicking.rs:645:5
[INFO] [stdout]   18:     0x562177faf875 - core::panicking::panic_fmt::hcc9f77c5c132af55
[INFO] [stdout]                                at /rustc/0e09125c6c3c2fd70d7de961bcf0e51575235fad/library/core/src/panicking.rs:72:14
[INFO] [stdout]   19:     0x562177fafdef - core::panicking::assert_failed_inner::h9f13e27dd63c3a08
[INFO] [stdout]                                at /rustc/0e09125c6c3c2fd70d7de961bcf0e51575235fad/library/core/src/panicking.rs:337:23
[INFO] [stdout]   20:     0x56217829683e - core::panicking::assert_failed::h55e739cf6ccbb409
[INFO] [stdout]                                at /rustc/0e09125c6c3c2fd70d7de961bcf0e51575235fad/library/core/src/panicking.rs:297:5
[INFO] [stdout]   21:     0x5621781dae3a - twenty_first::shared_math::polynomial::Polynomial<FF>::get_colinear_y::h37043ece1521bfc3
[INFO] [stdout]                                at /opt/rustwide/workdir/src/shared_math/polynomial.rs:700:9
[INFO] [stdout]   22:     0x5621781c1184 - twenty_first::shared_math::polynomial::test_polynomials::get_point_on_invalid_line_test::he08553a3e5a2409f
[INFO] [stdout]                                at /opt/rustwide/workdir/src/shared_math/polynomial.rs:2631:9
[INFO] [stdout]   23:     0x5621781c0e57 - twenty_first::shared_math::polynomial::test_polynomials::get_point_on_invalid_line_test::{{closure}}::h83c9799e42574d02
[INFO] [stdout]                                at /opt/rustwide/workdir/src/shared_math/polynomial.rs:2627:40
[INFO] [stdout]   24:     0x56217820b616 - core::ops::function::FnOnce::call_once::h5e0b474f80b1255d
[INFO] [stdout]                                at /rustc/0e09125c6c3c2fd70d7de961bcf0e51575235fad/library/core/src/ops/function.rs:250:5
[INFO] [stdout]   25:     0x56217832b8cf - core::ops::function::FnOnce::call_once::hd64d26f405258157
[INFO] [stdout]                                at /rustc/0e09125c6c3c2fd70d7de961bcf0e51575235fad/library/core/src/ops/function.rs:250:5
[INFO] [stdout]   26:     0x56217832b8cf - test::__rust_begin_short_backtrace::he21b0b7a6d731bf9
[INFO] [stdout]                                at /rustc/0e09125c6c3c2fd70d7de961bcf0e51575235fad/library/test/src/lib.rs:627:18
[INFO] [stdout]   27:     0x56217832a651 - test::run_test_in_process::{{closure}}::hf5c73986d7bdfde2
[INFO] [stdout]                                at /rustc/0e09125c6c3c2fd70d7de961bcf0e51575235fad/library/test/src/lib.rs:650:60
[INFO] [stdout]   28:     0x56217832a651 - <core::panic::unwind_safe::AssertUnwindSafe<F> as core::ops::function::FnOnce<()>>::call_once::h330011ad032aadc0
[INFO] [stdout]                                at /rustc/0e09125c6c3c2fd70d7de961bcf0e51575235fad/library/core/src/panic/unwind_safe.rs:272:9
[INFO] [stdout]   29:     0x56217832a651 - std::panicking::try::do_call::he61b0a958b795a41
[INFO] [stdout]                                at /rustc/0e09125c6c3c2fd70d7de961bcf0e51575235fad/library/std/src/panicking.rs:552:40
[INFO] [stdout]   30:     0x56217832a651 - std::panicking::try::h7309da130f906eb7
[INFO] [stdout]                                at /rustc/0e09125c6c3c2fd70d7de961bcf0e51575235fad/library/std/src/panicking.rs:516:19
[INFO] [stdout]   31:     0x56217832a651 - std::panic::catch_unwind::hc5c3a06fdaf0a92a
[INFO] [stdout]                                at /rustc/0e09125c6c3c2fd70d7de961bcf0e51575235fad/library/std/src/panic.rs:142:14
[INFO] [stdout]   32:     0x56217832a651 - test::run_test_in_process::h7e7b7c71c3324e0f
[INFO] [stdout]                                at /rustc/0e09125c6c3c2fd70d7de961bcf0e51575235fad/library/test/src/lib.rs:650:27
[INFO] [stdout]   33:     0x56217832a651 - test::run_test::{{closure}}::h1f509f28f5cf20b1
[INFO] [stdout]                                at /rustc/0e09125c6c3c2fd70d7de961bcf0e51575235fad/library/test/src/lib.rs:573:43
[INFO] [stdout]   34:     0x5621782f1986 - test::run_test::{{closure}}::h1754218abf443f6d
[INFO] [stdout]                                at /rustc/0e09125c6c3c2fd70d7de961bcf0e51575235fad/library/test/src/lib.rs:601:41
[INFO] [stdout]   35:     0x5621782f1986 - std::sys_common::backtrace::__rust_begin_short_backtrace::h2ee174b9d5954948
[INFO] [stdout]                                at /rustc/0e09125c6c3c2fd70d7de961bcf0e51575235fad/library/std/src/sys_common/backtrace.rs:155:18
[INFO] [stdout]   36:     0x5621782f69e7 - std::thread::Builder::spawn_unchecked_::{{closure}}::{{closure}}::hf60bee9c1a17ef09
[INFO] [stdout]                                at /rustc/0e09125c6c3c2fd70d7de961bcf0e51575235fad/library/std/src/thread/mod.rs:529:17
[INFO] [stdout]   37:     0x5621782f69e7 - <core::panic::unwind_safe::AssertUnwindSafe<F> as core::ops::function::FnOnce<()>>::call_once::h33d0dddec5216160
[INFO] [stdout]                                at /rustc/0e09125c6c3c2fd70d7de961bcf0e51575235fad/library/core/src/panic/unwind_safe.rs:272:9
[INFO] [stdout]   38:     0x5621782f69e7 - std::panicking::try::do_call::h144b3048b546f835
[INFO] [stdout]                                at /rustc/0e09125c6c3c2fd70d7de961bcf0e51575235fad/library/std/src/panicking.rs:552:40
[INFO] [stdout]   39:     0x5621782f69e7 - std::panicking::try::h978244d04646189f
[INFO] [stdout]                                at /rustc/0e09125c6c3c2fd70d7de961bcf0e51575235fad/library/std/src/panicking.rs:516:19
[INFO] [stdout]   40:     0x5621782f69e7 - std::panic::catch_unwind::hdf436369d188fe86
[INFO] [stdout]                                at /rustc/0e09125c6c3c2fd70d7de961bcf0e51575235fad/library/std/src/panic.rs:142:14
[INFO] [stdout]   41:     0x5621782f69e7 - std::thread::Builder::spawn_unchecked_::{{closure}}::h87329cbdd33c79ec
[INFO] [stdout]                                at /rustc/0e09125c6c3c2fd70d7de961bcf0e51575235fad/library/std/src/thread/mod.rs:528:30
[INFO] [stdout]   42:     0x5621782f69e7 - core::ops::function::FnOnce::call_once{{vtable.shim}}::h401abbe67897d450
[INFO] [stdout]                                at /rustc/0e09125c6c3c2fd70d7de961bcf0e51575235fad/library/core/src/ops/function.rs:250:5
[INFO] [stdout]   43:     0x5621785b6905 - <alloc::boxed::Box<F,A> as core::ops::function::FnOnce<Args>>::call_once::h5d7c8f150ab9c84c
[INFO] [stdout]                                at /rustc/0e09125c6c3c2fd70d7de961bcf0e51575235fad/library/alloc/src/boxed.rs:2015:9
[INFO] [stdout]   44:     0x5621785b6905 - <alloc::boxed::Box<F,A> as core::ops::function::FnOnce<Args>>::call_once::h570d5b005c242c15
[INFO] [stdout]                                at /rustc/0e09125c6c3c2fd70d7de961bcf0e51575235fad/library/alloc/src/boxed.rs:2015:9
[INFO] [stdout]   45:     0x5621785b6905 - std::sys::unix::thread::Thread::new::thread_start::h36b0a20c0b2361ad
[INFO] [stdout]                                at /rustc/0e09125c6c3c2fd70d7de961bcf0e51575235fad/library/std/src/sys/unix/thread.rs:108:17
[INFO] [stdout]   46:     0x7f3eda638ac3 - <unknown>
[INFO] [stdout]   47:     0x7f3eda6c9bf4 - __clone
[INFO] [stdout]   48:                0x0 - <unknown>
[INFO] [stdout] note: panic did not contain expected string
[INFO] [stdout]       panic message: `"assertion `left != right` failed: Line must not be parallel to y-axis\n  left: BFieldElement(1)\n right: BFieldElement(1)"`,
[INFO] [stdout]  expected substring: `"assertion failed"`
[INFO] [stdout] 
[INFO] [stdout] failures:
[INFO] [stdout]     shared_math::polynomial::test_polynomials::get_point_on_invalid_line_test
[INFO] [stdout] 
[INFO] [stdout] test result: FAILED. 274 passed; 1 failed; 1 ignored; 0 measured; 0 filtered out; finished in 20.39s
[INFO] [stdout] 
[INFO] [stderr] error: test failed, to rerun pass `--lib`
[INFO] running `Command { std: "docker" "inspect" "b82262e80583caac364028cd84c1dfc089fd76e569af6463aec11d5a75ba18c5", kill_on_drop: false }`
[INFO] running `Command { std: "docker" "rm" "-f" "b82262e80583caac364028cd84c1dfc089fd76e569af6463aec11d5a75ba18c5", kill_on_drop: false }`
[INFO] [stdout] b82262e80583caac364028cd84c1dfc089fd76e569af6463aec11d5a75ba18c5
