[INFO] cloning repository https://github.com/MeowSpark/rbxpm
[INFO] running `Command { std: "git" "-c" "credential.helper=" "-c" "credential.helper=/workspace/cargo-home/bin/git-credential-null" "clone" "--bare" "https://github.com/MeowSpark/rbxpm" "/workspace/cache/git-repos/https%3A%2F%2Fgithub.com%2FMeowSpark%2Frbxpm", kill_on_drop: false }`
[INFO] [stderr] Cloning into bare repository '/workspace/cache/git-repos/https%3A%2F%2Fgithub.com%2FMeowSpark%2Frbxpm'...
[INFO] running `Command { std: "git" "rev-parse" "HEAD", kill_on_drop: false }`
[INFO] [stdout] 732c11482ee308819a58da587eadbd6c84940ce1
[INFO] testing MeowSpark/rbxpm against 1.75.0 for beta-1.76-1
[INFO] running `Command { std: "git" "clone" "/workspace/cache/git-repos/https%3A%2F%2Fgithub.com%2FMeowSpark%2Frbxpm" "/workspace/builds/worker-7-tc1/source", kill_on_drop: false }`
[INFO] [stderr] Cloning into '/workspace/builds/worker-7-tc1/source'...
[INFO] [stderr] done.
[INFO] validating manifest of git repo https://github.com/MeowSpark/rbxpm on toolchain 1.75.0
[INFO] running `Command { std: CARGO_HOME="/workspace/cargo-home" RUSTUP_HOME="/workspace/rustup-home" "/workspace/cargo-home/bin/cargo" "+1.75.0" "metadata" "--manifest-path" "Cargo.toml" "--no-deps", kill_on_drop: false }`
[INFO] removed /workspace/builds/worker-7-tc1/source/.cargo/config.toml
[INFO] started tweaking git repo https://github.com/MeowSpark/rbxpm
[INFO] finished tweaking git repo https://github.com/MeowSpark/rbxpm
[INFO] tweaked toml for git repo https://github.com/MeowSpark/rbxpm written to /workspace/builds/worker-7-tc1/source/Cargo.toml
[INFO] crate git repo https://github.com/MeowSpark/rbxpm already has a lockfile, it will not be regenerated
[INFO] running `Command { std: CARGO_HOME="/workspace/cargo-home" RUSTUP_HOME="/workspace/rustup-home" "/workspace/cargo-home/bin/cargo" "+1.75.0" "fetch" "--manifest-path" "Cargo.toml", kill_on_drop: false }`
[INFO] [stderr]     Updating crates.io index
[INFO] [stderr]     Updating git repository `https://github.com/SergioBenitez/Rocket`
[INFO] [stderr]  Downloading crates ...
[INFO] [stderr]   Downloaded async-trait v0.1.48
[INFO] [stderr]   Downloaded lz4_flex v0.8.2
[INFO] [stderr]   Downloaded census v0.4.0
[INFO] [stderr]   Downloaded fastdivide v0.3.0
[INFO] [stderr]   Downloaded ownedbytes v0.1.0
[INFO] [stderr]   Downloaded whoami v1.1.2
[INFO] [stderr]   Downloaded darling_macro v0.12.2
[INFO] [stderr]   Downloaded fastfield_codecs v0.1.0
[INFO] [stderr]   Downloaded measure_time v0.7.0
[INFO] [stderr]   Downloaded semver v1.0.11
[INFO] [stderr]   Downloaded tantivy-common v0.1.0
[INFO] [stderr]   Downloaded indicatif v0.17.4
[INFO] [stderr]   Downloaded tantivy v0.16.1
[INFO] [stderr]   Downloaded tantivy-fst v0.3.0
[INFO] [stderr]   Downloaded moka v0.11.1
[INFO] [stderr]   Downloaded blake3 v0.3.7
[INFO] [stderr]   Downloaded insta v1.7.1
[INFO] [stderr]   Downloaded serde_with v1.8.0
[INFO] [stderr]   Downloaded figment v0.10.9
[INFO] [stderr]   Downloaded darling_core v0.12.2
[INFO] [stderr]   Downloaded fs-err v2.5.0
[INFO] [stderr]   Downloaded darling v0.12.2
[INFO] [stderr]   Downloaded cloud-storage-lite v0.1.9
[INFO] [stderr]   Downloaded tantivy-bitpacker v0.1.1
[INFO] [stderr]   Downloaded tantivy-query-grammar v0.15.0
[INFO] [stderr]   Downloaded wasm-streams v0.2.2
[INFO] running `Command { std: "docker" "create" "-v" "/var/lib/crater-agent-workspace/builds/worker-7-tc1/target:/opt/rustwide/target:rw,Z" "-v" "/var/lib/crater-agent-workspace/builds/worker-7-tc1/source:/opt/rustwide/workdir:ro,Z" "-v" "/var/lib/crater-agent-workspace/cargo-home:/opt/rustwide/cargo-home:ro,Z" "-v" "/var/lib/crater-agent-workspace/rustup-home:/opt/rustwide/rustup-home:ro,Z" "-e" "SOURCE_DIR=/opt/rustwide/workdir" "-e" "CARGO_TARGET_DIR=/opt/rustwide/target" "-e" "CARGO_HOME=/opt/rustwide/cargo-home" "-e" "RUSTUP_HOME=/opt/rustwide/rustup-home" "-w" "/opt/rustwide/workdir" "-m" "1610612736" "--user" "0:0" "--network" "none" "ghcr.io/rust-lang/crates-build-env/linux@sha256:2788e3201cd34a07e3172128adcd8b3090168a8e3bcc40d7c032b9dda1df7d1c" "/opt/rustwide/cargo-home/bin/cargo" "+1.75.0" "metadata" "--no-deps" "--format-version=1", kill_on_drop: false }`
[INFO] [stdout] e8fc3469ed92809db5b485486a77f62182bf7c64b7977b7f838029d5bb053cae
[INFO] running `Command { std: "docker" "start" "-a" "e8fc3469ed92809db5b485486a77f62182bf7c64b7977b7f838029d5bb053cae", kill_on_drop: false }`
[INFO] running `Command { std: "docker" "inspect" "e8fc3469ed92809db5b485486a77f62182bf7c64b7977b7f838029d5bb053cae", kill_on_drop: false }`
[INFO] running `Command { std: "docker" "rm" "-f" "e8fc3469ed92809db5b485486a77f62182bf7c64b7977b7f838029d5bb053cae", kill_on_drop: false }`
[INFO] [stdout] e8fc3469ed92809db5b485486a77f62182bf7c64b7977b7f838029d5bb053cae
[INFO] running `Command { std: "docker" "create" "-v" "/var/lib/crater-agent-workspace/builds/worker-7-tc1/target:/opt/rustwide/target:rw,Z" "-v" "/var/lib/crater-agent-workspace/builds/worker-7-tc1/source:/opt/rustwide/workdir:ro,Z" "-v" "/var/lib/crater-agent-workspace/cargo-home:/opt/rustwide/cargo-home:ro,Z" "-v" "/var/lib/crater-agent-workspace/rustup-home:/opt/rustwide/rustup-home:ro,Z" "-e" "SOURCE_DIR=/opt/rustwide/workdir" "-e" "CARGO_TARGET_DIR=/opt/rustwide/target" "-e" "CARGO_INCREMENTAL=0" "-e" "RUST_BACKTRACE=full" "-e" "RUSTFLAGS=--cap-lints=warn" "-e" "RUSTDOCFLAGS=--cap-lints=warn" "-e" "CARGO_HOME=/opt/rustwide/cargo-home" "-e" "RUSTUP_HOME=/opt/rustwide/rustup-home" "-w" "/opt/rustwide/workdir" "-m" "1610612736" "--user" "0:0" "--network" "none" "ghcr.io/rust-lang/crates-build-env/linux@sha256:2788e3201cd34a07e3172128adcd8b3090168a8e3bcc40d7c032b9dda1df7d1c" "/opt/rustwide/cargo-home/bin/cargo" "+1.75.0" "build" "--frozen" "--message-format=json", kill_on_drop: false }`
[INFO] [stdout] beb9ac1bc6cdab63126888225f4e8ac2936e93e2bfa8479fb9c927ba42387655
[INFO] running `Command { std: "docker" "start" "-a" "beb9ac1bc6cdab63126888225f4e8ac2936e93e2bfa8479fb9c927ba42387655", kill_on_drop: false }`
[INFO] [stderr]    Compiling libc v0.2.144
[INFO] [stderr]    Compiling autocfg v1.1.0
[INFO] [stderr]    Compiling proc-macro2 v1.0.59
[INFO] [stderr]    Compiling quote v1.0.28
[INFO] [stderr]    Compiling unicode-ident v1.0.9
[INFO] [stderr]    Compiling version_check v0.9.4
[INFO] [stderr]    Compiling syn v1.0.67
[INFO] [stderr]    Compiling unicode-xid v0.2.1
[INFO] [stderr]    Compiling once_cell v1.17.2
[INFO] [stderr]    Compiling serde v1.0.163
[INFO] [stderr]    Compiling memchr v2.5.0
[INFO] [stderr]    Compiling pkg-config v0.3.19
[INFO] [stderr]    Compiling log v0.4.18
[INFO] [stderr]    Compiling pin-project-lite v0.2.6
[INFO] [stderr]    Compiling futures-core v0.3.17
[INFO] [stderr]    Compiling futures-task v0.3.17
[INFO] [stderr]    Compiling futures-channel v0.3.17
[INFO] [stderr]    Compiling futures-sink v0.3.17
[INFO] [stderr]    Compiling hashbrown v0.12.3
[INFO] [stderr]    Compiling futures-io v0.3.17
[INFO] [stderr]    Compiling itoa v0.4.7
[INFO] [stderr]    Compiling slab v0.4.2
[INFO] [stderr]    Compiling getrandom v0.2.2
[INFO] [stderr]    Compiling smallvec v1.10.0
[INFO] [stderr]    Compiling tracing-core v0.1.31
[INFO] [stderr]    Compiling http v0.2.3
[INFO] [stderr]    Compiling itoa v1.0.6
[INFO] [stderr]    Compiling untrusted v0.7.1
[INFO] [stderr]    Compiling spin v0.5.2
[INFO] [stderr]    Compiling httparse v1.8.0
[INFO] [stderr]    Compiling futures-macro v0.3.17
[INFO] [stderr]    Compiling futures-util v0.3.17
[INFO] [stderr]    Compiling tokio v1.28.2
[INFO] [stderr]    Compiling indexmap v1.9.3
[INFO] [stderr]    Compiling num-traits v0.2.14
[INFO] [stderr]    Compiling num-integer v0.1.44
[INFO] [stderr]    Compiling lock_api v0.4.10
[INFO] [stderr]    Compiling regex-syntax v0.6.25
[INFO] [stderr]    Compiling crossbeam-utils v0.8.5
[INFO] [stderr]    Compiling proc-macro2-diagnostics v0.10.0
[INFO] [stderr]    Compiling ryu v1.0.5
[INFO] [stderr]    Compiling try-lock v0.2.3
[INFO] [stderr]    Compiling byteorder v1.4.3
[INFO] [stderr]    Compiling want v0.3.0
[INFO] [stderr]    Compiling matches v0.1.8
[INFO] [stderr]    Compiling yansi v0.5.0
[INFO] [stderr]    Compiling httpdate v1.0.2
[INFO] [stderr]    Compiling either v1.6.1
[INFO] [stderr]    Compiling parking_lot_core v0.9.7
[INFO] [stderr]    Compiling ppv-lite86 v0.2.10
[INFO] [stderr]    Compiling syn v2.0.18
[INFO] [stderr]    Compiling tower-service v0.3.1
[INFO] [stderr]    Compiling aho-corasick v0.7.18
[INFO] [stderr]    Compiling memoffset v0.8.0
[INFO] [stderr]    Compiling foreign-types-shared v0.1.1
[INFO] [stderr]    Compiling openssl v0.10.44
[INFO] [stderr]    Compiling serde_json v1.0.64
[INFO] [stderr]    Compiling tinyvec v1.1.1
[INFO] [stderr]    Compiling foreign-types v0.3.2
[INFO] [stderr]    Compiling crossbeam-epoch v0.9.14
[INFO] [stderr]    Compiling openssl-probe v0.1.5
[INFO] [stderr]    Compiling encoding_rs v0.8.28
[INFO] [stderr]    Compiling native-tls v0.2.11
[INFO] [stderr]    Compiling rustls v0.21.1
[INFO] [stderr]    Compiling bitflags v2.3.1
[INFO] [stderr]    Compiling typenum v1.13.0
[INFO] [stderr]    Compiling unicode-bidi v0.3.4
[INFO] [stderr]    Compiling form_urlencoded v1.0.1
[INFO] [stderr]    Compiling generic-array v0.14.4
[INFO] [stderr]    Compiling proc-macro-error-attr v1.0.4
[INFO] [stderr]    Compiling getrandom v0.1.16
[INFO] [stderr]    Compiling crc32fast v1.2.1
[INFO] [stderr]    Compiling uncased v0.9.9
[INFO] [stderr]    Compiling proc-macro-error v1.0.4
[INFO] [stderr]    Compiling unicode-normalization v0.1.17
[INFO] [stderr]    Compiling jobserver v0.1.21
[INFO] [stderr]    Compiling num_cpus v1.13.0
[INFO] [stderr]    Compiling signal-hook-registry v1.4.0
[INFO] [stderr]    Compiling socket2 v0.4.9
[INFO] [stderr]    Compiling mio v0.8.8
[INFO] [stderr]    Compiling time v0.1.43
[INFO] [stderr]    Compiling http-body v0.4.1
[INFO] [stderr]    Compiling cc v1.0.67
[INFO] [stderr]    Compiling regex v1.5.4
[INFO] [stderr]    Compiling rand_core v0.6.2
[INFO] [stderr]    Compiling rand_chacha v0.3.0
[INFO] [stderr]    Compiling idna v0.2.2
[INFO] [stderr]    Compiling parking_lot v0.12.1
[INFO] [stderr]    Compiling time-core v0.1.1
[INFO] [stderr]    Compiling strsim v0.10.0
[INFO] [stderr]    Compiling ident_case v1.0.1
[INFO] [stderr]    Compiling mime v0.3.16
[INFO] [stderr]    Compiling signal-hook v0.3.10
[INFO] [stderr]    Compiling rand v0.8.3
[INFO] [stderr]    Compiling time-macros v0.2.9
[INFO] [stderr]    Compiling regex-automata v0.1.10
[INFO] [stderr]    Compiling atty v0.2.14
[INFO] [stderr]    Compiling crossbeam-channel v0.5.8
[INFO] [stderr]    Compiling num-bigint v0.2.6
[INFO] [stderr]    Compiling openssl-sys v0.9.79
[INFO] [stderr]    Compiling ring v0.16.20
[INFO] [stderr]    Compiling libz-sys v1.1.2
[INFO] [stderr]    Compiling libssh2-sys v0.3.0
[INFO] [stderr]    Compiling bzip2-sys v0.1.10+1.0.8
[INFO] [stderr]    Compiling libgit2-sys v0.16.1+1.7.1
[INFO] [stderr]    Compiling ahash v0.7.4
[INFO] [stderr]    Compiling cookie v0.17.0
[INFO] [stderr]    Compiling instant v0.1.9
[INFO] [stderr]    Compiling cfg-if v0.1.10
[INFO] [stderr]    Compiling portable-atomic v1.3.3
[INFO] [stderr]    Compiling ref-cast v1.0.6
[INFO] [stderr]    Compiling adler32 v1.2.0
[INFO] [stderr]    Compiling io-lifetimes v1.0.11
[INFO] [stderr]    Compiling unicode-segmentation v1.7.1
[INFO] [stderr]    Compiling anyhow v1.0.40
[INFO] [stderr]    Compiling remove_dir_all v0.5.3
[INFO] [stderr]    Compiling ucd-trie v0.1.3
[INFO] [stderr]    Compiling rayon-core v1.9.1
[INFO] [stderr]    Compiling inlinable_string v0.1.14
[INFO] [stderr]    Compiling void v1.0.2
[INFO] [stderr]    Compiling base64 v0.21.2
[INFO] [stderr]    Compiling unreachable v1.0.0
[INFO] [stderr]    Compiling pest v2.1.3
[INFO] [stderr]    Compiling heck v0.3.2
[INFO] [stderr]    Compiling devise_core v0.4.1
[INFO] [stderr]    Compiling tempfile v3.2.0
[INFO] [stderr]    Compiling miniz_oxide v0.3.7
[INFO] [stderr]    Compiling rustls-pemfile v1.0.2
[INFO] [stderr]    Compiling parking_lot_core v0.8.3
[INFO] [stderr]    Compiling bstr v0.2.15
[INFO] [stderr]    Compiling blake3 v0.3.7
[INFO] [stderr]    Compiling rand_core v0.5.1
[INFO] [stderr]    Compiling time v0.3.21
[INFO] [stderr]    Compiling mio v0.7.11
[INFO] [stderr]    Compiling darling_core v0.12.2
[INFO] [stderr]    Compiling crossbeam-deque v0.8.1
[INFO] [stderr]    Compiling crunchy v0.2.2
[INFO] [stderr]    Compiling rustversion v1.0.4
[INFO] [stderr]    Compiling async-trait v0.1.48
[INFO] [stderr]    Compiling base64 v0.13.0
[INFO] [stderr]    Compiling crossbeam-queue v0.3.2
[INFO] [stderr]    Compiling rustix v0.37.19
[INFO] [stderr]    Compiling ascii v0.9.3
[INFO] [stderr]    Compiling winnow v0.4.6
[INFO] [stderr]    Compiling subtle v2.4.0
[INFO] [stderr]    Compiling ipnet v2.3.0
[INFO] [stderr]    Compiling ansi_term v0.11.0
[INFO] [stderr]    Compiling whoami v1.1.2
[INFO] [stderr]    Compiling combine v3.8.1
[INFO] [stderr]    Compiling crypto-mac v0.8.0
[INFO] [stderr]    Compiling signal-hook-mio v0.2.1
[INFO] [stderr]    Compiling clap v2.33.3
[INFO] [stderr]    Compiling semver-parser v0.10.2
[INFO] [stderr]    Compiling flate2 v1.0.14
[INFO] [stderr]    Compiling rand_chacha v0.2.2
[INFO] [stderr]    Compiling parking_lot v0.11.1
[INFO] [stderr]    Compiling serde_derive v1.0.163
[INFO] [stderr]    Compiling tokio-macros v2.1.0
[INFO] [stderr]    Compiling tracing-attributes v0.1.24
[INFO] [stderr]    Compiling pear_codegen v0.2.4
[INFO] [stderr]    Compiling devise_codegen v0.4.1
[INFO] [stderr]    Compiling serial_test_derive v2.0.0
[INFO] [stderr]    Compiling digest v0.9.0
[INFO] [stderr]    Compiling openssl-macros v0.1.0
[INFO] [stderr]    Compiling rustls-webpki v0.100.1
[INFO] [stderr]    Compiling sct v0.7.0
[INFO] [stderr]    Compiling thiserror-impl v1.0.24
[INFO] [stderr]    Compiling webpki v0.22.0
[INFO] [stderr]    Compiling darling_macro v0.12.2
[INFO] [stderr]    Compiling ref-cast-impl v1.0.6
[INFO] [stderr]    Compiling pear v0.2.4
[INFO] [stderr]    Compiling webpki-roots v0.22.6
[INFO] [stderr]    Compiling structopt-derive v0.4.14
[INFO] [stderr]    Compiling dashmap v5.4.0
[INFO] [stderr]    Compiling console v0.15.7
[INFO] [stderr]    Compiling dirs-sys v0.3.5
[INFO] [stderr]    Compiling stable-pattern v0.1.0
[INFO] [stderr]    Compiling darling v0.12.2
[INFO] [stderr]    Compiling rayon v1.5.1
[INFO] [stderr]    Compiling atomic v0.5.0
[INFO] [stderr]    Compiling tracing v0.1.35
[INFO] [stderr]    Compiling figment v0.10.9
[INFO] [stderr]    Compiling multer v2.1.0
[INFO] [stderr]    Compiling state v0.5.3
[INFO] [stderr]    Compiling arrayvec v0.5.2
[INFO] [stderr]    Compiling linked-hash-map v0.5.4
[INFO] [stderr]    Compiling constant_time_eq v0.1.5
[INFO] [stderr]    Compiling number_prefix v0.4.0
[INFO] [stderr]    Compiling linux-raw-sys v0.3.8
[INFO] [stderr]    Compiling arrayref v0.3.6
[INFO] [stderr]    Compiling unindent v0.1.7
[INFO] [stderr]    Compiling thiserror v1.0.24
[INFO] [stderr]    Compiling humantime v2.1.0
[INFO] [stderr]    Compiling static_assertions v1.1.0
[INFO] [stderr]    Compiling walkdir v2.3.2
[INFO] [stderr]    Compiling indicatif v0.17.4
[INFO] [stderr]    Compiling twox-hash v1.6.1
[INFO] [stderr]    Compiling indoc v1.0.3
[INFO] [stderr]    Compiling env_logger v0.8.3
[INFO] [stderr]    Compiling serde_with_macros v1.4.1
[INFO] [stderr]    Compiling dirs v3.0.1
[INFO] [stderr]    Compiling devise v0.4.1
[INFO] [stderr]    Compiling async-stream-impl v0.3.5
[INFO] [stderr]    Compiling hashbrown v0.11.2
[INFO] [stderr]    Compiling crossterm v0.22.1
[INFO] [stderr]    Compiling rand v0.7.3
[INFO] [stderr]    Compiling structopt v0.3.21
[INFO] [stderr]    Compiling pem v0.8.3
[INFO] [stderr]    Compiling opener v0.5.0
[INFO] [stderr]    Compiling globset v0.4.8
[INFO] [stderr]    Compiling rpassword v5.0.1
[INFO] [stderr]    Compiling tantivy-common v0.1.0
[INFO] [stderr]    Compiling combine v4.6.1
[INFO] [stderr]    Compiling rocket v0.5.0-rc.3 (https://github.com/SergioBenitez/Rocket?rev=91f6288ea4aeb3d5a502b2f18b2b9677a85463ea#91f6288e)
[INFO] [stderr]    Compiling raw-cpuid v10.7.0
[INFO] [stderr]    Compiling regex-syntax v0.4.2
[INFO] [stderr]    Compiling spin v0.9.8
[INFO] [stderr]    Compiling hex v0.4.3
[INFO] [stderr]    Compiling stable_deref_trait v1.2.0
[INFO] [stderr]    Compiling base64 v0.12.3
[INFO] [stderr]    Compiling tantivy-bitpacker v0.1.1
[INFO] [stderr]    Compiling fs-err v2.5.0
[INFO] [stderr]    Compiling moka v0.11.1
[INFO] [stderr]    Compiling glob v0.3.0
[INFO] [stderr]    Compiling utf8-ranges v1.0.4
[INFO] [stderr]    Compiling futures-executor v0.3.17
[INFO] [stderr]    Compiling fastfield_codecs v0.1.0
[INFO] [stderr]    Compiling ownedbytes v0.1.0
[INFO] [stderr]    Compiling is-terminal v0.4.7
[INFO] [stderr]    Compiling fail v0.4.0
[INFO] [stderr]    Compiling tokio-util v0.7.3
[INFO] [stderr]    Compiling futures v0.3.17
[INFO] [stderr]    Compiling tokio-rustls v0.24.0
[INFO] [stderr]    Compiling tokio-native-tls v0.3.0
[INFO] [stderr]    Compiling serial_test v2.0.0
[INFO] [stderr]    Compiling tokio-stream v0.1.14
[INFO] [stderr]    Compiling quanta v0.11.1
[INFO] [stderr]    Compiling tantivy-fst v0.3.0
[INFO] [stderr]    Compiling async-stream v0.3.5
[INFO] [stderr]    Compiling crossbeam v0.8.1
[INFO] [stderr]    Compiling bitpacking v0.8.4
[INFO] [stderr]    Compiling lru v0.6.6
[INFO] [stderr]    Compiling lz4_flex v0.8.2
[INFO] [stderr]    Compiling scheduled-thread-pool v0.2.7
[INFO] [stderr]    Compiling uuid v1.3.3
[INFO] [stderr]    Compiling memmap2 v0.3.1
[INFO] [stderr]    Compiling fs2 v0.4.3
[INFO] [stderr]    Compiling itertools v0.10.1
[INFO] [stderr]    Compiling murmurhash32 v0.2.0
[INFO] [stderr]    Compiling measure_time v0.7.0
[INFO] [stderr]    Compiling downcast-rs v1.2.0
[INFO] [stderr]    Compiling fastdivide v0.3.0
[INFO] [stderr]    Compiling census v0.4.0
[INFO] [stderr]    Compiling levenshtein_automata v0.2.1
[INFO] [stderr]    Compiling binascii v0.1.4
[INFO] [stderr]    Compiling htmlescape v0.3.1
[INFO] [stderr]    Compiling tagptr v0.2.0
[INFO] [stderr]    Compiling triomphe v0.1.8
[INFO] [stderr]    Compiling bzip2 v0.3.3
[INFO] [stderr]    Compiling zip v0.5.11
[INFO] [stderr]    Compiling chrono v0.4.19
[INFO] [stderr]    Compiling url v2.2.1
[INFO] [stderr]    Compiling serde_urlencoded v0.7.1
[INFO] [stderr]    Compiling toml_datetime v0.6.2
[INFO] [stderr]    Compiling serde_spanned v0.6.2
[INFO] [stderr]    Compiling ubyte v0.10.3
[INFO] [stderr]    Compiling toml v0.5.8
[INFO] [stderr]    Compiling semver v0.11.0
[INFO] [stderr]    Compiling uuid v0.8.2
[INFO] [stderr]    Compiling h2 v0.3.19
[INFO] [stderr]    Compiling toml_edit v0.19.10
[INFO] [stderr]    Compiling rust-stemmers v1.2.0
[INFO] [stderr]    Compiling toml_edit v0.2.0
[INFO] [stderr]    Compiling simple_asn1 v0.4.1
[INFO] [stderr]    Compiling serde_with v1.8.0
[INFO] [stderr]    Compiling jsonwebtoken v7.2.0
[INFO] [stderr]    Compiling toml v0.7.4
[INFO] [stderr]    Compiling tantivy-query-grammar v0.15.0
[INFO] [stderr]    Compiling hyper v0.14.26
[INFO] [stderr]    Compiling tantivy v0.16.1
[INFO] [stderr]    Compiling hyper-rustls v0.24.0
[INFO] [stderr]    Compiling hyper-tls v0.5.0
[INFO] [stderr]    Compiling rocket_http v0.5.0-rc.3 (https://github.com/SergioBenitez/Rocket?rev=91f6288ea4aeb3d5a502b2f18b2b9677a85463ea#91f6288e)
[INFO] [stderr]    Compiling reqwest v0.11.18
[INFO] [stderr]    Compiling git2 v0.18.1
[INFO] [stderr]    Compiling cloud-storage-lite v0.1.9
[INFO] [stderr]    Compiling rocket_codegen v0.5.0-rc.3 (https://github.com/SergioBenitez/Rocket?rev=91f6288ea4aeb3d5a502b2f18b2b9677a85463ea#91f6288e)
[INFO] [stderr]    Compiling rbxpm v0.3.2 (/opt/rustwide/workdir)
[INFO] [stderr]    Compiling rbxpm-registry-backend v0.3.2 (/opt/rustwide/workdir/rbxpm-registry-backend)
[INFO] [stdout] warning: type `rbxpmVersion` should have an upper camel case name
[INFO] [stdout]    --> rbxpm-registry-backend/src/main.rs:329:8
[INFO] [stdout]     |
[INFO] [stdout] 329 | struct rbxpmVersion;
[INFO] [stdout]     |        ^^^^^^^^^^^^ help: convert the identifier to upper camel case: `RbxpmVersion`
[INFO] [stdout]     |
[INFO] [stdout]     = note: `#[warn(non_camel_case_types)]` on by default
[INFO] [stdout] 
[INFO] [stdout] 
[INFO] [stdout] warning: 1 warning emitted
[INFO] [stdout] 
[INFO] [stdout] 
[INFO] [stderr]     Finished dev [unoptimized + debuginfo] target(s) in 1m 17s
[INFO] running `Command { std: "docker" "inspect" "beb9ac1bc6cdab63126888225f4e8ac2936e93e2bfa8479fb9c927ba42387655", kill_on_drop: false }`
[INFO] running `Command { std: "docker" "rm" "-f" "beb9ac1bc6cdab63126888225f4e8ac2936e93e2bfa8479fb9c927ba42387655", kill_on_drop: false }`
[INFO] [stdout] beb9ac1bc6cdab63126888225f4e8ac2936e93e2bfa8479fb9c927ba42387655
[INFO] running `Command { std: "docker" "create" "-v" "/var/lib/crater-agent-workspace/builds/worker-7-tc1/target:/opt/rustwide/target:rw,Z" "-v" "/var/lib/crater-agent-workspace/builds/worker-7-tc1/source:/opt/rustwide/workdir:ro,Z" "-v" "/var/lib/crater-agent-workspace/cargo-home:/opt/rustwide/cargo-home:ro,Z" "-v" "/var/lib/crater-agent-workspace/rustup-home:/opt/rustwide/rustup-home:ro,Z" "-e" "SOURCE_DIR=/opt/rustwide/workdir" "-e" "CARGO_TARGET_DIR=/opt/rustwide/target" "-e" "CARGO_INCREMENTAL=0" "-e" "RUST_BACKTRACE=full" "-e" "RUSTFLAGS=--cap-lints=warn" "-e" "RUSTDOCFLAGS=--cap-lints=warn" "-e" "CARGO_HOME=/opt/rustwide/cargo-home" "-e" "RUSTUP_HOME=/opt/rustwide/rustup-home" "-w" "/opt/rustwide/workdir" "-m" "1610612736" "--user" "0:0" "--network" "none" "ghcr.io/rust-lang/crates-build-env/linux@sha256:2788e3201cd34a07e3172128adcd8b3090168a8e3bcc40d7c032b9dda1df7d1c" "/opt/rustwide/cargo-home/bin/cargo" "+1.75.0" "test" "--frozen" "--no-run" "--message-format=json", kill_on_drop: false }`
[INFO] [stdout] 13501b8a72f92480ac82afd5f47a3689be76c49e45ce87597654aa9ddde6009f
[INFO] running `Command { std: "docker" "start" "-a" "13501b8a72f92480ac82afd5f47a3689be76c49e45ce87597654aa9ddde6009f", kill_on_drop: false }`
[INFO] [stderr]    Compiling yaml-rust v0.4.5
[INFO] [stderr]    Compiling terminal_size v0.1.16
[INFO] [stderr]    Compiling dtoa v0.4.8
[INFO] [stderr]    Compiling similar v1.3.0
[INFO] [stderr]    Compiling glob v0.3.0
[INFO] [stderr]    Compiling console v0.14.1
[INFO] [stderr]    Compiling rocket_codegen v0.5.0-rc.3 (https://github.com/SergioBenitez/Rocket?rev=91f6288ea4aeb3d5a502b2f18b2b9677a85463ea#91f6288e)
[INFO] [stderr]    Compiling serde_yaml v0.8.17
[INFO] [stderr]    Compiling insta v1.7.1
[INFO] [stderr]    Compiling rbxpm v0.3.2 (/opt/rustwide/workdir)
[INFO] [stderr]    Compiling rocket v0.5.0-rc.3 (https://github.com/SergioBenitez/Rocket?rev=91f6288ea4aeb3d5a502b2f18b2b9677a85463ea#91f6288e)
[INFO] [stderr]    Compiling rbxpm-registry-backend v0.3.2 (/opt/rustwide/workdir/rbxpm-registry-backend)
[INFO] [stdout] warning: type `rbxpmVersion` should have an upper camel case name
[INFO] [stdout]    --> rbxpm-registry-backend/src/main.rs:329:8
[INFO] [stdout]     |
[INFO] [stdout] 329 | struct rbxpmVersion;
[INFO] [stdout]     |        ^^^^^^^^^^^^ help: convert the identifier to upper camel case: `RbxpmVersion`
[INFO] [stdout]     |
[INFO] [stdout]     = note: `#[warn(non_camel_case_types)]` on by default
[INFO] [stdout] 
[INFO] [stdout] 
[INFO] [stdout] warning: 1 warning emitted
[INFO] [stdout] 
[INFO] [stdout] 
[INFO] [stderr]     Finished test [unoptimized + debuginfo] target(s) in 42.12s
[INFO] running `Command { std: "docker" "inspect" "13501b8a72f92480ac82afd5f47a3689be76c49e45ce87597654aa9ddde6009f", kill_on_drop: false }`
[INFO] running `Command { std: "docker" "rm" "-f" "13501b8a72f92480ac82afd5f47a3689be76c49e45ce87597654aa9ddde6009f", kill_on_drop: false }`
[INFO] [stdout] 13501b8a72f92480ac82afd5f47a3689be76c49e45ce87597654aa9ddde6009f
[INFO] running `Command { std: "docker" "create" "-v" "/var/lib/crater-agent-workspace/builds/worker-7-tc1/target:/opt/rustwide/target:rw,Z" "-v" "/var/lib/crater-agent-workspace/builds/worker-7-tc1/source:/opt/rustwide/workdir:ro,Z" "-v" "/var/lib/crater-agent-workspace/cargo-home:/opt/rustwide/cargo-home:ro,Z" "-v" "/var/lib/crater-agent-workspace/rustup-home:/opt/rustwide/rustup-home:ro,Z" "-e" "SOURCE_DIR=/opt/rustwide/workdir" "-e" "CARGO_TARGET_DIR=/opt/rustwide/target" "-e" "CARGO_INCREMENTAL=0" "-e" "RUST_BACKTRACE=full" "-e" "RUSTFLAGS=--cap-lints=warn" "-e" "RUSTDOCFLAGS=--cap-lints=warn" "-e" "CARGO_HOME=/opt/rustwide/cargo-home" "-e" "RUSTUP_HOME=/opt/rustwide/rustup-home" "-w" "/opt/rustwide/workdir" "-m" "1610612736" "--user" "0:0" "--network" "none" "ghcr.io/rust-lang/crates-build-env/linux@sha256:2788e3201cd34a07e3172128adcd8b3090168a8e3bcc40d7c032b9dda1df7d1c" "/opt/rustwide/cargo-home/bin/cargo" "+1.75.0" "test" "--frozen", kill_on_drop: false }`
[INFO] [stdout] 4e810122ec266d6e75573b83a59e947bc234aca56bd77d737631982f6c914e8d
[INFO] running `Command { std: "docker" "start" "-a" "4e810122ec266d6e75573b83a59e947bc234aca56bd77d737631982f6c914e8d", kill_on_drop: false }`
[INFO] [stderr] warning: type `rbxpmVersion` should have an upper camel case name
[INFO] [stderr]    --> rbxpm-registry-backend/src/main.rs:329:8
[INFO] [stderr]     |
[INFO] [stderr] 329 | struct rbxpmVersion;
[INFO] [stderr]     |        ^^^^^^^^^^^^ help: convert the identifier to upper camel case: `RbxpmVersion`
[INFO] [stderr]     |
[INFO] [stderr]     = note: `#[warn(non_camel_case_types)]` on by default
[INFO] [stderr] 
[INFO] [stderr] warning: `rbxpm-registry-backend` (bin "rbxpm-registry-backend" test) generated 1 warning
[INFO] [stderr]     Finished test [unoptimized + debuginfo] target(s) in 0.88s
[INFO] [stderr]      Running unittests src/lib.rs (/opt/rustwide/target/debug/deps/librbxpm-54ed3a89bc07a58c)
[INFO] [stdout] 
[INFO] [stdout] running 26 tests
[INFO] [stdout] test package_name::test::display ... ok
[INFO] [stdout] test package_name::test::new ... ok
[INFO] [stdout] test package_id::test::display ... ok
[INFO] [stdout] test package_name::test::new_invalid ... ok
[INFO] [stdout] test package_name::test::parse_invalid ... ok
[INFO] [stdout] test package_req::test::parse_invalid ... ok
[INFO] [stdout] test package_name::test::parse ... ok
[INFO] [stdout] test package_id::test::new ... ok
[INFO] [stdout] test package_id::test::parse_invalid ... ok
[INFO] [stdout] test package_id::test::parse ... ok
[INFO] [stdout] test package_req::test::display ... ok
[INFO] [stdout] test package_req::test::new ... ok
[INFO] [stdout] test package_req::test::parse ... ok
[INFO] [stdout] test package_name::test::serialization ... ok
[INFO] [stdout] test package_id::test::serialization ... ok
[INFO] [stdout] test package_req::test::serialization ... ok
[INFO] [stdout] test resolution::tests::fail_server_in_shared ... ok
[INFO] [stdout] test resolution::tests::minimal ... ok
[INFO] [stdout] test resolution::tests::shared_to_server ... ok
[INFO] [stdout] test resolution::tests::one_dependency ... ok
[INFO] [stdout] test resolution::tests::server_to_shared_and_shared_to_shared ... ok
[INFO] [stdout] test resolution::tests::transitive_dependency ... ok
[INFO] [stdout] test resolution::tests::unified_dependencies ... ok
[INFO] [stdout] test resolution::tests::server_to_shared ... ok
[INFO] [stdout] test resolution::tests::one_dependency_yes_upgrade ... ok
[INFO] [stdout] test resolution::tests::one_dependency_no_upgrade ... ok
[INFO] [stdout] 
[INFO] [stdout] test result: ok. 26 passed; 0 failed; 0 ignored; 0 measured; 0 filtered out; finished in 0.03s
[INFO] [stdout] 
[INFO] [stderr]      Running unittests src/main.rs (/opt/rustwide/target/debug/deps/rbxpm-7d5ea3514e1a8472)
[INFO] [stdout] 
[INFO] [stdout] running 0 tests
[INFO] [stdout] 
[INFO] [stdout] test result: ok. 0 passed; 0 failed; 0 ignored; 0 measured; 0 filtered out; finished in 0.00s
[INFO] [stdout] 
[INFO] [stderr]      Running tests/integration/main.rs (/opt/rustwide/target/debug/deps/integration-f7e957d112658ec8)
[INFO] [stdout] 
[INFO] [stdout] running 19 tests
[INFO] [stdout] test publish::check_private_field ... ok
[INFO] [stdout] test read_projects::minimal ... ok
[INFO] [stdout] test publish::check_mismatched_names ... ok
[INFO] [stdout] test install::one_dependency ... ok
[INFO] [stdout] test install::minimal ... ok
[INFO] [stdout] test update::update_required_dependency ... ok
[INFO] [stdout] test install::private_with_public_dependency ... ok
[INFO] [stdout] test install::transitive_dependency ... ok
[INFO] [stdout] test install::cross_realm_dependency ... ok
[INFO] [stdout] test install::cross_realm_explicit_dependency ... ok
[INFO] [stdout] test update::install_new_packages_after_updating ... ok
[INFO] [stdout] test update::update_all_dependencies ... ok
[INFO] [stdout] test update::update_named_dependency ... ok
[INFO] [stdout] test update::generate_new_lockfile_if_missing ... ok
[INFO] [stdout] test install::dev_dependency ... ok
[INFO] [stdout] test update::update_list_of_specs ... ok
[INFO] [stdout] test install::dev_dependency_also_required_as_non_dev ... ok
[INFO] [stdout] test publish::check_prompts_auth ... FAILED
[INFO] [stdout] test publish::check_token_arg ... FAILED
[INFO] [stdout] 
[INFO] [stdout] failures:
[INFO] [stdout] 
[INFO] [stdout] ---- publish::check_prompts_auth stdout ----
[INFO] [stdout] thread 'publish::check_prompts_auth' panicked at tests/integration/publish.rs:21:60:
[INFO] [stdout] called `Result::unwrap()` on an `Err` value: failed to make directory '/opt/rustwide/workdir/test-registries/primary-registry/index/.git': Read-only file system; class=Os (2)
[INFO] [stdout] stack backtrace:
[INFO] [stdout]    0:     0x55a769fcd8bc - std::backtrace_rs::backtrace::libunwind::trace::ha637c64ce894333a
[INFO] [stdout]                                at /rustc/82e1608dfa6e0b5569232559e3d385fea5a93112/library/std/src/../../backtrace/src/backtrace/libunwind.rs:104:5
[INFO] [stdout]    1:     0x55a769fcd8bc - std::backtrace_rs::backtrace::trace_unsynchronized::h47f62dea28e0c88d
[INFO] [stdout]                                at /rustc/82e1608dfa6e0b5569232559e3d385fea5a93112/library/std/src/../../backtrace/src/backtrace/mod.rs:66:5
[INFO] [stdout]    2:     0x55a769fcd8bc - std::sys_common::backtrace::_print_fmt::h9eef0abe20ede486
[INFO] [stdout]                                at /rustc/82e1608dfa6e0b5569232559e3d385fea5a93112/library/std/src/sys_common/backtrace.rs:67:5
[INFO] [stdout]    3:     0x55a769fcd8bc - <std::sys_common::backtrace::_print::DisplayBacktrace as core::fmt::Display>::fmt::hed7f999df88cc644
[INFO] [stdout]                                at /rustc/82e1608dfa6e0b5569232559e3d385fea5a93112/library/std/src/sys_common/backtrace.rs:44:22
[INFO] [stdout]    4:     0x55a769fff6c0 - core::fmt::rt::Argument::fmt::h1539a9308b8d058d
[INFO] [stdout]                                at /rustc/82e1608dfa6e0b5569232559e3d385fea5a93112/library/core/src/fmt/rt.rs:142:9
[INFO] [stdout]    5:     0x55a769fff6c0 - core::fmt::write::h3a39390d8560d9c9
[INFO] [stdout]                                at /rustc/82e1608dfa6e0b5569232559e3d385fea5a93112/library/core/src/fmt/mod.rs:1120:17
[INFO] [stdout]    6:     0x55a769fc97af - std::io::Write::write_fmt::h040b369f3a0f9cbc
[INFO] [stdout]                                at /rustc/82e1608dfa6e0b5569232559e3d385fea5a93112/library/std/src/io/mod.rs:1762:15
[INFO] [stdout]    7:     0x55a769fcd6a4 - std::sys_common::backtrace::_print::h894006fb5c6f3d45
[INFO] [stdout]                                at /rustc/82e1608dfa6e0b5569232559e3d385fea5a93112/library/std/src/sys_common/backtrace.rs:47:5
[INFO] [stdout]    8:     0x55a769fcd6a4 - std::sys_common::backtrace::print::h23a2d212c6fff936
[INFO] [stdout]                                at /rustc/82e1608dfa6e0b5569232559e3d385fea5a93112/library/std/src/sys_common/backtrace.rs:34:9
[INFO] [stdout]    9:     0x55a769fcf3e7 - std::panicking::default_hook::{{closure}}::h8a1d2ee00185001a
[INFO] [stdout]   10:     0x55a769fcf0d3 - std::panicking::default_hook::h6038f2eba384e475
[INFO] [stdout]                                at /rustc/82e1608dfa6e0b5569232559e3d385fea5a93112/library/std/src/panicking.rs:289:9
[INFO] [stdout]   11:     0x55a768fb3a27 - <alloc::boxed::Box<F,A> as core::ops::function::Fn<Args>>::call::h0ad024c9bdc6d768
[INFO] [stdout]                                at /rustc/82e1608dfa6e0b5569232559e3d385fea5a93112/library/alloc/src/boxed.rs:2021:9
[INFO] [stdout]   12:     0x55a768fb3a27 - test::test_main::{{closure}}::h7500b54257359db6
[INFO] [stdout]                                at /rustc/82e1608dfa6e0b5569232559e3d385fea5a93112/library/test/src/lib.rs:138:21
[INFO] [stdout]   13:     0x55a769fcf9f8 - <alloc::boxed::Box<F,A> as core::ops::function::Fn<Args>>::call::h1f8f335eaa9cfaee
[INFO] [stdout]                                at /rustc/82e1608dfa6e0b5569232559e3d385fea5a93112/library/alloc/src/boxed.rs:2021:9
[INFO] [stdout]   14:     0x55a769fcf9f8 - std::panicking::rust_panic_with_hook::h2b5517d590cab22e
[INFO] [stdout]                                at /rustc/82e1608dfa6e0b5569232559e3d385fea5a93112/library/std/src/panicking.rs:783:13
[INFO] [stdout]   15:     0x55a769fcf74e - std::panicking::begin_panic_handler::{{closure}}::h233112c06e0ef43e
[INFO] [stdout]                                at /rustc/82e1608dfa6e0b5569232559e3d385fea5a93112/library/std/src/panicking.rs:657:13
[INFO] [stdout]   16:     0x55a769fcdd86 - std::sys_common::backtrace::__rust_end_short_backtrace::h6e893f24d7ebbff8
[INFO] [stdout]                                at /rustc/82e1608dfa6e0b5569232559e3d385fea5a93112/library/std/src/sys_common/backtrace.rs:170:18
[INFO] [stdout]   17:     0x55a769fcf4b2 - rust_begin_unwind
[INFO] [stdout]                                at /rustc/82e1608dfa6e0b5569232559e3d385fea5a93112/library/std/src/panicking.rs:645:5
[INFO] [stdout]   18:     0x55a768f68dc5 - core::panicking::panic_fmt::hbf0e066aabfa482c
[INFO] [stdout]                                at /rustc/82e1608dfa6e0b5569232559e3d385fea5a93112/library/core/src/panicking.rs:72:14
[INFO] [stdout]   19:     0x55a768f69393 - core::result::unwrap_failed::hddb4fea594200c52
[INFO] [stdout]                                at /rustc/82e1608dfa6e0b5569232559e3d385fea5a93112/library/core/src/result.rs:1653:5
[INFO] [stdout]   20:     0x55a768f7348d - core::result::Result<T,E>::unwrap::h2ca3d59e17afd5e1
[INFO] [stdout]                                at /rustc/82e1608dfa6e0b5569232559e3d385fea5a93112/library/core/src/result.rs:1077:23
[INFO] [stdout]   21:     0x55a768f7ebe4 - integration::publish::check_prompts_auth::{{closure}}::h6949161b9cf0ed0a
[INFO] [stdout]                                at /opt/rustwide/workdir/tests/integration/publish.rs:21:5
[INFO] [stdout]   22:     0x55a768f787ce - core::ops::function::FnOnce::call_once::h442a0f944be7284a
[INFO] [stdout]                                at /rustc/82e1608dfa6e0b5569232559e3d385fea5a93112/library/core/src/ops/function.rs:250:5
[INFO] [stdout]   23:     0x55a7691071ff - serial_test::serial_code_lock::local_serial_core::h17f23bafb4bbec45
[INFO] [stdout]                                at /opt/rustwide/cargo-home/registry/src/index.crates.io-6f17d22bba15001f/serial_test-2.0.0/src/serial_code_lock.rs:25:5
[INFO] [stdout]   24:     0x55a768f7ead9 - integration::publish::check_prompts_auth::hdb38662fb516499d
[INFO] [stdout]                                at /opt/rustwide/workdir/tests/integration/publish.rs:13:1
[INFO] [stdout]   25:     0x55a768f7eaa7 - integration::publish::check_prompts_auth::{{closure}}::h71e84673734c3ed7
[INFO] [stdout]                                at /opt/rustwide/workdir/tests/integration/publish.rs:14:24
[INFO] [stdout]   26:     0x55a768f78956 - core::ops::function::FnOnce::call_once::h6e0cebf8fcd4d9b8
[INFO] [stdout]                                at /rustc/82e1608dfa6e0b5569232559e3d385fea5a93112/library/core/src/ops/function.rs:250:5
[INFO] [stdout]   27:     0x55a768fb907f - core::ops::function::FnOnce::call_once::h2b5d431d5046312d
[INFO] [stdout]                                at /rustc/82e1608dfa6e0b5569232559e3d385fea5a93112/library/core/src/ops/function.rs:250:5
[INFO] [stdout]   28:     0x55a768fb907f - test::__rust_begin_short_backtrace::h7714669af176e207
[INFO] [stdout]                                at /rustc/82e1608dfa6e0b5569232559e3d385fea5a93112/library/test/src/lib.rs:628:18
[INFO] [stdout]   29:     0x55a768fb8095 - test::run_test_in_process::{{closure}}::h85218797dcbcec12
[INFO] [stdout]                                at /rustc/82e1608dfa6e0b5569232559e3d385fea5a93112/library/test/src/lib.rs:651:60
[INFO] [stdout]   30:     0x55a768fb8095 - <core::panic::unwind_safe::AssertUnwindSafe<F> as core::ops::function::FnOnce<()>>::call_once::h76c106ea31c14d7b
[INFO] [stdout]                                at /rustc/82e1608dfa6e0b5569232559e3d385fea5a93112/library/core/src/panic/unwind_safe.rs:272:9
[INFO] [stdout]   31:     0x55a768fb8095 - std::panicking::try::do_call::h3bd5d0f6620ee946
[INFO] [stdout]                                at /rustc/82e1608dfa6e0b5569232559e3d385fea5a93112/library/std/src/panicking.rs:552:40
[INFO] [stdout]   32:     0x55a768fb8095 - std::panicking::try::h232e535e4744fe31
[INFO] [stdout]                                at /rustc/82e1608dfa6e0b5569232559e3d385fea5a93112/library/std/src/panicking.rs:516:19
[INFO] [stdout]   33:     0x55a768fb8095 - std::panic::catch_unwind::h3ce3bd6ca8dbac68
[INFO] [stdout]                                at /rustc/82e1608dfa6e0b5569232559e3d385fea5a93112/library/std/src/panic.rs:142:14
[INFO] [stdout]   34:     0x55a768fb8095 - test::run_test_in_process::hc97b257c9621286a
[INFO] [stdout]                                at /rustc/82e1608dfa6e0b5569232559e3d385fea5a93112/library/test/src/lib.rs:651:27
[INFO] [stdout]   35:     0x55a768fb8095 - test::run_test::{{closure}}::h2aa798823a438d38
[INFO] [stdout]                                at /rustc/82e1608dfa6e0b5569232559e3d385fea5a93112/library/test/src/lib.rs:574:43
[INFO] [stdout]   36:     0x55a768f80356 - test::run_test::{{closure}}::h87d231c78fb59832
[INFO] [stdout]                                at /rustc/82e1608dfa6e0b5569232559e3d385fea5a93112/library/test/src/lib.rs:602:41
[INFO] [stdout]   37:     0x55a768f80356 - std::sys_common::backtrace::__rust_begin_short_backtrace::he6df152596625789
[INFO] [stdout]                                at /rustc/82e1608dfa6e0b5569232559e3d385fea5a93112/library/std/src/sys_common/backtrace.rs:154:18
[INFO] [stdout]   38:     0x55a768f85407 - std::thread::Builder::spawn_unchecked_::{{closure}}::{{closure}}::ha94be15d1e0acf36
[INFO] [stdout]                                at /rustc/82e1608dfa6e0b5569232559e3d385fea5a93112/library/std/src/thread/mod.rs:529:17
[INFO] [stdout]   39:     0x55a768f85407 - <core::panic::unwind_safe::AssertUnwindSafe<F> as core::ops::function::FnOnce<()>>::call_once::h9dc6bd6372f16606
[INFO] [stdout]                                at /rustc/82e1608dfa6e0b5569232559e3d385fea5a93112/library/core/src/panic/unwind_safe.rs:272:9
[INFO] [stdout]   40:     0x55a768f85407 - std::panicking::try::do_call::h9057517f80303cd4
[INFO] [stdout]                                at /rustc/82e1608dfa6e0b5569232559e3d385fea5a93112/library/std/src/panicking.rs:552:40
[INFO] [stdout]   41:     0x55a768f85407 - std::panicking::try::he3a30b11ee45340c
[INFO] [stdout]                                at /rustc/82e1608dfa6e0b5569232559e3d385fea5a93112/library/std/src/panicking.rs:516:19
[INFO] [stdout]   42:     0x55a768f85407 - std::panic::catch_unwind::h410458cfd3528b8b
[INFO] [stdout]                                at /rustc/82e1608dfa6e0b5569232559e3d385fea5a93112/library/std/src/panic.rs:142:14
[INFO] [stdout]   43:     0x55a768f85407 - std::thread::Builder::spawn_unchecked_::{{closure}}::h72ac3bdb567b737b
[INFO] [stdout]                                at /rustc/82e1608dfa6e0b5569232559e3d385fea5a93112/library/std/src/thread/mod.rs:528:30
[INFO] [stdout]   44:     0x55a768f85407 - core::ops::function::FnOnce::call_once{{vtable.shim}}::h38f34da3654a8344
[INFO] [stdout]                                at /rustc/82e1608dfa6e0b5569232559e3d385fea5a93112/library/core/src/ops/function.rs:250:5
[INFO] [stdout]   45:     0x55a769fd67e5 - <alloc::boxed::Box<F,A> as core::ops::function::FnOnce<Args>>::call_once::hc7eafaff61e32df9
[INFO] [stdout]                                at /rustc/82e1608dfa6e0b5569232559e3d385fea5a93112/library/alloc/src/boxed.rs:2007:9
[INFO] [stdout]   46:     0x55a769fd67e5 - <alloc::boxed::Box<F,A> as core::ops::function::FnOnce<Args>>::call_once::h6ba4a5de48dd2304
[INFO] [stdout]                                at /rustc/82e1608dfa6e0b5569232559e3d385fea5a93112/library/alloc/src/boxed.rs:2007:9
[INFO] [stdout]   47:     0x55a769fd67e5 - std::sys::unix::thread::Thread::new::thread_start::he469335aef763e45
[INFO] [stdout]                                at /rustc/82e1608dfa6e0b5569232559e3d385fea5a93112/library/std/src/sys/unix/thread.rs:108:17
[INFO] [stdout]   48:     0x7f674fb95ac3 - <unknown>
[INFO] [stdout]   49:     0x7f674fc26bf4 - __clone
[INFO] [stdout]   50:                0x0 - <unknown>
[INFO] [stdout] 
[INFO] [stdout] ---- publish::check_token_arg stdout ----
[INFO] [stdout] thread 'publish::check_token_arg' panicked at tests/integration/publish.rs:104:60:
[INFO] [stdout] called `Result::unwrap()` on an `Err` value: failed to make directory '/opt/rustwide/workdir/test-registries/primary-registry/index/.git': Read-only file system; class=Os (2)
[INFO] [stdout] stack backtrace:
[INFO] [stdout]    0:     0x55a769fcd8bc - std::backtrace_rs::backtrace::libunwind::trace::ha637c64ce894333a
[INFO] [stdout]                                at /rustc/82e1608dfa6e0b5569232559e3d385fea5a93112/library/std/src/../../backtrace/src/backtrace/libunwind.rs:104:5
[INFO] [stdout]    1:     0x55a769fcd8bc - std::backtrace_rs::backtrace::trace_unsynchronized::h47f62dea28e0c88d
[INFO] [stdout]                                at /rustc/82e1608dfa6e0b5569232559e3d385fea5a93112/library/std/src/../../backtrace/src/backtrace/mod.rs:66:5
[INFO] [stdout]    2:     0x55a769fcd8bc - std::sys_common::backtrace::_print_fmt::h9eef0abe20ede486
[INFO] [stdout]                                at /rustc/82e1608dfa6e0b5569232559e3d385fea5a93112/library/std/src/sys_common/backtrace.rs:67:5
[INFO] [stdout]    3:     0x55a769fcd8bc - <std::sys_common::backtrace::_print::DisplayBacktrace as core::fmt::Display>::fmt::hed7f999df88cc644
[INFO] [stdout]                                at /rustc/82e1608dfa6e0b5569232559e3d385fea5a93112/library/std/src/sys_common/backtrace.rs:44:22
[INFO] [stdout]    4:     0x55a769fff6c0 - core::fmt::rt::Argument::fmt::h1539a9308b8d058d
[INFO] [stdout]                                at /rustc/82e1608dfa6e0b5569232559e3d385fea5a93112/library/core/src/fmt/rt.rs:142:9
[INFO] [stdout]    5:     0x55a769fff6c0 - core::fmt::write::h3a39390d8560d9c9
[INFO] [stdout]                                at /rustc/82e1608dfa6e0b5569232559e3d385fea5a93112/library/core/src/fmt/mod.rs:1120:17
[INFO] [stdout]    6:     0x55a769fc97af - std::io::Write::write_fmt::h040b369f3a0f9cbc
[INFO] [stdout]                                at /rustc/82e1608dfa6e0b5569232559e3d385fea5a93112/library/std/src/io/mod.rs:1762:15
[INFO] [stdout]    7:     0x55a769fcd6a4 - std::sys_common::backtrace::_print::h894006fb5c6f3d45
[INFO] [stdout]                                at /rustc/82e1608dfa6e0b5569232559e3d385fea5a93112/library/std/src/sys_common/backtrace.rs:47:5
[INFO] [stdout]    8:     0x55a769fcd6a4 - std::sys_common::backtrace::print::h23a2d212c6fff936
[INFO] [stdout]                                at /rustc/82e1608dfa6e0b5569232559e3d385fea5a93112/library/std/src/sys_common/backtrace.rs:34:9
[INFO] [stdout]    9:     0x55a769fcf3e7 - std::panicking::default_hook::{{closure}}::h8a1d2ee00185001a
[INFO] [stdout]   10:     0x55a769fcf0d3 - std::panicking::default_hook::h6038f2eba384e475
[INFO] [stdout]                                at /rustc/82e1608dfa6e0b5569232559e3d385fea5a93112/library/std/src/panicking.rs:289:9
[INFO] [stdout]   11:     0x55a768fb3a27 - <alloc::boxed::Box<F,A> as core::ops::function::Fn<Args>>::call::h0ad024c9bdc6d768
[INFO] [stdout]                                at /rustc/82e1608dfa6e0b5569232559e3d385fea5a93112/library/alloc/src/boxed.rs:2021:9
[INFO] [stdout]   12:     0x55a768fb3a27 - test::test_main::{{closure}}::h7500b54257359db6
[INFO] [stdout]                                at /rustc/82e1608dfa6e0b5569232559e3d385fea5a93112/library/test/src/lib.rs:138:21
[INFO] [stdout]   13:     0x55a769fcf9f8 - <alloc::boxed::Box<F,A> as core::ops::function::Fn<Args>>::call::h1f8f335eaa9cfaee
[INFO] [stdout]                                at /rustc/82e1608dfa6e0b5569232559e3d385fea5a93112/library/alloc/src/boxed.rs:2021:9
[INFO] [stdout]   14:     0x55a769fcf9f8 - std::panicking::rust_panic_with_hook::h2b5517d590cab22e
[INFO] [stdout]                                at /rustc/82e1608dfa6e0b5569232559e3d385fea5a93112/library/std/src/panicking.rs:783:13
[INFO] [stdout]   15:     0x55a769fcf74e - std::panicking::begin_panic_handler::{{closure}}::h233112c06e0ef43e
[INFO] [stdout]                                at /rustc/82e1608dfa6e0b5569232559e3d385fea5a93112/library/std/src/panicking.rs:657:13
[INFO] [stdout]   16:     0x55a769fcdd86 - std::sys_common::backtrace::__rust_end_short_backtrace::h6e893f24d7ebbff8
[INFO] [stdout]                                at /rustc/82e1608dfa6e0b5569232559e3d385fea5a93112/library/std/src/sys_common/backtrace.rs:170:18
[INFO] [stdout]   17:     0x55a769fcf4b2 - rust_begin_unwind
[INFO] [stdout]                                at /rustc/82e1608dfa6e0b5569232559e3d385fea5a93112/library/std/src/panicking.rs:645:5
[INFO] [stdout]   18:     0x55a768f68dc5 - core::panicking::panic_fmt::hbf0e066aabfa482c
[INFO] [stdout]                                at /rustc/82e1608dfa6e0b5569232559e3d385fea5a93112/library/core/src/panicking.rs:72:14
[INFO] [stdout]   19:     0x55a768f69393 - core::result::unwrap_failed::hddb4fea594200c52
[INFO] [stdout]                                at /rustc/82e1608dfa6e0b5569232559e3d385fea5a93112/library/core/src/result.rs:1653:5
[INFO] [stdout]   20:     0x55a768f7348d - core::result::Result<T,E>::unwrap::h2ca3d59e17afd5e1
[INFO] [stdout]                                at /rustc/82e1608dfa6e0b5569232559e3d385fea5a93112/library/core/src/result.rs:1077:23
[INFO] [stdout]   21:     0x55a768f7fd04 - integration::publish::check_token_arg::{{closure}}::h0cc8ddf6c24dfecb
[INFO] [stdout]                                at /opt/rustwide/workdir/tests/integration/publish.rs:104:5
[INFO] [stdout]   22:     0x55a768f7890e - core::ops::function::FnOnce::call_once::h685f842c0d41497a
[INFO] [stdout]                                at /rustc/82e1608dfa6e0b5569232559e3d385fea5a93112/library/core/src/ops/function.rs:250:5
[INFO] [stdout]   23:     0x55a7691071ff - serial_test::serial_code_lock::local_serial_core::h17f23bafb4bbec45
[INFO] [stdout]                                at /opt/rustwide/cargo-home/registry/src/index.crates.io-6f17d22bba15001f/serial_test-2.0.0/src/serial_code_lock.rs:25:5
[INFO] [stdout]   24:     0x55a768f7fbf9 - integration::publish::check_token_arg::ha9e8946617ee1942
[INFO] [stdout]                                at /opt/rustwide/workdir/tests/integration/publish.rs:96:1
[INFO] [stdout]   25:     0x55a768f7fbc7 - integration::publish::check_token_arg::{{closure}}::h5f36990c8bdb179b
[INFO] [stdout]                                at /opt/rustwide/workdir/tests/integration/publish.rs:97:21
[INFO] [stdout]   26:     0x55a768f78a66 - core::ops::function::FnOnce::call_once::ha30fdb37ecfd9435
[INFO] [stdout]                                at /rustc/82e1608dfa6e0b5569232559e3d385fea5a93112/library/core/src/ops/function.rs:250:5
[INFO] [stdout]   27:     0x55a768fb907f - core::ops::function::FnOnce::call_once::h2b5d431d5046312d
[INFO] [stdout]                                at /rustc/82e1608dfa6e0b5569232559e3d385fea5a93112/library/core/src/ops/function.rs:250:5
[INFO] [stdout]   28:     0x55a768fb907f - test::__rust_begin_short_backtrace::h7714669af176e207
[INFO] [stdout]                                at /rustc/82e1608dfa6e0b5569232559e3d385fea5a93112/library/test/src/lib.rs:628:18
[INFO] [stdout]   29:     0x55a768fb8095 - test::run_test_in_process::{{closure}}::h85218797dcbcec12
[INFO] [stdout]                                at /rustc/82e1608dfa6e0b5569232559e3d385fea5a93112/library/test/src/lib.rs:651:60
[INFO] [stdout]   30:     0x55a768fb8095 - <core::panic::unwind_safe::AssertUnwindSafe<F> as core::ops::function::FnOnce<()>>::call_once::h76c106ea31c14d7b
[INFO] [stdout]                                at /rustc/82e1608dfa6e0b5569232559e3d385fea5a93112/library/core/src/panic/unwind_safe.rs:272:9
[INFO] [stdout]   31:     0x55a768fb8095 - std::panicking::try::do_call::h3bd5d0f6620ee946
[INFO] [stdout]                                at /rustc/82e1608dfa6e0b5569232559e3d385fea5a93112/library/std/src/panicking.rs:552:40
[INFO] [stdout]   32:     0x55a768fb8095 - std::panicking::try::h232e535e4744fe31
[INFO] [stdout]                                at /rustc/82e1608dfa6e0b5569232559e3d385fea5a93112/library/std/src/panicking.rs:516:19
[INFO] [stdout]   33:     0x55a768fb8095 - std::panic::catch_unwind::h3ce3bd6ca8dbac68
[INFO] [stdout]                                at /rustc/82e1608dfa6e0b5569232559e3d385fea5a93112/library/std/src/panic.rs:142:14
[INFO] [stdout]   34:     0x55a768fb8095 - test::run_test_in_process::hc97b257c9621286a
[INFO] [stdout]                                at /rustc/82e1608dfa6e0b5569232559e3d385fea5a93112/library/test/src/lib.rs:651:27
[INFO] [stdout]   35:     0x55a768fb8095 - test::run_test::{{closure}}::h2aa798823a438d38
[INFO] [stdout]                                at /rustc/82e1608dfa6e0b5569232559e3d385fea5a93112/library/test/src/lib.rs:574:43
[INFO] [stdout]   36:     0x55a768f80356 - test::run_test::{{closure}}::h87d231c78fb59832
[INFO] [stdout]                                at /rustc/82e1608dfa6e0b5569232559e3d385fea5a93112/library/test/src/lib.rs:602:41
[INFO] [stdout]   37:     0x55a768f80356 - std::sys_common::backtrace::__rust_begin_short_backtrace::he6df152596625789
[INFO] [stdout]                                at /rustc/82e1608dfa6e0b5569232559e3d385fea5a93112/library/std/src/sys_common/backtrace.rs:154:18
[INFO] [stdout]   38:     0x55a768f85407 - std::thread::Builder::spawn_unchecked_::{{closure}}::{{closure}}::ha94be15d1e0acf36
[INFO] [stdout]                                at /rustc/82e1608dfa6e0b5569232559e3d385fea5a93112/library/std/src/thread/mod.rs:529:17
[INFO] [stdout]   39:     0x55a768f85407 - <core::panic::unwind_safe::AssertUnwindSafe<F> as core::ops::function::FnOnce<()>>::call_once::h9dc6bd6372f16606
[INFO] [stdout]                                at /rustc/82e1608dfa6e0b5569232559e3d385fea5a93112/library/core/src/panic/unwind_safe.rs:272:9
[INFO] [stdout]   40:     0x55a768f85407 - std::panicking::try::do_call::h9057517f80303cd4
[INFO] [stdout]                                at /rustc/82e1608dfa6e0b5569232559e3d385fea5a93112/library/std/src/panicking.rs:552:40
[INFO] [stdout]   41:     0x55a768f85407 - std::panicking::try::he3a30b11ee45340c
[INFO] [stdout]                                at /rustc/82e1608dfa6e0b5569232559e3d385fea5a93112/library/std/src/panicking.rs:516:19
[INFO] [stdout]   42:     0x55a768f85407 - std::panic::catch_unwind::h410458cfd3528b8b
[INFO] [stdout]                                at /rustc/82e1608dfa6e0b5569232559e3d385fea5a93112/library/std/src/panic.rs:142:14
[INFO] [stdout]   43:     0x55a768f85407 - std::thread::Builder::spawn_unchecked_::{{closure}}::h72ac3bdb567b737b
[INFO] [stdout]                                at /rustc/82e1608dfa6e0b5569232559e3d385fea5a93112/library/std/src/thread/mod.rs:528:30
[INFO] [stdout]   44:     0x55a768f85407 - core::ops::function::FnOnce::call_once{{vtable.shim}}::h38f34da3654a8344
[INFO] [stdout]                                at /rustc/82e1608dfa6e0b5569232559e3d385fea5a93112/library/core/src/ops/function.rs:250:5
[INFO] [stdout]   45:     0x55a769fd67e5 - <alloc::boxed::Box<F,A> as core::ops::function::FnOnce<Args>>::call_once::hc7eafaff61e32df9
[INFO] [stdout]                                at /rustc/82e1608dfa6e0b5569232559e3d385fea5a93112/library/alloc/src/boxed.rs:2007:9
[INFO] [stdout]   46:     0x55a769fd67e5 - <alloc::boxed::Box<F,A> as core::ops::function::FnOnce<Args>>::call_once::h6ba4a5de48dd2304
[INFO] [stdout]                                at /rustc/82e1608dfa6e0b5569232559e3d385fea5a93112/library/alloc/src/boxed.rs:2007:9
[INFO] [stdout]   47:     0x55a769fd67e5 - std::sys::unix::thread::Thread::new::thread_start::he469335aef763e45
[INFO] [stdout]                                at /rustc/82e1608dfa6e0b5569232559e3d385fea5a93112/library/std/src/sys/unix/thread.rs:108:17
[INFO] [stdout]   48:     0x7f674fb95ac3 - <unknown>
[INFO] [stdout]   49:     0x7f674fc26bf4 - __clone
[INFO] [stdout]   50:                0x0 - <unknown>
[INFO] [stdout] 
[INFO] [stdout] 
[INFO] [stdout] failures:
[INFO] [stdout]     publish::check_prompts_auth
[INFO] [stdout]     publish::check_token_arg
[INFO] [stdout] 
[INFO] [stdout] test result: FAILED. 17 passed; 2 failed; 0 ignored; 0 measured; 0 filtered out; finished in 1.05s
[INFO] [stdout] 
[INFO] [stderr] error: test failed, to rerun pass `-p rbxpm --test integration`
[INFO] running `Command { std: "docker" "inspect" "4e810122ec266d6e75573b83a59e947bc234aca56bd77d737631982f6c914e8d", kill_on_drop: false }`
[INFO] running `Command { std: "docker" "rm" "-f" "4e810122ec266d6e75573b83a59e947bc234aca56bd77d737631982f6c914e8d", kill_on_drop: false }`
[INFO] [stdout] 4e810122ec266d6e75573b83a59e947bc234aca56bd77d737631982f6c914e8d
