[INFO] cloning repository https://github.com/MelvinTo/fork-tree
[INFO] running `Command { std: "git" "-c" "credential.helper=" "-c" "credential.helper=/workspace/cargo-home/bin/git-credential-null" "clone" "--bare" "https://github.com/MelvinTo/fork-tree" "/workspace/cache/git-repos/https%3A%2F%2Fgithub.com%2FMelvinTo%2Ffork-tree", kill_on_drop: false }`
[INFO] [stderr] Cloning into bare repository '/workspace/cache/git-repos/https%3A%2F%2Fgithub.com%2FMelvinTo%2Ffork-tree'...
[INFO] running `Command { std: "git" "rev-parse" "HEAD", kill_on_drop: false }`
[INFO] [stdout] dc3bae81cda50c8125a4b7211295267ee3ea1e43
[INFO] testing MelvinTo/fork-tree against 1.75.0 for beta-1.76-1
[INFO] running `Command { std: "git" "clone" "/workspace/cache/git-repos/https%3A%2F%2Fgithub.com%2FMelvinTo%2Ffork-tree" "/workspace/builds/worker-6-tc1/source", kill_on_drop: false }`
[INFO] [stderr] Cloning into '/workspace/builds/worker-6-tc1/source'...
[INFO] [stderr] done.
[INFO] validating manifest of git repo https://github.com/MelvinTo/fork-tree on toolchain 1.75.0
[INFO] running `Command { std: CARGO_HOME="/workspace/cargo-home" RUSTUP_HOME="/workspace/rustup-home" "/workspace/cargo-home/bin/cargo" "+1.75.0" "metadata" "--manifest-path" "Cargo.toml" "--no-deps", kill_on_drop: false }`
[INFO] started tweaking git repo https://github.com/MelvinTo/fork-tree
[INFO] finished tweaking git repo https://github.com/MelvinTo/fork-tree
[INFO] tweaked toml for git repo https://github.com/MelvinTo/fork-tree written to /workspace/builds/worker-6-tc1/source/Cargo.toml
[INFO] crate git repo https://github.com/MelvinTo/fork-tree already has a lockfile, it will not be regenerated
[INFO] running `Command { std: CARGO_HOME="/workspace/cargo-home" RUSTUP_HOME="/workspace/rustup-home" "/workspace/cargo-home/bin/cargo" "+1.75.0" "fetch" "--manifest-path" "Cargo.toml", kill_on_drop: false }`
[INFO] running `Command { std: "docker" "create" "-v" "/var/lib/crater-agent-workspace/builds/worker-6-tc1/target:/opt/rustwide/target:rw,Z" "-v" "/var/lib/crater-agent-workspace/builds/worker-6-tc1/source:/opt/rustwide/workdir:ro,Z" "-v" "/var/lib/crater-agent-workspace/cargo-home:/opt/rustwide/cargo-home:ro,Z" "-v" "/var/lib/crater-agent-workspace/rustup-home:/opt/rustwide/rustup-home:ro,Z" "-e" "SOURCE_DIR=/opt/rustwide/workdir" "-e" "CARGO_TARGET_DIR=/opt/rustwide/target" "-e" "CARGO_HOME=/opt/rustwide/cargo-home" "-e" "RUSTUP_HOME=/opt/rustwide/rustup-home" "-w" "/opt/rustwide/workdir" "-m" "1610612736" "--user" "0:0" "--network" "none" "ghcr.io/rust-lang/crates-build-env/linux@sha256:2788e3201cd34a07e3172128adcd8b3090168a8e3bcc40d7c032b9dda1df7d1c" "/opt/rustwide/cargo-home/bin/cargo" "+1.75.0" "metadata" "--no-deps" "--format-version=1", kill_on_drop: false }`
[INFO] [stdout] 9595519c99d8821a4ff0ef962672e7be8b22305a7eed9eff6372e100a03f059e
[INFO] running `Command { std: "docker" "start" "-a" "9595519c99d8821a4ff0ef962672e7be8b22305a7eed9eff6372e100a03f059e", kill_on_drop: false }`
[INFO] running `Command { std: "docker" "inspect" "9595519c99d8821a4ff0ef962672e7be8b22305a7eed9eff6372e100a03f059e", kill_on_drop: false }`
[INFO] running `Command { std: "docker" "rm" "-f" "9595519c99d8821a4ff0ef962672e7be8b22305a7eed9eff6372e100a03f059e", kill_on_drop: false }`
[INFO] [stdout] 9595519c99d8821a4ff0ef962672e7be8b22305a7eed9eff6372e100a03f059e
[INFO] running `Command { std: "docker" "create" "-v" "/var/lib/crater-agent-workspace/builds/worker-6-tc1/target:/opt/rustwide/target:rw,Z" "-v" "/var/lib/crater-agent-workspace/builds/worker-6-tc1/source:/opt/rustwide/workdir:ro,Z" "-v" "/var/lib/crater-agent-workspace/cargo-home:/opt/rustwide/cargo-home:ro,Z" "-v" "/var/lib/crater-agent-workspace/rustup-home:/opt/rustwide/rustup-home:ro,Z" "-e" "SOURCE_DIR=/opt/rustwide/workdir" "-e" "CARGO_TARGET_DIR=/opt/rustwide/target" "-e" "CARGO_INCREMENTAL=0" "-e" "RUST_BACKTRACE=full" "-e" "RUSTFLAGS=--cap-lints=warn" "-e" "RUSTDOCFLAGS=--cap-lints=warn" "-e" "CARGO_HOME=/opt/rustwide/cargo-home" "-e" "RUSTUP_HOME=/opt/rustwide/rustup-home" "-w" "/opt/rustwide/workdir" "-m" "1610612736" "--user" "0:0" "--network" "none" "ghcr.io/rust-lang/crates-build-env/linux@sha256:2788e3201cd34a07e3172128adcd8b3090168a8e3bcc40d7c032b9dda1df7d1c" "/opt/rustwide/cargo-home/bin/cargo" "+1.75.0" "build" "--frozen" "--message-format=json", kill_on_drop: false }`
[INFO] [stdout] fb82dcae11e7eb3e064e0de9e5271efdd71dd438f19f68fa47cdef0d4cadb660
[INFO] running `Command { std: "docker" "start" "-a" "fb82dcae11e7eb3e064e0de9e5271efdd71dd438f19f68fa47cdef0d4cadb660", kill_on_drop: false }`
[INFO] [stderr]    Compiling libc v0.2.126
[INFO] [stderr]    Compiling log v0.4.17
[INFO] [stderr]    Compiling serde v1.0.137
[INFO] [stderr]    Compiling regex-syntax v0.6.26
[INFO] [stderr]    Compiling serde_json v1.0.81
[INFO] [stderr]    Compiling humantime v2.1.0
[INFO] [stderr]    Compiling aho-corasick v0.7.18
[INFO] [stderr]    Compiling atty v0.2.14
[INFO] [stderr]    Compiling regex v1.5.6
[INFO] [stderr]    Compiling env_logger v0.8.4
[INFO] [stderr]    Compiling fork-tree v0.1.0 (/opt/rustwide/workdir)
[INFO] [stdout] warning: variable does not need to be mutable
[INFO] [stdout]    --> src/main.rs:204:13
[INFO] [stdout]     |
[INFO] [stdout] 204 |         let mut p = self.get_process_mut(&ctxt.pid).ok_or(MyError::InvalidProcess)?;
[INFO] [stdout]     |             ----^
[INFO] [stdout]     |             |
[INFO] [stdout]     |             help: remove this `mut`
[INFO] [stdout]     |
[INFO] [stdout]     = note: `#[warn(unused_mut)]` on by default
[INFO] [stdout] 
[INFO] [stdout] 
[INFO] [stdout] warning: variable does not need to be mutable
[INFO] [stdout]    --> src/main.rs:222:13
[INFO] [stdout]     |
[INFO] [stdout] 222 |         let mut p = self.get_process_mut(&ctxt.pid).ok_or(MyError::InvalidProcess)?;
[INFO] [stdout]     |             ----^
[INFO] [stdout]     |             |
[INFO] [stdout]     |             help: remove this `mut`
[INFO] [stdout] 
[INFO] [stdout] 
[INFO] [stdout] warning: type alias `MyResult` is never used
[INFO] [stdout]   --> src/main.rs:33:6
[INFO] [stdout]    |
[INFO] [stdout] 33 | type MyResult<T> = Result<T, Box<dyn std::error::Error>>;
[INFO] [stdout]    |      ^^^^^^^^
[INFO] [stdout]    |
[INFO] [stdout]    = note: `#[warn(dead_code)]` on by default
[INFO] [stdout] 
[INFO] [stdout] 
[INFO] [stdout] warning: fields `root` and `processes` are never read
[INFO] [stdout]   --> src/main.rs:37:5
[INFO] [stdout]    |
[INFO] [stdout] 36 | struct ForkTree {
[INFO] [stdout]    |        -------- fields in this struct
[INFO] [stdout] 37 |     root: ForkProcess,
[INFO] [stdout]    |     ^^^^
[INFO] [stdout] 38 |     processes: HashMap<u64, ForkProcess>,
[INFO] [stdout]    |     ^^^^^^^^^
[INFO] [stdout]    |
[INFO] [stdout]    = note: `ForkTree` has a derived impl for the trait `Debug`, but this is intentionally ignored during dead code analysis
[INFO] [stdout] 
[INFO] [stdout] 
[INFO] [stdout] warning: multiple fields are never read
[INFO] [stdout]   --> src/main.rs:43:5
[INFO] [stdout]    |
[INFO] [stdout] 42 | struct ForkProcess {
[INFO] [stdout]    |        ----------- fields in this struct
[INFO] [stdout] 43 |     cmd: String,
[INFO] [stdout]    |     ^^^
[INFO] [stdout] 44 |     pid: u64,
[INFO] [stdout]    |     ^^^
[INFO] [stdout] 45 |     duration: f64,
[INFO] [stdout]    |     ^^^^^^^^
[INFO] [stdout] 46 |     start_time: f64,
[INFO] [stdout]    |     ^^^^^^^^^^
[INFO] [stdout] 47 |     ppid: Option<u64>,
[INFO] [stdout]    |     ^^^^
[INFO] [stdout] 48 |     args: Vec<String>,
[INFO] [stdout]    |     ^^^^
[INFO] [stdout] 49 |     cpids: Vec<u64>,
[INFO] [stdout]    |     ^^^^^
[INFO] [stdout]    |
[INFO] [stdout]    = note: `ForkProcess` has a derived impl for the trait `Debug`, but this is intentionally ignored during dead code analysis
[INFO] [stdout] 
[INFO] [stdout] 
[INFO] [stdout] warning: fields `syscall`, `pid`, `timestamp`, and `remaining_msg` are never read
[INFO] [stdout]   --> src/main.rs:54:5
[INFO] [stdout]    |
[INFO] [stdout] 53 | struct Context {
[INFO] [stdout]    |        ------- fields in this struct
[INFO] [stdout] 54 |     syscall: Syscall,
[INFO] [stdout]    |     ^^^^^^^
[INFO] [stdout] 55 |     pid: u64,
[INFO] [stdout]    |     ^^^
[INFO] [stdout] 56 |     timestamp: f64,
[INFO] [stdout]    |     ^^^^^^^^^
[INFO] [stdout] 57 |     remaining_msg: String,
[INFO] [stdout]    |     ^^^^^^^^^^^^^
[INFO] [stdout]    |
[INFO] [stdout]    = note: `Context` has a derived impl for the trait `Debug`, but this is intentionally ignored during dead code analysis
[INFO] [stdout] 
[INFO] [stdout] 
[INFO] [stdout] warning: variants `InvalidLine` and `InvalidProcess` are never constructed
[INFO] [stdout]   --> src/main.rs:62:5
[INFO] [stdout]    |
[INFO] [stdout] 61 | enum MyError {
[INFO] [stdout]    |      ------- variants in this enum
[INFO] [stdout] 62 |     InvalidLine,
[INFO] [stdout]    |     ^^^^^^^^^^^
[INFO] [stdout] 63 |     InvalidProcess
[INFO] [stdout]    |     ^^^^^^^^^^^^^^
[INFO] [stdout]    |
[INFO] [stdout]    = note: `MyError` has a derived impl for the trait `Debug`, but this is intentionally ignored during dead code analysis
[INFO] [stdout] 
[INFO] [stdout] 
[INFO] [stdout] warning: multiple associated items are never used
[INFO] [stdout]    --> src/main.rs:108:8
[INFO] [stdout]     |
[INFO] [stdout] 100 | impl ForkTree {
[INFO] [stdout]     | ------------- associated items in this implementation
[INFO] [stdout] ...
[INFO] [stdout] 108 |     fn get_process(&self, pid: &u64) -> Option<&ForkProcess> {
[INFO] [stdout]     |        ^^^^^^^^^^^
[INFO] [stdout] ...
[INFO] [stdout] 112 |     fn get_process_mut(&mut self, pid: &u64) -> Option<&mut ForkProcess> {
[INFO] [stdout]     |        ^^^^^^^^^^^^^^^
[INFO] [stdout] ...
[INFO] [stdout] 116 |     fn process_line(&mut self, line: &str) -> MyResult<()> {
[INFO] [stdout]     |        ^^^^^^^^^^^^
[INFO] [stdout] ...
[INFO] [stdout] 145 |     fn parse_context(line: &str) -> Option<Context> {
[INFO] [stdout]     |        ^^^^^^^^^^^^^
[INFO] [stdout] ...
[INFO] [stdout] 173 |     fn process_clone_line(&mut self, ctxt: &Context) -> MyResult<()> {
[INFO] [stdout]     |        ^^^^^^^^^^^^^^^^^^
[INFO] [stdout] ...
[INFO] [stdout] 193 |     fn process_exec_line(&mut self, ctxt: &Context) -> MyResult<()> {
[INFO] [stdout]     |        ^^^^^^^^^^^^^^^^^
[INFO] [stdout] ...
[INFO] [stdout] 219 |     fn process_exit_line(&mut self, ctxt: &Context) -> MyResult<()> {
[INFO] [stdout]     |        ^^^^^^^^^^^^^^^^^
[INFO] [stdout] ...
[INFO] [stdout] 227 |     fn print_fork_tree(&self, pid: u64) -> MyResult<()> {
[INFO] [stdout]     |        ^^^^^^^^^^^^^^^
[INFO] [stdout] 
[INFO] [stdout] 
[INFO] [stdout] warning: associated items `new_with_ppid`, `new_with_pid`, and `add_child_process` are never used
[INFO] [stdout]    --> src/main.rs:263:8
[INFO] [stdout]     |
[INFO] [stdout] 250 | impl ForkProcess {
[INFO] [stdout]     | ---------------- associated items in this implementation
[INFO] [stdout] ...
[INFO] [stdout] 263 |     fn new_with_ppid(pid: u64, ppid: u64) -> ForkProcess {
[INFO] [stdout]     |        ^^^^^^^^^^^^^
[INFO] [stdout] ...
[INFO] [stdout] 275 |     fn new_with_pid(pid: u64) -> ForkProcess {
[INFO] [stdout]     |        ^^^^^^^^^^^^
[INFO] [stdout] ...
[INFO] [stdout] 287 |     fn add_child_process(&mut self, cpid: u64) {
[INFO] [stdout]     |        ^^^^^^^^^^^^^^^^^
[INFO] [stdout] 
[INFO] [stdout] 
[INFO] [stdout] warning: 9 warnings emitted
[INFO] [stdout] 
[INFO] [stdout] 
[INFO] [stderr]     Finished dev [unoptimized + debuginfo] target(s) in 5.72s
[INFO] running `Command { std: "docker" "inspect" "fb82dcae11e7eb3e064e0de9e5271efdd71dd438f19f68fa47cdef0d4cadb660", kill_on_drop: false }`
[INFO] running `Command { std: "docker" "rm" "-f" "fb82dcae11e7eb3e064e0de9e5271efdd71dd438f19f68fa47cdef0d4cadb660", kill_on_drop: false }`
[INFO] [stdout] fb82dcae11e7eb3e064e0de9e5271efdd71dd438f19f68fa47cdef0d4cadb660
[INFO] running `Command { std: "docker" "create" "-v" "/var/lib/crater-agent-workspace/builds/worker-6-tc1/target:/opt/rustwide/target:rw,Z" "-v" "/var/lib/crater-agent-workspace/builds/worker-6-tc1/source:/opt/rustwide/workdir:ro,Z" "-v" "/var/lib/crater-agent-workspace/cargo-home:/opt/rustwide/cargo-home:ro,Z" "-v" "/var/lib/crater-agent-workspace/rustup-home:/opt/rustwide/rustup-home:ro,Z" "-e" "SOURCE_DIR=/opt/rustwide/workdir" "-e" "CARGO_TARGET_DIR=/opt/rustwide/target" "-e" "CARGO_INCREMENTAL=0" "-e" "RUST_BACKTRACE=full" "-e" "RUSTFLAGS=--cap-lints=warn" "-e" "RUSTDOCFLAGS=--cap-lints=warn" "-e" "CARGO_HOME=/opt/rustwide/cargo-home" "-e" "RUSTUP_HOME=/opt/rustwide/rustup-home" "-w" "/opt/rustwide/workdir" "-m" "1610612736" "--user" "0:0" "--network" "none" "ghcr.io/rust-lang/crates-build-env/linux@sha256:2788e3201cd34a07e3172128adcd8b3090168a8e3bcc40d7c032b9dda1df7d1c" "/opt/rustwide/cargo-home/bin/cargo" "+1.75.0" "test" "--frozen" "--no-run" "--message-format=json", kill_on_drop: false }`
[INFO] [stdout] fe5d6e1c8682aa9bdb4ddd8bc693cc92e52edfd2526f651dc8055a53e28cd68f
[INFO] running `Command { std: "docker" "start" "-a" "fe5d6e1c8682aa9bdb4ddd8bc693cc92e52edfd2526f651dc8055a53e28cd68f", kill_on_drop: false }`
[INFO] [stderr]    Compiling fork-tree v0.1.0 (/opt/rustwide/workdir)
[INFO] [stdout] warning: variable does not need to be mutable
[INFO] [stdout]    --> src/main.rs:204:13
[INFO] [stdout]     |
[INFO] [stdout] 204 |         let mut p = self.get_process_mut(&ctxt.pid).ok_or(MyError::InvalidProcess)?;
[INFO] [stdout]     |             ----^
[INFO] [stdout]     |             |
[INFO] [stdout]     |             help: remove this `mut`
[INFO] [stdout]     |
[INFO] [stdout]     = note: `#[warn(unused_mut)]` on by default
[INFO] [stdout] 
[INFO] [stdout] 
[INFO] [stdout] warning: variable does not need to be mutable
[INFO] [stdout]    --> src/main.rs:222:13
[INFO] [stdout]     |
[INFO] [stdout] 222 |         let mut p = self.get_process_mut(&ctxt.pid).ok_or(MyError::InvalidProcess)?;
[INFO] [stdout]     |             ----^
[INFO] [stdout]     |             |
[INFO] [stdout]     |             help: remove this `mut`
[INFO] [stdout] 
[INFO] [stdout] 
[INFO] [stdout] warning: field `root` is never read
[INFO] [stdout]   --> src/main.rs:37:5
[INFO] [stdout]    |
[INFO] [stdout] 36 | struct ForkTree {
[INFO] [stdout]    |        -------- field in this struct
[INFO] [stdout] 37 |     root: ForkProcess,
[INFO] [stdout]    |     ^^^^
[INFO] [stdout]    |
[INFO] [stdout]    = note: `ForkTree` has a derived impl for the trait `Debug`, but this is intentionally ignored during dead code analysis
[INFO] [stdout]    = note: `#[warn(dead_code)]` on by default
[INFO] [stdout] 
[INFO] [stdout] 
[INFO] [stdout] warning: fields `pid` and `ppid` are never read
[INFO] [stdout]   --> src/main.rs:44:5
[INFO] [stdout]    |
[INFO] [stdout] 42 | struct ForkProcess {
[INFO] [stdout]    |        ----------- fields in this struct
[INFO] [stdout] 43 |     cmd: String,
[INFO] [stdout] 44 |     pid: u64,
[INFO] [stdout]    |     ^^^
[INFO] [stdout] ...
[INFO] [stdout] 47 |     ppid: Option<u64>,
[INFO] [stdout]    |     ^^^^
[INFO] [stdout]    |
[INFO] [stdout]    = note: `ForkProcess` has a derived impl for the trait `Debug`, but this is intentionally ignored during dead code analysis
[INFO] [stdout] 
[INFO] [stdout] 
[INFO] [stdout] warning: unused `Result` that must be used
[INFO] [stdout]    --> src/main.rs:375:13
[INFO] [stdout]     |
[INFO] [stdout] 375 |             ft.process_line(&line);
[INFO] [stdout]     |             ^^^^^^^^^^^^^^^^^^^^^^
[INFO] [stdout]     |
[INFO] [stdout]     = note: this `Result` may be an `Err` variant, which should be handled
[INFO] [stdout]     = note: `#[warn(unused_must_use)]` on by default
[INFO] [stdout] help: use `let _ = ...` to ignore the resulting value
[INFO] [stdout]     |
[INFO] [stdout] 375 |             let _ = ft.process_line(&line);
[INFO] [stdout]     |             +++++++
[INFO] [stdout] 
[INFO] [stdout] 
[INFO] [stdout] warning: unused `Result` that must be used
[INFO] [stdout]    --> src/main.rs:378:9
[INFO] [stdout]     |
[INFO] [stdout] 378 |         ft.print_fork_tree(14991);
[INFO] [stdout]     |         ^^^^^^^^^^^^^^^^^^^^^^^^^
[INFO] [stdout]     |
[INFO] [stdout]     = note: this `Result` may be an `Err` variant, which should be handled
[INFO] [stdout] help: use `let _ = ...` to ignore the resulting value
[INFO] [stdout]     |
[INFO] [stdout] 378 |         let _ = ft.print_fork_tree(14991);
[INFO] [stdout]     |         +++++++
[INFO] [stdout] 
[INFO] [stdout] 
[INFO] [stdout] warning: 6 warnings emitted
[INFO] [stdout] 
[INFO] [stdout] 
[INFO] [stderr]     Finished test [unoptimized + debuginfo] target(s) in 0.71s
[INFO] running `Command { std: "docker" "inspect" "fe5d6e1c8682aa9bdb4ddd8bc693cc92e52edfd2526f651dc8055a53e28cd68f", kill_on_drop: false }`
[INFO] running `Command { std: "docker" "rm" "-f" "fe5d6e1c8682aa9bdb4ddd8bc693cc92e52edfd2526f651dc8055a53e28cd68f", kill_on_drop: false }`
[INFO] [stdout] fe5d6e1c8682aa9bdb4ddd8bc693cc92e52edfd2526f651dc8055a53e28cd68f
[INFO] running `Command { std: "docker" "create" "-v" "/var/lib/crater-agent-workspace/builds/worker-6-tc1/target:/opt/rustwide/target:rw,Z" "-v" "/var/lib/crater-agent-workspace/builds/worker-6-tc1/source:/opt/rustwide/workdir:ro,Z" "-v" "/var/lib/crater-agent-workspace/cargo-home:/opt/rustwide/cargo-home:ro,Z" "-v" "/var/lib/crater-agent-workspace/rustup-home:/opt/rustwide/rustup-home:ro,Z" "-e" "SOURCE_DIR=/opt/rustwide/workdir" "-e" "CARGO_TARGET_DIR=/opt/rustwide/target" "-e" "CARGO_INCREMENTAL=0" "-e" "RUST_BACKTRACE=full" "-e" "RUSTFLAGS=--cap-lints=warn" "-e" "RUSTDOCFLAGS=--cap-lints=warn" "-e" "CARGO_HOME=/opt/rustwide/cargo-home" "-e" "RUSTUP_HOME=/opt/rustwide/rustup-home" "-w" "/opt/rustwide/workdir" "-m" "1610612736" "--user" "0:0" "--network" "none" "ghcr.io/rust-lang/crates-build-env/linux@sha256:2788e3201cd34a07e3172128adcd8b3090168a8e3bcc40d7c032b9dda1df7d1c" "/opt/rustwide/cargo-home/bin/cargo" "+1.75.0" "test" "--frozen", kill_on_drop: false }`
[INFO] [stdout] 3ede60e115953c5f9d59dbf1b93f30885180a3377cc8d85feaa1d678d489c1fe
[INFO] running `Command { std: "docker" "start" "-a" "3ede60e115953c5f9d59dbf1b93f30885180a3377cc8d85feaa1d678d489c1fe", kill_on_drop: false }`
[INFO] [stderr] warning: variable does not need to be mutable
[INFO] [stderr]    --> src/main.rs:204:13
[INFO] [stderr]     |
[INFO] [stderr] 204 |         let mut p = self.get_process_mut(&ctxt.pid).ok_or(MyError::InvalidProcess)?;
[INFO] [stderr]     |             ----^
[INFO] [stderr]     |             |
[INFO] [stderr]     |             help: remove this `mut`
[INFO] [stderr]     |
[INFO] [stderr]     = note: `#[warn(unused_mut)]` on by default
[INFO] [stderr] 
[INFO] [stderr] warning: variable does not need to be mutable
[INFO] [stderr]    --> src/main.rs:222:13
[INFO] [stderr]     |
[INFO] [stderr] 222 |         let mut p = self.get_process_mut(&ctxt.pid).ok_or(MyError::InvalidProcess)?;
[INFO] [stderr]     |             ----^
[INFO] [stderr]     |             |
[INFO] [stderr]     |             help: remove this `mut`
[INFO] [stderr] 
[INFO] [stderr] warning: field `root` is never read
[INFO] [stderr]   --> src/main.rs:37:5
[INFO] [stderr]    |
[INFO] [stderr] 36 | struct ForkTree {
[INFO] [stderr]    |        -------- field in this struct
[INFO] [stderr] 37 |     root: ForkProcess,
[INFO] [stderr]    |     ^^^^
[INFO] [stderr]    |
[INFO] [stderr]    = note: `ForkTree` has a derived impl for the trait `Debug`, but this is intentionally ignored during dead code analysis
[INFO] [stderr]    = note: `#[warn(dead_code)]` on by default
[INFO] [stderr] 
[INFO] [stderr] warning: fields `pid` and `ppid` are never read
[INFO] [stderr]   --> src/main.rs:44:5
[INFO] [stderr]    |
[INFO] [stderr] 42 | struct ForkProcess {
[INFO] [stderr]    |        ----------- fields in this struct
[INFO] [stderr] 43 |     cmd: String,
[INFO] [stderr] 44 |     pid: u64,
[INFO] [stderr]    |     ^^^
[INFO] [stderr] ...
[INFO] [stderr] 47 |     ppid: Option<u64>,
[INFO] [stderr]    |     ^^^^
[INFO] [stderr]    |
[INFO] [stderr]    = note: `ForkProcess` has a derived impl for the trait `Debug`, but this is intentionally ignored during dead code analysis
[INFO] [stderr] 
[INFO] [stderr] warning: unused `Result` that must be used
[INFO] [stderr]    --> src/main.rs:375:13
[INFO] [stderr]     |
[INFO] [stderr] 375 |             ft.process_line(&line);
[INFO] [stderr]     |             ^^^^^^^^^^^^^^^^^^^^^^
[INFO] [stderr]     |
[INFO] [stderr]     = note: this `Result` may be an `Err` variant, which should be handled
[INFO] [stderr]     = note: `#[warn(unused_must_use)]` on by default
[INFO] [stderr] help: use `let _ = ...` to ignore the resulting value
[INFO] [stderr]     |
[INFO] [stderr] 375 |             let _ = ft.process_line(&line);
[INFO] [stderr]     |             +++++++
[INFO] [stderr] 
[INFO] [stderr] warning: unused `Result` that must be used
[INFO] [stderr]    --> src/main.rs:378:9
[INFO] [stderr]     |
[INFO] [stderr] 378 |         ft.print_fork_tree(14991);
[INFO] [stderr]     |         ^^^^^^^^^^^^^^^^^^^^^^^^^
[INFO] [stderr]     |
[INFO] [stderr]     = note: this `Result` may be an `Err` variant, which should be handled
[INFO] [stderr] help: use `let _ = ...` to ignore the resulting value
[INFO] [stderr]     |
[INFO] [stderr] 378 |         let _ = ft.print_fork_tree(14991);
[INFO] [stderr]     |         +++++++
[INFO] [stderr] 
[INFO] [stderr] warning: `fork-tree` (bin "fork-tree" test) generated 6 warnings (run `cargo fix --bin "fork-tree" --tests` to apply 2 suggestions)
[INFO] [stderr]     Finished test [unoptimized + debuginfo] target(s) in 0.01s
[INFO] [stderr]      Running unittests src/main.rs (/opt/rustwide/target/debug/deps/fork_tree-7792d7cec228a831)
[INFO] [stdout] 
[INFO] [stdout] running 6 tests
[INFO] [stdout] test tests::test_sample_file ... ok
[INFO] [stdout] test tests::test_process_exit ... ok
[INFO] [stdout] test tests::test_process_exec ... ok
[INFO] [stdout] test tests::test_process_clone ... ok
[INFO] [stdout] test tests::test_process_clone_resumed ... ok
[INFO] [stdout] test tests::test_print_tree ... FAILED
[INFO] [stdout] 
[INFO] [stdout] failures:
[INFO] [stdout] 
[INFO] [stdout] ---- tests::test_print_tree stdout ----
[INFO] [stdout] Invalid clone line: (child_stack=NULL, flags=CLONE_CHILD_CLEARTID|CLONE_CHILD_SETTID|SIGCHLD <unfinished ...>
[INFO] [stdout] Invalid clone line: (child_stack=NULL, flags=CLONE_CHILD_CLEARTID|CLONE_CHILD_SETTID|SIGCHLD <unfinished ...>
[INFO] [stdout] Invalid clone line: (child_stack=NULL, flags=CLONE_CHILD_CLEARTID|CLONE_CHILD_SETTID|SIGCHLD <unfinished ...>
[INFO] [stdout] Invalid clone line: (child_stack=NULL, flags=CLONE_CHILD_CLEARTID|CLONE_CHILD_SETTID|SIGCHLD <unfinished ...>
[INFO] [stdout] Invalid clone line: (child_stack=NULL, flags=CLONE_CHILD_CLEARTID|CLONE_CHILD_SETTID|SIGCHLD <unfinished ...>
[INFO] [stdout] Invalid clone line: (child_stack=NULL, flags=CLONE_CHILD_CLEARTID|CLONE_CHILD_SETTID|SIGCHLD <unfinished ...>
[INFO] [stdout] Invalid clone line: (child_stack=NULL, flags=CLONE_CHILD_CLEARTID|CLONE_CHILD_SETTID|SIGCHLD <unfinished ...>
[INFO] [stdout] Invalid clone line: (child_stack=NULL, flags=CLONE_CHILD_CLEARTID|CLONE_CHILD_SETTID|SIGCHLD <unfinished ...>
[INFO] [stdout] Invalid clone line: (child_stack=0x7ff2a773dfb0, flags=CLONE_VM|CLONE_FS|CLONE_FILES|CLONE_SIGHAND|CLONE_THREAD|CLONE_SYSVSEM|CLONE_SETTLS|CLONE_PARENT_SETTID|CLONE_CHILD_CLEARTID <unfinished ...>
[INFO] [stdout] Invalid clone line: (child_stack=0x7f621c209fb0, flags=CLONE_VM|CLONE_FS|CLONE_FILES|CLONE_SIGHAND|CLONE_THREAD|CLONE_SYSVSEM|CLONE_SETTLS|CLONE_PARENT_SETTID|CLONE_CHILD_CLEARTID <unfinished ...>
[INFO] [stdout] Invalid clone line: (child_stack=0x7f621ba08fb0, flags=CLONE_VM|CLONE_FS|CLONE_FILES|CLONE_SIGHAND|CLONE_THREAD|CLONE_SYSVSEM|CLONE_SETTLS|CLONE_PARENT_SETTID|CLONE_CHILD_CLEARTID <unfinished ...>
[INFO] [stdout] Invalid clone line: (child_stack=0x7f621b207fb0, flags=CLONE_VM|CLONE_FS|CLONE_FILES|CLONE_SIGHAND|CLONE_THREAD|CLONE_SYSVSEM|CLONE_SETTLS|CLONE_PARENT_SETTID|CLONE_CHILD_CLEARTID <unfinished ...>
[INFO] [stdout] Invalid clone line: (child_stack=NULL, flags=CLONE_CHILD_CLEARTID|CLONE_CHILD_SETTID|SIGCHLD <unfinished ...>
[INFO] [stdout] Invalid clone line: (child_stack=NULL, flags=CLONE_CHILD_CLEARTID|CLONE_CHILD_SETTID|SIGCHLD <unfinished ...>
[INFO] [stdout] Invalid clone line: (child_stack=NULL, flags=CLONE_CHILD_CLEARTID|CLONE_CHILD_SETTID|SIGCHLD <unfinished ...>
[INFO] [stdout] Invalid clone line: (child_stack=0x7ff123ffefb0, flags=CLONE_VM|CLONE_FS|CLONE_FILES|CLONE_SIGHAND|CLONE_THREAD|CLONE_SYSVSEM|CLONE_SETTLS|CLONE_PARENT_SETTID|CLONE_CHILD_CLEARTID <unfinished ...>
[INFO] [stdout] Invalid clone line: (child_stack=0x7fd0cdaf9fb0, flags=CLONE_VM|CLONE_FS|CLONE_FILES|CLONE_SIGHAND|CLONE_THREAD|CLONE_SYSVSEM|CLONE_SETTLS|CLONE_PARENT_SETTID|CLONE_CHILD_CLEARTID <unfinished ...>
[INFO] [stdout] Invalid clone line: (child_stack=NULL, flags=CLONE_CHILD_CLEARTID|CLONE_CHILD_SETTID|SIGCHLD <unfinished ...>
[INFO] [stdout] Invalid clone line: (child_stack=NULL, flags=CLONE_CHILD_CLEARTID|CLONE_CHILD_SETTID|SIGCHLD <unfinished ...>
[INFO] [stdout] Invalid clone line: (child_stack=NULL, flags=CLONE_CHILD_CLEARTID|CLONE_CHILD_SETTID|SIGCHLD <unfinished ...>
[INFO] [stdout] Invalid clone line: (child_stack=0x7f2b86ddefb0, flags=CLONE_VM|CLONE_FS|CLONE_FILES|CLONE_SIGHAND|CLONE_THREAD|CLONE_SYSVSEM|CLONE_SETTLS|CLONE_PARENT_SETTID|CLONE_CHILD_CLEARTID <unfinished ...>
[INFO] [stdout] Invalid clone line: (child_stack=0x7f2b875dffb0, flags=CLONE_VM|CLONE_FS|CLONE_FILES|CLONE_SIGHAND|CLONE_THREAD|CLONE_SYSVSEM|CLONE_SETTLS|CLONE_PARENT_SETTID|CLONE_CHILD_CLEARTID <unfinished ...>
[INFO] [stdout] Invalid clone line: (child_stack=NULL, flags=CLONE_CHILD_CLEARTID|CLONE_CHILD_SETTID|SIGCHLD <unfinished ...>
[INFO] [stdout] Invalid clone line: (child_stack=NULL, flags=CLONE_CHILD_CLEARTID|CLONE_CHILD_SETTID|SIGCHLD <unfinished ...>
[INFO] [stdout] Invalid clone line: (child_stack=NULL, flags=CLONE_CHILD_CLEARTID|CLONE_CHILD_SETTID|SIGCHLD <unfinished ...>
[INFO] [stdout] Invalid clone line: (child_stack=NULL, flags=CLONE_CHILD_CLEARTID|CLONE_CHILD_SETTID|SIGCHLD <unfinished ...>
[INFO] [stdout] Invalid clone line: (child_stack=NULL, flags=CLONE_CHILD_CLEARTID|CLONE_CHILD_SETTID|SIGCHLD <unfinished ...>
[INFO] [stdout] Invalid clone line: (child_stack=NULL, flags=CLONE_CHILD_CLEARTID|CLONE_CHILD_SETTID|SIGCHLD <unfinished ...>
[INFO] [stdout] Invalid clone line: (child_stack=0x7f28e3ffefb0, flags=CLONE_VM|CLONE_FS|CLONE_FILES|CLONE_SIGHAND|CLONE_THREAD|CLONE_SYSVSEM|CLONE_SETTLS|CLONE_PARENT_SETTID|CLONE_CHILD_CLEARTID <unfinished ...>
[INFO] [stdout] Invalid clone line: (child_stack=0x7f28e27fbfb0, flags=CLONE_VM|CLONE_FS|CLONE_FILES|CLONE_SIGHAND|CLONE_THREAD|CLONE_SYSVSEM|CLONE_SETTLS|CLONE_PARENT_SETTID|CLONE_CHILD_CLEARTID <unfinished ...>
[INFO] [stdout] Invalid clone line: (child_stack=0x7fa430e23fb0, flags=CLONE_VM|CLONE_FS|CLONE_FILES|CLONE_SIGHAND|CLONE_THREAD|CLONE_SYSVSEM|CLONE_SETTLS|CLONE_PARENT_SETTID|CLONE_CHILD_CLEARTID <unfinished ...>
[INFO] [stdout] Invalid clone line: (child_stack=NULL, flags=CLONE_CHILD_CLEARTID|CLONE_CHILD_SETTID|SIGCHLD <unfinished ...>
[INFO] [stdout] Invalid clone line: (child_stack=NULL, flags=CLONE_CHILD_CLEARTID|CLONE_CHILD_SETTID|SIGCHLD, child_tidptr=0x7f268bf54850) = ? ERESTARTNOINTR (To be restarted)
[INFO] [stdout] Invalid clone line: (child_stack=0x7fa5504affb0, flags=CLONE_VM|CLONE_FS|CLONE_FILES|CLONE_SIGHAND|CLONE_THREAD|CLONE_SYSVSEM|CLONE_SETTLS|CLONE_PARENT_SETTID|CLONE_CHILD_CLEARTID <unfinished ...>
[INFO] [stdout] Invalid clone line: (child_stack=NULL, flags=CLONE_CHILD_CLEARTID|CLONE_CHILD_SETTID|SIGCHLD <unfinished ...>
[INFO] [stdout] Invalid clone line: (child_stack=NULL, flags=CLONE_CHILD_CLEARTID|CLONE_CHILD_SETTID|SIGCHLD <unfinished ...>
[INFO] [stdout] Invalid clone line: (child_stack=NULL, flags=CLONE_CHILD_CLEARTID|CLONE_CHILD_SETTID|SIGCHLD <unfinished ...>
[INFO] [stdout] Invalid clone line: (child_stack=NULL, flags=CLONE_CHILD_CLEARTID|CLONE_CHILD_SETTID|SIGCHLD <unfinished ...>
[INFO] [stdout] Invalid clone line: (child_stack=0x7f5fae7fbfb0, flags=CLONE_VM|CLONE_FS|CLONE_FILES|CLONE_SIGHAND|CLONE_THREAD|CLONE_SYSVSEM|CLONE_SETTLS|CLONE_PARENT_SETTID|CLONE_CHILD_CLEARTID <unfinished ...>
[INFO] [stdout] Invalid clone line: (child_stack=NULL, flags=CLONE_CHILD_CLEARTID|CLONE_CHILD_SETTID|SIGCHLD <unfinished ...>
[INFO] [stdout] Invalid clone line: (child_stack=NULL, flags=CLONE_CHILD_CLEARTID|CLONE_CHILD_SETTID|SIGCHLD <unfinished ...>
[INFO] [stdout] Invalid clone line: (child_stack=NULL, flags=CLONE_CHILD_CLEARTID|CLONE_CHILD_SETTID|SIGCHLD <unfinished ...>
[INFO] [stdout] Invalid clone line: (child_stack=0x7fe115bc3fb0, flags=CLONE_VM|CLONE_FS|CLONE_FILES|CLONE_SIGHAND|CLONE_THREAD|CLONE_SYSVSEM|CLONE_SETTLS|CLONE_PARENT_SETTID|CLONE_CHILD_CLEARTID <unfinished ...>
[INFO] [stdout] Invalid clone line: (child_stack=NULL, flags=CLONE_CHILD_CLEARTID|CLONE_CHILD_SETTID|SIGCHLD <unfinished ...>
[INFO] [stdout] Invalid clone line: (child_stack=0x7fe1153c2fb0, flags=CLONE_VM|CLONE_FS|CLONE_FILES|CLONE_SIGHAND|CLONE_THREAD|CLONE_SYSVSEM|CLONE_SETTLS|CLONE_PARENT_SETTID|CLONE_CHILD_CLEARTID <unfinished ...>
[INFO] [stdout] Invalid clone line: (child_stack=NULL, flags=CLONE_CHILD_CLEARTID|CLONE_CHILD_SETTID|SIGCHLD <unfinished ...>
[INFO] [stdout] Invalid clone line: (child_stack=NULL, flags=CLONE_CHILD_CLEARTID|CLONE_CHILD_SETTID|SIGCHLD <unfinished ...>
[INFO] [stdout] Invalid clone line: (child_stack=NULL, flags=CLONE_CHILD_CLEARTID|CLONE_CHILD_SETTID|SIGCHLD <unfinished ...>
[INFO] [stdout] Invalid clone line: (child_stack=NULL, flags=CLONE_CHILD_CLEARTID|CLONE_CHILD_SETTID|SIGCHLD <unfinished ...>
[INFO] [stdout] Invalid clone line: (child_stack=NULL, flags=CLONE_CHILD_CLEARTID|CLONE_CHILD_SETTID|SIGCHLD <unfinished ...>
[INFO] [stdout] Invalid clone line: , child_tidptr=0x7f884e8bc850) = ? ERESTARTNOINTR (To be restarted)
[INFO] [stdout] Invalid clone line: (child_stack=NULL, flags=CLONE_CHILD_CLEARTID|CLONE_CHILD_SETTID|SIGCHLD <unfinished ...>
[INFO] [stdout] Invalid clone line: (child_stack=NULL, flags=CLONE_CHILD_CLEARTID|CLONE_CHILD_SETTID|SIGCHLD <unfinished ...>
[INFO] [stdout] Invalid clone line: (child_stack=NULL, flags=CLONE_CHILD_CLEARTID|CLONE_CHILD_SETTID|SIGCHLD <unfinished ...>
[INFO] [stdout] Invalid clone line: (child_stack=NULL, flags=CLONE_CHILD_CLEARTID|CLONE_CHILD_SETTID|SIGCHLD <unfinished ...>
[INFO] [stdout] Invalid clone line: (child_stack=NULL, flags=CLONE_CHILD_CLEARTID|CLONE_CHILD_SETTID|SIGCHLD <unfinished ...>
[INFO] [stdout] Invalid clone line: (child_stack=NULL, flags=CLONE_CHILD_CLEARTID|CLONE_CHILD_SETTID|SIGCHLD <unfinished ...>
[INFO] [stdout] Invalid clone line: (child_stack=NULL, flags=CLONE_CHILD_CLEARTID|CLONE_CHILD_SETTID|SIGCHLD <unfinished ...>
[INFO] [stdout] Invalid clone line: (child_stack=NULL, flags=CLONE_CHILD_CLEARTID|CLONE_CHILD_SETTID|SIGCHLD <unfinished ...>
[INFO] [stdout] Invalid clone line: (child_stack=NULL, flags=CLONE_CHILD_CLEARTID|CLONE_CHILD_SETTID|SIGCHLD <unfinished ...>
[INFO] [stdout] Invalid clone line: (child_stack=NULL, flags=CLONE_CHILD_CLEARTID|CLONE_CHILD_SETTID|SIGCHLD <unfinished ...>
[INFO] [stdout] Invalid clone line: (child_stack=NULL, flags=CLONE_CHILD_CLEARTID|CLONE_CHILD_SETTID|SIGCHLD <unfinished ...>
[INFO] [stdout] Invalid clone line: (child_stack=NULL, flags=CLONE_CHILD_CLEARTID|CLONE_CHILD_SETTID|SIGCHLD <unfinished ...>
[INFO] [stdout] Invalid clone line: (child_stack=NULL, flags=CLONE_CHILD_CLEARTID|CLONE_CHILD_SETTID|SIGCHLD <unfinished ...>
[INFO] [stdout] Invalid clone line: (child_stack=NULL, flags=CLONE_CHILD_CLEARTID|CLONE_CHILD_SETTID|SIGCHLD <unfinished ...>
[INFO] [stdout] Invalid clone line: (child_stack=NULL, flags=CLONE_CHILD_CLEARTID|CLONE_CHILD_SETTID|SIGCHLD <unfinished ...>
[INFO] [stdout] Invalid clone line: (child_stack=NULL, flags=CLONE_CHILD_CLEARTID|CLONE_CHILD_SETTID|SIGCHLD <unfinished ...>
[INFO] [stdout] Invalid clone line: (child_stack=NULL, flags=CLONE_CHILD_CLEARTID|CLONE_CHILD_SETTID|SIGCHLD <unfinished ...>
[INFO] [stdout] Invalid clone line: (child_stack=NULL, flags=CLONE_CHILD_CLEARTID|CLONE_CHILD_SETTID|SIGCHLD <unfinished ...>
[INFO] [stdout] Invalid clone line: (child_stack=NULL, flags=CLONE_CHILD_CLEARTID|CLONE_CHILD_SETTID|SIGCHLD <unfinished ...>
[INFO] [stdout] Invalid clone line: (child_stack=NULL, flags=CLONE_CHILD_CLEARTID|CLONE_CHILD_SETTID|SIGCHLD <unfinished ...>
[INFO] [stdout] Invalid clone line: (child_stack=NULL, flags=CLONE_CHILD_CLEARTID|CLONE_CHILD_SETTID|SIGCHLD <unfinished ...>
[INFO] [stdout] Invalid clone line: (child_stack=NULL, flags=CLONE_CHILD_CLEARTID|CLONE_CHILD_SETTID|SIGCHLD <unfinished ...>
[INFO] [stdout] Invalid clone line: (child_stack=NULL, flags=CLONE_CHILD_CLEARTID|CLONE_CHILD_SETTID|SIGCHLD <unfinished ...>
[INFO] [stdout] Invalid clone line: (child_stack=NULL, flags=CLONE_CHILD_CLEARTID|CLONE_CHILD_SETTID|SIGCHLD <unfinished ...>
[INFO] [stdout] Invalid clone line: (child_stack=NULL, flags=CLONE_CHILD_CLEARTID|CLONE_CHILD_SETTID|SIGCHLD <unfinished ...>
[INFO] [stdout] Invalid clone line: (child_stack=NULL, flags=CLONE_CHILD_CLEARTID|CLONE_CHILD_SETTID|SIGCHLD <unfinished ...>
[INFO] [stdout] Invalid clone line: (child_stack=NULL, flags=CLONE_CHILD_CLEARTID|CLONE_CHILD_SETTID|SIGCHLD <unfinished ...>
[INFO] [stdout] Invalid clone line: (child_stack=NULL, flags=CLONE_CHILD_CLEARTID|CLONE_CHILD_SETTID|SIGCHLD <unfinished ...>
[INFO] [stdout] Invalid clone line: (child_stack=NULL, flags=CLONE_CHILD_CLEARTID|CLONE_CHILD_SETTID|SIGCHLD <unfinished ...>
[INFO] [stdout] Invalid clone line: (child_stack=NULL, flags=CLONE_CHILD_CLEARTID|CLONE_CHILD_SETTID|SIGCHLD <unfinished ...>
[INFO] [stdout] Invalid clone line: (child_stack=NULL, flags=CLONE_CHILD_CLEARTID|CLONE_CHILD_SETTID|SIGCHLD <unfinished ...>
[INFO] [stdout] Invalid clone line: (child_stack=NULL, flags=CLONE_CHILD_CLEARTID|CLONE_CHILD_SETTID|SIGCHLD <unfinished ...>
[INFO] [stdout] Invalid clone line: (child_stack=NULL, flags=CLONE_CHILD_CLEARTID|CLONE_CHILD_SETTID|SIGCHLD <unfinished ...>
[INFO] [stdout] Invalid clone line: (child_stack=NULL, flags=CLONE_CHILD_CLEARTID|CLONE_CHILD_SETTID|SIGCHLD <unfinished ...>
[INFO] [stdout] Invalid clone line: (child_stack=NULL, flags=CLONE_CHILD_CLEARTID|CLONE_CHILD_SETTID|SIGCHLD <unfinished ...>
[INFO] [stdout] Invalid clone line: (child_stack=NULL, flags=CLONE_CHILD_CLEARTID|CLONE_CHILD_SETTID|SIGCHLD <unfinished ...>
[INFO] [stdout] Invalid clone line: (child_stack=NULL, flags=CLONE_CHILD_CLEARTID|CLONE_CHILD_SETTID|SIGCHLD, child_tidptr=0x7f429c104a50) = ? ERESTARTNOINTR (To be restarted)
[INFO] [stdout] Invalid clone line: (child_stack=NULL, flags=CLONE_CHILD_CLEARTID|CLONE_CHILD_SETTID|SIGCHLD <unfinished ...>
[INFO] [stdout] Invalid clone line: (child_stack=NULL, flags=CLONE_CHILD_CLEARTID|CLONE_CHILD_SETTID|SIGCHLD <unfinished ...>
[INFO] [stdout] Invalid clone line: (child_stack=NULL, flags=CLONE_CHILD_CLEARTID|CLONE_CHILD_SETTID|SIGCHLD <unfinished ...>
[INFO] [stdout] Invalid clone line: (child_stack=NULL, flags=CLONE_CHILD_CLEARTID|CLONE_CHILD_SETTID|SIGCHLD <unfinished ...>
[INFO] [stdout] Invalid clone line: (child_stack=NULL, flags=CLONE_CHILD_CLEARTID|CLONE_CHILD_SETTID|SIGCHLD <unfinished ...>
[INFO] [stdout] Invalid clone line: (child_stack=NULL, flags=CLONE_CHILD_CLEARTID|CLONE_CHILD_SETTID|SIGCHLD <unfinished ...>
[INFO] [stdout] Invalid clone line: (child_stack=NULL, flags=CLONE_CHILD_CLEARTID|CLONE_CHILD_SETTID|SIGCHLD <unfinished ...>
[INFO] [stdout] Invalid clone line: (child_stack=NULL, flags=CLONE_CHILD_CLEARTID|CLONE_CHILD_SETTID|SIGCHLD <unfinished ...>
[INFO] [stdout] Invalid clone line: (child_stack=NULL, flags=CLONE_CHILD_CLEARTID|CLONE_CHILD_SETTID|SIGCHLD <unfinished ...>
[INFO] [stdout] Invalid clone line: (child_stack=NULL, flags=CLONE_CHILD_CLEARTID|CLONE_CHILD_SETTID|SIGCHLD <unfinished ...>
[INFO] [stdout] Invalid clone line: (child_stack=NULL, flags=CLONE_CHILD_CLEARTID|CLONE_CHILD_SETTID|SIGCHLD <unfinished ...>
[INFO] [stdout] Invalid clone line: (child_stack=NULL, flags=CLONE_CHILD_CLEARTID|CLONE_CHILD_SETTID|SIGCHLD <unfinished ...>
[INFO] [stdout] Invalid clone line: (child_stack=NULL, flags=CLONE_CHILD_CLEARTID|CLONE_CHILD_SETTID|SIGCHLD <unfinished ...>
[INFO] [stdout] Invalid clone line: (child_stack=NULL, flags=CLONE_CHILD_CLEARTID|CLONE_CHILD_SETTID|SIGCHLD <unfinished ...>
[INFO] [stdout] Invalid clone line: (child_stack=NULL, flags=CLONE_CHILD_CLEARTID|CLONE_CHILD_SETTID|SIGCHLD <unfinished ...>
[INFO] [stdout] Invalid clone line: (child_stack=NULL, flags=CLONE_CHILD_CLEARTID|CLONE_CHILD_SETTID|SIGCHLD <unfinished ...>
[INFO] [stdout] Invalid clone line: (child_stack=NULL, flags=CLONE_CHILD_CLEARTID|CLONE_CHILD_SETTID|SIGCHLD <unfinished ...>
[INFO] [stdout] Invalid clone line: (child_stack=NULL, flags=CLONE_CHILD_CLEARTID|CLONE_CHILD_SETTID|SIGCHLD <unfinished ...>
[INFO] [stdout] Invalid clone line: (child_stack=NULL, flags=CLONE_CHILD_CLEARTID|CLONE_CHILD_SETTID|SIGCHLD <unfinished ...>
[INFO] [stdout] Invalid clone line: (child_stack=NULL, flags=CLONE_CHILD_CLEARTID|CLONE_CHILD_SETTID|SIGCHLD <unfinished ...>
[INFO] [stdout] Invalid clone line: (child_stack=NULL, flags=CLONE_CHILD_CLEARTID|CLONE_CHILD_SETTID|SIGCHLD <unfinished ...>
[INFO] [stdout] Invalid clone line: (child_stack=NULL, flags=CLONE_CHILD_CLEARTID|CLONE_CHILD_SETTID|SIGCHLD <unfinished ...>
[INFO] [stdout] Invalid clone line: (child_stack=NULL, flags=CLONE_CHILD_CLEARTID|CLONE_CHILD_SETTID|SIGCHLD <unfinished ...>
[INFO] [stdout] Invalid clone line: (child_stack=NULL, flags=CLONE_CHILD_CLEARTID|CLONE_CHILD_SETTID|SIGCHLD <unfinished ...>
[INFO] [stdout] Invalid clone line: (child_stack=NULL, flags=CLONE_CHILD_CLEARTID|CLONE_CHILD_SETTID|SIGCHLD <unfinished ...>
[INFO] [stdout] Invalid clone line: , child_tidptr=0x7f5cc6694850) = ? ERESTARTNOINTR (To be restarted)
[INFO] [stdout] Invalid clone line: (child_stack=NULL, flags=CLONE_CHILD_CLEARTID|CLONE_CHILD_SETTID|SIGCHLD <unfinished ...>
[INFO] [stdout] Invalid clone line: (child_stack=NULL, flags=CLONE_CHILD_CLEARTID|CLONE_CHILD_SETTID|SIGCHLD <unfinished ...>
[INFO] [stdout] Invalid clone line: , child_tidptr=0x7f7928436850) = ? ERESTARTNOINTR (To be restarted)
[INFO] [stdout] Invalid clone line: (child_stack=NULL, flags=CLONE_CHILD_CLEARTID|CLONE_CHILD_SETTID|SIGCHLD <unfinished ...>
[INFO] [stdout] Invalid clone line: , child_tidptr=0x7fec9292b850) = ? ERESTARTNOINTR (To be restarted)
[INFO] [stdout] Invalid clone line: (child_stack=NULL, flags=CLONE_CHILD_CLEARTID|CLONE_CHILD_SETTID|SIGCHLD <unfinished ...>
[INFO] [stdout] Invalid clone line: (child_stack=NULL, flags=CLONE_CHILD_CLEARTID|CLONE_CHILD_SETTID|SIGCHLD, child_tidptr=0x7f5f8d85f850) = ? ERESTARTNOINTR (To be restarted)
[INFO] [stdout] Invalid clone line: (child_stack=NULL, flags=CLONE_CHILD_CLEARTID|CLONE_CHILD_SETTID|SIGCHLD <unfinished ...>
[INFO] [stdout] Invalid clone line: (child_stack=NULL, flags=CLONE_CHILD_CLEARTID|CLONE_CHILD_SETTID|SIGCHLD <unfinished ...>
[INFO] [stdout] Invalid clone line: , child_tidptr=0x7ff3a93e4850) = ? ERESTARTNOINTR (To be restarted)
[INFO] [stdout] Invalid clone line: (child_stack=NULL, flags=CLONE_CHILD_CLEARTID|CLONE_CHILD_SETTID|SIGCHLD <unfinished ...>
[INFO] [stdout]     mkdir -p /home/pi/ovpns - 4.3ms
[INFO] [stdout]     git rev-parse --abbrev-ref HEAD - 8.5ms
[INFO] [stdout]     ls -l /sys/class/net - 5.4ms
[INFO] [stdout]     awk /vpn_|tun_/ {print $9} - 0.3ms
[INFO] [stdout]     wg pubkey - 3.4ms
[INFO] [stdout]     wg pubkey - 1.3ms
[INFO] [stdout]     wg pubkey - 0.9ms
[INFO] [stdout]     docker container ls -f name=vpn_t8 --format {{.Status}} - 0.0ms
[INFO] [stdout]     docker container ls -f name=vpn_72C5_72C52 --format {{.Status}} - 0.2ms
[INFO] [stdout]     docker container ls -f name=vpn_ts1 --format {{.Status}} - 0.0ms
[INFO] [stdout]     docker container ls -f name=vpn_E2D3_E2D3B --format {{.Status}} - 0.0ms
[INFO] [stdout]     wg pubkey - 0.6ms
[INFO] [stdout]     docker container ls -f name=vpn_t8 --format {{.Status}} - 4.2ms
[INFO] [stdout]     docker container ls -f name=vpn_E2D3_E2D3B --format {{.Status}} - 0.0ms
[INFO] [stdout]     wg pubkey - 0.6ms
[INFO] [stdout]     docker container ls -f name=vpn_ts1 --format {{.Status}} - 0.0ms
[INFO] [stdout]     docker container ls -f name=vpn_72C5_72C52 --format {{.Status}} - 0.0ms
[INFO] [stdout]     wg pubkey - 0.9ms
[INFO] [stdout]     docker exec vpn_t8 cat /sys/class/net/eth0/statistics/rx_bytes - 12.5ms
[INFO] [stdout]     wg pubkey - 0.5ms
[INFO] [stdout]     docker exec vpn_ts1 ip r show table 52 - 26.1ms
[INFO] [stdout]     awk {print $1} - 2.3ms
[INFO] [stdout]         docker container ls -f name=vpn_E2D3_E2D3B --format {{.Status}} - 0.0ms
[INFO] [stdout]     docker container ls -f name=vpn_72C5_72C52 --format {{.Status}} - 0.0ms
[INFO] [stdout]     docker exec vpn_t8 cat /sys/class/net/eth0/statistics/tx_bytes - 0.0ms
[INFO] [stdout]     wg pubkey - 1.6ms
[INFO] [stdout]     wg pubkey - 0.2ms
[INFO] [stdout]     wg pubkey - 1.0ms
[INFO] [stdout]     wg pubkey - 1.1ms
[INFO] [stdout]     docker container ls -f name=vpn_t8 --format {{.Status}} - 0.0ms
[INFO] [stdout]     wg pubkey - 1.0ms
[INFO] [stdout]     docker exec vpn_ts1 tailscale ip -4 - 0.0ms
[INFO] [stdout]     wg pubkey - 1.5ms
[INFO] [stdout]     wg pubkey - 1.0ms
[INFO] [stdout]     wg pubkey - 0.2ms
[INFO] [stdout]     wg pubkey - 1.4ms
[INFO] [stdout]     wg pubkey - 2.0ms
[INFO] [stdout]     wg pubkey - 1.3ms
[INFO] [stdout]     wg pubkey - 1.0ms
[INFO] [stdout]     wg pubkey - 0.9ms
[INFO] [stdout]     wg pubkey - 1.1ms
[INFO] [stdout]     systemctl is-active openvpn@server - 1.8ms
[INFO] [stdout]     wg pubkey - 1.6ms
[INFO] [stdout]     wg pubkey - 0.4ms
[INFO] [stdout]     nc -w 5 -q 0 localhost 5194 - 0.0ms
[INFO] [stdout]     tail -n +2 - 0.0ms
[INFO] [stdout]     wg pubkey - 1.5ms
[INFO] [stdout]     cat /home/pi/openvpn/easy-rsa/keys/index.txt - 6.2ms
[INFO] [stdout]     grep 252a578e5b924d13a4fa2d1ef70d4c89 - 0.1ms
[INFO] [stdout]     wg pubkey - 1.3ms
[INFO] [stdout]     wg pubkey - 2.7ms
[INFO] [stdout]     wg pubkey - 0.3ms
[INFO] [stdout]     cat /home/pi/openvpn/easy-rsa/keys/index.txt - 4.8ms
[INFO] [stdout]     grep 531d7002e84e4d45b8521546a0d92e70 - 0.1ms
[INFO] [stdout]     wg pubkey - 2.1ms
[INFO] [stdout]     wg pubkey - 1.4ms
[INFO] [stdout]     wg pubkey - 1.5ms
[INFO] [stdout]     cat /home/pi/openvpn/easy-rsa/keys/index.txt - 0.6ms
[INFO] [stdout]     grep 539d21d9a93f4bbe803ccfcd4cd2f15a - 0.4ms
[INFO] [stdout]     wg pubkey - 2.2ms
[INFO] [stdout]     wg pubkey - 1.2ms
[INFO] [stdout]     wg pubkey - 0.7ms
[INFO] [stdout]     cat /home/pi/openvpn/easy-rsa/keys/index.txt - 4.6ms
[INFO] [stdout]     grep 91ac3d4259834602a868a07714ebb00c - 0.0ms
[INFO] [stdout]     wg pubkey - 1.8ms
[INFO] [stdout]     wg pubkey - 1.0ms
[INFO] [stdout]     wg pubkey - 0.5ms
[INFO] [stdout]     cat /home/pi/openvpn/easy-rsa/keys/index.txt - 0.5ms
[INFO] [stdout]     grep a067242943de407685d98d4cb3208b0a - 0.0ms
[INFO] [stdout]     wg pubkey - 2.9ms
[INFO] [stdout]     wg pubkey - 1.7ms
[INFO] [stdout]     wg pubkey - 0.9ms
[INFO] [stdout]     wg pubkey - 1.0ms
[INFO] [stdout]     cat /home/pi/openvpn/easy-rsa/keys/index.txt - 9.8ms
[INFO] [stdout]     grep c1d98f8b832d43e9b6841f855e3b3bb1 - 0.1ms
[INFO] [stdout]     wg pubkey - 1.1ms
[INFO] [stdout]     cat /home/pi/openvpn/easy-rsa/keys/index.txt - 0.3ms
[INFO] [stdout]     grep c2b9c3fc2d8348e5b2a95ccf363fa4f3 - 0.1ms
[INFO] [stdout]     wg pubkey - 1.6ms
[INFO] [stdout]     wg pubkey - 2.4ms
[INFO] [stdout]     wg pubkey - 2.4ms
[INFO] [stdout]     cat /home/pi/openvpn/easy-rsa/keys/index.txt - 6.2ms
[INFO] [stdout]     grep fishboneVPN1 - 0.1ms
[INFO] [stdout]     wg pubkey - 1.2ms
[INFO] [stdout]     wg pubkey - 1.2ms
[INFO] [stdout]     wg pubkey - 0.9ms
[INFO] [stdout]     wg pubkey - 0.9ms
[INFO] [stdout]     wg pubkey - 1.1ms
[INFO] [stdout]     wg pubkey - 1.9ms
[INFO] [stdout]     wg pubkey - 1.0ms
[INFO] [stdout]     wg pubkey - 1.0ms
[INFO] [stdout]     wg pubkey - 1.2ms
[INFO] [stdout]     wg pubkey - 1.1ms
[INFO] [stdout]     wg pubkey - 0.9ms
[INFO] [stdout]     wg pubkey - 0.9ms
[INFO] [stdout]     wg pubkey - 2.2ms
[INFO] [stdout]     wg pubkey - 1.2ms
[INFO] [stdout]     wg pubkey - 0.9ms
[INFO] [stdout]     wg pubkey - 1.4ms
[INFO] [stdout]     wg pubkey - 1.0ms
[INFO] [stdout]     wg pubkey - 0.9ms
[INFO] [stdout]     wg pubkey - 0.9ms
[INFO] [stdout]     wg pubkey - 1.1ms
[INFO] [stdout]     wg pubkey - 1.9ms
[INFO] [stdout]     wg pubkey - 0.9ms
[INFO] [stdout]     wg pubkey - 0.9ms
[INFO] [stdout]     wg pubkey - 1.6ms
[INFO] [stdout]     wg pubkey - 0.9ms
[INFO] [stdout]     wg pubkey - 1.5ms
[INFO] [stdout]     wg pubkey - 1.0ms
[INFO] [stdout]     wg pubkey - 1.4ms
[INFO] [stdout]     wg pubkey - 0.9ms
[INFO] [stdout]     wg pubkey - 1.7ms
[INFO] [stdout]     wg pubkey - 1.3ms
[INFO] [stdout]     wg pubkey - 1.6ms
[INFO] [stdout]     wg pubkey - 1.0ms
[INFO] [stdout]     wg pubkey - 0.9ms
[INFO] [stdout]     wg pubkey - 1.0ms
[INFO] [stdout]     wg pubkey - 0.9ms
[INFO] [stdout]     wg pubkey - 0.9ms
[INFO] [stdout]     wg pubkey - 1.1ms
[INFO] [stdout]     wg pubkey - 1.5ms
[INFO] [stdout]     wg pubkey - 0.9ms
[INFO] [stdout]     wg pubkey - 1.1ms
[INFO] [stdout]     wg pubkey - 2.1ms
[INFO] [stdout]     wg pubkey - 1.0ms
[INFO] [stdout]     wg pubkey - 2.2ms
[INFO] [stdout]     wg pubkey - 1.3ms
[INFO] [stdout]     wg pubkey - 3.3ms
[INFO] [stdout]     wg pubkey - 1.9ms
[INFO] [stdout]     wg pubkey - 1.5ms
[INFO] [stdout]     wg pubkey - 3.1ms
[INFO] [stdout]     wg pubkey - 0.9ms
[INFO] [stdout]     wg pubkey - 1.0ms
[INFO] [stdout]     wg pubkey - 4.5ms
[INFO] [stdout]     wg pubkey - 1.3ms
[INFO] [stdout]     wg pubkey - 0.1ms
[INFO] [stdout]     wg pubkey - 1.0ms
[INFO] [stdout]     wg pubkey - 2.5ms
[INFO] [stdout]     wg pubkey - 1.2ms
[INFO] [stdout]     wg pubkey - 2.1ms
[INFO] [stdout]     wg pubkey - 1.2ms
[INFO] [stdout]     wg pubkey - 1.2ms
[INFO] [stdout]     wg pubkey - 1.2ms
[INFO] [stdout]     wg pubkey - 1.1ms
[INFO] [stdout]     wg pubkey - 2.2ms
[INFO] [stdout]     wg show wg0 dump - 3.2ms
[INFO] [stdout]     tail +2 - 0.1ms
[INFO] [stdout]     systemctl is-active firekick - 23.3ms
[INFO] [stdout] thread 'tests::test_print_tree' panicked at src/main.rs:380:9:
[INFO] [stdout] assertion failed: false
[INFO] [stdout] stack backtrace:
[INFO] [stdout]    0:     0x5618968f705c - std::backtrace_rs::backtrace::libunwind::trace::ha637c64ce894333a
[INFO] [stdout]                                at /rustc/82e1608dfa6e0b5569232559e3d385fea5a93112/library/std/src/../../backtrace/src/backtrace/libunwind.rs:104:5
[INFO] [stdout]    1:     0x5618968f705c - std::backtrace_rs::backtrace::trace_unsynchronized::h47f62dea28e0c88d
[INFO] [stdout]                                at /rustc/82e1608dfa6e0b5569232559e3d385fea5a93112/library/std/src/../../backtrace/src/backtrace/mod.rs:66:5
[INFO] [stdout]    2:     0x5618968f705c - std::sys_common::backtrace::_print_fmt::h9eef0abe20ede486
[INFO] [stdout]                                at /rustc/82e1608dfa6e0b5569232559e3d385fea5a93112/library/std/src/sys_common/backtrace.rs:67:5
[INFO] [stdout]    3:     0x5618968f705c - <std::sys_common::backtrace::_print::DisplayBacktrace as core::fmt::Display>::fmt::hed7f999df88cc644
[INFO] [stdout]                                at /rustc/82e1608dfa6e0b5569232559e3d385fea5a93112/library/std/src/sys_common/backtrace.rs:44:22
[INFO] [stdout]    4:     0x561896922180 - core::fmt::rt::Argument::fmt::h1539a9308b8d058d
[INFO] [stdout]                                at /rustc/82e1608dfa6e0b5569232559e3d385fea5a93112/library/core/src/fmt/rt.rs:142:9
[INFO] [stdout]    5:     0x561896922180 - core::fmt::write::h3a39390d8560d9c9
[INFO] [stdout]                                at /rustc/82e1608dfa6e0b5569232559e3d385fea5a93112/library/core/src/fmt/mod.rs:1120:17
[INFO] [stdout]    6:     0x5618968f4a0f - std::io::Write::write_fmt::h040b369f3a0f9cbc
[INFO] [stdout]                                at /rustc/82e1608dfa6e0b5569232559e3d385fea5a93112/library/std/src/io/mod.rs:1762:15
[INFO] [stdout]    7:     0x5618968f6e44 - std::sys_common::backtrace::_print::h894006fb5c6f3d45
[INFO] [stdout]                                at /rustc/82e1608dfa6e0b5569232559e3d385fea5a93112/library/std/src/sys_common/backtrace.rs:47:5
[INFO] [stdout]    8:     0x5618968f6e44 - std::sys_common::backtrace::print::h23a2d212c6fff936
[INFO] [stdout]                                at /rustc/82e1608dfa6e0b5569232559e3d385fea5a93112/library/std/src/sys_common/backtrace.rs:34:9
[INFO] [stdout]    9:     0x5618968f8b07 - std::panicking::default_hook::{{closure}}::h8a1d2ee00185001a
[INFO] [stdout]   10:     0x5618968f87f3 - std::panicking::default_hook::h6038f2eba384e475
[INFO] [stdout]                                at /rustc/82e1608dfa6e0b5569232559e3d385fea5a93112/library/std/src/panicking.rs:289:9
[INFO] [stdout]   11:     0x561896758607 - <alloc::boxed::Box<F,A> as core::ops::function::Fn<Args>>::call::h0ad024c9bdc6d768
[INFO] [stdout]                                at /rustc/82e1608dfa6e0b5569232559e3d385fea5a93112/library/alloc/src/boxed.rs:2021:9
[INFO] [stdout]   12:     0x561896758607 - test::test_main::{{closure}}::h7500b54257359db6
[INFO] [stdout]                                at /rustc/82e1608dfa6e0b5569232559e3d385fea5a93112/library/test/src/lib.rs:138:21
[INFO] [stdout]   13:     0x5618968f9118 - <alloc::boxed::Box<F,A> as core::ops::function::Fn<Args>>::call::h1f8f335eaa9cfaee
[INFO] [stdout]                                at /rustc/82e1608dfa6e0b5569232559e3d385fea5a93112/library/alloc/src/boxed.rs:2021:9
[INFO] [stdout]   14:     0x5618968f9118 - std::panicking::rust_panic_with_hook::h2b5517d590cab22e
[INFO] [stdout]                                at /rustc/82e1608dfa6e0b5569232559e3d385fea5a93112/library/std/src/panicking.rs:783:13
[INFO] [stdout]   15:     0x5618968f8e39 - std::panicking::begin_panic_handler::{{closure}}::h233112c06e0ef43e
[INFO] [stdout]                                at /rustc/82e1608dfa6e0b5569232559e3d385fea5a93112/library/std/src/panicking.rs:649:13
[INFO] [stdout]   16:     0x5618968f7526 - std::sys_common::backtrace::__rust_end_short_backtrace::h6e893f24d7ebbff8
[INFO] [stdout]                                at /rustc/82e1608dfa6e0b5569232559e3d385fea5a93112/library/std/src/sys_common/backtrace.rs:170:18
[INFO] [stdout]   17:     0x5618968f8bd2 - rust_begin_unwind
[INFO] [stdout]                                at /rustc/82e1608dfa6e0b5569232559e3d385fea5a93112/library/std/src/panicking.rs:645:5
[INFO] [stdout]   18:     0x561896702225 - core::panicking::panic_fmt::hbf0e066aabfa482c
[INFO] [stdout]                                at /rustc/82e1608dfa6e0b5569232559e3d385fea5a93112/library/core/src/panicking.rs:72:14
[INFO] [stdout]   19:     0x5618967022c3 - core::panicking::panic::h195fc2a96298d4c3
[INFO] [stdout]                                at /rustc/82e1608dfa6e0b5569232559e3d385fea5a93112/library/core/src/panicking.rs:127:5
[INFO] [stdout]   20:     0x5618967108c4 - fork_tree::tests::test_print_tree::h84dbf5e14a62c2e8
[INFO] [stdout]                                at /opt/rustwide/workdir/src/main.rs:380:9
[INFO] [stdout]   21:     0x561896710707 - fork_tree::tests::test_print_tree::{{closure}}::h2a790448de8df7f1
[INFO] [stdout]                                at /opt/rustwide/workdir/src/main.rs:371:25
[INFO] [stdout]   22:     0x56189670bc66 - core::ops::function::FnOnce::call_once::h7f4197d12136647e
[INFO] [stdout]                                at /rustc/82e1608dfa6e0b5569232559e3d385fea5a93112/library/core/src/ops/function.rs:250:5
[INFO] [stdout]   23:     0x56189675dc5f - core::ops::function::FnOnce::call_once::h2b5d431d5046312d
[INFO] [stdout]                                at /rustc/82e1608dfa6e0b5569232559e3d385fea5a93112/library/core/src/ops/function.rs:250:5
[INFO] [stdout]   24:     0x56189675dc5f - test::__rust_begin_short_backtrace::h7714669af176e207
[INFO] [stdout]                                at /rustc/82e1608dfa6e0b5569232559e3d385fea5a93112/library/test/src/lib.rs:628:18
[INFO] [stdout]   25:     0x56189675cc75 - test::run_test_in_process::{{closure}}::h85218797dcbcec12
[INFO] [stdout]                                at /rustc/82e1608dfa6e0b5569232559e3d385fea5a93112/library/test/src/lib.rs:651:60
[INFO] [stdout]   26:     0x56189675cc75 - <core::panic::unwind_safe::AssertUnwindSafe<F> as core::ops::function::FnOnce<()>>::call_once::h76c106ea31c14d7b
[INFO] [stdout]                                at /rustc/82e1608dfa6e0b5569232559e3d385fea5a93112/library/core/src/panic/unwind_safe.rs:272:9
[INFO] [stdout]   27:     0x56189675cc75 - std::panicking::try::do_call::h3bd5d0f6620ee946
[INFO] [stdout]                                at /rustc/82e1608dfa6e0b5569232559e3d385fea5a93112/library/std/src/panicking.rs:552:40
[INFO] [stdout]   28:     0x56189675cc75 - std::panicking::try::h232e535e4744fe31
[INFO] [stdout]                                at /rustc/82e1608dfa6e0b5569232559e3d385fea5a93112/library/std/src/panicking.rs:516:19
[INFO] [stdout]   29:     0x56189675cc75 - std::panic::catch_unwind::h3ce3bd6ca8dbac68
[INFO] [stdout]                                at /rustc/82e1608dfa6e0b5569232559e3d385fea5a93112/library/std/src/panic.rs:142:14
[INFO] [stdout]   30:     0x56189675cc75 - test::run_test_in_process::hc97b257c9621286a
[INFO] [stdout]                                at /rustc/82e1608dfa6e0b5569232559e3d385fea5a93112/library/test/src/lib.rs:651:27
[INFO] [stdout]   31:     0x56189675cc75 - test::run_test::{{closure}}::h2aa798823a438d38
[INFO] [stdout]                                at /rustc/82e1608dfa6e0b5569232559e3d385fea5a93112/library/test/src/lib.rs:574:43
[INFO] [stdout]   32:     0x561896724f36 - test::run_test::{{closure}}::h87d231c78fb59832
[INFO] [stdout]                                at /rustc/82e1608dfa6e0b5569232559e3d385fea5a93112/library/test/src/lib.rs:602:41
[INFO] [stdout]   33:     0x561896724f36 - std::sys_common::backtrace::__rust_begin_short_backtrace::he6df152596625789
[INFO] [stdout]                                at /rustc/82e1608dfa6e0b5569232559e3d385fea5a93112/library/std/src/sys_common/backtrace.rs:154:18
[INFO] [stdout]   34:     0x561896729fe7 - std::thread::Builder::spawn_unchecked_::{{closure}}::{{closure}}::ha94be15d1e0acf36
[INFO] [stdout]                                at /rustc/82e1608dfa6e0b5569232559e3d385fea5a93112/library/std/src/thread/mod.rs:529:17
[INFO] [stdout]   35:     0x561896729fe7 - <core::panic::unwind_safe::AssertUnwindSafe<F> as core::ops::function::FnOnce<()>>::call_once::h9dc6bd6372f16606
[INFO] [stdout]                                at /rustc/82e1608dfa6e0b5569232559e3d385fea5a93112/library/core/src/panic/unwind_safe.rs:272:9
[INFO] [stdout]   36:     0x561896729fe7 - std::panicking::try::do_call::h9057517f80303cd4
[INFO] [stdout]                                at /rustc/82e1608dfa6e0b5569232559e3d385fea5a93112/library/std/src/panicking.rs:552:40
[INFO] [stdout]   37:     0x561896729fe7 - std::panicking::try::he3a30b11ee45340c
[INFO] [stdout]                                at /rustc/82e1608dfa6e0b5569232559e3d385fea5a93112/library/std/src/panicking.rs:516:19
[INFO] [stdout]   38:     0x561896729fe7 - std::panic::catch_unwind::h410458cfd3528b8b
[INFO] [stdout]                                at /rustc/82e1608dfa6e0b5569232559e3d385fea5a93112/library/std/src/panic.rs:142:14
[INFO] [stdout]   39:     0x561896729fe7 - std::thread::Builder::spawn_unchecked_::{{closure}}::h72ac3bdb567b737b
[INFO] [stdout]                                at /rustc/82e1608dfa6e0b5569232559e3d385fea5a93112/library/std/src/thread/mod.rs:528:30
[INFO] [stdout]   40:     0x561896729fe7 - core::ops::function::FnOnce::call_once{{vtable.shim}}::h38f34da3654a8344
[INFO] [stdout]                                at /rustc/82e1608dfa6e0b5569232559e3d385fea5a93112/library/core/src/ops/function.rs:250:5
[INFO] [stdout]   41:     0x5618968fdba5 - <alloc::boxed::Box<F,A> as core::ops::function::FnOnce<Args>>::call_once::hc7eafaff61e32df9
[INFO] [stdout]                                at /rustc/82e1608dfa6e0b5569232559e3d385fea5a93112/library/alloc/src/boxed.rs:2007:9
[INFO] [stdout]   42:     0x5618968fdba5 - <alloc::boxed::Box<F,A> as core::ops::function::FnOnce<Args>>::call_once::h6ba4a5de48dd2304
[INFO] [stdout]                                at /rustc/82e1608dfa6e0b5569232559e3d385fea5a93112/library/alloc/src/boxed.rs:2007:9
[INFO] [stdout]   43:     0x5618968fdba5 - std::sys::unix::thread::Thread::new::thread_start::he469335aef763e45
[INFO] [stdout]                                at /rustc/82e1608dfa6e0b5569232559e3d385fea5a93112/library/std/src/sys/unix/thread.rs:108:17
[INFO] [stdout]   44:     0x7ff159884ac3 - <unknown>
[INFO] [stdout]   45:     0x7ff159915bf4 - __clone
[INFO] [stdout]   46:                0x0 - <unknown>
[INFO] [stdout] 
[INFO] [stdout] 
[INFO] [stdout] failures:
[INFO] [stdout]     tests::test_print_tree
[INFO] [stdout] 
[INFO] [stdout] test result: FAILED. 5 passed; 1 failed; 0 ignored; 0 measured; 0 filtered out; finished in 0.15s
[INFO] [stdout] 
[INFO] [stderr] error: test failed, to rerun pass `--bin fork-tree`
[INFO] running `Command { std: "docker" "inspect" "3ede60e115953c5f9d59dbf1b93f30885180a3377cc8d85feaa1d678d489c1fe", kill_on_drop: false }`
[INFO] running `Command { std: "docker" "rm" "-f" "3ede60e115953c5f9d59dbf1b93f30885180a3377cc8d85feaa1d678d489c1fe", kill_on_drop: false }`
[INFO] [stdout] 3ede60e115953c5f9d59dbf1b93f30885180a3377cc8d85feaa1d678d489c1fe
[INFO] testing MelvinTo/fork-tree against beta-2023-12-22 for beta-1.76-1
[INFO] running `Command { std: "git" "clone" "/workspace/cache/git-repos/https%3A%2F%2Fgithub.com%2FMelvinTo%2Ffork-tree" "/workspace/builds/worker-6-tc2/source", kill_on_drop: false }`
[INFO] [stderr] Cloning into '/workspace/builds/worker-6-tc2/source'...
[INFO] [stderr] done.
[INFO] validating manifest of git repo https://github.com/MelvinTo/fork-tree on toolchain beta-2023-12-22
[INFO] running `Command { std: CARGO_HOME="/workspace/cargo-home" RUSTUP_HOME="/workspace/rustup-home" "/workspace/cargo-home/bin/cargo" "+beta-2023-12-22" "metadata" "--manifest-path" "Cargo.toml" "--no-deps", kill_on_drop: false }`
[INFO] started tweaking git repo https://github.com/MelvinTo/fork-tree
[INFO] finished tweaking git repo https://github.com/MelvinTo/fork-tree
[INFO] tweaked toml for git repo https://github.com/MelvinTo/fork-tree written to /workspace/builds/worker-6-tc2/source/Cargo.toml
[INFO] crate git repo https://github.com/MelvinTo/fork-tree already has a lockfile, it will not be regenerated
[INFO] running `Command { std: CARGO_HOME="/workspace/cargo-home" RUSTUP_HOME="/workspace/rustup-home" "/workspace/cargo-home/bin/cargo" "+beta-2023-12-22" "fetch" "--manifest-path" "Cargo.toml", kill_on_drop: false }`
[INFO] running `Command { std: "docker" "create" "-v" "/var/lib/crater-agent-workspace/builds/worker-6-tc2/target:/opt/rustwide/target:rw,Z" "-v" "/var/lib/crater-agent-workspace/builds/worker-6-tc2/source:/opt/rustwide/workdir:ro,Z" "-v" "/var/lib/crater-agent-workspace/cargo-home:/opt/rustwide/cargo-home:ro,Z" "-v" "/var/lib/crater-agent-workspace/rustup-home:/opt/rustwide/rustup-home:ro,Z" "-e" "SOURCE_DIR=/opt/rustwide/workdir" "-e" "CARGO_TARGET_DIR=/opt/rustwide/target" "-e" "CARGO_HOME=/opt/rustwide/cargo-home" "-e" "RUSTUP_HOME=/opt/rustwide/rustup-home" "-w" "/opt/rustwide/workdir" "-m" "1610612736" "--user" "0:0" "--network" "none" "ghcr.io/rust-lang/crates-build-env/linux@sha256:2788e3201cd34a07e3172128adcd8b3090168a8e3bcc40d7c032b9dda1df7d1c" "/opt/rustwide/cargo-home/bin/cargo" "+beta-2023-12-22" "metadata" "--no-deps" "--format-version=1", kill_on_drop: false }`
[INFO] [stdout] 1aa7702a25a17cdf5e68851defb725696f14b3350643444bc00ce124528a63ce
[INFO] running `Command { std: "docker" "start" "-a" "1aa7702a25a17cdf5e68851defb725696f14b3350643444bc00ce124528a63ce", kill_on_drop: false }`
[INFO] running `Command { std: "docker" "inspect" "1aa7702a25a17cdf5e68851defb725696f14b3350643444bc00ce124528a63ce", kill_on_drop: false }`
[INFO] running `Command { std: "docker" "rm" "-f" "1aa7702a25a17cdf5e68851defb725696f14b3350643444bc00ce124528a63ce", kill_on_drop: false }`
[INFO] [stdout] 1aa7702a25a17cdf5e68851defb725696f14b3350643444bc00ce124528a63ce
[INFO] running `Command { std: "docker" "create" "-v" "/var/lib/crater-agent-workspace/builds/worker-6-tc2/target:/opt/rustwide/target:rw,Z" "-v" "/var/lib/crater-agent-workspace/builds/worker-6-tc2/source:/opt/rustwide/workdir:ro,Z" "-v" "/var/lib/crater-agent-workspace/cargo-home:/opt/rustwide/cargo-home:ro,Z" "-v" "/var/lib/crater-agent-workspace/rustup-home:/opt/rustwide/rustup-home:ro,Z" "-e" "SOURCE_DIR=/opt/rustwide/workdir" "-e" "CARGO_TARGET_DIR=/opt/rustwide/target" "-e" "CARGO_INCREMENTAL=0" "-e" "RUST_BACKTRACE=full" "-e" "RUSTFLAGS=--cap-lints=warn" "-e" "RUSTDOCFLAGS=--cap-lints=warn" "-e" "CARGO_HOME=/opt/rustwide/cargo-home" "-e" "RUSTUP_HOME=/opt/rustwide/rustup-home" "-w" "/opt/rustwide/workdir" "-m" "1610612736" "--user" "0:0" "--network" "none" "ghcr.io/rust-lang/crates-build-env/linux@sha256:2788e3201cd34a07e3172128adcd8b3090168a8e3bcc40d7c032b9dda1df7d1c" "/opt/rustwide/cargo-home/bin/cargo" "+beta-2023-12-22" "build" "--frozen" "--message-format=json", kill_on_drop: false }`
[INFO] [stdout] 88e6d9989452124dda9a0383f77da62206468d53d80896395098e4c5699f1fee
[INFO] running `Command { std: "docker" "start" "-a" "88e6d9989452124dda9a0383f77da62206468d53d80896395098e4c5699f1fee", kill_on_drop: false }`
[INFO] [stderr]    Compiling libc v0.2.126
[INFO] [stderr]    Compiling log v0.4.17
[INFO] [stderr]    Compiling serde v1.0.137
[INFO] [stderr]    Compiling regex-syntax v0.6.26
[INFO] [stderr]    Compiling serde_json v1.0.81
[INFO] [stderr]    Compiling humantime v2.1.0
[INFO] [stderr]    Compiling aho-corasick v0.7.18
[INFO] [stderr]    Compiling atty v0.2.14
[INFO] [stderr]    Compiling regex v1.5.6
[INFO] [stderr]    Compiling env_logger v0.8.4
[INFO] [stderr]    Compiling fork-tree v0.1.0 (/opt/rustwide/workdir)
[INFO] [stdout] warning: variable does not need to be mutable
[INFO] [stdout]    --> src/main.rs:204:13
[INFO] [stdout]     |
[INFO] [stdout] 204 |         let mut p = self.get_process_mut(&ctxt.pid).ok_or(MyError::InvalidProcess)?;
[INFO] [stdout]     |             ----^
[INFO] [stdout]     |             |
[INFO] [stdout]     |             help: remove this `mut`
[INFO] [stdout]     |
[INFO] [stdout]     = note: `#[warn(unused_mut)]` on by default
[INFO] [stdout] 
[INFO] [stdout] 
[INFO] [stdout] warning: variable does not need to be mutable
[INFO] [stdout]    --> src/main.rs:222:13
[INFO] [stdout]     |
[INFO] [stdout] 222 |         let mut p = self.get_process_mut(&ctxt.pid).ok_or(MyError::InvalidProcess)?;
[INFO] [stdout]     |             ----^
[INFO] [stdout]     |             |
[INFO] [stdout]     |             help: remove this `mut`
[INFO] [stdout] 
[INFO] [stdout] 
[INFO] [stdout] warning: type alias `MyResult` is never used
[INFO] [stdout]   --> src/main.rs:33:6
[INFO] [stdout]    |
[INFO] [stdout] 33 | type MyResult<T> = Result<T, Box<dyn std::error::Error>>;
[INFO] [stdout]    |      ^^^^^^^^
[INFO] [stdout]    |
[INFO] [stdout]    = note: `#[warn(dead_code)]` on by default
[INFO] [stdout] 
[INFO] [stdout] 
[INFO] [stdout] warning: fields `root` and `processes` are never read
[INFO] [stdout]   --> src/main.rs:37:5
[INFO] [stdout]    |
[INFO] [stdout] 36 | struct ForkTree {
[INFO] [stdout]    |        -------- fields in this struct
[INFO] [stdout] 37 |     root: ForkProcess,
[INFO] [stdout]    |     ^^^^
[INFO] [stdout] 38 |     processes: HashMap<u64, ForkProcess>,
[INFO] [stdout]    |     ^^^^^^^^^
[INFO] [stdout]    |
[INFO] [stdout]    = note: `ForkTree` has a derived impl for the trait `Debug`, but this is intentionally ignored during dead code analysis
[INFO] [stdout] 
[INFO] [stdout] 
[INFO] [stdout] warning: multiple fields are never read
[INFO] [stdout]   --> src/main.rs:43:5
[INFO] [stdout]    |
[INFO] [stdout] 42 | struct ForkProcess {
[INFO] [stdout]    |        ----------- fields in this struct
[INFO] [stdout] 43 |     cmd: String,
[INFO] [stdout]    |     ^^^
[INFO] [stdout] 44 |     pid: u64,
[INFO] [stdout]    |     ^^^
[INFO] [stdout] 45 |     duration: f64,
[INFO] [stdout]    |     ^^^^^^^^
[INFO] [stdout] 46 |     start_time: f64,
[INFO] [stdout]    |     ^^^^^^^^^^
[INFO] [stdout] 47 |     ppid: Option<u64>,
[INFO] [stdout]    |     ^^^^
[INFO] [stdout] 48 |     args: Vec<String>,
[INFO] [stdout]    |     ^^^^
[INFO] [stdout] 49 |     cpids: Vec<u64>,
[INFO] [stdout]    |     ^^^^^
[INFO] [stdout]    |
[INFO] [stdout]    = note: `ForkProcess` has a derived impl for the trait `Debug`, but this is intentionally ignored during dead code analysis
[INFO] [stdout] 
[INFO] [stdout] 
[INFO] [stdout] warning: fields `syscall`, `pid`, `timestamp`, and `remaining_msg` are never read
[INFO] [stdout]   --> src/main.rs:54:5
[INFO] [stdout]    |
[INFO] [stdout] 53 | struct Context {
[INFO] [stdout]    |        ------- fields in this struct
[INFO] [stdout] 54 |     syscall: Syscall,
[INFO] [stdout]    |     ^^^^^^^
[INFO] [stdout] 55 |     pid: u64,
[INFO] [stdout]    |     ^^^
[INFO] [stdout] 56 |     timestamp: f64,
[INFO] [stdout]    |     ^^^^^^^^^
[INFO] [stdout] 57 |     remaining_msg: String,
[INFO] [stdout]    |     ^^^^^^^^^^^^^
[INFO] [stdout]    |
[INFO] [stdout]    = note: `Context` has a derived impl for the trait `Debug`, but this is intentionally ignored during dead code analysis
[INFO] [stdout] 
[INFO] [stdout] 
[INFO] [stdout] warning: variants `InvalidLine` and `InvalidProcess` are never constructed
[INFO] [stdout]   --> src/main.rs:62:5
[INFO] [stdout]    |
[INFO] [stdout] 61 | enum MyError {
[INFO] [stdout]    |      ------- variants in this enum
[INFO] [stdout] 62 |     InvalidLine,
[INFO] [stdout]    |     ^^^^^^^^^^^
[INFO] [stdout] 63 |     InvalidProcess
[INFO] [stdout]    |     ^^^^^^^^^^^^^^
[INFO] [stdout]    |
[INFO] [stdout]    = note: `MyError` has a derived impl for the trait `Debug`, but this is intentionally ignored during dead code analysis
[INFO] [stdout] 
[INFO] [stdout] 
[INFO] [stdout] warning: multiple associated items are never used
[INFO] [stdout]    --> src/main.rs:108:8
[INFO] [stdout]     |
[INFO] [stdout] 100 | impl ForkTree {
[INFO] [stdout]     | ------------- associated items in this implementation
[INFO] [stdout] ...
[INFO] [stdout] 108 |     fn get_process(&self, pid: &u64) -> Option<&ForkProcess> {
[INFO] [stdout]     |        ^^^^^^^^^^^
[INFO] [stdout] ...
[INFO] [stdout] 112 |     fn get_process_mut(&mut self, pid: &u64) -> Option<&mut ForkProcess> {
[INFO] [stdout]     |        ^^^^^^^^^^^^^^^
[INFO] [stdout] ...
[INFO] [stdout] 116 |     fn process_line(&mut self, line: &str) -> MyResult<()> {
[INFO] [stdout]     |        ^^^^^^^^^^^^
[INFO] [stdout] ...
[INFO] [stdout] 145 |     fn parse_context(line: &str) -> Option<Context> {
[INFO] [stdout]     |        ^^^^^^^^^^^^^
[INFO] [stdout] ...
[INFO] [stdout] 173 |     fn process_clone_line(&mut self, ctxt: &Context) -> MyResult<()> {
[INFO] [stdout]     |        ^^^^^^^^^^^^^^^^^^
[INFO] [stdout] ...
[INFO] [stdout] 193 |     fn process_exec_line(&mut self, ctxt: &Context) -> MyResult<()> {
[INFO] [stdout]     |        ^^^^^^^^^^^^^^^^^
[INFO] [stdout] ...
[INFO] [stdout] 219 |     fn process_exit_line(&mut self, ctxt: &Context) -> MyResult<()> {
[INFO] [stdout]     |        ^^^^^^^^^^^^^^^^^
[INFO] [stdout] ...
[INFO] [stdout] 227 |     fn print_fork_tree(&self, pid: u64) -> MyResult<()> {
[INFO] [stdout]     |        ^^^^^^^^^^^^^^^
[INFO] [stdout] 
[INFO] [stdout] 
[INFO] [stdout] warning: associated items `new_with_ppid`, `new_with_pid`, and `add_child_process` are never used
[INFO] [stdout]    --> src/main.rs:263:8
[INFO] [stdout]     |
[INFO] [stdout] 250 | impl ForkProcess {
[INFO] [stdout]     | ---------------- associated items in this implementation
[INFO] [stdout] ...
[INFO] [stdout] 263 |     fn new_with_ppid(pid: u64, ppid: u64) -> ForkProcess {
[INFO] [stdout]     |        ^^^^^^^^^^^^^
[INFO] [stdout] ...
[INFO] [stdout] 275 |     fn new_with_pid(pid: u64) -> ForkProcess {
[INFO] [stdout]     |        ^^^^^^^^^^^^
[INFO] [stdout] ...
[INFO] [stdout] 287 |     fn add_child_process(&mut self, cpid: u64) {
[INFO] [stdout]     |        ^^^^^^^^^^^^^^^^^
[INFO] [stdout] 
[INFO] [stdout] 
[INFO] [stdout] warning: 9 warnings emitted
[INFO] [stdout] 
[INFO] [stdout] 
[INFO] [stderr]     Finished dev [unoptimized + debuginfo] target(s) in 3.80s
[INFO] running `Command { std: "docker" "inspect" "88e6d9989452124dda9a0383f77da62206468d53d80896395098e4c5699f1fee", kill_on_drop: false }`
[INFO] running `Command { std: "docker" "rm" "-f" "88e6d9989452124dda9a0383f77da62206468d53d80896395098e4c5699f1fee", kill_on_drop: false }`
[INFO] [stdout] 88e6d9989452124dda9a0383f77da62206468d53d80896395098e4c5699f1fee
[INFO] running `Command { std: "docker" "create" "-v" "/var/lib/crater-agent-workspace/builds/worker-6-tc2/target:/opt/rustwide/target:rw,Z" "-v" "/var/lib/crater-agent-workspace/builds/worker-6-tc2/source:/opt/rustwide/workdir:ro,Z" "-v" "/var/lib/crater-agent-workspace/cargo-home:/opt/rustwide/cargo-home:ro,Z" "-v" "/var/lib/crater-agent-workspace/rustup-home:/opt/rustwide/rustup-home:ro,Z" "-e" "SOURCE_DIR=/opt/rustwide/workdir" "-e" "CARGO_TARGET_DIR=/opt/rustwide/target" "-e" "CARGO_INCREMENTAL=0" "-e" "RUST_BACKTRACE=full" "-e" "RUSTFLAGS=--cap-lints=warn" "-e" "RUSTDOCFLAGS=--cap-lints=warn" "-e" "CARGO_HOME=/opt/rustwide/cargo-home" "-e" "RUSTUP_HOME=/opt/rustwide/rustup-home" "-w" "/opt/rustwide/workdir" "-m" "1610612736" "--user" "0:0" "--network" "none" "ghcr.io/rust-lang/crates-build-env/linux@sha256:2788e3201cd34a07e3172128adcd8b3090168a8e3bcc40d7c032b9dda1df7d1c" "/opt/rustwide/cargo-home/bin/cargo" "+beta-2023-12-22" "test" "--frozen" "--no-run" "--message-format=json", kill_on_drop: false }`
[INFO] [stdout] 3bc04ba9c70cbf1401c96fa926e81e29b093a36a7b61a8789e0cbedf66b3c5c2
[INFO] running `Command { std: "docker" "start" "-a" "3bc04ba9c70cbf1401c96fa926e81e29b093a36a7b61a8789e0cbedf66b3c5c2", kill_on_drop: false }`
[INFO] [stderr]    Compiling fork-tree v0.1.0 (/opt/rustwide/workdir)
[INFO] [stdout] warning: variable does not need to be mutable
[INFO] [stdout]    --> src/main.rs:204:13
[INFO] [stdout]     |
[INFO] [stdout] 204 |         let mut p = self.get_process_mut(&ctxt.pid).ok_or(MyError::InvalidProcess)?;
[INFO] [stdout]     |             ----^
[INFO] [stdout]     |             |
[INFO] [stdout]     |             help: remove this `mut`
[INFO] [stdout]     |
[INFO] [stdout]     = note: `#[warn(unused_mut)]` on by default
[INFO] [stdout] 
[INFO] [stdout] 
[INFO] [stdout] warning: variable does not need to be mutable
[INFO] [stdout]    --> src/main.rs:222:13
[INFO] [stdout]     |
[INFO] [stdout] 222 |         let mut p = self.get_process_mut(&ctxt.pid).ok_or(MyError::InvalidProcess)?;
[INFO] [stdout]     |             ----^
[INFO] [stdout]     |             |
[INFO] [stdout]     |             help: remove this `mut`
[INFO] [stdout] 
[INFO] [stdout] 
[INFO] [stdout] warning: field `root` is never read
[INFO] [stdout]   --> src/main.rs:37:5
[INFO] [stdout]    |
[INFO] [stdout] 36 | struct ForkTree {
[INFO] [stdout]    |        -------- field in this struct
[INFO] [stdout] 37 |     root: ForkProcess,
[INFO] [stdout]    |     ^^^^
[INFO] [stdout]    |
[INFO] [stdout]    = note: `ForkTree` has a derived impl for the trait `Debug`, but this is intentionally ignored during dead code analysis
[INFO] [stdout]    = note: `#[warn(dead_code)]` on by default
[INFO] [stdout] 
[INFO] [stdout] 
[INFO] [stdout] warning: fields `pid` and `ppid` are never read
[INFO] [stdout]   --> src/main.rs:44:5
[INFO] [stdout]    |
[INFO] [stdout] 42 | struct ForkProcess {
[INFO] [stdout]    |        ----------- fields in this struct
[INFO] [stdout] 43 |     cmd: String,
[INFO] [stdout] 44 |     pid: u64,
[INFO] [stdout]    |     ^^^
[INFO] [stdout] ...
[INFO] [stdout] 47 |     ppid: Option<u64>,
[INFO] [stdout]    |     ^^^^
[INFO] [stdout]    |
[INFO] [stdout]    = note: `ForkProcess` has a derived impl for the trait `Debug`, but this is intentionally ignored during dead code analysis
[INFO] [stdout] 
[INFO] [stdout] 
[INFO] [stdout] warning: unused `Result` that must be used
[INFO] [stdout]    --> src/main.rs:375:13
[INFO] [stdout]     |
[INFO] [stdout] 375 |             ft.process_line(&line);
[INFO] [stdout]     |             ^^^^^^^^^^^^^^^^^^^^^^
[INFO] [stdout]     |
[INFO] [stdout]     = note: this `Result` may be an `Err` variant, which should be handled
[INFO] [stdout]     = note: `#[warn(unused_must_use)]` on by default
[INFO] [stdout] help: use `let _ = ...` to ignore the resulting value
[INFO] [stdout]     |
[INFO] [stdout] 375 |             let _ = ft.process_line(&line);
[INFO] [stdout]     |             +++++++
[INFO] [stdout] 
[INFO] [stdout] 
[INFO] [stdout] warning: unused `Result` that must be used
[INFO] [stdout]    --> src/main.rs:378:9
[INFO] [stdout]     |
[INFO] [stdout] 378 |         ft.print_fork_tree(14991);
[INFO] [stdout]     |         ^^^^^^^^^^^^^^^^^^^^^^^^^
[INFO] [stdout]     |
[INFO] [stdout]     = note: this `Result` may be an `Err` variant, which should be handled
[INFO] [stdout] help: use `let _ = ...` to ignore the resulting value
[INFO] [stdout]     |
[INFO] [stdout] 378 |         let _ = ft.print_fork_tree(14991);
[INFO] [stdout]     |         +++++++
[INFO] [stdout] 
[INFO] [stdout] 
[INFO] [stdout] warning: 6 warnings emitted
[INFO] [stdout] 
[INFO] [stdout] 
[INFO] [stderr]     Finished test [unoptimized + debuginfo] target(s) in 0.72s
[INFO] running `Command { std: "docker" "inspect" "3bc04ba9c70cbf1401c96fa926e81e29b093a36a7b61a8789e0cbedf66b3c5c2", kill_on_drop: false }`
[INFO] running `Command { std: "docker" "rm" "-f" "3bc04ba9c70cbf1401c96fa926e81e29b093a36a7b61a8789e0cbedf66b3c5c2", kill_on_drop: false }`
[INFO] [stdout] 3bc04ba9c70cbf1401c96fa926e81e29b093a36a7b61a8789e0cbedf66b3c5c2
[INFO] running `Command { std: "docker" "create" "-v" "/var/lib/crater-agent-workspace/builds/worker-6-tc2/target:/opt/rustwide/target:rw,Z" "-v" "/var/lib/crater-agent-workspace/builds/worker-6-tc2/source:/opt/rustwide/workdir:ro,Z" "-v" "/var/lib/crater-agent-workspace/cargo-home:/opt/rustwide/cargo-home:ro,Z" "-v" "/var/lib/crater-agent-workspace/rustup-home:/opt/rustwide/rustup-home:ro,Z" "-e" "SOURCE_DIR=/opt/rustwide/workdir" "-e" "CARGO_TARGET_DIR=/opt/rustwide/target" "-e" "CARGO_INCREMENTAL=0" "-e" "RUST_BACKTRACE=full" "-e" "RUSTFLAGS=--cap-lints=warn" "-e" "RUSTDOCFLAGS=--cap-lints=warn" "-e" "CARGO_HOME=/opt/rustwide/cargo-home" "-e" "RUSTUP_HOME=/opt/rustwide/rustup-home" "-w" "/opt/rustwide/workdir" "-m" "1610612736" "--user" "0:0" "--network" "none" "ghcr.io/rust-lang/crates-build-env/linux@sha256:2788e3201cd34a07e3172128adcd8b3090168a8e3bcc40d7c032b9dda1df7d1c" "/opt/rustwide/cargo-home/bin/cargo" "+beta-2023-12-22" "test" "--frozen", kill_on_drop: false }`
[INFO] [stdout] b6c7060d93d801786b879c561fcb6611a711fe41e6c4d814da2b7e349dbbaf93
[INFO] running `Command { std: "docker" "start" "-a" "b6c7060d93d801786b879c561fcb6611a711fe41e6c4d814da2b7e349dbbaf93", kill_on_drop: false }`
[INFO] [stderr] warning: variable does not need to be mutable
[INFO] [stderr]    --> src/main.rs:204:13
[INFO] [stderr]     |
[INFO] [stderr] 204 |         let mut p = self.get_process_mut(&ctxt.pid).ok_or(MyError::InvalidProcess)?;
[INFO] [stderr]     |             ----^
[INFO] [stderr]     |             |
[INFO] [stderr]     |             help: remove this `mut`
[INFO] [stderr]     |
[INFO] [stderr]     = note: `#[warn(unused_mut)]` on by default
[INFO] [stderr] 
[INFO] [stderr] warning: variable does not need to be mutable
[INFO] [stderr]    --> src/main.rs:222:13
[INFO] [stderr]     |
[INFO] [stderr] 222 |         let mut p = self.get_process_mut(&ctxt.pid).ok_or(MyError::InvalidProcess)?;
[INFO] [stderr]     |             ----^
[INFO] [stderr]     |             |
[INFO] [stderr]     |             help: remove this `mut`
[INFO] [stderr] 
[INFO] [stderr] warning: field `root` is never read
[INFO] [stderr]   --> src/main.rs:37:5
[INFO] [stderr]    |
[INFO] [stderr] 36 | struct ForkTree {
[INFO] [stderr]    |        -------- field in this struct
[INFO] [stderr] 37 |     root: ForkProcess,
[INFO] [stderr]    |     ^^^^
[INFO] [stderr]    |
[INFO] [stderr]    = note: `ForkTree` has a derived impl for the trait `Debug`, but this is intentionally ignored during dead code analysis
[INFO] [stderr]    = note: `#[warn(dead_code)]` on by default
[INFO] [stderr] 
[INFO] [stderr] warning: fields `pid` and `ppid` are never read
[INFO] [stderr]   --> src/main.rs:44:5
[INFO] [stderr]    |
[INFO] [stderr] 42 | struct ForkProcess {
[INFO] [stderr]    |        ----------- fields in this struct
[INFO] [stderr] 43 |     cmd: String,
[INFO] [stderr] 44 |     pid: u64,
[INFO] [stderr]    |     ^^^
[INFO] [stderr] ...
[INFO] [stderr] 47 |     ppid: Option<u64>,
[INFO] [stderr]    |     ^^^^
[INFO] [stderr]    |
[INFO] [stderr]    = note: `ForkProcess` has a derived impl for the trait `Debug`, but this is intentionally ignored during dead code analysis
[INFO] [stderr] 
[INFO] [stderr] warning: unused `Result` that must be used
[INFO] [stderr]    --> src/main.rs:375:13
[INFO] [stderr]     |
[INFO] [stderr] 375 |             ft.process_line(&line);
[INFO] [stderr]     |             ^^^^^^^^^^^^^^^^^^^^^^
[INFO] [stderr]     |
[INFO] [stderr]     = note: this `Result` may be an `Err` variant, which should be handled
[INFO] [stderr]     = note: `#[warn(unused_must_use)]` on by default
[INFO] [stderr] help: use `let _ = ...` to ignore the resulting value
[INFO] [stderr]     |
[INFO] [stderr] 375 |             let _ = ft.process_line(&line);
[INFO] [stderr]     |             +++++++
[INFO] [stderr] 
[INFO] [stderr] warning: unused `Result` that must be used
[INFO] [stderr]    --> src/main.rs:378:9
[INFO] [stderr]     |
[INFO] [stderr] 378 |         ft.print_fork_tree(14991);
[INFO] [stderr]     |         ^^^^^^^^^^^^^^^^^^^^^^^^^
[INFO] [stderr]     |
[INFO] [stderr]     = note: this `Result` may be an `Err` variant, which should be handled
[INFO] [stderr] help: use `let _ = ...` to ignore the resulting value
[INFO] [stderr]     |
[INFO] [stderr] 378 |         let _ = ft.print_fork_tree(14991);
[INFO] [stderr]     |         +++++++
[INFO] [stderr] 
[INFO] [stderr] warning: `fork-tree` (bin "fork-tree" test) generated 6 warnings (run `cargo fix --bin "fork-tree" --tests` to apply 2 suggestions)
[INFO] [stderr]     Finished test [unoptimized + debuginfo] target(s) in 0.01s
[INFO] [stderr]      Running unittests src/main.rs (/opt/rustwide/target/debug/deps/fork_tree-b748e8d1eecb0b3b)
[INFO] [stdout] 
[INFO] [stdout] running 6 tests
[INFO] [stdout] test tests::test_sample_file ... ok
[INFO] [stdout] test tests::test_process_exit ... ok
[INFO] [stdout] test tests::test_process_exec ... ok
[INFO] [stdout] test tests::test_process_clone ... ok
[INFO] [stdout] test tests::test_process_clone_resumed ... ok
[INFO] [stdout] test tests::test_print_tree ... FAILED
[INFO] [stdout] 
[INFO] [stdout] failures:
[INFO] [stdout] 
[INFO] [stdout] ---- tests::test_print_tree stdout ----
[INFO] [stdout] Invalid clone line: (child_stack=NULL, flags=CLONE_CHILD_CLEARTID|CLONE_CHILD_SETTID|SIGCHLD <unfinished ...>
[INFO] [stdout] Invalid clone line: (child_stack=NULL, flags=CLONE_CHILD_CLEARTID|CLONE_CHILD_SETTID|SIGCHLD <unfinished ...>
[INFO] [stdout] Invalid clone line: (child_stack=NULL, flags=CLONE_CHILD_CLEARTID|CLONE_CHILD_SETTID|SIGCHLD <unfinished ...>
[INFO] [stdout] Invalid clone line: (child_stack=NULL, flags=CLONE_CHILD_CLEARTID|CLONE_CHILD_SETTID|SIGCHLD <unfinished ...>
[INFO] [stdout] Invalid clone line: (child_stack=NULL, flags=CLONE_CHILD_CLEARTID|CLONE_CHILD_SETTID|SIGCHLD <unfinished ...>
[INFO] [stdout] Invalid clone line: (child_stack=NULL, flags=CLONE_CHILD_CLEARTID|CLONE_CHILD_SETTID|SIGCHLD <unfinished ...>
[INFO] [stdout] Invalid clone line: (child_stack=NULL, flags=CLONE_CHILD_CLEARTID|CLONE_CHILD_SETTID|SIGCHLD <unfinished ...>
[INFO] [stdout] Invalid clone line: (child_stack=NULL, flags=CLONE_CHILD_CLEARTID|CLONE_CHILD_SETTID|SIGCHLD <unfinished ...>
[INFO] [stdout] Invalid clone line: (child_stack=0x7ff2a773dfb0, flags=CLONE_VM|CLONE_FS|CLONE_FILES|CLONE_SIGHAND|CLONE_THREAD|CLONE_SYSVSEM|CLONE_SETTLS|CLONE_PARENT_SETTID|CLONE_CHILD_CLEARTID <unfinished ...>
[INFO] [stdout] Invalid clone line: (child_stack=0x7f621c209fb0, flags=CLONE_VM|CLONE_FS|CLONE_FILES|CLONE_SIGHAND|CLONE_THREAD|CLONE_SYSVSEM|CLONE_SETTLS|CLONE_PARENT_SETTID|CLONE_CHILD_CLEARTID <unfinished ...>
[INFO] [stdout] Invalid clone line: (child_stack=0x7f621ba08fb0, flags=CLONE_VM|CLONE_FS|CLONE_FILES|CLONE_SIGHAND|CLONE_THREAD|CLONE_SYSVSEM|CLONE_SETTLS|CLONE_PARENT_SETTID|CLONE_CHILD_CLEARTID <unfinished ...>
[INFO] [stdout] Invalid clone line: (child_stack=0x7f621b207fb0, flags=CLONE_VM|CLONE_FS|CLONE_FILES|CLONE_SIGHAND|CLONE_THREAD|CLONE_SYSVSEM|CLONE_SETTLS|CLONE_PARENT_SETTID|CLONE_CHILD_CLEARTID <unfinished ...>
[INFO] [stdout] Invalid clone line: (child_stack=NULL, flags=CLONE_CHILD_CLEARTID|CLONE_CHILD_SETTID|SIGCHLD <unfinished ...>
[INFO] [stdout] Invalid clone line: (child_stack=NULL, flags=CLONE_CHILD_CLEARTID|CLONE_CHILD_SETTID|SIGCHLD <unfinished ...>
[INFO] [stdout] Invalid clone line: (child_stack=NULL, flags=CLONE_CHILD_CLEARTID|CLONE_CHILD_SETTID|SIGCHLD <unfinished ...>
[INFO] [stdout] Invalid clone line: (child_stack=0x7ff123ffefb0, flags=CLONE_VM|CLONE_FS|CLONE_FILES|CLONE_SIGHAND|CLONE_THREAD|CLONE_SYSVSEM|CLONE_SETTLS|CLONE_PARENT_SETTID|CLONE_CHILD_CLEARTID <unfinished ...>
[INFO] [stdout] Invalid clone line: (child_stack=0x7fd0cdaf9fb0, flags=CLONE_VM|CLONE_FS|CLONE_FILES|CLONE_SIGHAND|CLONE_THREAD|CLONE_SYSVSEM|CLONE_SETTLS|CLONE_PARENT_SETTID|CLONE_CHILD_CLEARTID <unfinished ...>
[INFO] [stdout] Invalid clone line: (child_stack=NULL, flags=CLONE_CHILD_CLEARTID|CLONE_CHILD_SETTID|SIGCHLD <unfinished ...>
[INFO] [stdout] Invalid clone line: (child_stack=NULL, flags=CLONE_CHILD_CLEARTID|CLONE_CHILD_SETTID|SIGCHLD <unfinished ...>
[INFO] [stdout] Invalid clone line: (child_stack=NULL, flags=CLONE_CHILD_CLEARTID|CLONE_CHILD_SETTID|SIGCHLD <unfinished ...>
[INFO] [stdout] Invalid clone line: (child_stack=0x7f2b86ddefb0, flags=CLONE_VM|CLONE_FS|CLONE_FILES|CLONE_SIGHAND|CLONE_THREAD|CLONE_SYSVSEM|CLONE_SETTLS|CLONE_PARENT_SETTID|CLONE_CHILD_CLEARTID <unfinished ...>
[INFO] [stdout] Invalid clone line: (child_stack=0x7f2b875dffb0, flags=CLONE_VM|CLONE_FS|CLONE_FILES|CLONE_SIGHAND|CLONE_THREAD|CLONE_SYSVSEM|CLONE_SETTLS|CLONE_PARENT_SETTID|CLONE_CHILD_CLEARTID <unfinished ...>
[INFO] [stdout] Invalid clone line: (child_stack=NULL, flags=CLONE_CHILD_CLEARTID|CLONE_CHILD_SETTID|SIGCHLD <unfinished ...>
[INFO] [stdout] Invalid clone line: (child_stack=NULL, flags=CLONE_CHILD_CLEARTID|CLONE_CHILD_SETTID|SIGCHLD <unfinished ...>
[INFO] [stdout] Invalid clone line: (child_stack=NULL, flags=CLONE_CHILD_CLEARTID|CLONE_CHILD_SETTID|SIGCHLD <unfinished ...>
[INFO] [stdout] Invalid clone line: (child_stack=NULL, flags=CLONE_CHILD_CLEARTID|CLONE_CHILD_SETTID|SIGCHLD <unfinished ...>
[INFO] [stdout] Invalid clone line: (child_stack=NULL, flags=CLONE_CHILD_CLEARTID|CLONE_CHILD_SETTID|SIGCHLD <unfinished ...>
[INFO] [stdout] Invalid clone line: (child_stack=NULL, flags=CLONE_CHILD_CLEARTID|CLONE_CHILD_SETTID|SIGCHLD <unfinished ...>
[INFO] [stdout] Invalid clone line: (child_stack=0x7f28e3ffefb0, flags=CLONE_VM|CLONE_FS|CLONE_FILES|CLONE_SIGHAND|CLONE_THREAD|CLONE_SYSVSEM|CLONE_SETTLS|CLONE_PARENT_SETTID|CLONE_CHILD_CLEARTID <unfinished ...>
[INFO] [stdout] Invalid clone line: (child_stack=0x7f28e27fbfb0, flags=CLONE_VM|CLONE_FS|CLONE_FILES|CLONE_SIGHAND|CLONE_THREAD|CLONE_SYSVSEM|CLONE_SETTLS|CLONE_PARENT_SETTID|CLONE_CHILD_CLEARTID <unfinished ...>
[INFO] [stdout] Invalid clone line: (child_stack=0x7fa430e23fb0, flags=CLONE_VM|CLONE_FS|CLONE_FILES|CLONE_SIGHAND|CLONE_THREAD|CLONE_SYSVSEM|CLONE_SETTLS|CLONE_PARENT_SETTID|CLONE_CHILD_CLEARTID <unfinished ...>
[INFO] [stdout] Invalid clone line: (child_stack=NULL, flags=CLONE_CHILD_CLEARTID|CLONE_CHILD_SETTID|SIGCHLD <unfinished ...>
[INFO] [stdout] Invalid clone line: (child_stack=NULL, flags=CLONE_CHILD_CLEARTID|CLONE_CHILD_SETTID|SIGCHLD, child_tidptr=0x7f268bf54850) = ? ERESTARTNOINTR (To be restarted)
[INFO] [stdout] Invalid clone line: (child_stack=0x7fa5504affb0, flags=CLONE_VM|CLONE_FS|CLONE_FILES|CLONE_SIGHAND|CLONE_THREAD|CLONE_SYSVSEM|CLONE_SETTLS|CLONE_PARENT_SETTID|CLONE_CHILD_CLEARTID <unfinished ...>
[INFO] [stdout] Invalid clone line: (child_stack=NULL, flags=CLONE_CHILD_CLEARTID|CLONE_CHILD_SETTID|SIGCHLD <unfinished ...>
[INFO] [stdout] Invalid clone line: (child_stack=NULL, flags=CLONE_CHILD_CLEARTID|CLONE_CHILD_SETTID|SIGCHLD <unfinished ...>
[INFO] [stdout] Invalid clone line: (child_stack=NULL, flags=CLONE_CHILD_CLEARTID|CLONE_CHILD_SETTID|SIGCHLD <unfinished ...>
[INFO] [stdout] Invalid clone line: (child_stack=NULL, flags=CLONE_CHILD_CLEARTID|CLONE_CHILD_SETTID|SIGCHLD <unfinished ...>
[INFO] [stdout] Invalid clone line: (child_stack=0x7f5fae7fbfb0, flags=CLONE_VM|CLONE_FS|CLONE_FILES|CLONE_SIGHAND|CLONE_THREAD|CLONE_SYSVSEM|CLONE_SETTLS|CLONE_PARENT_SETTID|CLONE_CHILD_CLEARTID <unfinished ...>
[INFO] [stdout] Invalid clone line: (child_stack=NULL, flags=CLONE_CHILD_CLEARTID|CLONE_CHILD_SETTID|SIGCHLD <unfinished ...>
[INFO] [stdout] Invalid clone line: (child_stack=NULL, flags=CLONE_CHILD_CLEARTID|CLONE_CHILD_SETTID|SIGCHLD <unfinished ...>
[INFO] [stdout] Invalid clone line: (child_stack=NULL, flags=CLONE_CHILD_CLEARTID|CLONE_CHILD_SETTID|SIGCHLD <unfinished ...>
[INFO] [stdout] Invalid clone line: (child_stack=0x7fe115bc3fb0, flags=CLONE_VM|CLONE_FS|CLONE_FILES|CLONE_SIGHAND|CLONE_THREAD|CLONE_SYSVSEM|CLONE_SETTLS|CLONE_PARENT_SETTID|CLONE_CHILD_CLEARTID <unfinished ...>
[INFO] [stdout] Invalid clone line: (child_stack=NULL, flags=CLONE_CHILD_CLEARTID|CLONE_CHILD_SETTID|SIGCHLD <unfinished ...>
[INFO] [stdout] Invalid clone line: (child_stack=0x7fe1153c2fb0, flags=CLONE_VM|CLONE_FS|CLONE_FILES|CLONE_SIGHAND|CLONE_THREAD|CLONE_SYSVSEM|CLONE_SETTLS|CLONE_PARENT_SETTID|CLONE_CHILD_CLEARTID <unfinished ...>
[INFO] [stdout] Invalid clone line: (child_stack=NULL, flags=CLONE_CHILD_CLEARTID|CLONE_CHILD_SETTID|SIGCHLD <unfinished ...>
[INFO] [stdout] Invalid clone line: (child_stack=NULL, flags=CLONE_CHILD_CLEARTID|CLONE_CHILD_SETTID|SIGCHLD <unfinished ...>
[INFO] [stdout] Invalid clone line: (child_stack=NULL, flags=CLONE_CHILD_CLEARTID|CLONE_CHILD_SETTID|SIGCHLD <unfinished ...>
[INFO] [stdout] Invalid clone line: (child_stack=NULL, flags=CLONE_CHILD_CLEARTID|CLONE_CHILD_SETTID|SIGCHLD <unfinished ...>
[INFO] [stdout] Invalid clone line: (child_stack=NULL, flags=CLONE_CHILD_CLEARTID|CLONE_CHILD_SETTID|SIGCHLD <unfinished ...>
[INFO] [stdout] Invalid clone line: , child_tidptr=0x7f884e8bc850) = ? ERESTARTNOINTR (To be restarted)
[INFO] [stdout] Invalid clone line: (child_stack=NULL, flags=CLONE_CHILD_CLEARTID|CLONE_CHILD_SETTID|SIGCHLD <unfinished ...>
[INFO] [stdout] Invalid clone line: (child_stack=NULL, flags=CLONE_CHILD_CLEARTID|CLONE_CHILD_SETTID|SIGCHLD <unfinished ...>
[INFO] [stdout] Invalid clone line: (child_stack=NULL, flags=CLONE_CHILD_CLEARTID|CLONE_CHILD_SETTID|SIGCHLD <unfinished ...>
[INFO] [stdout] Invalid clone line: (child_stack=NULL, flags=CLONE_CHILD_CLEARTID|CLONE_CHILD_SETTID|SIGCHLD <unfinished ...>
[INFO] [stdout] Invalid clone line: (child_stack=NULL, flags=CLONE_CHILD_CLEARTID|CLONE_CHILD_SETTID|SIGCHLD <unfinished ...>
[INFO] [stdout] Invalid clone line: (child_stack=NULL, flags=CLONE_CHILD_CLEARTID|CLONE_CHILD_SETTID|SIGCHLD <unfinished ...>
[INFO] [stdout] Invalid clone line: (child_stack=NULL, flags=CLONE_CHILD_CLEARTID|CLONE_CHILD_SETTID|SIGCHLD <unfinished ...>
[INFO] [stdout] Invalid clone line: (child_stack=NULL, flags=CLONE_CHILD_CLEARTID|CLONE_CHILD_SETTID|SIGCHLD <unfinished ...>
[INFO] [stdout] Invalid clone line: (child_stack=NULL, flags=CLONE_CHILD_CLEARTID|CLONE_CHILD_SETTID|SIGCHLD <unfinished ...>
[INFO] [stdout] Invalid clone line: (child_stack=NULL, flags=CLONE_CHILD_CLEARTID|CLONE_CHILD_SETTID|SIGCHLD <unfinished ...>
[INFO] [stdout] Invalid clone line: (child_stack=NULL, flags=CLONE_CHILD_CLEARTID|CLONE_CHILD_SETTID|SIGCHLD <unfinished ...>
[INFO] [stdout] Invalid clone line: (child_stack=NULL, flags=CLONE_CHILD_CLEARTID|CLONE_CHILD_SETTID|SIGCHLD <unfinished ...>
[INFO] [stdout] Invalid clone line: (child_stack=NULL, flags=CLONE_CHILD_CLEARTID|CLONE_CHILD_SETTID|SIGCHLD <unfinished ...>
[INFO] [stdout] Invalid clone line: (child_stack=NULL, flags=CLONE_CHILD_CLEARTID|CLONE_CHILD_SETTID|SIGCHLD <unfinished ...>
[INFO] [stdout] Invalid clone line: (child_stack=NULL, flags=CLONE_CHILD_CLEARTID|CLONE_CHILD_SETTID|SIGCHLD <unfinished ...>
[INFO] [stdout] Invalid clone line: (child_stack=NULL, flags=CLONE_CHILD_CLEARTID|CLONE_CHILD_SETTID|SIGCHLD <unfinished ...>
[INFO] [stdout] Invalid clone line: (child_stack=NULL, flags=CLONE_CHILD_CLEARTID|CLONE_CHILD_SETTID|SIGCHLD <unfinished ...>
[INFO] [stdout] Invalid clone line: (child_stack=NULL, flags=CLONE_CHILD_CLEARTID|CLONE_CHILD_SETTID|SIGCHLD <unfinished ...>
[INFO] [stdout] Invalid clone line: (child_stack=NULL, flags=CLONE_CHILD_CLEARTID|CLONE_CHILD_SETTID|SIGCHLD <unfinished ...>
[INFO] [stdout] Invalid clone line: (child_stack=NULL, flags=CLONE_CHILD_CLEARTID|CLONE_CHILD_SETTID|SIGCHLD <unfinished ...>
[INFO] [stdout] Invalid clone line: (child_stack=NULL, flags=CLONE_CHILD_CLEARTID|CLONE_CHILD_SETTID|SIGCHLD <unfinished ...>
[INFO] [stdout] Invalid clone line: (child_stack=NULL, flags=CLONE_CHILD_CLEARTID|CLONE_CHILD_SETTID|SIGCHLD <unfinished ...>
[INFO] [stdout] Invalid clone line: (child_stack=NULL, flags=CLONE_CHILD_CLEARTID|CLONE_CHILD_SETTID|SIGCHLD <unfinished ...>
[INFO] [stdout] Invalid clone line: (child_stack=NULL, flags=CLONE_CHILD_CLEARTID|CLONE_CHILD_SETTID|SIGCHLD <unfinished ...>
[INFO] [stdout] Invalid clone line: (child_stack=NULL, flags=CLONE_CHILD_CLEARTID|CLONE_CHILD_SETTID|SIGCHLD <unfinished ...>
[INFO] [stdout] Invalid clone line: (child_stack=NULL, flags=CLONE_CHILD_CLEARTID|CLONE_CHILD_SETTID|SIGCHLD <unfinished ...>
[INFO] [stdout] Invalid clone line: (child_stack=NULL, flags=CLONE_CHILD_CLEARTID|CLONE_CHILD_SETTID|SIGCHLD <unfinished ...>
[INFO] [stdout] Invalid clone line: (child_stack=NULL, flags=CLONE_CHILD_CLEARTID|CLONE_CHILD_SETTID|SIGCHLD <unfinished ...>
[INFO] [stdout] Invalid clone line: (child_stack=NULL, flags=CLONE_CHILD_CLEARTID|CLONE_CHILD_SETTID|SIGCHLD <unfinished ...>
[INFO] [stdout] Invalid clone line: (child_stack=NULL, flags=CLONE_CHILD_CLEARTID|CLONE_CHILD_SETTID|SIGCHLD <unfinished ...>
[INFO] [stdout] Invalid clone line: (child_stack=NULL, flags=CLONE_CHILD_CLEARTID|CLONE_CHILD_SETTID|SIGCHLD <unfinished ...>
[INFO] [stdout] Invalid clone line: (child_stack=NULL, flags=CLONE_CHILD_CLEARTID|CLONE_CHILD_SETTID|SIGCHLD <unfinished ...>
[INFO] [stdout] Invalid clone line: (child_stack=NULL, flags=CLONE_CHILD_CLEARTID|CLONE_CHILD_SETTID|SIGCHLD <unfinished ...>
[INFO] [stdout] Invalid clone line: (child_stack=NULL, flags=CLONE_CHILD_CLEARTID|CLONE_CHILD_SETTID|SIGCHLD <unfinished ...>
[INFO] [stdout] Invalid clone line: (child_stack=NULL, flags=CLONE_CHILD_CLEARTID|CLONE_CHILD_SETTID|SIGCHLD <unfinished ...>
[INFO] [stdout] Invalid clone line: (child_stack=NULL, flags=CLONE_CHILD_CLEARTID|CLONE_CHILD_SETTID|SIGCHLD <unfinished ...>
[INFO] [stdout] Invalid clone line: (child_stack=NULL, flags=CLONE_CHILD_CLEARTID|CLONE_CHILD_SETTID|SIGCHLD, child_tidptr=0x7f429c104a50) = ? ERESTARTNOINTR (To be restarted)
[INFO] [stdout] Invalid clone line: (child_stack=NULL, flags=CLONE_CHILD_CLEARTID|CLONE_CHILD_SETTID|SIGCHLD <unfinished ...>
[INFO] [stdout] Invalid clone line: (child_stack=NULL, flags=CLONE_CHILD_CLEARTID|CLONE_CHILD_SETTID|SIGCHLD <unfinished ...>
[INFO] [stdout] Invalid clone line: (child_stack=NULL, flags=CLONE_CHILD_CLEARTID|CLONE_CHILD_SETTID|SIGCHLD <unfinished ...>
[INFO] [stdout] Invalid clone line: (child_stack=NULL, flags=CLONE_CHILD_CLEARTID|CLONE_CHILD_SETTID|SIGCHLD <unfinished ...>
[INFO] [stdout] Invalid clone line: (child_stack=NULL, flags=CLONE_CHILD_CLEARTID|CLONE_CHILD_SETTID|SIGCHLD <unfinished ...>
[INFO] [stdout] Invalid clone line: (child_stack=NULL, flags=CLONE_CHILD_CLEARTID|CLONE_CHILD_SETTID|SIGCHLD <unfinished ...>
[INFO] [stdout] Invalid clone line: (child_stack=NULL, flags=CLONE_CHILD_CLEARTID|CLONE_CHILD_SETTID|SIGCHLD <unfinished ...>
[INFO] [stdout] Invalid clone line: (child_stack=NULL, flags=CLONE_CHILD_CLEARTID|CLONE_CHILD_SETTID|SIGCHLD <unfinished ...>
[INFO] [stdout] Invalid clone line: (child_stack=NULL, flags=CLONE_CHILD_CLEARTID|CLONE_CHILD_SETTID|SIGCHLD <unfinished ...>
[INFO] [stdout] Invalid clone line: (child_stack=NULL, flags=CLONE_CHILD_CLEARTID|CLONE_CHILD_SETTID|SIGCHLD <unfinished ...>
[INFO] [stdout] Invalid clone line: (child_stack=NULL, flags=CLONE_CHILD_CLEARTID|CLONE_CHILD_SETTID|SIGCHLD <unfinished ...>
[INFO] [stdout] Invalid clone line: (child_stack=NULL, flags=CLONE_CHILD_CLEARTID|CLONE_CHILD_SETTID|SIGCHLD <unfinished ...>
[INFO] [stdout] Invalid clone line: (child_stack=NULL, flags=CLONE_CHILD_CLEARTID|CLONE_CHILD_SETTID|SIGCHLD <unfinished ...>
[INFO] [stdout] Invalid clone line: (child_stack=NULL, flags=CLONE_CHILD_CLEARTID|CLONE_CHILD_SETTID|SIGCHLD <unfinished ...>
[INFO] [stdout] Invalid clone line: (child_stack=NULL, flags=CLONE_CHILD_CLEARTID|CLONE_CHILD_SETTID|SIGCHLD <unfinished ...>
[INFO] [stdout] Invalid clone line: (child_stack=NULL, flags=CLONE_CHILD_CLEARTID|CLONE_CHILD_SETTID|SIGCHLD <unfinished ...>
[INFO] [stdout] Invalid clone line: (child_stack=NULL, flags=CLONE_CHILD_CLEARTID|CLONE_CHILD_SETTID|SIGCHLD <unfinished ...>
[INFO] [stdout] Invalid clone line: (child_stack=NULL, flags=CLONE_CHILD_CLEARTID|CLONE_CHILD_SETTID|SIGCHLD <unfinished ...>
[INFO] [stdout] Invalid clone line: (child_stack=NULL, flags=CLONE_CHILD_CLEARTID|CLONE_CHILD_SETTID|SIGCHLD <unfinished ...>
[INFO] [stdout] Invalid clone line: (child_stack=NULL, flags=CLONE_CHILD_CLEARTID|CLONE_CHILD_SETTID|SIGCHLD <unfinished ...>
[INFO] [stdout] Invalid clone line: (child_stack=NULL, flags=CLONE_CHILD_CLEARTID|CLONE_CHILD_SETTID|SIGCHLD <unfinished ...>
[INFO] [stdout] Invalid clone line: (child_stack=NULL, flags=CLONE_CHILD_CLEARTID|CLONE_CHILD_SETTID|SIGCHLD <unfinished ...>
[INFO] [stdout] Invalid clone line: (child_stack=NULL, flags=CLONE_CHILD_CLEARTID|CLONE_CHILD_SETTID|SIGCHLD <unfinished ...>
[INFO] [stdout] Invalid clone line: (child_stack=NULL, flags=CLONE_CHILD_CLEARTID|CLONE_CHILD_SETTID|SIGCHLD <unfinished ...>
[INFO] [stdout] Invalid clone line: (child_stack=NULL, flags=CLONE_CHILD_CLEARTID|CLONE_CHILD_SETTID|SIGCHLD <unfinished ...>
[INFO] [stdout] Invalid clone line: , child_tidptr=0x7f5cc6694850) = ? ERESTARTNOINTR (To be restarted)
[INFO] [stdout] Invalid clone line: (child_stack=NULL, flags=CLONE_CHILD_CLEARTID|CLONE_CHILD_SETTID|SIGCHLD <unfinished ...>
[INFO] [stdout] Invalid clone line: (child_stack=NULL, flags=CLONE_CHILD_CLEARTID|CLONE_CHILD_SETTID|SIGCHLD <unfinished ...>
[INFO] [stdout] Invalid clone line: , child_tidptr=0x7f7928436850) = ? ERESTARTNOINTR (To be restarted)
[INFO] [stdout] Invalid clone line: (child_stack=NULL, flags=CLONE_CHILD_CLEARTID|CLONE_CHILD_SETTID|SIGCHLD <unfinished ...>
[INFO] [stdout] Invalid clone line: , child_tidptr=0x7fec9292b850) = ? ERESTARTNOINTR (To be restarted)
[INFO] [stdout] Invalid clone line: (child_stack=NULL, flags=CLONE_CHILD_CLEARTID|CLONE_CHILD_SETTID|SIGCHLD <unfinished ...>
[INFO] [stdout] Invalid clone line: (child_stack=NULL, flags=CLONE_CHILD_CLEARTID|CLONE_CHILD_SETTID|SIGCHLD, child_tidptr=0x7f5f8d85f850) = ? ERESTARTNOINTR (To be restarted)
[INFO] [stdout] Invalid clone line: (child_stack=NULL, flags=CLONE_CHILD_CLEARTID|CLONE_CHILD_SETTID|SIGCHLD <unfinished ...>
[INFO] [stdout] Invalid clone line: (child_stack=NULL, flags=CLONE_CHILD_CLEARTID|CLONE_CHILD_SETTID|SIGCHLD <unfinished ...>
[INFO] [stdout] Invalid clone line: , child_tidptr=0x7ff3a93e4850) = ? ERESTARTNOINTR (To be restarted)
[INFO] [stdout] Invalid clone line: (child_stack=NULL, flags=CLONE_CHILD_CLEARTID|CLONE_CHILD_SETTID|SIGCHLD <unfinished ...>
[INFO] [stdout]     mkdir -p /home/pi/ovpns - 4.3ms
[INFO] [stdout]     git rev-parse --abbrev-ref HEAD - 8.5ms
[INFO] [stdout]     ls -l /sys/class/net - 5.4ms
[INFO] [stdout]     awk /vpn_|tun_/ {print $9} - 0.3ms
[INFO] [stdout]     wg pubkey - 3.4ms
[INFO] [stdout]     wg pubkey - 1.3ms
[INFO] [stdout]     wg pubkey - 0.9ms
[INFO] [stdout]     docker container ls -f name=vpn_t8 --format {{.Status}} - 0.0ms
[INFO] [stdout]     docker container ls -f name=vpn_72C5_72C52 --format {{.Status}} - 0.2ms
[INFO] [stdout]     docker container ls -f name=vpn_ts1 --format {{.Status}} - 0.0ms
[INFO] [stdout]     docker container ls -f name=vpn_E2D3_E2D3B --format {{.Status}} - 0.0ms
[INFO] [stdout]     wg pubkey - 0.6ms
[INFO] [stdout]     docker container ls -f name=vpn_t8 --format {{.Status}} - 4.2ms
[INFO] [stdout]     docker container ls -f name=vpn_E2D3_E2D3B --format {{.Status}} - 0.0ms
[INFO] [stdout]     wg pubkey - 0.6ms
[INFO] [stdout]     docker container ls -f name=vpn_ts1 --format {{.Status}} - 0.0ms
[INFO] [stdout]     docker container ls -f name=vpn_72C5_72C52 --format {{.Status}} - 0.0ms
[INFO] [stdout]     wg pubkey - 0.9ms
[INFO] [stdout]     docker exec vpn_t8 cat /sys/class/net/eth0/statistics/rx_bytes - 12.5ms
[INFO] [stdout]     wg pubkey - 0.5ms
[INFO] [stdout]     docker exec vpn_ts1 ip r show table 52 - 26.1ms
[INFO] [stdout]     awk {print $1} - 2.3ms
[INFO] [stdout]         docker container ls -f name=vpn_E2D3_E2D3B --format {{.Status}} - 0.0ms
[INFO] [stdout]     docker container ls -f name=vpn_72C5_72C52 --format {{.Status}} - 0.0ms
[INFO] [stdout]     docker exec vpn_t8 cat /sys/class/net/eth0/statistics/tx_bytes - 0.0ms
[INFO] [stdout]     wg pubkey - 1.6ms
[INFO] [stdout]     wg pubkey - 0.2ms
[INFO] [stdout]     wg pubkey - 1.0ms
[INFO] [stdout]     wg pubkey - 1.1ms
[INFO] [stdout]     docker container ls -f name=vpn_t8 --format {{.Status}} - 0.0ms
[INFO] [stdout]     wg pubkey - 1.0ms
[INFO] [stdout]     docker exec vpn_ts1 tailscale ip -4 - 0.0ms
[INFO] [stdout]     wg pubkey - 1.5ms
[INFO] [stdout]     wg pubkey - 1.0ms
[INFO] [stdout]     wg pubkey - 0.2ms
[INFO] [stdout]     wg pubkey - 1.4ms
[INFO] [stdout]     wg pubkey - 2.0ms
[INFO] [stdout]     wg pubkey - 1.3ms
[INFO] [stdout]     wg pubkey - 1.0ms
[INFO] [stdout]     wg pubkey - 0.9ms
[INFO] [stdout]     wg pubkey - 1.1ms
[INFO] [stdout]     systemctl is-active openvpn@server - 1.8ms
[INFO] [stdout]     wg pubkey - 1.6ms
[INFO] [stdout]     wg pubkey - 0.4ms
[INFO] [stdout]     nc -w 5 -q 0 localhost 5194 - 0.0ms
[INFO] [stdout]     tail -n +2 - 0.0ms
[INFO] [stdout]     wg pubkey - 1.5ms
[INFO] [stdout]     cat /home/pi/openvpn/easy-rsa/keys/index.txt - 6.2ms
[INFO] [stdout]     grep 252a578e5b924d13a4fa2d1ef70d4c89 - 0.1ms
[INFO] [stdout]     wg pubkey - 1.3ms
[INFO] [stdout]     wg pubkey - 2.7ms
[INFO] [stdout]     wg pubkey - 0.3ms
[INFO] [stdout]     cat /home/pi/openvpn/easy-rsa/keys/index.txt - 4.8ms
[INFO] [stdout]     grep 531d7002e84e4d45b8521546a0d92e70 - 0.1ms
[INFO] [stdout]     wg pubkey - 2.1ms
[INFO] [stdout]     wg pubkey - 1.4ms
[INFO] [stdout]     wg pubkey - 1.5ms
[INFO] [stdout]     cat /home/pi/openvpn/easy-rsa/keys/index.txt - 0.6ms
[INFO] [stdout]     grep 539d21d9a93f4bbe803ccfcd4cd2f15a - 0.4ms
[INFO] [stdout]     wg pubkey - 2.2ms
[INFO] [stdout]     wg pubkey - 1.2ms
[INFO] [stdout]     wg pubkey - 0.7ms
[INFO] [stdout]     cat /home/pi/openvpn/easy-rsa/keys/index.txt - 4.6ms
[INFO] [stdout]     grep 91ac3d4259834602a868a07714ebb00c - 0.0ms
[INFO] [stdout]     wg pubkey - 1.8ms
[INFO] [stdout]     wg pubkey - 1.0ms
[INFO] [stdout]     wg pubkey - 0.5ms
[INFO] [stdout]     cat /home/pi/openvpn/easy-rsa/keys/index.txt - 0.5ms
[INFO] [stdout]     grep a067242943de407685d98d4cb3208b0a - 0.0ms
[INFO] [stdout]     wg pubkey - 2.9ms
[INFO] [stdout]     wg pubkey - 1.7ms
[INFO] [stdout]     wg pubkey - 0.9ms
[INFO] [stdout]     wg pubkey - 1.0ms
[INFO] [stdout]     cat /home/pi/openvpn/easy-rsa/keys/index.txt - 9.8ms
[INFO] [stdout]     grep c1d98f8b832d43e9b6841f855e3b3bb1 - 0.1ms
[INFO] [stdout]     wg pubkey - 1.1ms
[INFO] [stdout]     cat /home/pi/openvpn/easy-rsa/keys/index.txt - 0.3ms
[INFO] [stdout]     grep c2b9c3fc2d8348e5b2a95ccf363fa4f3 - 0.1ms
[INFO] [stdout]     wg pubkey - 1.6ms
[INFO] [stdout]     wg pubkey - 2.4ms
[INFO] [stdout]     wg pubkey - 2.4ms
[INFO] [stdout]     cat /home/pi/openvpn/easy-rsa/keys/index.txt - 6.2ms
[INFO] [stdout]     grep fishboneVPN1 - 0.1ms
[INFO] [stdout]     wg pubkey - 1.2ms
[INFO] [stdout]     wg pubkey - 1.2ms
[INFO] [stdout]     wg pubkey - 0.9ms
[INFO] [stdout]     wg pubkey - 0.9ms
[INFO] [stdout]     wg pubkey - 1.1ms
[INFO] [stdout]     wg pubkey - 1.9ms
[INFO] [stdout]     wg pubkey - 1.0ms
[INFO] [stdout]     wg pubkey - 1.0ms
[INFO] [stdout]     wg pubkey - 1.2ms
[INFO] [stdout]     wg pubkey - 1.1ms
[INFO] [stdout]     wg pubkey - 0.9ms
[INFO] [stdout]     wg pubkey - 0.9ms
[INFO] [stdout]     wg pubkey - 2.2ms
[INFO] [stdout]     wg pubkey - 1.2ms
[INFO] [stdout]     wg pubkey - 0.9ms
[INFO] [stdout]     wg pubkey - 1.4ms
[INFO] [stdout]     wg pubkey - 1.0ms
[INFO] [stdout]     wg pubkey - 0.9ms
[INFO] [stdout]     wg pubkey - 0.9ms
[INFO] [stdout]     wg pubkey - 1.1ms
[INFO] [stdout]     wg pubkey - 1.9ms
[INFO] [stdout]     wg pubkey - 0.9ms
[INFO] [stdout]     wg pubkey - 0.9ms
[INFO] [stdout]     wg pubkey - 1.6ms
[INFO] [stdout]     wg pubkey - 0.9ms
[INFO] [stdout]     wg pubkey - 1.5ms
[INFO] [stdout]     wg pubkey - 1.0ms
[INFO] [stdout]     wg pubkey - 1.4ms
[INFO] [stdout]     wg pubkey - 0.9ms
[INFO] [stdout]     wg pubkey - 1.7ms
[INFO] [stdout]     wg pubkey - 1.3ms
[INFO] [stdout]     wg pubkey - 1.6ms
[INFO] [stdout]     wg pubkey - 1.0ms
[INFO] [stdout]     wg pubkey - 0.9ms
[INFO] [stdout]     wg pubkey - 1.0ms
[INFO] [stdout]     wg pubkey - 0.9ms
[INFO] [stdout]     wg pubkey - 0.9ms
[INFO] [stdout]     wg pubkey - 1.1ms
[INFO] [stdout]     wg pubkey - 1.5ms
[INFO] [stdout]     wg pubkey - 0.9ms
[INFO] [stdout]     wg pubkey - 1.1ms
[INFO] [stdout]     wg pubkey - 2.1ms
[INFO] [stdout]     wg pubkey - 1.0ms
[INFO] [stdout]     wg pubkey - 2.2ms
[INFO] [stdout]     wg pubkey - 1.3ms
[INFO] [stdout]     wg pubkey - 3.3ms
[INFO] [stdout]     wg pubkey - 1.9ms
[INFO] [stdout]     wg pubkey - 1.5ms
[INFO] [stdout]     wg pubkey - 3.1ms
[INFO] [stdout]     wg pubkey - 0.9ms
[INFO] [stdout]     wg pubkey - 1.0ms
[INFO] [stdout]     wg pubkey - 4.5ms
[INFO] [stdout]     wg pubkey - 1.3ms
[INFO] [stdout]     wg pubkey - 0.1ms
[INFO] [stdout]     wg pubkey - 1.0ms
[INFO] [stdout]     wg pubkey - 2.5ms
[INFO] [stdout]     wg pubkey - 1.2ms
[INFO] [stdout]     wg pubkey - 2.1ms
[INFO] [stdout]     wg pubkey - 1.2ms
[INFO] [stdout]     wg pubkey - 1.2ms
[INFO] [stdout]     wg pubkey - 1.2ms
[INFO] [stdout]     wg pubkey - 1.1ms
[INFO] [stdout]     wg pubkey - 2.2ms
[INFO] [stdout]     wg show wg0 dump - 3.2ms
[INFO] [stdout]     tail +2 - 0.1ms
[INFO] [stdout]     systemctl is-active firekick - 23.3ms
[INFO] [stdout] thread 'tests::test_print_tree' panicked at src/main.rs:380:9:
[INFO] [stdout] assertion failed: false
[INFO] [stdout] stack backtrace:
[INFO] [stdout]    0:     0x560a456db4d6 - std::backtrace_rs::backtrace::libunwind::trace::h261606ad26a499c1
[INFO] [stdout]                                at /rustc/0e09125c6c3c2fd70d7de961bcf0e51575235fad/library/std/src/../../backtrace/src/backtrace/libunwind.rs:104:5
[INFO] [stdout]    1:     0x560a456db4d6 - std::backtrace_rs::backtrace::trace_unsynchronized::hd183f0625477fb28
[INFO] [stdout]                                at /rustc/0e09125c6c3c2fd70d7de961bcf0e51575235fad/library/std/src/../../backtrace/src/backtrace/mod.rs:66:5
[INFO] [stdout]    2:     0x560a456db4d6 - std::sys_common::backtrace::_print_fmt::hd7f8fef21b4eda67
[INFO] [stdout]                                at /rustc/0e09125c6c3c2fd70d7de961bcf0e51575235fad/library/std/src/sys_common/backtrace.rs:68:5
[INFO] [stdout]    3:     0x560a456db4d6 - <std::sys_common::backtrace::_print::DisplayBacktrace as core::fmt::Display>::fmt::h623d9b51f2f453f1
[INFO] [stdout]                                at /rustc/0e09125c6c3c2fd70d7de961bcf0e51575235fad/library/std/src/sys_common/backtrace.rs:44:22
[INFO] [stdout]    4:     0x560a457058e0 - core::fmt::rt::Argument::fmt::h9f417ac76a86f368
[INFO] [stdout]                                at /rustc/0e09125c6c3c2fd70d7de961bcf0e51575235fad/library/core/src/fmt/rt.rs:142:9
[INFO] [stdout]    5:     0x560a457058e0 - core::fmt::write::hc9b6faf4ac2aeff7
[INFO] [stdout]                                at /rustc/0e09125c6c3c2fd70d7de961bcf0e51575235fad/library/core/src/fmt/mod.rs:1120:17
[INFO] [stdout]    6:     0x560a456d8f3f - std::io::Write::write_fmt::he04625a3a989fec3
[INFO] [stdout]                                at /rustc/0e09125c6c3c2fd70d7de961bcf0e51575235fad/library/std/src/io/mod.rs:1810:15
[INFO] [stdout]    7:     0x560a456db2b4 - std::sys_common::backtrace::_print::hd5d66399c7df88a2
[INFO] [stdout]                                at /rustc/0e09125c6c3c2fd70d7de961bcf0e51575235fad/library/std/src/sys_common/backtrace.rs:47:5
[INFO] [stdout]    8:     0x560a456db2b4 - std::sys_common::backtrace::print::he81ed2da642d37e5
[INFO] [stdout]                                at /rustc/0e09125c6c3c2fd70d7de961bcf0e51575235fad/library/std/src/sys_common/backtrace.rs:34:9
[INFO] [stdout]    9:     0x560a456dd027 - std::panicking::default_hook::{{closure}}::h85773f4fa117163d
[INFO] [stdout]   10:     0x560a456dcd0d - std::panicking::default_hook::h6a1694a91d09b278
[INFO] [stdout]                                at /rustc/0e09125c6c3c2fd70d7de961bcf0e51575235fad/library/std/src/panicking.rs:289:9
[INFO] [stdout]   11:     0x560a4553b577 - <alloc::boxed::Box<F,A> as core::ops::function::Fn<Args>>::call::h616ac37fa3cd6c8f
[INFO] [stdout]                                at /rustc/0e09125c6c3c2fd70d7de961bcf0e51575235fad/library/alloc/src/boxed.rs:2029:9
[INFO] [stdout]   12:     0x560a4553b577 - test::test_main::{{closure}}::h00d84697cefdcbb6
[INFO] [stdout]                                at /rustc/0e09125c6c3c2fd70d7de961bcf0e51575235fad/library/test/src/lib.rs:138:21
[INFO] [stdout]   13:     0x560a456dd646 - <alloc::boxed::Box<F,A> as core::ops::function::Fn<Args>>::call::hcb3fe3b9bb537ba8
[INFO] [stdout]                                at /rustc/0e09125c6c3c2fd70d7de961bcf0e51575235fad/library/alloc/src/boxed.rs:2029:9
[INFO] [stdout]   14:     0x560a456dd646 - std::panicking::rust_panic_with_hook::h0a7ad96e90f7145b
[INFO] [stdout]                                at /rustc/0e09125c6c3c2fd70d7de961bcf0e51575235fad/library/std/src/panicking.rs:783:13
[INFO] [stdout]   15:     0x560a456dd359 - std::panicking::begin_panic_handler::{{closure}}::h7919090525c6485e
[INFO] [stdout]                                at /rustc/0e09125c6c3c2fd70d7de961bcf0e51575235fad/library/std/src/panicking.rs:649:13
[INFO] [stdout]   16:     0x560a456db9d6 - std::sys_common::backtrace::__rust_end_short_backtrace::hf3289479464f7dfe
[INFO] [stdout]                                at /rustc/0e09125c6c3c2fd70d7de961bcf0e51575235fad/library/std/src/sys_common/backtrace.rs:171:18
[INFO] [stdout]   17:     0x560a456dd0f0 - rust_begin_unwind
[INFO] [stdout]                                at /rustc/0e09125c6c3c2fd70d7de961bcf0e51575235fad/library/std/src/panicking.rs:645:5
[INFO] [stdout]   18:     0x560a454e5205 - core::panicking::panic_fmt::hcc9f77c5c132af55
[INFO] [stdout]                                at /rustc/0e09125c6c3c2fd70d7de961bcf0e51575235fad/library/core/src/panicking.rs:72:14
[INFO] [stdout]   19:     0x560a454e52c3 - core::panicking::panic::h5a1259c1164bd480
[INFO] [stdout]                                at /rustc/0e09125c6c3c2fd70d7de961bcf0e51575235fad/library/core/src/panicking.rs:144:5
[INFO] [stdout]   20:     0x560a454f3934 - fork_tree::tests::test_print_tree::h1586924f4a8e1144
[INFO] [stdout]                                at /opt/rustwide/workdir/src/main.rs:380:9
[INFO] [stdout]   21:     0x560a454f3777 - fork_tree::tests::test_print_tree::{{closure}}::hf53f9ca035452321
[INFO] [stdout]                                at /opt/rustwide/workdir/src/main.rs:371:25
[INFO] [stdout]   22:     0x560a454ef346 - core::ops::function::FnOnce::call_once::h5bdf5ba765e71f14
[INFO] [stdout]                                at /rustc/0e09125c6c3c2fd70d7de961bcf0e51575235fad/library/core/src/ops/function.rs:250:5
[INFO] [stdout]   23:     0x560a45540e4f - core::ops::function::FnOnce::call_once::hd64d26f405258157
[INFO] [stdout]                                at /rustc/0e09125c6c3c2fd70d7de961bcf0e51575235fad/library/core/src/ops/function.rs:250:5
[INFO] [stdout]   24:     0x560a45540e4f - test::__rust_begin_short_backtrace::he21b0b7a6d731bf9
[INFO] [stdout]                                at /rustc/0e09125c6c3c2fd70d7de961bcf0e51575235fad/library/test/src/lib.rs:627:18
[INFO] [stdout]   25:     0x560a4553fbd1 - test::run_test_in_process::{{closure}}::hf5c73986d7bdfde2
[INFO] [stdout]                                at /rustc/0e09125c6c3c2fd70d7de961bcf0e51575235fad/library/test/src/lib.rs:650:60
[INFO] [stdout]   26:     0x560a4553fbd1 - <core::panic::unwind_safe::AssertUnwindSafe<F> as core::ops::function::FnOnce<()>>::call_once::h330011ad032aadc0
[INFO] [stdout]                                at /rustc/0e09125c6c3c2fd70d7de961bcf0e51575235fad/library/core/src/panic/unwind_safe.rs:272:9
[INFO] [stdout]   27:     0x560a4553fbd1 - std::panicking::try::do_call::he61b0a958b795a41
[INFO] [stdout]                                at /rustc/0e09125c6c3c2fd70d7de961bcf0e51575235fad/library/std/src/panicking.rs:552:40
[INFO] [stdout]   28:     0x560a4553fbd1 - std::panicking::try::h7309da130f906eb7
[INFO] [stdout]                                at /rustc/0e09125c6c3c2fd70d7de961bcf0e51575235fad/library/std/src/panicking.rs:516:19
[INFO] [stdout]   29:     0x560a4553fbd1 - std::panic::catch_unwind::hc5c3a06fdaf0a92a
[INFO] [stdout]                                at /rustc/0e09125c6c3c2fd70d7de961bcf0e51575235fad/library/std/src/panic.rs:142:14
[INFO] [stdout]   30:     0x560a4553fbd1 - test::run_test_in_process::h7e7b7c71c3324e0f
[INFO] [stdout]                                at /rustc/0e09125c6c3c2fd70d7de961bcf0e51575235fad/library/test/src/lib.rs:650:27
[INFO] [stdout]   31:     0x560a4553fbd1 - test::run_test::{{closure}}::h1f509f28f5cf20b1
[INFO] [stdout]                                at /rustc/0e09125c6c3c2fd70d7de961bcf0e51575235fad/library/test/src/lib.rs:573:43
[INFO] [stdout]   32:     0x560a45506f06 - test::run_test::{{closure}}::h1754218abf443f6d
[INFO] [stdout]                                at /rustc/0e09125c6c3c2fd70d7de961bcf0e51575235fad/library/test/src/lib.rs:601:41
[INFO] [stdout]   33:     0x560a45506f06 - std::sys_common::backtrace::__rust_begin_short_backtrace::h2ee174b9d5954948
[INFO] [stdout]                                at /rustc/0e09125c6c3c2fd70d7de961bcf0e51575235fad/library/std/src/sys_common/backtrace.rs:155:18
[INFO] [stdout]   34:     0x560a4550bf67 - std::thread::Builder::spawn_unchecked_::{{closure}}::{{closure}}::hf60bee9c1a17ef09
[INFO] [stdout]                                at /rustc/0e09125c6c3c2fd70d7de961bcf0e51575235fad/library/std/src/thread/mod.rs:529:17
[INFO] [stdout]   35:     0x560a4550bf67 - <core::panic::unwind_safe::AssertUnwindSafe<F> as core::ops::function::FnOnce<()>>::call_once::h33d0dddec5216160
[INFO] [stdout]                                at /rustc/0e09125c6c3c2fd70d7de961bcf0e51575235fad/library/core/src/panic/unwind_safe.rs:272:9
[INFO] [stdout]   36:     0x560a4550bf67 - std::panicking::try::do_call::h144b3048b546f835
[INFO] [stdout]                                at /rustc/0e09125c6c3c2fd70d7de961bcf0e51575235fad/library/std/src/panicking.rs:552:40
[INFO] [stdout]   37:     0x560a4550bf67 - std::panicking::try::h978244d04646189f
[INFO] [stdout]                                at /rustc/0e09125c6c3c2fd70d7de961bcf0e51575235fad/library/std/src/panicking.rs:516:19
[INFO] [stdout]   38:     0x560a4550bf67 - std::panic::catch_unwind::hdf436369d188fe86
[INFO] [stdout]                                at /rustc/0e09125c6c3c2fd70d7de961bcf0e51575235fad/library/std/src/panic.rs:142:14
[INFO] [stdout]   39:     0x560a4550bf67 - std::thread::Builder::spawn_unchecked_::{{closure}}::h87329cbdd33c79ec
[INFO] [stdout]                                at /rustc/0e09125c6c3c2fd70d7de961bcf0e51575235fad/library/std/src/thread/mod.rs:528:30
[INFO] [stdout]   40:     0x560a4550bf67 - core::ops::function::FnOnce::call_once{{vtable.shim}}::h401abbe67897d450
[INFO] [stdout]                                at /rustc/0e09125c6c3c2fd70d7de961bcf0e51575235fad/library/core/src/ops/function.rs:250:5
[INFO] [stdout]   41:     0x560a456e20f5 - <alloc::boxed::Box<F,A> as core::ops::function::FnOnce<Args>>::call_once::h5d7c8f150ab9c84c
[INFO] [stdout]                                at /rustc/0e09125c6c3c2fd70d7de961bcf0e51575235fad/library/alloc/src/boxed.rs:2015:9
[INFO] [stdout]   42:     0x560a456e20f5 - <alloc::boxed::Box<F,A> as core::ops::function::FnOnce<Args>>::call_once::h570d5b005c242c15
[INFO] [stdout]                                at /rustc/0e09125c6c3c2fd70d7de961bcf0e51575235fad/library/alloc/src/boxed.rs:2015:9
[INFO] [stdout]   43:     0x560a456e20f5 - std::sys::unix::thread::Thread::new::thread_start::h36b0a20c0b2361ad
[INFO] [stdout]                                at /rustc/0e09125c6c3c2fd70d7de961bcf0e51575235fad/library/std/src/sys/unix/thread.rs:108:17
[INFO] [stdout]   44:     0x7fe4b85e3ac3 - <unknown>
[INFO] [stdout]   45:     0x7fe4b8674bf4 - __clone
[INFO] [stdout]   46:                0x0 - <unknown>
[INFO] [stdout] 
[INFO] [stdout] 
[INFO] [stdout] failures:
[INFO] [stdout]     tests::test_print_tree
[INFO] [stdout] 
[INFO] [stdout] test result: FAILED. 5 passed; 1 failed; 0 ignored; 0 measured; 0 filtered out; finished in 0.15s
[INFO] [stdout] 
[INFO] [stderr] error: test failed, to rerun pass `--bin fork-tree`
[INFO] running `Command { std: "docker" "inspect" "b6c7060d93d801786b879c561fcb6611a711fe41e6c4d814da2b7e349dbbaf93", kill_on_drop: false }`
[INFO] running `Command { std: "docker" "rm" "-f" "b6c7060d93d801786b879c561fcb6611a711fe41e6c4d814da2b7e349dbbaf93", kill_on_drop: false }`
[INFO] [stdout] b6c7060d93d801786b879c561fcb6611a711fe41e6c4d814da2b7e349dbbaf93
