[INFO] cloning repository https://github.com/MattCairns/leetcode-rust
[INFO] running `Command { std: "git" "-c" "credential.helper=" "-c" "credential.helper=/workspace/cargo-home/bin/git-credential-null" "clone" "--bare" "https://github.com/MattCairns/leetcode-rust" "/workspace/cache/git-repos/https%3A%2F%2Fgithub.com%2FMattCairns%2Fleetcode-rust", kill_on_drop: false }`
[INFO] [stderr] Cloning into bare repository '/workspace/cache/git-repos/https%3A%2F%2Fgithub.com%2FMattCairns%2Fleetcode-rust'...
[INFO] running `Command { std: "git" "rev-parse" "HEAD", kill_on_drop: false }`
[INFO] [stdout] 09653bc30f09a84f67f82daae0f5914ee822e234
[INFO] testing MattCairns/leetcode-rust against 1.75.0 for beta-1.76-1
[INFO] running `Command { std: "git" "clone" "/workspace/cache/git-repos/https%3A%2F%2Fgithub.com%2FMattCairns%2Fleetcode-rust" "/workspace/builds/worker-0-tc1/source", kill_on_drop: false }`
[INFO] [stderr] Cloning into '/workspace/builds/worker-0-tc1/source'...
[INFO] [stderr] done.
[INFO] validating manifest of git repo https://github.com/MattCairns/leetcode-rust on toolchain 1.75.0
[INFO] running `Command { std: CARGO_HOME="/workspace/cargo-home" RUSTUP_HOME="/workspace/rustup-home" "/workspace/cargo-home/bin/cargo" "+1.75.0" "metadata" "--manifest-path" "Cargo.toml" "--no-deps", kill_on_drop: false }`
[INFO] started tweaking git repo https://github.com/MattCairns/leetcode-rust
[INFO] finished tweaking git repo https://github.com/MattCairns/leetcode-rust
[INFO] tweaked toml for git repo https://github.com/MattCairns/leetcode-rust written to /workspace/builds/worker-0-tc1/source/Cargo.toml
[INFO] crate git repo https://github.com/MattCairns/leetcode-rust already has a lockfile, it will not be regenerated
[INFO] running `Command { std: CARGO_HOME="/workspace/cargo-home" RUSTUP_HOME="/workspace/rustup-home" "/workspace/cargo-home/bin/cargo" "+1.75.0" "fetch" "--manifest-path" "Cargo.toml", kill_on_drop: false }`
[INFO] running `Command { std: "docker" "create" "-v" "/var/lib/crater-agent-workspace/builds/worker-0-tc1/target:/opt/rustwide/target:rw,Z" "-v" "/var/lib/crater-agent-workspace/builds/worker-0-tc1/source:/opt/rustwide/workdir:ro,Z" "-v" "/var/lib/crater-agent-workspace/cargo-home:/opt/rustwide/cargo-home:ro,Z" "-v" "/var/lib/crater-agent-workspace/rustup-home:/opt/rustwide/rustup-home:ro,Z" "-e" "SOURCE_DIR=/opt/rustwide/workdir" "-e" "CARGO_TARGET_DIR=/opt/rustwide/target" "-e" "CARGO_HOME=/opt/rustwide/cargo-home" "-e" "RUSTUP_HOME=/opt/rustwide/rustup-home" "-w" "/opt/rustwide/workdir" "-m" "1610612736" "--user" "0:0" "--network" "none" "ghcr.io/rust-lang/crates-build-env/linux@sha256:2788e3201cd34a07e3172128adcd8b3090168a8e3bcc40d7c032b9dda1df7d1c" "/opt/rustwide/cargo-home/bin/cargo" "+1.75.0" "metadata" "--no-deps" "--format-version=1", kill_on_drop: false }`
[INFO] [stdout] 56b35b60f8a94b2c939b60247eeab82cb299abf4f8f57b8b63dd182958484909
[INFO] running `Command { std: "docker" "start" "-a" "56b35b60f8a94b2c939b60247eeab82cb299abf4f8f57b8b63dd182958484909", kill_on_drop: false }`
[INFO] running `Command { std: "docker" "inspect" "56b35b60f8a94b2c939b60247eeab82cb299abf4f8f57b8b63dd182958484909", kill_on_drop: false }`
[INFO] running `Command { std: "docker" "rm" "-f" "56b35b60f8a94b2c939b60247eeab82cb299abf4f8f57b8b63dd182958484909", kill_on_drop: false }`
[INFO] [stdout] 56b35b60f8a94b2c939b60247eeab82cb299abf4f8f57b8b63dd182958484909
[INFO] running `Command { std: "docker" "create" "-v" "/var/lib/crater-agent-workspace/builds/worker-0-tc1/target:/opt/rustwide/target:rw,Z" "-v" "/var/lib/crater-agent-workspace/builds/worker-0-tc1/source:/opt/rustwide/workdir:ro,Z" "-v" "/var/lib/crater-agent-workspace/cargo-home:/opt/rustwide/cargo-home:ro,Z" "-v" "/var/lib/crater-agent-workspace/rustup-home:/opt/rustwide/rustup-home:ro,Z" "-e" "SOURCE_DIR=/opt/rustwide/workdir" "-e" "CARGO_TARGET_DIR=/opt/rustwide/target" "-e" "CARGO_INCREMENTAL=0" "-e" "RUST_BACKTRACE=full" "-e" "RUSTFLAGS=--cap-lints=warn" "-e" "RUSTDOCFLAGS=--cap-lints=warn" "-e" "CARGO_HOME=/opt/rustwide/cargo-home" "-e" "RUSTUP_HOME=/opt/rustwide/rustup-home" "-w" "/opt/rustwide/workdir" "-m" "1610612736" "--user" "0:0" "--network" "none" "ghcr.io/rust-lang/crates-build-env/linux@sha256:2788e3201cd34a07e3172128adcd8b3090168a8e3bcc40d7c032b9dda1df7d1c" "/opt/rustwide/cargo-home/bin/cargo" "+1.75.0" "build" "--frozen" "--message-format=json", kill_on_drop: false }`
[INFO] [stdout] fc9a0a85df9ae6ec7ad1e00ddac10e2f0a41f31691d2433d33e315b1c3efe9be
[INFO] running `Command { std: "docker" "start" "-a" "fc9a0a85df9ae6ec7ad1e00ddac10e2f0a41f31691d2433d33e315b1c3efe9be", kill_on_drop: false }`
[INFO] [stderr]    Compiling leetcode v0.1.0 (/opt/rustwide/workdir)
[INFO] [stdout] warning: unused variable: `max`
[INFO] [stdout]   --> src/medium/freqstack.rs:27:17
[INFO] [stdout]    |
[INFO] [stdout] 27 |         let mut max = 0;
[INFO] [stdout]    |                 ^^^ help: if this is intentional, prefix it with an underscore: `_max`
[INFO] [stdout]    |
[INFO] [stdout]    = note: `#[warn(unused_variables)]` on by default
[INFO] [stdout] 
[INFO] [stdout] 
[INFO] [stdout] warning: unused variable: `k`
[INFO] [stdout]   --> src/medium/freqstack.rs:28:14
[INFO] [stdout]    |
[INFO] [stdout] 28 |         for (k, v) in self.freq_counter.iter().enumerate() {
[INFO] [stdout]    |              ^ help: if this is intentional, prefix it with an underscore: `_k`
[INFO] [stdout] 
[INFO] [stdout] 
[INFO] [stdout] warning: unused variable: `v`
[INFO] [stdout]   --> src/medium/freqstack.rs:28:17
[INFO] [stdout]    |
[INFO] [stdout] 28 |         for (k, v) in self.freq_counter.iter().enumerate() {
[INFO] [stdout]    |                 ^ help: if this is intentional, prefix it with an underscore: `_v`
[INFO] [stdout] 
[INFO] [stdout] 
[INFO] [stdout] warning: variable does not need to be mutable
[INFO] [stdout]   --> src/medium/freqstack.rs:27:13
[INFO] [stdout]    |
[INFO] [stdout] 27 |         let mut max = 0;
[INFO] [stdout]    |             ----^^^
[INFO] [stdout]    |             |
[INFO] [stdout]    |             help: remove this `mut`
[INFO] [stdout]    |
[INFO] [stdout]    = note: `#[warn(unused_mut)]` on by default
[INFO] [stdout] 
[INFO] [stdout] 
[INFO] [stdout] warning: struct `SubrectangleQueries` is never constructed
[INFO] [stdout]  --> src/medium/subrectangle_queries.rs:1:8
[INFO] [stdout]   |
[INFO] [stdout] 1 | struct SubrectangleQueries {
[INFO] [stdout]   |        ^^^^^^^^^^^^^^^^^^^
[INFO] [stdout]   |
[INFO] [stdout]   = note: `#[warn(dead_code)]` on by default
[INFO] [stdout] 
[INFO] [stdout] 
[INFO] [stdout] warning: associated items `new`, `update_subrectangle`, and `get_value` are never used
[INFO] [stdout]   --> src/medium/subrectangle_queries.rs:10:8
[INFO] [stdout]    |
[INFO] [stdout] 9  | impl SubrectangleQueries {
[INFO] [stdout]    | ------------------------ associated items in this implementation
[INFO] [stdout] 10 |     fn new(rectangle: Vec<Vec<i32>>) -> Self {
[INFO] [stdout]    |        ^^^
[INFO] [stdout] ...
[INFO] [stdout] 14 |     fn update_subrectangle(&mut self, row1: i32, col1: i32, row2: i32, col2: i32, new_value: i32) {
[INFO] [stdout]    |        ^^^^^^^^^^^^^^^^^^^
[INFO] [stdout] ...
[INFO] [stdout] 22 |     fn get_value(&self, row: i32, col: i32) -> i32 {
[INFO] [stdout]    |        ^^^^^^^^^
[INFO] [stdout] 
[INFO] [stdout] 
[INFO] [stdout] warning: struct `FreqStack` is never constructed
[INFO] [stdout]  --> src/medium/freqstack.rs:3:8
[INFO] [stdout]   |
[INFO] [stdout] 3 | struct FreqStack {
[INFO] [stdout]   |        ^^^^^^^^^
[INFO] [stdout] 
[INFO] [stdout] 
[INFO] [stdout] warning: associated items `new`, `push`, and `pop` are never used
[INFO] [stdout]   --> src/medium/freqstack.rs:13:8
[INFO] [stdout]    |
[INFO] [stdout] 12 | impl FreqStack {
[INFO] [stdout]    | -------------- associated items in this implementation
[INFO] [stdout] 13 |     fn new() -> Self {
[INFO] [stdout]    |        ^^^
[INFO] [stdout] ...
[INFO] [stdout] 20 |     fn push(&mut self, val: i32) {
[INFO] [stdout]    |        ^^^^
[INFO] [stdout] ...
[INFO] [stdout] 26 |     fn pop(&self) -> i32 {
[INFO] [stdout]    |        ^^^
[INFO] [stdout] 
[INFO] [stdout] 
[INFO] [stdout] warning: 8 warnings emitted
[INFO] [stdout] 
[INFO] [stdout] 
[INFO] [stdout] warning: function `longest_common_prefix` is never used
[INFO] [stdout]  --> src/main.rs:3:4
[INFO] [stdout]   |
[INFO] [stdout] 3 | fn longest_common_prefix(strs: Vec<String>) -> String {
[INFO] [stdout]   |    ^^^^^^^^^^^^^^^^^^^^^
[INFO] [stdout]   |
[INFO] [stdout]   = note: `#[warn(dead_code)]` on by default
[INFO] [stdout] 
[INFO] [stdout] 
[INFO] [stdout] warning: function `remove_duplicates` is never used
[INFO] [stdout]   --> src/main.rs:47:4
[INFO] [stdout]    |
[INFO] [stdout] 47 | fn remove_duplicates(nums: &mut Vec<i32>) -> i32 {
[INFO] [stdout]    |    ^^^^^^^^^^^^^^^^^
[INFO] [stdout] 
[INFO] [stdout] 
[INFO] [stdout] warning: 2 warnings emitted
[INFO] [stdout] 
[INFO] [stdout] 
[INFO] [stderr]     Finished dev [unoptimized + debuginfo] target(s) in 0.68s
[INFO] running `Command { std: "docker" "inspect" "fc9a0a85df9ae6ec7ad1e00ddac10e2f0a41f31691d2433d33e315b1c3efe9be", kill_on_drop: false }`
[INFO] running `Command { std: "docker" "rm" "-f" "fc9a0a85df9ae6ec7ad1e00ddac10e2f0a41f31691d2433d33e315b1c3efe9be", kill_on_drop: false }`
[INFO] [stdout] fc9a0a85df9ae6ec7ad1e00ddac10e2f0a41f31691d2433d33e315b1c3efe9be
[INFO] running `Command { std: "docker" "create" "-v" "/var/lib/crater-agent-workspace/builds/worker-0-tc1/target:/opt/rustwide/target:rw,Z" "-v" "/var/lib/crater-agent-workspace/builds/worker-0-tc1/source:/opt/rustwide/workdir:ro,Z" "-v" "/var/lib/crater-agent-workspace/cargo-home:/opt/rustwide/cargo-home:ro,Z" "-v" "/var/lib/crater-agent-workspace/rustup-home:/opt/rustwide/rustup-home:ro,Z" "-e" "SOURCE_DIR=/opt/rustwide/workdir" "-e" "CARGO_TARGET_DIR=/opt/rustwide/target" "-e" "CARGO_INCREMENTAL=0" "-e" "RUST_BACKTRACE=full" "-e" "RUSTFLAGS=--cap-lints=warn" "-e" "RUSTDOCFLAGS=--cap-lints=warn" "-e" "CARGO_HOME=/opt/rustwide/cargo-home" "-e" "RUSTUP_HOME=/opt/rustwide/rustup-home" "-w" "/opt/rustwide/workdir" "-m" "1610612736" "--user" "0:0" "--network" "none" "ghcr.io/rust-lang/crates-build-env/linux@sha256:2788e3201cd34a07e3172128adcd8b3090168a8e3bcc40d7c032b9dda1df7d1c" "/opt/rustwide/cargo-home/bin/cargo" "+1.75.0" "test" "--frozen" "--no-run" "--message-format=json", kill_on_drop: false }`
[INFO] [stdout] e2fbd8ec9f4d472e9f28431bdad67cb045527ab6201503e97697697e907a0029
[INFO] running `Command { std: "docker" "start" "-a" "e2fbd8ec9f4d472e9f28431bdad67cb045527ab6201503e97697697e907a0029", kill_on_drop: false }`
[INFO] [stdout] warning: unused variable: `max`
[INFO] [stdout]   --> src/medium/freqstack.rs:27:17
[INFO] [stdout]    |
[INFO] [stdout] 27 |         let mut max = 0;
[INFO] [stdout]    |                 ^^^ help: if this is intentional, prefix it with an underscore: `_max`
[INFO] [stdout]    |
[INFO] [stdout]    = note: `#[warn(unused_variables)]` on by default
[INFO] [stdout] 
[INFO] [stdout] 
[INFO] [stdout] warning: unused variable: `k`
[INFO] [stdout]   --> src/medium/freqstack.rs:28:14
[INFO] [stdout]    |
[INFO] [stdout] 28 |         for (k, v) in self.freq_counter.iter().enumerate() {
[INFO] [stdout]    |              ^ help: if this is intentional, prefix it with an underscore: `_k`
[INFO] [stdout] 
[INFO] [stdout] 
[INFO] [stdout] warning: unused variable: `v`
[INFO] [stdout]   --> src/medium/freqstack.rs:28:17
[INFO] [stdout]    |
[INFO] [stdout] 28 |         for (k, v) in self.freq_counter.iter().enumerate() {
[INFO] [stdout]    |                 ^ help: if this is intentional, prefix it with an underscore: `_v`
[INFO] [stdout] 
[INFO] [stdout] 
[INFO] [stdout] warning: variable does not need to be mutable
[INFO] [stdout]   --> src/medium/freqstack.rs:27:13
[INFO] [stdout]    |
[INFO] [stdout] 27 |         let mut max = 0;
[INFO] [stdout]    |             ----^^^
[INFO] [stdout]    |             |
[INFO] [stdout]    |             help: remove this `mut`
[INFO] [stdout]    |
[INFO] [stdout]    = note: `#[warn(unused_mut)]` on by default
[INFO] [stdout] 
[INFO] [stdout] 
[INFO] [stdout] warning: struct `SubrectangleQueries` is never constructed
[INFO] [stdout]  --> src/medium/subrectangle_queries.rs:1:8
[INFO] [stdout]   |
[INFO] [stdout] 1 | struct SubrectangleQueries {
[INFO] [stdout]   |        ^^^^^^^^^^^^^^^^^^^
[INFO] [stdout]   |
[INFO] [stdout]   = note: `#[warn(dead_code)]` on by default
[INFO] [stdout] 
[INFO] [stdout] 
[INFO] [stdout] warning: associated items `new`, `update_subrectangle`, and `get_value` are never used
[INFO] [stdout]   --> src/medium/subrectangle_queries.rs:10:8
[INFO] [stdout]    |
[INFO] [stdout] 9  | impl SubrectangleQueries {
[INFO] [stdout]    | ------------------------ associated items in this implementation
[INFO] [stdout] 10 |     fn new(rectangle: Vec<Vec<i32>>) -> Self {
[INFO] [stdout]    |        ^^^
[INFO] [stdout] ...
[INFO] [stdout] 14 |     fn update_subrectangle(&mut self, row1: i32, col1: i32, row2: i32, col2: i32, new_value: i32) {
[INFO] [stdout]    |        ^^^^^^^^^^^^^^^^^^^
[INFO] [stdout] ...
[INFO] [stdout] 22 |     fn get_value(&self, row: i32, col: i32) -> i32 {
[INFO] [stdout]    |        ^^^^^^^^^
[INFO] [stdout] 
[INFO] [stdout] 
[INFO] [stderr]    Compiling leetcode v0.1.0 (/opt/rustwide/workdir)
[INFO] [stdout] warning: struct `FreqStack` is never constructed
[INFO] [stdout]  --> src/medium/freqstack.rs:3:8
[INFO] [stdout]   |
[INFO] [stdout] 3 | struct FreqStack {
[INFO] [stdout]   |        ^^^^^^^^^
[INFO] [stdout] 
[INFO] [stdout] 
[INFO] [stdout] warning: associated items `new`, `push`, and `pop` are never used
[INFO] [stdout]   --> src/medium/freqstack.rs:13:8
[INFO] [stdout]    |
[INFO] [stdout] 12 | impl FreqStack {
[INFO] [stdout]    | -------------- associated items in this implementation
[INFO] [stdout] 13 |     fn new() -> Self {
[INFO] [stdout]    |        ^^^
[INFO] [stdout] ...
[INFO] [stdout] 20 |     fn push(&mut self, val: i32) {
[INFO] [stdout]    |        ^^^^
[INFO] [stdout] ...
[INFO] [stdout] 26 |     fn pop(&self) -> i32 {
[INFO] [stdout]    |        ^^^
[INFO] [stdout] 
[INFO] [stdout] 
[INFO] [stdout] warning: 8 warnings emitted
[INFO] [stdout] 
[INFO] [stdout] 
[INFO] [stdout] warning: function `longest_common_prefix` is never used
[INFO] [stdout]  --> src/main.rs:3:4
[INFO] [stdout]   |
[INFO] [stdout] 3 | fn longest_common_prefix(strs: Vec<String>) -> String {
[INFO] [stdout]   |    ^^^^^^^^^^^^^^^^^^^^^
[INFO] [stdout]   |
[INFO] [stdout]   = note: `#[warn(dead_code)]` on by default
[INFO] [stdout] 
[INFO] [stdout] 
[INFO] [stdout] warning: variable does not need to be mutable
[INFO] [stdout]   --> src/medium/subrectangle_queries.rs:57:13
[INFO] [stdout]    |
[INFO] [stdout] 57 |         let mut rectangle = SubrectangleQueries::new(vec![vec![0, 0], vec![0, 0]]);
[INFO] [stdout]    |             ----^^^^^^^^^
[INFO] [stdout]    |             |
[INFO] [stdout]    |             help: remove this `mut`
[INFO] [stdout]    |
[INFO] [stdout]    = note: `#[warn(unused_mut)]` on by default
[INFO] [stdout] 
[INFO] [stdout] 
[INFO] [stdout] warning: unused variable: `max`
[INFO] [stdout]   --> src/medium/freqstack.rs:27:17
[INFO] [stdout]    |
[INFO] [stdout] 27 |         let mut max = 0;
[INFO] [stdout]    |                 ^^^ help: if this is intentional, prefix it with an underscore: `_max`
[INFO] [stdout]    |
[INFO] [stdout]    = note: `#[warn(unused_variables)]` on by default
[INFO] [stdout] 
[INFO] [stdout] 
[INFO] [stdout] warning: unused variable: `k`
[INFO] [stdout]   --> src/medium/freqstack.rs:28:14
[INFO] [stdout]    |
[INFO] [stdout] 28 |         for (k, v) in self.freq_counter.iter().enumerate() {
[INFO] [stdout]    |              ^ help: if this is intentional, prefix it with an underscore: `_k`
[INFO] [stdout] 
[INFO] [stdout] 
[INFO] [stdout] warning: unused variable: `v`
[INFO] [stdout]   --> src/medium/freqstack.rs:28:17
[INFO] [stdout]    |
[INFO] [stdout] 28 |         for (k, v) in self.freq_counter.iter().enumerate() {
[INFO] [stdout]    |                 ^ help: if this is intentional, prefix it with an underscore: `_v`
[INFO] [stdout] 
[INFO] [stdout] 
[INFO] [stdout] warning: variable does not need to be mutable
[INFO] [stdout]   --> src/medium/freqstack.rs:27:13
[INFO] [stdout]    |
[INFO] [stdout] 27 |         let mut max = 0;
[INFO] [stdout]    |             ----^^^
[INFO] [stdout]    |             |
[INFO] [stdout]    |             help: remove this `mut`
[INFO] [stdout] 
[INFO] [stdout] 
[INFO] [stdout] warning: method `pop` is never used
[INFO] [stdout]   --> src/medium/freqstack.rs:26:8
[INFO] [stdout]    |
[INFO] [stdout] 12 | impl FreqStack {
[INFO] [stdout]    | -------------- method in this implementation
[INFO] [stdout] ...
[INFO] [stdout] 26 |     fn pop(&self) -> i32 {
[INFO] [stdout]    |        ^^^
[INFO] [stdout]    |
[INFO] [stdout]    = note: `#[warn(dead_code)]` on by default
[INFO] [stdout] 
[INFO] [stdout] 
[INFO] [stdout] warning: 1 warning emitted
[INFO] [stdout] 
[INFO] [stdout] 
[INFO] [stdout] warning: 6 warnings emitted
[INFO] [stdout] 
[INFO] [stdout] 
[INFO] [stderr]     Finished test [unoptimized + debuginfo] target(s) in 0.89s
[INFO] running `Command { std: "docker" "inspect" "e2fbd8ec9f4d472e9f28431bdad67cb045527ab6201503e97697697e907a0029", kill_on_drop: false }`
[INFO] running `Command { std: "docker" "rm" "-f" "e2fbd8ec9f4d472e9f28431bdad67cb045527ab6201503e97697697e907a0029", kill_on_drop: false }`
[INFO] [stdout] e2fbd8ec9f4d472e9f28431bdad67cb045527ab6201503e97697697e907a0029
[INFO] running `Command { std: "docker" "create" "-v" "/var/lib/crater-agent-workspace/builds/worker-0-tc1/target:/opt/rustwide/target:rw,Z" "-v" "/var/lib/crater-agent-workspace/builds/worker-0-tc1/source:/opt/rustwide/workdir:ro,Z" "-v" "/var/lib/crater-agent-workspace/cargo-home:/opt/rustwide/cargo-home:ro,Z" "-v" "/var/lib/crater-agent-workspace/rustup-home:/opt/rustwide/rustup-home:ro,Z" "-e" "SOURCE_DIR=/opt/rustwide/workdir" "-e" "CARGO_TARGET_DIR=/opt/rustwide/target" "-e" "CARGO_INCREMENTAL=0" "-e" "RUST_BACKTRACE=full" "-e" "RUSTFLAGS=--cap-lints=warn" "-e" "RUSTDOCFLAGS=--cap-lints=warn" "-e" "CARGO_HOME=/opt/rustwide/cargo-home" "-e" "RUSTUP_HOME=/opt/rustwide/rustup-home" "-w" "/opt/rustwide/workdir" "-m" "1610612736" "--user" "0:0" "--network" "none" "ghcr.io/rust-lang/crates-build-env/linux@sha256:2788e3201cd34a07e3172128adcd8b3090168a8e3bcc40d7c032b9dda1df7d1c" "/opt/rustwide/cargo-home/bin/cargo" "+1.75.0" "test" "--frozen", kill_on_drop: false }`
[INFO] [stdout] db70bf71285cf5236adbaa439726b8d516ef6c6ac82c83779b7872bbe15ea6cc
[INFO] running `Command { std: "docker" "start" "-a" "db70bf71285cf5236adbaa439726b8d516ef6c6ac82c83779b7872bbe15ea6cc", kill_on_drop: false }`
[INFO] [stdout] 
[INFO] [stderr] warning: unused variable: `max`
[INFO] [stdout] running 10 tests
[INFO] [stderr]   --> src/medium/freqstack.rs:27:17
[INFO] [stderr]    |
[INFO] [stderr] 27 |         let mut max = 0;
[INFO] [stderr]    |                 ^^^ help: if this is intentional, prefix it with an underscore: `_max`
[INFO] [stderr]    |
[INFO] [stderr]    = note: `#[warn(unused_variables)]` on by default
[INFO] [stderr] 
[INFO] [stderr] warning: unused variable: `k`
[INFO] [stderr]   --> src/medium/freqstack.rs:28:14
[INFO] [stderr]    |
[INFO] [stderr] 28 |         for (k, v) in self.freq_counter.iter().enumerate() {
[INFO] [stderr]    |              ^ help: if this is intentional, prefix it with an underscore: `_k`
[INFO] [stderr] 
[INFO] [stderr] warning: unused variable: `v`
[INFO] [stderr]   --> src/medium/freqstack.rs:28:17
[INFO] [stderr]    |
[INFO] [stderr] 28 |         for (k, v) in self.freq_counter.iter().enumerate() {
[INFO] [stderr]    |                 ^ help: if this is intentional, prefix it with an underscore: `_v`
[INFO] [stderr] 
[INFO] [stderr] warning: variable does not need to be mutable
[INFO] [stderr]   --> src/medium/freqstack.rs:27:13
[INFO] [stderr]    |
[INFO] [stderr] 27 |         let mut max = 0;
[INFO] [stderr]    |             ----^^^
[INFO] [stderr]    |             |
[INFO] [stderr]    |             help: remove this `mut`
[INFO] [stderr]    |
[INFO] [stderr]    = note: `#[warn(unused_mut)]` on by default
[INFO] [stderr] 
[INFO] [stderr] warning: struct `SubrectangleQueries` is never constructed
[INFO] [stderr]  --> src/medium/subrectangle_queries.rs:1:8
[INFO] [stderr]   |
[INFO] [stderr] 1 | struct SubrectangleQueries {
[INFO] [stderr]   |        ^^^^^^^^^^^^^^^^^^^
[INFO] [stderr]   |
[INFO] [stderr]   = note: `#[warn(dead_code)]` on by default
[INFO] [stderr] 
[INFO] [stderr] warning: associated items `new`, `update_subrectangle`, and `get_value` are never used
[INFO] [stderr]   --> src/medium/subrectangle_queries.rs:10:8
[INFO] [stderr]    |
[INFO] [stderr] 9  | impl SubrectangleQueries {
[INFO] [stderr]    | ------------------------ associated items in this implementation
[INFO] [stderr] 10 |     fn new(rectangle: Vec<Vec<i32>>) -> Self {
[INFO] [stderr]    |        ^^^
[INFO] [stderr] ...
[INFO] [stderr] 14 |     fn update_subrectangle(&mut self, row1: i32, col1: i32, row2: i32, col2: i32, new_value: i32) {
[INFO] [stderr]    |        ^^^^^^^^^^^^^^^^^^^
[INFO] [stderr] ...
[INFO] [stderr] 22 |     fn get_value(&self, row: i32, col: i32) -> i32 {
[INFO] [stderr]    |        ^^^^^^^^^
[INFO] [stderr] 
[INFO] [stderr] warning: struct `FreqStack` is never constructed
[INFO] [stderr]  --> src/medium/freqstack.rs:3:8
[INFO] [stderr]   |
[INFO] [stderr] 3 | struct FreqStack {
[INFO] [stderr]   |        ^^^^^^^^^
[INFO] [stderr] 
[INFO] [stderr] warning: associated items `new`, `push`, and `pop` are never used
[INFO] [stderr]   --> src/medium/freqstack.rs:13:8
[INFO] [stderr]    |
[INFO] [stderr] 12 | impl FreqStack {
[INFO] [stderr]    | -------------- associated items in this implementation
[INFO] [stderr] 13 |     fn new() -> Self {
[INFO] [stderr]    |        ^^^
[INFO] [stderr] ...
[INFO] [stderr] 20 |     fn push(&mut self, val: i32) {
[INFO] [stderr]    |        ^^^^
[INFO] [stderr] ...
[INFO] [stderr] 26 |     fn pop(&self) -> i32 {
[INFO] [stderr]    |        ^^^
[INFO] [stderr] 
[INFO] [stderr] warning: `leetcode` (lib) generated 8 warnings (run `cargo fix --lib -p leetcode` to apply 4 suggestions)
[INFO] [stderr] warning: function `longest_common_prefix` is never used
[INFO] [stderr]  --> src/main.rs:3:4
[INFO] [stderr]   |
[INFO] [stderr] 3 | fn longest_common_prefix(strs: Vec<String>) -> String {
[INFO] [stderr]   |    ^^^^^^^^^^^^^^^^^^^^^
[INFO] [stderr]   |
[INFO] [stderr]   = note: `#[warn(dead_code)]` on by default
[INFO] [stderr] 
[INFO] [stderr] warning: `leetcode` (bin "leetcode" test) generated 1 warning
[INFO] [stderr] warning: variable does not need to be mutable
[INFO] [stderr]   --> src/medium/subrectangle_queries.rs:57:13
[INFO] [stderr]    |
[INFO] [stderr] 57 |         let mut rectangle = SubrectangleQueries::new(vec![vec![0, 0], vec![0, 0]]);
[INFO] [stderr]    |             ----^^^^^^^^^
[INFO] [stderr]    |             |
[INFO] [stderr]    |             help: remove this `mut`
[INFO] [stderr]    |
[INFO] [stderr]    = note: `#[warn(unused_mut)]` on by default
[INFO] [stderr] 
[INFO] [stderr] warning: variable does not need to be mutable
[INFO] [stderr]   --> src/medium/freqstack.rs:27:13
[INFO] [stderr]    |
[INFO] [stderr] 27 |         let mut max = 0;
[INFO] [stderr]    |             ----^^^
[INFO] [stderr]    |             |
[INFO] [stderr]    |             help: remove this `mut`
[INFO] [stderr] 
[INFO] [stderr] warning: method `pop` is never used
[INFO] [stderr]   --> src/medium/freqstack.rs:26:8
[INFO] [stderr]    |
[INFO] [stderr] 12 | impl FreqStack {
[INFO] [stderr]    | -------------- method in this implementation
[INFO] [stderr] ...
[INFO] [stderr] 26 |     fn pop(&self) -> i32 {
[INFO] [stderr]    |        ^^^
[INFO] [stderr]    |
[INFO] [stderr]    = note: `#[warn(dead_code)]` on by default
[INFO] [stderr] 
[INFO] [stderr] warning: `leetcode` (lib test) generated 6 warnings (3 duplicates) (run `cargo fix --lib -p leetcode --tests` to apply 2 suggestions)
[INFO] [stderr]     Finished test [unoptimized + debuginfo] target(s) in 0.01s
[INFO] [stderr]      Running unittests src/lib.rs (/opt/rustwide/target/debug/deps/leetcode-f52dd8b025f3902f)
[INFO] [stdout] test easy::tests::test_pivot_index ... ok
[INFO] [stdout] test easy::tests::test_is_subsequence ... ok
[INFO] [stdout] test medium::freqstack::tests::test_stack ... ok
[INFO] [stdout] test medium::subrectangle_queries::tests::get_value ... ok
[INFO] [stdout] test easy::tests::test_remove_element ... ok
[INFO] [stdout] test easy::tests::test_running_sum ... ok
[INFO] [stdout] test easy::tests::test_str_str ... ok
[INFO] [stdout] test medium::max_increase_keeping_skyline::tests::test_max_increase_keeping_skyline ... ok
[INFO] [stdout] test easy::tests::test_is_isomorphic ... FAILED
[INFO] [stdout] test medium::subrectangle_queries::tests::test_update_subrectangle ... ok
[INFO] [stdout] 
[INFO] [stdout] failures:
[INFO] [stdout] 
[INFO] [stdout] ---- easy::tests::test_is_isomorphic stdout ----
[INFO] [stdout] code == leet
[INFO] [stdout] add == egg
[INFO] [stdout] bar == foo
[INFO] [stdout] baba == badc
[INFO] [stdout] thread 'easy::tests::test_is_isomorphic' panicked at src/easy.rs:58:34:
[INFO] [stdout] called `Option::unwrap()` on a `None` value
[INFO] [stdout] stack backtrace:
[INFO] [stdout]    0:     0x559f41ca226c - std::backtrace_rs::backtrace::libunwind::trace::ha637c64ce894333a
[INFO] [stdout]                                at /rustc/82e1608dfa6e0b5569232559e3d385fea5a93112/library/std/src/../../backtrace/src/backtrace/libunwind.rs:104:5
[INFO] [stdout]    1:     0x559f41ca226c - std::backtrace_rs::backtrace::trace_unsynchronized::h47f62dea28e0c88d
[INFO] [stdout]                                at /rustc/82e1608dfa6e0b5569232559e3d385fea5a93112/library/std/src/../../backtrace/src/backtrace/mod.rs:66:5
[INFO] [stdout]    2:     0x559f41ca226c - std::sys_common::backtrace::_print_fmt::h9eef0abe20ede486
[INFO] [stdout]                                at /rustc/82e1608dfa6e0b5569232559e3d385fea5a93112/library/std/src/sys_common/backtrace.rs:67:5
[INFO] [stdout]    3:     0x559f41ca226c - <std::sys_common::backtrace::_print::DisplayBacktrace as core::fmt::Display>::fmt::hed7f999df88cc644
[INFO] [stdout]                                at /rustc/82e1608dfa6e0b5569232559e3d385fea5a93112/library/std/src/sys_common/backtrace.rs:44:22
[INFO] [stdout]    4:     0x559f41ccbdd0 - core::fmt::rt::Argument::fmt::h1539a9308b8d058d
[INFO] [stdout]                                at /rustc/82e1608dfa6e0b5569232559e3d385fea5a93112/library/core/src/fmt/rt.rs:142:9
[INFO] [stdout]    5:     0x559f41ccbdd0 - core::fmt::write::h3a39390d8560d9c9
[INFO] [stdout]                                at /rustc/82e1608dfa6e0b5569232559e3d385fea5a93112/library/core/src/fmt/mod.rs:1120:17
[INFO] [stdout]    6:     0x559f41c9fc1f - std::io::Write::write_fmt::h040b369f3a0f9cbc
[INFO] [stdout]                                at /rustc/82e1608dfa6e0b5569232559e3d385fea5a93112/library/std/src/io/mod.rs:1762:15
[INFO] [stdout]    7:     0x559f41ca2054 - std::sys_common::backtrace::_print::h894006fb5c6f3d45
[INFO] [stdout]                                at /rustc/82e1608dfa6e0b5569232559e3d385fea5a93112/library/std/src/sys_common/backtrace.rs:47:5
[INFO] [stdout]    8:     0x559f41ca2054 - std::sys_common::backtrace::print::h23a2d212c6fff936
[INFO] [stdout]                                at /rustc/82e1608dfa6e0b5569232559e3d385fea5a93112/library/std/src/sys_common/backtrace.rs:34:9
[INFO] [stdout]    9:     0x559f41ca3d17 - std::panicking::default_hook::{{closure}}::h8a1d2ee00185001a
[INFO] [stdout]   10:     0x559f41ca3a03 - std::panicking::default_hook::h6038f2eba384e475
[INFO] [stdout]                                at /rustc/82e1608dfa6e0b5569232559e3d385fea5a93112/library/std/src/panicking.rs:289:9
[INFO] [stdout]   11:     0x559f41c74417 - <alloc::boxed::Box<F,A> as core::ops::function::Fn<Args>>::call::h0ad024c9bdc6d768
[INFO] [stdout]                                at /rustc/82e1608dfa6e0b5569232559e3d385fea5a93112/library/alloc/src/boxed.rs:2021:9
[INFO] [stdout]   12:     0x559f41c74417 - test::test_main::{{closure}}::h7500b54257359db6
[INFO] [stdout]                                at /rustc/82e1608dfa6e0b5569232559e3d385fea5a93112/library/test/src/lib.rs:138:21
[INFO] [stdout]   13:     0x559f41ca4328 - <alloc::boxed::Box<F,A> as core::ops::function::Fn<Args>>::call::h1f8f335eaa9cfaee
[INFO] [stdout]                                at /rustc/82e1608dfa6e0b5569232559e3d385fea5a93112/library/alloc/src/boxed.rs:2021:9
[INFO] [stdout]   14:     0x559f41ca4328 - std::panicking::rust_panic_with_hook::h2b5517d590cab22e
[INFO] [stdout]                                at /rustc/82e1608dfa6e0b5569232559e3d385fea5a93112/library/std/src/panicking.rs:783:13
[INFO] [stdout]   15:     0x559f41ca4049 - std::panicking::begin_panic_handler::{{closure}}::h233112c06e0ef43e
[INFO] [stdout]                                at /rustc/82e1608dfa6e0b5569232559e3d385fea5a93112/library/std/src/panicking.rs:649:13
[INFO] [stdout]   16:     0x559f41ca2736 - std::sys_common::backtrace::__rust_end_short_backtrace::h6e893f24d7ebbff8
[INFO] [stdout]                                at /rustc/82e1608dfa6e0b5569232559e3d385fea5a93112/library/std/src/sys_common/backtrace.rs:170:18
[INFO] [stdout]   17:     0x559f41ca3de2 - rust_begin_unwind
[INFO] [stdout]                                at /rustc/82e1608dfa6e0b5569232559e3d385fea5a93112/library/std/src/panicking.rs:645:5
[INFO] [stdout]   18:     0x559f41c25cf5 - core::panicking::panic_fmt::hbf0e066aabfa482c
[INFO] [stdout]                                at /rustc/82e1608dfa6e0b5569232559e3d385fea5a93112/library/core/src/panicking.rs:72:14
[INFO] [stdout]   19:     0x559f41c25d93 - core::panicking::panic::h195fc2a96298d4c3
[INFO] [stdout]                                at /rustc/82e1608dfa6e0b5569232559e3d385fea5a93112/library/core/src/panicking.rs:127:5
[INFO] [stdout]   20:     0x559f41c3f440 - core::option::Option<T>::unwrap::h96df85b17c88aa1d
[INFO] [stdout]                                at /rustc/82e1608dfa6e0b5569232559e3d385fea5a93112/library/core/src/option.rs:931:21
[INFO] [stdout]   21:     0x559f41c40351 - leetcode::easy::is_isomorphic::h956771ad3e0a4023
[INFO] [stdout]                                at /opt/rustwide/workdir/src/easy.rs:58:16
[INFO] [stdout]   22:     0x559f41c379e1 - leetcode::easy::tests::test_is_isomorphic::hd01cba9900949aa2
[INFO] [stdout]                                at /opt/rustwide/workdir/src/easy.rs:146:20
[INFO] [stdout]   23:     0x559f41c37527 - leetcode::easy::tests::test_is_isomorphic::{{closure}}::h09e1b36230a43f39
[INFO] [stdout]                                at /opt/rustwide/workdir/src/easy.rs:142:28
[INFO] [stdout]   24:     0x559f41c32a06 - core::ops::function::FnOnce::call_once::h7058759d0aba35aa
[INFO] [stdout]                                at /rustc/82e1608dfa6e0b5569232559e3d385fea5a93112/library/core/src/ops/function.rs:250:5
[INFO] [stdout]   25:     0x559f41c79a6f - core::ops::function::FnOnce::call_once::h2b5d431d5046312d
[INFO] [stdout]                                at /rustc/82e1608dfa6e0b5569232559e3d385fea5a93112/library/core/src/ops/function.rs:250:5
[INFO] [stdout]   26:     0x559f41c79a6f - test::__rust_begin_short_backtrace::h7714669af176e207
[INFO] [stdout]                                at /rustc/82e1608dfa6e0b5569232559e3d385fea5a93112/library/test/src/lib.rs:628:18
[INFO] [stdout]   27:     0x559f41c78a85 - test::run_test_in_process::{{closure}}::h85218797dcbcec12
[INFO] [stdout]                                at /rustc/82e1608dfa6e0b5569232559e3d385fea5a93112/library/test/src/lib.rs:651:60
[INFO] [stdout]   28:     0x559f41c78a85 - <core::panic::unwind_safe::AssertUnwindSafe<F> as core::ops::function::FnOnce<()>>::call_once::h76c106ea31c14d7b
[INFO] [stdout]                                at /rustc/82e1608dfa6e0b5569232559e3d385fea5a93112/library/core/src/panic/unwind_safe.rs:272:9
[INFO] [stdout]   29:     0x559f41c78a85 - std::panicking::try::do_call::h3bd5d0f6620ee946
[INFO] [stdout]                                at /rustc/82e1608dfa6e0b5569232559e3d385fea5a93112/library/std/src/panicking.rs:552:40
[INFO] [stdout]   30:     0x559f41c78a85 - std::panicking::try::h232e535e4744fe31
[INFO] [stdout]                                at /rustc/82e1608dfa6e0b5569232559e3d385fea5a93112/library/std/src/panicking.rs:516:19
[INFO] [stdout]   31:     0x559f41c78a85 - std::panic::catch_unwind::h3ce3bd6ca8dbac68
[INFO] [stdout]                                at /rustc/82e1608dfa6e0b5569232559e3d385fea5a93112/library/std/src/panic.rs:142:14
[INFO] [stdout]   32:     0x559f41c78a85 - test::run_test_in_process::hc97b257c9621286a
[INFO] [stdout]                                at /rustc/82e1608dfa6e0b5569232559e3d385fea5a93112/library/test/src/lib.rs:651:27
[INFO] [stdout]   33:     0x559f41c78a85 - test::run_test::{{closure}}::h2aa798823a438d38
[INFO] [stdout]                                at /rustc/82e1608dfa6e0b5569232559e3d385fea5a93112/library/test/src/lib.rs:574:43
[INFO] [stdout]   34:     0x559f41c40d46 - test::run_test::{{closure}}::h87d231c78fb59832
[INFO] [stdout]                                at /rustc/82e1608dfa6e0b5569232559e3d385fea5a93112/library/test/src/lib.rs:602:41
[INFO] [stdout]   35:     0x559f41c40d46 - std::sys_common::backtrace::__rust_begin_short_backtrace::he6df152596625789
[INFO] [stdout]                                at /rustc/82e1608dfa6e0b5569232559e3d385fea5a93112/library/std/src/sys_common/backtrace.rs:154:18
[INFO] [stdout]   36:     0x559f41c45df7 - std::thread::Builder::spawn_unchecked_::{{closure}}::{{closure}}::ha94be15d1e0acf36
[INFO] [stdout]                                at /rustc/82e1608dfa6e0b5569232559e3d385fea5a93112/library/std/src/thread/mod.rs:529:17
[INFO] [stdout]   37:     0x559f41c45df7 - <core::panic::unwind_safe::AssertUnwindSafe<F> as core::ops::function::FnOnce<()>>::call_once::h9dc6bd6372f16606
[INFO] [stdout]                                at /rustc/82e1608dfa6e0b5569232559e3d385fea5a93112/library/core/src/panic/unwind_safe.rs:272:9
[INFO] [stdout]   38:     0x559f41c45df7 - std::panicking::try::do_call::h9057517f80303cd4
[INFO] [stdout]                                at /rustc/82e1608dfa6e0b5569232559e3d385fea5a93112/library/std/src/panicking.rs:552:40
[INFO] [stdout]   39:     0x559f41c45df7 - std::panicking::try::he3a30b11ee45340c
[INFO] [stdout]                                at /rustc/82e1608dfa6e0b5569232559e3d385fea5a93112/library/std/src/panicking.rs:516:19
[INFO] [stdout]   40:     0x559f41c45df7 - std::panic::catch_unwind::h410458cfd3528b8b
[INFO] [stdout]                                at /rustc/82e1608dfa6e0b5569232559e3d385fea5a93112/library/std/src/panic.rs:142:14
[INFO] [stdout]   41:     0x559f41c45df7 - std::thread::Builder::spawn_unchecked_::{{closure}}::h72ac3bdb567b737b
[INFO] [stdout]                                at /rustc/82e1608dfa6e0b5569232559e3d385fea5a93112/library/std/src/thread/mod.rs:528:30
[INFO] [stdout]   42:     0x559f41c45df7 - core::ops::function::FnOnce::call_once{{vtable.shim}}::h38f34da3654a8344
[INFO] [stdout]                                at /rustc/82e1608dfa6e0b5569232559e3d385fea5a93112/library/core/src/ops/function.rs:250:5
[INFO] [stdout]   43:     0x559f41ca8db5 - <alloc::boxed::Box<F,A> as core::ops::function::FnOnce<Args>>::call_once::hc7eafaff61e32df9
[INFO] [stdout]                                at /rustc/82e1608dfa6e0b5569232559e3d385fea5a93112/library/alloc/src/boxed.rs:2007:9
[INFO] [stdout]   44:     0x559f41ca8db5 - <alloc::boxed::Box<F,A> as core::ops::function::FnOnce<Args>>::call_once::h6ba4a5de48dd2304
[INFO] [stdout]                                at /rustc/82e1608dfa6e0b5569232559e3d385fea5a93112/library/alloc/src/boxed.rs:2007:9
[INFO] [stdout]   45:     0x559f41ca8db5 - std::sys::unix::thread::Thread::new::thread_start::he469335aef763e45
[INFO] [stdout]                                at /rustc/82e1608dfa6e0b5569232559e3d385fea5a93112/library/std/src/sys/unix/thread.rs:108:17
[INFO] [stdout]   46:     0x7f55a2d92ac3 - <unknown>
[INFO] [stdout]   47:     0x7f55a2e23bf4 - __clone
[INFO] [stdout]   48:                0x0 - <unknown>
[INFO] [stdout] 
[INFO] [stdout] 
[INFO] [stdout] failures:
[INFO] [stdout]     easy::tests::test_is_isomorphic
[INFO] [stdout] 
[INFO] [stdout] test result: FAILED. 9 passed; 1 failed; 0 ignored; 0 measured; 0 filtered out; finished in 0.02s
[INFO] [stdout] 
[INFO] [stderr] error: test failed, to rerun pass `--lib`
[INFO] running `Command { std: "docker" "inspect" "db70bf71285cf5236adbaa439726b8d516ef6c6ac82c83779b7872bbe15ea6cc", kill_on_drop: false }`
[INFO] running `Command { std: "docker" "rm" "-f" "db70bf71285cf5236adbaa439726b8d516ef6c6ac82c83779b7872bbe15ea6cc", kill_on_drop: false }`
[INFO] [stdout] db70bf71285cf5236adbaa439726b8d516ef6c6ac82c83779b7872bbe15ea6cc
[INFO] testing MattCairns/leetcode-rust against beta-2023-12-22 for beta-1.76-1
[INFO] running `Command { std: "git" "clone" "/workspace/cache/git-repos/https%3A%2F%2Fgithub.com%2FMattCairns%2Fleetcode-rust" "/workspace/builds/worker-0-tc2/source", kill_on_drop: false }`
[INFO] [stderr] Cloning into '/workspace/builds/worker-0-tc2/source'...
[INFO] [stderr] done.
[INFO] validating manifest of git repo https://github.com/MattCairns/leetcode-rust on toolchain beta-2023-12-22
[INFO] running `Command { std: CARGO_HOME="/workspace/cargo-home" RUSTUP_HOME="/workspace/rustup-home" "/workspace/cargo-home/bin/cargo" "+beta-2023-12-22" "metadata" "--manifest-path" "Cargo.toml" "--no-deps", kill_on_drop: false }`
[INFO] started tweaking git repo https://github.com/MattCairns/leetcode-rust
[INFO] finished tweaking git repo https://github.com/MattCairns/leetcode-rust
[INFO] tweaked toml for git repo https://github.com/MattCairns/leetcode-rust written to /workspace/builds/worker-0-tc2/source/Cargo.toml
[INFO] crate git repo https://github.com/MattCairns/leetcode-rust already has a lockfile, it will not be regenerated
[INFO] running `Command { std: CARGO_HOME="/workspace/cargo-home" RUSTUP_HOME="/workspace/rustup-home" "/workspace/cargo-home/bin/cargo" "+beta-2023-12-22" "fetch" "--manifest-path" "Cargo.toml", kill_on_drop: false }`
[INFO] running `Command { std: "docker" "create" "-v" "/var/lib/crater-agent-workspace/builds/worker-0-tc2/target:/opt/rustwide/target:rw,Z" "-v" "/var/lib/crater-agent-workspace/builds/worker-0-tc2/source:/opt/rustwide/workdir:ro,Z" "-v" "/var/lib/crater-agent-workspace/cargo-home:/opt/rustwide/cargo-home:ro,Z" "-v" "/var/lib/crater-agent-workspace/rustup-home:/opt/rustwide/rustup-home:ro,Z" "-e" "SOURCE_DIR=/opt/rustwide/workdir" "-e" "CARGO_TARGET_DIR=/opt/rustwide/target" "-e" "CARGO_HOME=/opt/rustwide/cargo-home" "-e" "RUSTUP_HOME=/opt/rustwide/rustup-home" "-w" "/opt/rustwide/workdir" "-m" "1610612736" "--user" "0:0" "--network" "none" "ghcr.io/rust-lang/crates-build-env/linux@sha256:2788e3201cd34a07e3172128adcd8b3090168a8e3bcc40d7c032b9dda1df7d1c" "/opt/rustwide/cargo-home/bin/cargo" "+beta-2023-12-22" "metadata" "--no-deps" "--format-version=1", kill_on_drop: false }`
[INFO] [stdout] 84705c03020d47c95a80b1f7440d178f26f47ece519cff57e2933e80c1919b90
[INFO] running `Command { std: "docker" "start" "-a" "84705c03020d47c95a80b1f7440d178f26f47ece519cff57e2933e80c1919b90", kill_on_drop: false }`
[INFO] running `Command { std: "docker" "inspect" "84705c03020d47c95a80b1f7440d178f26f47ece519cff57e2933e80c1919b90", kill_on_drop: false }`
[INFO] running `Command { std: "docker" "rm" "-f" "84705c03020d47c95a80b1f7440d178f26f47ece519cff57e2933e80c1919b90", kill_on_drop: false }`
[INFO] [stdout] 84705c03020d47c95a80b1f7440d178f26f47ece519cff57e2933e80c1919b90
[INFO] running `Command { std: "docker" "create" "-v" "/var/lib/crater-agent-workspace/builds/worker-0-tc2/target:/opt/rustwide/target:rw,Z" "-v" "/var/lib/crater-agent-workspace/builds/worker-0-tc2/source:/opt/rustwide/workdir:ro,Z" "-v" "/var/lib/crater-agent-workspace/cargo-home:/opt/rustwide/cargo-home:ro,Z" "-v" "/var/lib/crater-agent-workspace/rustup-home:/opt/rustwide/rustup-home:ro,Z" "-e" "SOURCE_DIR=/opt/rustwide/workdir" "-e" "CARGO_TARGET_DIR=/opt/rustwide/target" "-e" "CARGO_INCREMENTAL=0" "-e" "RUST_BACKTRACE=full" "-e" "RUSTFLAGS=--cap-lints=warn" "-e" "RUSTDOCFLAGS=--cap-lints=warn" "-e" "CARGO_HOME=/opt/rustwide/cargo-home" "-e" "RUSTUP_HOME=/opt/rustwide/rustup-home" "-w" "/opt/rustwide/workdir" "-m" "1610612736" "--user" "0:0" "--network" "none" "ghcr.io/rust-lang/crates-build-env/linux@sha256:2788e3201cd34a07e3172128adcd8b3090168a8e3bcc40d7c032b9dda1df7d1c" "/opt/rustwide/cargo-home/bin/cargo" "+beta-2023-12-22" "build" "--frozen" "--message-format=json", kill_on_drop: false }`
[INFO] [stdout] 303b50bce2ba89196431ef4ef17e9c22e46f194f743bddc212f3cdf7f14099b3
[INFO] running `Command { std: "docker" "start" "-a" "303b50bce2ba89196431ef4ef17e9c22e46f194f743bddc212f3cdf7f14099b3", kill_on_drop: false }`
[INFO] [stderr]    Compiling leetcode v0.1.0 (/opt/rustwide/workdir)
[INFO] [stdout] warning: unused variable: `max`
[INFO] [stdout]   --> src/medium/freqstack.rs:27:17
[INFO] [stdout]    |
[INFO] [stdout] 27 |         let mut max = 0;
[INFO] [stdout]    |                 ^^^ help: if this is intentional, prefix it with an underscore: `_max`
[INFO] [stdout]    |
[INFO] [stdout]    = note: `#[warn(unused_variables)]` on by default
[INFO] [stdout] 
[INFO] [stdout] 
[INFO] [stdout] warning: unused variable: `k`
[INFO] [stdout]   --> src/medium/freqstack.rs:28:14
[INFO] [stdout]    |
[INFO] [stdout] 28 |         for (k, v) in self.freq_counter.iter().enumerate() {
[INFO] [stdout]    |              ^ help: if this is intentional, prefix it with an underscore: `_k`
[INFO] [stdout] 
[INFO] [stdout] 
[INFO] [stdout] warning: unused variable: `v`
[INFO] [stdout]   --> src/medium/freqstack.rs:28:17
[INFO] [stdout]    |
[INFO] [stdout] 28 |         for (k, v) in self.freq_counter.iter().enumerate() {
[INFO] [stdout]    |                 ^ help: if this is intentional, prefix it with an underscore: `_v`
[INFO] [stdout] 
[INFO] [stdout] 
[INFO] [stdout] warning: variable does not need to be mutable
[INFO] [stdout]   --> src/medium/freqstack.rs:27:13
[INFO] [stdout]    |
[INFO] [stdout] 27 |         let mut max = 0;
[INFO] [stdout]    |             ----^^^
[INFO] [stdout]    |             |
[INFO] [stdout]    |             help: remove this `mut`
[INFO] [stdout]    |
[INFO] [stdout]    = note: `#[warn(unused_mut)]` on by default
[INFO] [stdout] 
[INFO] [stdout] 
[INFO] [stdout] warning: struct `SubrectangleQueries` is never constructed
[INFO] [stdout]  --> src/medium/subrectangle_queries.rs:1:8
[INFO] [stdout]   |
[INFO] [stdout] 1 | struct SubrectangleQueries {
[INFO] [stdout]   |        ^^^^^^^^^^^^^^^^^^^
[INFO] [stdout]   |
[INFO] [stdout]   = note: `#[warn(dead_code)]` on by default
[INFO] [stdout] 
[INFO] [stdout] 
[INFO] [stdout] warning: associated items `new`, `update_subrectangle`, and `get_value` are never used
[INFO] [stdout]   --> src/medium/subrectangle_queries.rs:10:8
[INFO] [stdout]    |
[INFO] [stdout] 9  | impl SubrectangleQueries {
[INFO] [stdout]    | ------------------------ associated items in this implementation
[INFO] [stdout] 10 |     fn new(rectangle: Vec<Vec<i32>>) -> Self {
[INFO] [stdout]    |        ^^^
[INFO] [stdout] ...
[INFO] [stdout] 14 |     fn update_subrectangle(&mut self, row1: i32, col1: i32, row2: i32, col2: i32, new_value: i32) {
[INFO] [stdout]    |        ^^^^^^^^^^^^^^^^^^^
[INFO] [stdout] ...
[INFO] [stdout] 22 |     fn get_value(&self, row: i32, col: i32) -> i32 {
[INFO] [stdout]    |        ^^^^^^^^^
[INFO] [stdout] 
[INFO] [stdout] 
[INFO] [stdout] warning: struct `FreqStack` is never constructed
[INFO] [stdout]  --> src/medium/freqstack.rs:3:8
[INFO] [stdout]   |
[INFO] [stdout] 3 | struct FreqStack {
[INFO] [stdout]   |        ^^^^^^^^^
[INFO] [stdout] 
[INFO] [stdout] 
[INFO] [stdout] warning: associated items `new`, `push`, and `pop` are never used
[INFO] [stdout]   --> src/medium/freqstack.rs:13:8
[INFO] [stdout]    |
[INFO] [stdout] 12 | impl FreqStack {
[INFO] [stdout]    | -------------- associated items in this implementation
[INFO] [stdout] 13 |     fn new() -> Self {
[INFO] [stdout]    |        ^^^
[INFO] [stdout] ...
[INFO] [stdout] 20 |     fn push(&mut self, val: i32) {
[INFO] [stdout]    |        ^^^^
[INFO] [stdout] ...
[INFO] [stdout] 26 |     fn pop(&self) -> i32 {
[INFO] [stdout]    |        ^^^
[INFO] [stdout] 
[INFO] [stdout] 
[INFO] [stdout] warning: 8 warnings emitted
[INFO] [stdout] 
[INFO] [stdout] 
[INFO] [stdout] warning: function `longest_common_prefix` is never used
[INFO] [stdout]  --> src/main.rs:3:4
[INFO] [stdout]   |
[INFO] [stdout] 3 | fn longest_common_prefix(strs: Vec<String>) -> String {
[INFO] [stdout]   |    ^^^^^^^^^^^^^^^^^^^^^
[INFO] [stdout]   |
[INFO] [stdout]   = note: `#[warn(dead_code)]` on by default
[INFO] [stdout] 
[INFO] [stdout] 
[INFO] [stdout] warning: function `remove_duplicates` is never used
[INFO] [stdout]   --> src/main.rs:47:4
[INFO] [stdout]    |
[INFO] [stdout] 47 | fn remove_duplicates(nums: &mut Vec<i32>) -> i32 {
[INFO] [stdout]    |    ^^^^^^^^^^^^^^^^^
[INFO] [stdout] 
[INFO] [stdout] 
[INFO] [stdout] warning: 2 warnings emitted
[INFO] [stdout] 
[INFO] [stdout] 
[INFO] [stderr]     Finished dev [unoptimized + debuginfo] target(s) in 0.68s
[INFO] running `Command { std: "docker" "inspect" "303b50bce2ba89196431ef4ef17e9c22e46f194f743bddc212f3cdf7f14099b3", kill_on_drop: false }`
[INFO] running `Command { std: "docker" "rm" "-f" "303b50bce2ba89196431ef4ef17e9c22e46f194f743bddc212f3cdf7f14099b3", kill_on_drop: false }`
[INFO] [stdout] 303b50bce2ba89196431ef4ef17e9c22e46f194f743bddc212f3cdf7f14099b3
[INFO] running `Command { std: "docker" "create" "-v" "/var/lib/crater-agent-workspace/builds/worker-0-tc2/target:/opt/rustwide/target:rw,Z" "-v" "/var/lib/crater-agent-workspace/builds/worker-0-tc2/source:/opt/rustwide/workdir:ro,Z" "-v" "/var/lib/crater-agent-workspace/cargo-home:/opt/rustwide/cargo-home:ro,Z" "-v" "/var/lib/crater-agent-workspace/rustup-home:/opt/rustwide/rustup-home:ro,Z" "-e" "SOURCE_DIR=/opt/rustwide/workdir" "-e" "CARGO_TARGET_DIR=/opt/rustwide/target" "-e" "CARGO_INCREMENTAL=0" "-e" "RUST_BACKTRACE=full" "-e" "RUSTFLAGS=--cap-lints=warn" "-e" "RUSTDOCFLAGS=--cap-lints=warn" "-e" "CARGO_HOME=/opt/rustwide/cargo-home" "-e" "RUSTUP_HOME=/opt/rustwide/rustup-home" "-w" "/opt/rustwide/workdir" "-m" "1610612736" "--user" "0:0" "--network" "none" "ghcr.io/rust-lang/crates-build-env/linux@sha256:2788e3201cd34a07e3172128adcd8b3090168a8e3bcc40d7c032b9dda1df7d1c" "/opt/rustwide/cargo-home/bin/cargo" "+beta-2023-12-22" "test" "--frozen" "--no-run" "--message-format=json", kill_on_drop: false }`
[INFO] [stdout] a8705e195d5c4df202740ef35d66eadf56b8608151559e71a0b8103a4a9d2857
[INFO] running `Command { std: "docker" "start" "-a" "a8705e195d5c4df202740ef35d66eadf56b8608151559e71a0b8103a4a9d2857", kill_on_drop: false }`
[INFO] [stdout] warning: unused variable: `max`
[INFO] [stdout]   --> src/medium/freqstack.rs:27:17
[INFO] [stdout]    |
[INFO] [stdout] 27 |         let mut max = 0;
[INFO] [stdout]    |                 ^^^ help: if this is intentional, prefix it with an underscore: `_max`
[INFO] [stdout]    |
[INFO] [stdout]    = note: `#[warn(unused_variables)]` on by default
[INFO] [stdout] 
[INFO] [stdout] 
[INFO] [stderr]    Compiling leetcode v0.1.0 (/opt/rustwide/workdir)
[INFO] [stdout] warning: unused variable: `k`
[INFO] [stdout]   --> src/medium/freqstack.rs:28:14
[INFO] [stdout]    |
[INFO] [stdout] 28 |         for (k, v) in self.freq_counter.iter().enumerate() {
[INFO] [stdout]    |              ^ help: if this is intentional, prefix it with an underscore: `_k`
[INFO] [stdout] 
[INFO] [stdout] 
[INFO] [stdout] warning: unused variable: `v`
[INFO] [stdout]   --> src/medium/freqstack.rs:28:17
[INFO] [stdout]    |
[INFO] [stdout] 28 |         for (k, v) in self.freq_counter.iter().enumerate() {
[INFO] [stdout]    |                 ^ help: if this is intentional, prefix it with an underscore: `_v`
[INFO] [stdout] 
[INFO] [stdout] 
[INFO] [stdout] warning: variable does not need to be mutable
[INFO] [stdout]   --> src/medium/freqstack.rs:27:13
[INFO] [stdout]    |
[INFO] [stdout] 27 |         let mut max = 0;
[INFO] [stdout]    |             ----^^^
[INFO] [stdout]    |             |
[INFO] [stdout]    |             help: remove this `mut`
[INFO] [stdout]    |
[INFO] [stdout]    = note: `#[warn(unused_mut)]` on by default
[INFO] [stdout] 
[INFO] [stdout] 
[INFO] [stdout] warning: struct `SubrectangleQueries` is never constructed
[INFO] [stdout]  --> src/medium/subrectangle_queries.rs:1:8
[INFO] [stdout]   |
[INFO] [stdout] 1 | struct SubrectangleQueries {
[INFO] [stdout]   |        ^^^^^^^^^^^^^^^^^^^
[INFO] [stdout]   |
[INFO] [stdout]   = note: `#[warn(dead_code)]` on by default
[INFO] [stdout] 
[INFO] [stdout] 
[INFO] [stdout] warning: associated items `new`, `update_subrectangle`, and `get_value` are never used
[INFO] [stdout]   --> src/medium/subrectangle_queries.rs:10:8
[INFO] [stdout]    |
[INFO] [stdout] 9  | impl SubrectangleQueries {
[INFO] [stdout]    | ------------------------ associated items in this implementation
[INFO] [stdout] 10 |     fn new(rectangle: Vec<Vec<i32>>) -> Self {
[INFO] [stdout]    |        ^^^
[INFO] [stdout] ...
[INFO] [stdout] 14 |     fn update_subrectangle(&mut self, row1: i32, col1: i32, row2: i32, col2: i32, new_value: i32) {
[INFO] [stdout]    |        ^^^^^^^^^^^^^^^^^^^
[INFO] [stdout] ...
[INFO] [stdout] 22 |     fn get_value(&self, row: i32, col: i32) -> i32 {
[INFO] [stdout]    |        ^^^^^^^^^
[INFO] [stdout] 
[INFO] [stdout] 
[INFO] [stdout] warning: struct `FreqStack` is never constructed
[INFO] [stdout]  --> src/medium/freqstack.rs:3:8
[INFO] [stdout]   |
[INFO] [stdout] 3 | struct FreqStack {
[INFO] [stdout]   |        ^^^^^^^^^
[INFO] [stdout] 
[INFO] [stdout] 
[INFO] [stdout] warning: associated items `new`, `push`, and `pop` are never used
[INFO] [stdout]   --> src/medium/freqstack.rs:13:8
[INFO] [stdout]    |
[INFO] [stdout] 12 | impl FreqStack {
[INFO] [stdout]    | -------------- associated items in this implementation
[INFO] [stdout] 13 |     fn new() -> Self {
[INFO] [stdout]    |        ^^^
[INFO] [stdout] ...
[INFO] [stdout] 20 |     fn push(&mut self, val: i32) {
[INFO] [stdout]    |        ^^^^
[INFO] [stdout] ...
[INFO] [stdout] 26 |     fn pop(&self) -> i32 {
[INFO] [stdout]    |        ^^^
[INFO] [stdout] 
[INFO] [stdout] 
[INFO] [stdout] warning: 8 warnings emitted
[INFO] [stdout] 
[INFO] [stdout] 
[INFO] [stdout] warning: function `longest_common_prefix` is never used
[INFO] [stdout]  --> src/main.rs:3:4
[INFO] [stdout]   |
[INFO] [stdout] 3 | fn longest_common_prefix(strs: Vec<String>) -> String {
[INFO] [stdout]   |    ^^^^^^^^^^^^^^^^^^^^^
[INFO] [stdout]   |
[INFO] [stdout]   = note: `#[warn(dead_code)]` on by default
[INFO] [stdout] 
[INFO] [stdout] 
[INFO] [stdout] warning: variable does not need to be mutable
[INFO] [stdout]   --> src/medium/subrectangle_queries.rs:57:13
[INFO] [stdout]    |
[INFO] [stdout] 57 |         let mut rectangle = SubrectangleQueries::new(vec![vec![0, 0], vec![0, 0]]);
[INFO] [stdout]    |             ----^^^^^^^^^
[INFO] [stdout]    |             |
[INFO] [stdout]    |             help: remove this `mut`
[INFO] [stdout]    |
[INFO] [stdout]    = note: `#[warn(unused_mut)]` on by default
[INFO] [stdout] 
[INFO] [stdout] 
[INFO] [stdout] warning: unused variable: `max`
[INFO] [stdout]   --> src/medium/freqstack.rs:27:17
[INFO] [stdout]    |
[INFO] [stdout] 27 |         let mut max = 0;
[INFO] [stdout]    |                 ^^^ help: if this is intentional, prefix it with an underscore: `_max`
[INFO] [stdout]    |
[INFO] [stdout]    = note: `#[warn(unused_variables)]` on by default
[INFO] [stdout] 
[INFO] [stdout] 
[INFO] [stdout] warning: unused variable: `k`
[INFO] [stdout]   --> src/medium/freqstack.rs:28:14
[INFO] [stdout]    |
[INFO] [stdout] 28 |         for (k, v) in self.freq_counter.iter().enumerate() {
[INFO] [stdout]    |              ^ help: if this is intentional, prefix it with an underscore: `_k`
[INFO] [stdout] 
[INFO] [stdout] 
[INFO] [stdout] warning: unused variable: `v`
[INFO] [stdout]   --> src/medium/freqstack.rs:28:17
[INFO] [stdout]    |
[INFO] [stdout] 28 |         for (k, v) in self.freq_counter.iter().enumerate() {
[INFO] [stdout]    |                 ^ help: if this is intentional, prefix it with an underscore: `_v`
[INFO] [stdout] 
[INFO] [stdout] 
[INFO] [stdout] warning: variable does not need to be mutable
[INFO] [stdout]   --> src/medium/freqstack.rs:27:13
[INFO] [stdout]    |
[INFO] [stdout] 27 |         let mut max = 0;
[INFO] [stdout]    |             ----^^^
[INFO] [stdout]    |             |
[INFO] [stdout]    |             help: remove this `mut`
[INFO] [stdout] 
[INFO] [stdout] 
[INFO] [stdout] warning: method `pop` is never used
[INFO] [stdout]   --> src/medium/freqstack.rs:26:8
[INFO] [stdout]    |
[INFO] [stdout] 12 | impl FreqStack {
[INFO] [stdout]    | -------------- method in this implementation
[INFO] [stdout] ...
[INFO] [stdout] 26 |     fn pop(&self) -> i32 {
[INFO] [stdout]    |        ^^^
[INFO] [stdout]    |
[INFO] [stdout]    = note: `#[warn(dead_code)]` on by default
[INFO] [stdout] 
[INFO] [stdout] 
[INFO] [stdout] warning: 1 warning emitted
[INFO] [stdout] 
[INFO] [stdout] 
[INFO] [stdout] warning: 6 warnings emitted
[INFO] [stdout] 
[INFO] [stdout] 
[INFO] [stderr]     Finished test [unoptimized + debuginfo] target(s) in 0.75s
[INFO] running `Command { std: "docker" "inspect" "a8705e195d5c4df202740ef35d66eadf56b8608151559e71a0b8103a4a9d2857", kill_on_drop: false }`
[INFO] running `Command { std: "docker" "rm" "-f" "a8705e195d5c4df202740ef35d66eadf56b8608151559e71a0b8103a4a9d2857", kill_on_drop: false }`
[INFO] [stdout] a8705e195d5c4df202740ef35d66eadf56b8608151559e71a0b8103a4a9d2857
[INFO] running `Command { std: "docker" "create" "-v" "/var/lib/crater-agent-workspace/builds/worker-0-tc2/target:/opt/rustwide/target:rw,Z" "-v" "/var/lib/crater-agent-workspace/builds/worker-0-tc2/source:/opt/rustwide/workdir:ro,Z" "-v" "/var/lib/crater-agent-workspace/cargo-home:/opt/rustwide/cargo-home:ro,Z" "-v" "/var/lib/crater-agent-workspace/rustup-home:/opt/rustwide/rustup-home:ro,Z" "-e" "SOURCE_DIR=/opt/rustwide/workdir" "-e" "CARGO_TARGET_DIR=/opt/rustwide/target" "-e" "CARGO_INCREMENTAL=0" "-e" "RUST_BACKTRACE=full" "-e" "RUSTFLAGS=--cap-lints=warn" "-e" "RUSTDOCFLAGS=--cap-lints=warn" "-e" "CARGO_HOME=/opt/rustwide/cargo-home" "-e" "RUSTUP_HOME=/opt/rustwide/rustup-home" "-w" "/opt/rustwide/workdir" "-m" "1610612736" "--user" "0:0" "--network" "none" "ghcr.io/rust-lang/crates-build-env/linux@sha256:2788e3201cd34a07e3172128adcd8b3090168a8e3bcc40d7c032b9dda1df7d1c" "/opt/rustwide/cargo-home/bin/cargo" "+beta-2023-12-22" "test" "--frozen", kill_on_drop: false }`
[INFO] [stdout] 53fad5d8549f2e899efd0853cad88cbf568a221b6261abc8c3ee577c85471dbc
[INFO] running `Command { std: "docker" "start" "-a" "53fad5d8549f2e899efd0853cad88cbf568a221b6261abc8c3ee577c85471dbc", kill_on_drop: false }`
[INFO] [stderr] warning: unused variable: `max`
[INFO] [stderr]   --> src/medium/freqstack.rs:27:17
[INFO] [stderr]    |
[INFO] [stderr] 27 |         let mut max = 0;
[INFO] [stderr]    |                 ^^^ help: if this is intentional, prefix it with an underscore: `_max`
[INFO] [stderr]    |
[INFO] [stderr]    = note: `#[warn(unused_variables)]` on by default
[INFO] [stderr] 
[INFO] [stderr] warning: unused variable: `k`
[INFO] [stderr]   --> src/medium/freqstack.rs:28:14
[INFO] [stderr]    |
[INFO] [stderr] 28 |         for (k, v) in self.freq_counter.iter().enumerate() {
[INFO] [stderr]    |              ^ help: if this is intentional, prefix it with an underscore: `_k`
[INFO] [stderr] 
[INFO] [stderr] warning: unused variable: `v`
[INFO] [stderr]   --> src/medium/freqstack.rs:28:17
[INFO] [stderr]    |
[INFO] [stderr] 28 |         for (k, v) in self.freq_counter.iter().enumerate() {
[INFO] [stderr]    |                 ^ help: if this is intentional, prefix it with an underscore: `_v`
[INFO] [stderr] 
[INFO] [stderr] warning: variable does not need to be mutable
[INFO] [stderr]   --> src/medium/freqstack.rs:27:13
[INFO] [stderr]    |
[INFO] [stderr] 27 |         let mut max = 0;
[INFO] [stderr]    |             ----^^^
[INFO] [stderr]    |             |
[INFO] [stderr]    |             help: remove this `mut`
[INFO] [stderr]    |
[INFO] [stderr]    = note: `#[warn(unused_mut)]` on by default
[INFO] [stderr] 
[INFO] [stderr] warning: struct `SubrectangleQueries` is never constructed
[INFO] [stderr]  --> src/medium/subrectangle_queries.rs:1:8
[INFO] [stderr]   |
[INFO] [stderr] 1 | struct SubrectangleQueries {
[INFO] [stderr]   |        ^^^^^^^^^^^^^^^^^^^
[INFO] [stderr]   |
[INFO] [stderr]   = note: `#[warn(dead_code)]` on by default
[INFO] [stderr] 
[INFO] [stderr] warning: associated items `new`, `update_subrectangle`, and `get_value` are never used
[INFO] [stderr]   --> src/medium/subrectangle_queries.rs:10:8
[INFO] [stderr]    |
[INFO] [stderr] 9  | impl SubrectangleQueries {
[INFO] [stderr]    | ------------------------ associated items in this implementation
[INFO] [stderr] 10 |     fn new(rectangle: Vec<Vec<i32>>) -> Self {
[INFO] [stderr]    |        ^^^
[INFO] [stderr] ...
[INFO] [stderr] 14 |     fn update_subrectangle(&mut self, row1: i32, col1: i32, row2: i32, col2: i32, new_value: i32) {
[INFO] [stderr]    |        ^^^^^^^^^^^^^^^^^^^
[INFO] [stderr] ...
[INFO] [stderr] 22 |     fn get_value(&self, row: i32, col: i32) -> i32 {
[INFO] [stderr]    |        ^^^^^^^^^
[INFO] [stderr] 
[INFO] [stderr] warning: struct `FreqStack` is never constructed
[INFO] [stderr]  --> src/medium/freqstack.rs:3:8
[INFO] [stderr]   |
[INFO] [stderr] 3 | struct FreqStack {
[INFO] [stderr]   |        ^^^^^^^^^
[INFO] [stderr] 
[INFO] [stderr] warning: associated items `new`, `push`, and `pop` are never used
[INFO] [stderr]   --> src/medium/freqstack.rs:13:8
[INFO] [stderr]    |
[INFO] [stderr] 12 | impl FreqStack {
[INFO] [stderr]    | -------------- associated items in this implementation
[INFO] [stderr] 13 |     fn new() -> Self {
[INFO] [stderr]    |        ^^^
[INFO] [stderr] ...
[INFO] [stderr] 20 |     fn push(&mut self, val: i32) {
[INFO] [stderr]    |        ^^^^
[INFO] [stderr] ...
[INFO] [stderr] 26 |     fn pop(&self) -> i32 {
[INFO] [stderr]    |        ^^^
[INFO] [stderr] 
[INFO] [stderr] warning: `leetcode` (lib) generated 8 warnings (run `cargo fix --lib -p leetcode` to apply 4 suggestions)
[INFO] [stderr] warning: function `longest_common_prefix` is never used
[INFO] [stderr]  --> src/main.rs:3:4
[INFO] [stderr]   |
[INFO] [stderr] 3 | fn longest_common_prefix(strs: Vec<String>) -> String {
[INFO] [stderr]   |    ^^^^^^^^^^^^^^^^^^^^^
[INFO] [stderr]   |
[INFO] [stderr]   = note: `#[warn(dead_code)]` on by default
[INFO] [stderr] 
[INFO] [stderr] warning: `leetcode` (bin "leetcode" test) generated 1 warning
[INFO] [stderr] warning: variable does not need to be mutable
[INFO] [stderr]   --> src/medium/subrectangle_queries.rs:57:13
[INFO] [stderr]    |
[INFO] [stderr] 57 |         let mut rectangle = SubrectangleQueries::new(vec![vec![0, 0], vec![0, 0]]);
[INFO] [stderr]    |             ----^^^^^^^^^
[INFO] [stderr]    |             |
[INFO] [stderr]    |             help: remove this `mut`
[INFO] [stderr]    |
[INFO] [stderr]    = note: `#[warn(unused_mut)]` on by default
[INFO] [stderr] 
[INFO] [stderr] warning: variable does not need to be mutable
[INFO] [stderr]   --> src/medium/freqstack.rs:27:13
[INFO] [stderr]    |
[INFO] [stderr] 27 |         let mut max = 0;
[INFO] [stderr]    |             ----^^^
[INFO] [stderr]    |             |
[INFO] [stderr]    |             help: remove this `mut`
[INFO] [stderr] 
[INFO] [stderr] warning: method `pop` is never used
[INFO] [stderr]   --> src/medium/freqstack.rs:26:8
[INFO] [stderr]    |
[INFO] [stderr] 12 | impl FreqStack {
[INFO] [stderr]    | -------------- method in this implementation
[INFO] [stderr] ...
[INFO] [stderr] 26 |     fn pop(&self) -> i32 {
[INFO] [stderr]    |        ^^^
[INFO] [stderr]    |
[INFO] [stderr]    = note: `#[warn(dead_code)]` on by default
[INFO] [stderr] 
[INFO] [stderr] warning: `leetcode` (lib test) generated 6 warnings (3 duplicates) (run `cargo fix --lib -p leetcode --tests` to apply 2 suggestions)
[INFO] [stderr]     Finished test [unoptimized + debuginfo] target(s) in 0.01s
[INFO] [stderr]      Running unittests src/lib.rs (/opt/rustwide/target/debug/deps/leetcode-9928447b01f6a95a)
[INFO] [stdout] 
[INFO] [stdout] running 10 tests
[INFO] [stdout] test easy::tests::test_str_str ... ok
[INFO] [stdout] test easy::tests::test_running_sum ... ok
[INFO] [stdout] test easy::tests::test_remove_element ... ok
[INFO] [stdout] test easy::tests::test_pivot_index ... ok
[INFO] [stdout] test medium::subrectangle_queries::tests::test_update_subrectangle ... ok
[INFO] [stdout] test easy::tests::test_is_subsequence ... ok
[INFO] [stdout] test medium::freqstack::tests::test_stack ... ok
[INFO] [stdout] test medium::max_increase_keeping_skyline::tests::test_max_increase_keeping_skyline ... ok
[INFO] [stdout] test medium::subrectangle_queries::tests::get_value ... ok
[INFO] [stdout] test easy::tests::test_is_isomorphic ... FAILED
[INFO] [stdout] 
[INFO] [stderr] error: test failed, to rerun pass `--lib`
[INFO] [stdout] failures:
[INFO] [stdout] 
[INFO] [stdout] ---- easy::tests::test_is_isomorphic stdout ----
[INFO] [stdout] code == leet
[INFO] [stdout] add == egg
[INFO] [stdout] bar == foo
[INFO] [stdout] baba == badc
[INFO] [stdout] thread 'easy::tests::test_is_isomorphic' panicked at src/easy.rs:58:34:
[INFO] [stdout] called `Option::unwrap()` on a `None` value
[INFO] [stdout] stack backtrace:
[INFO] [stdout]    0:     0x562ed2130946 - std::backtrace_rs::backtrace::libunwind::trace::h261606ad26a499c1
[INFO] [stdout]                                at /rustc/0e09125c6c3c2fd70d7de961bcf0e51575235fad/library/std/src/../../backtrace/src/backtrace/libunwind.rs:104:5
[INFO] [stdout]    1:     0x562ed2130946 - std::backtrace_rs::backtrace::trace_unsynchronized::hd183f0625477fb28
[INFO] [stdout]                                at /rustc/0e09125c6c3c2fd70d7de961bcf0e51575235fad/library/std/src/../../backtrace/src/backtrace/mod.rs:66:5
[INFO] [stdout]    2:     0x562ed2130946 - std::sys_common::backtrace::_print_fmt::hd7f8fef21b4eda67
[INFO] [stdout]                                at /rustc/0e09125c6c3c2fd70d7de961bcf0e51575235fad/library/std/src/sys_common/backtrace.rs:68:5
[INFO] [stdout]    3:     0x562ed2130946 - <std::sys_common::backtrace::_print::DisplayBacktrace as core::fmt::Display>::fmt::h623d9b51f2f453f1
[INFO] [stdout]                                at /rustc/0e09125c6c3c2fd70d7de961bcf0e51575235fad/library/std/src/sys_common/backtrace.rs:44:22
[INFO] [stdout]    4:     0x562ed21597b0 - core::fmt::rt::Argument::fmt::h9f417ac76a86f368
[INFO] [stdout]                                at /rustc/0e09125c6c3c2fd70d7de961bcf0e51575235fad/library/core/src/fmt/rt.rs:142:9
[INFO] [stdout]    5:     0x562ed21597b0 - core::fmt::write::hc9b6faf4ac2aeff7
[INFO] [stdout]                                at /rustc/0e09125c6c3c2fd70d7de961bcf0e51575235fad/library/core/src/fmt/mod.rs:1120:17
[INFO] [stdout]    6:     0x562ed212e3af - std::io::Write::write_fmt::he04625a3a989fec3
[INFO] [stdout]                                at /rustc/0e09125c6c3c2fd70d7de961bcf0e51575235fad/library/std/src/io/mod.rs:1810:15
[INFO] [stdout]    7:     0x562ed2130724 - std::sys_common::backtrace::_print::hd5d66399c7df88a2
[INFO] [stdout]                                at /rustc/0e09125c6c3c2fd70d7de961bcf0e51575235fad/library/std/src/sys_common/backtrace.rs:47:5
[INFO] [stdout]    8:     0x562ed2130724 - std::sys_common::backtrace::print::he81ed2da642d37e5
[INFO] [stdout]                                at /rustc/0e09125c6c3c2fd70d7de961bcf0e51575235fad/library/std/src/sys_common/backtrace.rs:34:9
[INFO] [stdout]    9:     0x562ed2132497 - std::panicking::default_hook::{{closure}}::h85773f4fa117163d
[INFO] [stdout]   10:     0x562ed213217d - std::panicking::default_hook::h6a1694a91d09b278
[INFO] [stdout]                                at /rustc/0e09125c6c3c2fd70d7de961bcf0e51575235fad/library/std/src/panicking.rs:289:9
[INFO] [stdout]   11:     0x562ed2102357 - <alloc::boxed::Box<F,A> as core::ops::function::Fn<Args>>::call::h616ac37fa3cd6c8f
[INFO] [stdout]                                at /rustc/0e09125c6c3c2fd70d7de961bcf0e51575235fad/library/alloc/src/boxed.rs:2029:9
[INFO] [stdout]   12:     0x562ed2102357 - test::test_main::{{closure}}::h00d84697cefdcbb6
[INFO] [stdout]                                at /rustc/0e09125c6c3c2fd70d7de961bcf0e51575235fad/library/test/src/lib.rs:138:21
[INFO] [stdout]   13:     0x562ed2132ab6 - <alloc::boxed::Box<F,A> as core::ops::function::Fn<Args>>::call::hcb3fe3b9bb537ba8
[INFO] [stdout]                                at /rustc/0e09125c6c3c2fd70d7de961bcf0e51575235fad/library/alloc/src/boxed.rs:2029:9
[INFO] [stdout]   14:     0x562ed2132ab6 - std::panicking::rust_panic_with_hook::h0a7ad96e90f7145b
[INFO] [stdout]                                at /rustc/0e09125c6c3c2fd70d7de961bcf0e51575235fad/library/std/src/panicking.rs:783:13
[INFO] [stdout]   15:     0x562ed21327c9 - std::panicking::begin_panic_handler::{{closure}}::h7919090525c6485e
[INFO] [stdout]                                at /rustc/0e09125c6c3c2fd70d7de961bcf0e51575235fad/library/std/src/panicking.rs:649:13
[INFO] [stdout]   16:     0x562ed2130e46 - std::sys_common::backtrace::__rust_end_short_backtrace::hf3289479464f7dfe
[INFO] [stdout]                                at /rustc/0e09125c6c3c2fd70d7de961bcf0e51575235fad/library/std/src/sys_common/backtrace.rs:171:18
[INFO] [stdout]   17:     0x562ed2132560 - rust_begin_unwind
[INFO] [stdout]                                at /rustc/0e09125c6c3c2fd70d7de961bcf0e51575235fad/library/std/src/panicking.rs:645:5
[INFO] [stdout]   18:     0x562ed20b2cd5 - core::panicking::panic_fmt::hcc9f77c5c132af55
[INFO] [stdout]                                at /rustc/0e09125c6c3c2fd70d7de961bcf0e51575235fad/library/core/src/panicking.rs:72:14
[INFO] [stdout]   19:     0x562ed20b2d93 - core::panicking::panic::h5a1259c1164bd480
[INFO] [stdout]                                at /rustc/0e09125c6c3c2fd70d7de961bcf0e51575235fad/library/core/src/panicking.rs:144:5
[INFO] [stdout]   20:     0x562ed20cc240 - core::option::Option<T>::unwrap::h16eaa8fe98f6dadf
[INFO] [stdout]                                at /rustc/0e09125c6c3c2fd70d7de961bcf0e51575235fad/library/core/src/option.rs:931:21
[INFO] [stdout]   21:     0x562ed20c16f1 - leetcode::easy::is_isomorphic::h2cd28a9e9a32470b
[INFO] [stdout]                                at /opt/rustwide/workdir/src/easy.rs:58:16
[INFO] [stdout]   22:     0x562ed20bd8db - leetcode::easy::tests::test_is_isomorphic::haaccb3f896acf135
[INFO] [stdout]                                at /opt/rustwide/workdir/src/easy.rs:146:20
[INFO] [stdout]   23:     0x562ed20bd427 - leetcode::easy::tests::test_is_isomorphic::{{closure}}::h86f4d5661e031694
[INFO] [stdout]                                at /opt/rustwide/workdir/src/easy.rs:142:28
[INFO] [stdout]   24:     0x562ed20c85b6 - core::ops::function::FnOnce::call_once::h3691450d346ba4b8
[INFO] [stdout]                                at /rustc/0e09125c6c3c2fd70d7de961bcf0e51575235fad/library/core/src/ops/function.rs:250:5
[INFO] [stdout]   25:     0x562ed2107c2f - core::ops::function::FnOnce::call_once::hd64d26f405258157
[INFO] [stdout]                                at /rustc/0e09125c6c3c2fd70d7de961bcf0e51575235fad/library/core/src/ops/function.rs:250:5
[INFO] [stdout]   26:     0x562ed2107c2f - test::__rust_begin_short_backtrace::he21b0b7a6d731bf9
[INFO] [stdout]                                at /rustc/0e09125c6c3c2fd70d7de961bcf0e51575235fad/library/test/src/lib.rs:627:18
[INFO] [stdout]   27:     0x562ed21069b1 - test::run_test_in_process::{{closure}}::hf5c73986d7bdfde2
[INFO] [stdout]                                at /rustc/0e09125c6c3c2fd70d7de961bcf0e51575235fad/library/test/src/lib.rs:650:60
[INFO] [stdout]   28:     0x562ed21069b1 - <core::panic::unwind_safe::AssertUnwindSafe<F> as core::ops::function::FnOnce<()>>::call_once::h330011ad032aadc0
[INFO] [stdout]                                at /rustc/0e09125c6c3c2fd70d7de961bcf0e51575235fad/library/core/src/panic/unwind_safe.rs:272:9
[INFO] [stdout]   29:     0x562ed21069b1 - std::panicking::try::do_call::he61b0a958b795a41
[INFO] [stdout]                                at /rustc/0e09125c6c3c2fd70d7de961bcf0e51575235fad/library/std/src/panicking.rs:552:40
[INFO] [stdout]   30:     0x562ed21069b1 - std::panicking::try::h7309da130f906eb7
[INFO] [stdout]                                at /rustc/0e09125c6c3c2fd70d7de961bcf0e51575235fad/library/std/src/panicking.rs:516:19
[INFO] [stdout]   31:     0x562ed21069b1 - std::panic::catch_unwind::hc5c3a06fdaf0a92a
[INFO] [stdout]                                at /rustc/0e09125c6c3c2fd70d7de961bcf0e51575235fad/library/std/src/panic.rs:142:14
[INFO] [stdout]   32:     0x562ed21069b1 - test::run_test_in_process::h7e7b7c71c3324e0f
[INFO] [stdout]                                at /rustc/0e09125c6c3c2fd70d7de961bcf0e51575235fad/library/test/src/lib.rs:650:27
[INFO] [stdout]   33:     0x562ed21069b1 - test::run_test::{{closure}}::h1f509f28f5cf20b1
[INFO] [stdout]                                at /rustc/0e09125c6c3c2fd70d7de961bcf0e51575235fad/library/test/src/lib.rs:573:43
[INFO] [stdout]   34:     0x562ed20cdce6 - test::run_test::{{closure}}::h1754218abf443f6d
[INFO] [stdout]                                at /rustc/0e09125c6c3c2fd70d7de961bcf0e51575235fad/library/test/src/lib.rs:601:41
[INFO] [stdout]   35:     0x562ed20cdce6 - std::sys_common::backtrace::__rust_begin_short_backtrace::h2ee174b9d5954948
[INFO] [stdout]                                at /rustc/0e09125c6c3c2fd70d7de961bcf0e51575235fad/library/std/src/sys_common/backtrace.rs:155:18
[INFO] [stdout]   36:     0x562ed20d2d47 - std::thread::Builder::spawn_unchecked_::{{closure}}::{{closure}}::hf60bee9c1a17ef09
[INFO] [stdout]                                at /rustc/0e09125c6c3c2fd70d7de961bcf0e51575235fad/library/std/src/thread/mod.rs:529:17
[INFO] [stdout]   37:     0x562ed20d2d47 - <core::panic::unwind_safe::AssertUnwindSafe<F> as core::ops::function::FnOnce<()>>::call_once::h33d0dddec5216160
[INFO] [stdout]                                at /rustc/0e09125c6c3c2fd70d7de961bcf0e51575235fad/library/core/src/panic/unwind_safe.rs:272:9
[INFO] [stdout]   38:     0x562ed20d2d47 - std::panicking::try::do_call::h144b3048b546f835
[INFO] [stdout]                                at /rustc/0e09125c6c3c2fd70d7de961bcf0e51575235fad/library/std/src/panicking.rs:552:40
[INFO] [stdout]   39:     0x562ed20d2d47 - std::panicking::try::h978244d04646189f
[INFO] [stdout]                                at /rustc/0e09125c6c3c2fd70d7de961bcf0e51575235fad/library/std/src/panicking.rs:516:19
[INFO] [stdout]   40:     0x562ed20d2d47 - std::panic::catch_unwind::hdf436369d188fe86
[INFO] [stdout]                                at /rustc/0e09125c6c3c2fd70d7de961bcf0e51575235fad/library/std/src/panic.rs:142:14
[INFO] [stdout]   41:     0x562ed20d2d47 - std::thread::Builder::spawn_unchecked_::{{closure}}::h87329cbdd33c79ec
[INFO] [stdout]                                at /rustc/0e09125c6c3c2fd70d7de961bcf0e51575235fad/library/std/src/thread/mod.rs:528:30
[INFO] [stdout]   42:     0x562ed20d2d47 - core::ops::function::FnOnce::call_once{{vtable.shim}}::h401abbe67897d450
[INFO] [stdout]                                at /rustc/0e09125c6c3c2fd70d7de961bcf0e51575235fad/library/core/src/ops/function.rs:250:5
[INFO] [stdout]   43:     0x562ed2137565 - <alloc::boxed::Box<F,A> as core::ops::function::FnOnce<Args>>::call_once::h5d7c8f150ab9c84c
[INFO] [stdout]                                at /rustc/0e09125c6c3c2fd70d7de961bcf0e51575235fad/library/alloc/src/boxed.rs:2015:9
[INFO] [stdout]   44:     0x562ed2137565 - <alloc::boxed::Box<F,A> as core::ops::function::FnOnce<Args>>::call_once::h570d5b005c242c15
[INFO] [stdout]                                at /rustc/0e09125c6c3c2fd70d7de961bcf0e51575235fad/library/alloc/src/boxed.rs:2015:9
[INFO] [stdout]   45:     0x562ed2137565 - std::sys::unix::thread::Thread::new::thread_start::h36b0a20c0b2361ad
[INFO] [stdout]                                at /rustc/0e09125c6c3c2fd70d7de961bcf0e51575235fad/library/std/src/sys/unix/thread.rs:108:17
[INFO] [stdout]   46:     0x7f7c4d846ac3 - <unknown>
[INFO] [stdout]   47:     0x7f7c4d8d7bf4 - __clone
[INFO] [stdout]   48:                0x0 - <unknown>
[INFO] [stdout] 
[INFO] [stdout] 
[INFO] [stdout] failures:
[INFO] [stdout]     easy::tests::test_is_isomorphic
[INFO] [stdout] 
[INFO] [stdout] test result: FAILED. 9 passed; 1 failed; 0 ignored; 0 measured; 0 filtered out; finished in 0.03s
[INFO] [stdout] 
[INFO] running `Command { std: "docker" "inspect" "53fad5d8549f2e899efd0853cad88cbf568a221b6261abc8c3ee577c85471dbc", kill_on_drop: false }`
[INFO] running `Command { std: "docker" "rm" "-f" "53fad5d8549f2e899efd0853cad88cbf568a221b6261abc8c3ee577c85471dbc", kill_on_drop: false }`
[INFO] [stdout] 53fad5d8549f2e899efd0853cad88cbf568a221b6261abc8c3ee577c85471dbc
