[INFO] cloning repository https://github.com/MarsRaw/stump
[INFO] running `Command { std: "git" "-c" "credential.helper=" "-c" "credential.helper=/workspace/cargo-home/bin/git-credential-null" "clone" "--bare" "https://github.com/MarsRaw/stump" "/workspace/cache/git-repos/https%3A%2F%2Fgithub.com%2FMarsRaw%2Fstump", kill_on_drop: false }`
[INFO] [stderr] Cloning into bare repository '/workspace/cache/git-repos/https%3A%2F%2Fgithub.com%2FMarsRaw%2Fstump'...
[INFO] running `Command { std: "git" "rev-parse" "HEAD", kill_on_drop: false }`
[INFO] [stdout] 10c091eb01959b467c4ac55ba7a89bb7abcc5a21
[INFO] testing MarsRaw/stump against 1.75.0 for beta-1.76-1
[INFO] running `Command { std: "git" "clone" "/workspace/cache/git-repos/https%3A%2F%2Fgithub.com%2FMarsRaw%2Fstump" "/workspace/builds/worker-3-tc1/source", kill_on_drop: false }`
[INFO] [stderr] Cloning into '/workspace/builds/worker-3-tc1/source'...
[INFO] [stderr] done.
[INFO] validating manifest of git repo https://github.com/MarsRaw/stump on toolchain 1.75.0
[INFO] running `Command { std: CARGO_HOME="/workspace/cargo-home" RUSTUP_HOME="/workspace/rustup-home" "/workspace/cargo-home/bin/cargo" "+1.75.0" "metadata" "--manifest-path" "Cargo.toml" "--no-deps", kill_on_drop: false }`
[INFO] started tweaking git repo https://github.com/MarsRaw/stump
[INFO] finished tweaking git repo https://github.com/MarsRaw/stump
[INFO] tweaked toml for git repo https://github.com/MarsRaw/stump written to /workspace/builds/worker-3-tc1/source/Cargo.toml
[INFO] crate git repo https://github.com/MarsRaw/stump already has a lockfile, it will not be regenerated
[INFO] running `Command { std: CARGO_HOME="/workspace/cargo-home" RUSTUP_HOME="/workspace/rustup-home" "/workspace/cargo-home/bin/cargo" "+1.75.0" "fetch" "--manifest-path" "Cargo.toml", kill_on_drop: false }`
[INFO] [stderr]     Updating crates.io index
[INFO] [stderr]  Downloading crates ...
[INFO] [stderr]   Downloaded termsize v0.1.6
[INFO] running `Command { std: "docker" "create" "-v" "/var/lib/crater-agent-workspace/builds/worker-3-tc1/target:/opt/rustwide/target:rw,Z" "-v" "/var/lib/crater-agent-workspace/builds/worker-3-tc1/source:/opt/rustwide/workdir:ro,Z" "-v" "/var/lib/crater-agent-workspace/cargo-home:/opt/rustwide/cargo-home:ro,Z" "-v" "/var/lib/crater-agent-workspace/rustup-home:/opt/rustwide/rustup-home:ro,Z" "-e" "SOURCE_DIR=/opt/rustwide/workdir" "-e" "CARGO_TARGET_DIR=/opt/rustwide/target" "-e" "CARGO_HOME=/opt/rustwide/cargo-home" "-e" "RUSTUP_HOME=/opt/rustwide/rustup-home" "-w" "/opt/rustwide/workdir" "-m" "1610612736" "--user" "0:0" "--network" "none" "ghcr.io/rust-lang/crates-build-env/linux@sha256:2788e3201cd34a07e3172128adcd8b3090168a8e3bcc40d7c032b9dda1df7d1c" "/opt/rustwide/cargo-home/bin/cargo" "+1.75.0" "metadata" "--no-deps" "--format-version=1", kill_on_drop: false }`
[INFO] [stdout] 255e9f2af0b98656c1784919384c57542d2e61a4d2eef55afac90a46a5fff15d
[INFO] running `Command { std: "docker" "start" "-a" "255e9f2af0b98656c1784919384c57542d2e61a4d2eef55afac90a46a5fff15d", kill_on_drop: false }`
[INFO] running `Command { std: "docker" "inspect" "255e9f2af0b98656c1784919384c57542d2e61a4d2eef55afac90a46a5fff15d", kill_on_drop: false }`
[INFO] running `Command { std: "docker" "rm" "-f" "255e9f2af0b98656c1784919384c57542d2e61a4d2eef55afac90a46a5fff15d", kill_on_drop: false }`
[INFO] [stdout] 255e9f2af0b98656c1784919384c57542d2e61a4d2eef55afac90a46a5fff15d
[INFO] running `Command { std: "docker" "create" "-v" "/var/lib/crater-agent-workspace/builds/worker-3-tc1/target:/opt/rustwide/target:rw,Z" "-v" "/var/lib/crater-agent-workspace/builds/worker-3-tc1/source:/opt/rustwide/workdir:ro,Z" "-v" "/var/lib/crater-agent-workspace/cargo-home:/opt/rustwide/cargo-home:ro,Z" "-v" "/var/lib/crater-agent-workspace/rustup-home:/opt/rustwide/rustup-home:ro,Z" "-e" "SOURCE_DIR=/opt/rustwide/workdir" "-e" "CARGO_TARGET_DIR=/opt/rustwide/target" "-e" "CARGO_INCREMENTAL=0" "-e" "RUST_BACKTRACE=full" "-e" "RUSTFLAGS=--cap-lints=warn" "-e" "RUSTDOCFLAGS=--cap-lints=warn" "-e" "CARGO_HOME=/opt/rustwide/cargo-home" "-e" "RUSTUP_HOME=/opt/rustwide/rustup-home" "-w" "/opt/rustwide/workdir" "-m" "1610612736" "--user" "0:0" "--network" "none" "ghcr.io/rust-lang/crates-build-env/linux@sha256:2788e3201cd34a07e3172128adcd8b3090168a8e3bcc40d7c032b9dda1df7d1c" "/opt/rustwide/cargo-home/bin/cargo" "+1.75.0" "build" "--frozen" "--message-format=json", kill_on_drop: false }`
[INFO] [stdout] e1b3b342a65751b4eddd7408b345956684e1bf3fc9bf7bca2c473e3c4a3e990a
[INFO] running `Command { std: "docker" "start" "-a" "e1b3b342a65751b4eddd7408b345956684e1bf3fc9bf7bca2c473e3c4a3e990a", kill_on_drop: false }`
[INFO] [stderr]    Compiling libc v0.2.144
[INFO] [stderr]    Compiling anyhow v1.0.71
[INFO] [stderr]    Compiling lazy_static v1.4.0
[INFO] [stderr]    Compiling atty v0.2.14
[INFO] [stderr]    Compiling time v0.1.45
[INFO] [stderr]    Compiling colored v2.0.0
[INFO] [stderr]    Compiling termsize v0.1.6
[INFO] [stderr]    Compiling chrono v0.4.26
[INFO] [stderr]    Compiling stump v0.2.1 (/opt/rustwide/workdir)
[INFO] [stderr]     Finished dev [unoptimized + debuginfo] target(s) in 3.97s
[INFO] running `Command { std: "docker" "inspect" "e1b3b342a65751b4eddd7408b345956684e1bf3fc9bf7bca2c473e3c4a3e990a", kill_on_drop: false }`
[INFO] running `Command { std: "docker" "rm" "-f" "e1b3b342a65751b4eddd7408b345956684e1bf3fc9bf7bca2c473e3c4a3e990a", kill_on_drop: false }`
[INFO] [stdout] e1b3b342a65751b4eddd7408b345956684e1bf3fc9bf7bca2c473e3c4a3e990a
[INFO] running `Command { std: "docker" "create" "-v" "/var/lib/crater-agent-workspace/builds/worker-3-tc1/target:/opt/rustwide/target:rw,Z" "-v" "/var/lib/crater-agent-workspace/builds/worker-3-tc1/source:/opt/rustwide/workdir:ro,Z" "-v" "/var/lib/crater-agent-workspace/cargo-home:/opt/rustwide/cargo-home:ro,Z" "-v" "/var/lib/crater-agent-workspace/rustup-home:/opt/rustwide/rustup-home:ro,Z" "-e" "SOURCE_DIR=/opt/rustwide/workdir" "-e" "CARGO_TARGET_DIR=/opt/rustwide/target" "-e" "CARGO_INCREMENTAL=0" "-e" "RUST_BACKTRACE=full" "-e" "RUSTFLAGS=--cap-lints=warn" "-e" "RUSTDOCFLAGS=--cap-lints=warn" "-e" "CARGO_HOME=/opt/rustwide/cargo-home" "-e" "RUSTUP_HOME=/opt/rustwide/rustup-home" "-w" "/opt/rustwide/workdir" "-m" "1610612736" "--user" "0:0" "--network" "none" "ghcr.io/rust-lang/crates-build-env/linux@sha256:2788e3201cd34a07e3172128adcd8b3090168a8e3bcc40d7c032b9dda1df7d1c" "/opt/rustwide/cargo-home/bin/cargo" "+1.75.0" "test" "--frozen" "--no-run" "--message-format=json", kill_on_drop: false }`
[INFO] [stdout] f11bd5a8199f2b5101cc282d6ee97d8d081e91424df79901b09e23992fb3b348
[INFO] running `Command { std: "docker" "start" "-a" "f11bd5a8199f2b5101cc282d6ee97d8d081e91424df79901b09e23992fb3b348", kill_on_drop: false }`
[INFO] [stderr]    Compiling stump v0.2.1 (/opt/rustwide/workdir)
[INFO] [stderr]     Finished test [unoptimized + debuginfo] target(s) in 0.48s
[INFO] running `Command { std: "docker" "inspect" "f11bd5a8199f2b5101cc282d6ee97d8d081e91424df79901b09e23992fb3b348", kill_on_drop: false }`
[INFO] running `Command { std: "docker" "rm" "-f" "f11bd5a8199f2b5101cc282d6ee97d8d081e91424df79901b09e23992fb3b348", kill_on_drop: false }`
[INFO] [stdout] f11bd5a8199f2b5101cc282d6ee97d8d081e91424df79901b09e23992fb3b348
[INFO] running `Command { std: "docker" "create" "-v" "/var/lib/crater-agent-workspace/builds/worker-3-tc1/target:/opt/rustwide/target:rw,Z" "-v" "/var/lib/crater-agent-workspace/builds/worker-3-tc1/source:/opt/rustwide/workdir:ro,Z" "-v" "/var/lib/crater-agent-workspace/cargo-home:/opt/rustwide/cargo-home:ro,Z" "-v" "/var/lib/crater-agent-workspace/rustup-home:/opt/rustwide/rustup-home:ro,Z" "-e" "SOURCE_DIR=/opt/rustwide/workdir" "-e" "CARGO_TARGET_DIR=/opt/rustwide/target" "-e" "CARGO_INCREMENTAL=0" "-e" "RUST_BACKTRACE=full" "-e" "RUSTFLAGS=--cap-lints=warn" "-e" "RUSTDOCFLAGS=--cap-lints=warn" "-e" "CARGO_HOME=/opt/rustwide/cargo-home" "-e" "RUSTUP_HOME=/opt/rustwide/rustup-home" "-w" "/opt/rustwide/workdir" "-m" "1610612736" "--user" "0:0" "--network" "none" "ghcr.io/rust-lang/crates-build-env/linux@sha256:2788e3201cd34a07e3172128adcd8b3090168a8e3bcc40d7c032b9dda1df7d1c" "/opt/rustwide/cargo-home/bin/cargo" "+1.75.0" "test" "--frozen", kill_on_drop: false }`
[INFO] [stdout] c111a90392a46ef9280b23236d5e79ea1af06da7c44335277352a8c4c32ffff5
[INFO] running `Command { std: "docker" "start" "-a" "c111a90392a46ef9280b23236d5e79ea1af06da7c44335277352a8c4c32ffff5", kill_on_drop: false }`
[INFO] [stderr]     Finished test [unoptimized + debuginfo] target(s) in 0.03s
[INFO] [stderr]      Running unittests src/lib.rs (/opt/rustwide/target/debug/deps/stump-639a8091b9ca2a3b)
[INFO] [stderr]    Doc-tests stump
[INFO] [stdout] 
[INFO] [stdout] running 0 tests
[INFO] [stdout] 
[INFO] [stdout] test result: ok. 0 passed; 0 failed; 0 ignored; 0 measured; 0 filtered out; finished in 0.00s
[INFO] [stdout] 
[INFO] [stdout] 
[INFO] [stdout] running 9 tests
[INFO] [stdout] test src/lib.rs - print_fail (line 293) ... FAILED
[INFO] [stdout] test src/lib.rs - set_print (line 64) ... FAILED
[INFO] [stdout] test src/lib.rs - print_experimental (line 346) ... FAILED
[INFO] [stdout] test src/lib.rs - print_done (line 249) ... FAILED
[INFO] [stdout] test src/lib.rs - print_warn (line 271) ... FAILED
[INFO] [stdout] test src/lib.rs - set_verbose (line 98) ... FAILED
[INFO] [stdout] test src/lib.rs - format_fail (line 304) ... ok
[INFO] [stdout] test src/lib.rs - format_done (line 260) ... ok
[INFO] [stdout] test src/lib.rs - format_warn (line 282) ... ok
[INFO] [stdout] 
[INFO] [stdout] failures:
[INFO] [stdout] 
[INFO] [stdout] ---- src/lib.rs - print_fail (line 293) stdout ----
[INFO] [stdout] error[E0425]: cannot find function `print_done` in this scope
[INFO] [stdout]  --> src/lib.rs:294:1
[INFO] [stdout]   |
[INFO] [stdout] 3 | print_done("Completed task #1 with errors");
[INFO] [stdout]   | ^^^^^^^^^^ not found in this scope
[INFO] [stdout]   |
[INFO] [stdout] help: consider importing this function
[INFO] [stdout]   |
[INFO] [stdout] 2 + use stump::print_done;
[INFO] [stdout]   |
[INFO] [stdout] 
[INFO] [stdout] error: aborting due to previous error
[INFO] [stdout] 
[INFO] [stdout] For more information about this error, try `rustc --explain E0425`.
[INFO] [stdout] Couldn't compile the test.
[INFO] [stdout] ---- src/lib.rs - set_print (line 64) stdout ----
[INFO] [stdout] error[E0254]: the name `stump` is defined multiple times
[INFO] [stdout]  --> src/lib.rs:67:5
[INFO] [stdout]   |
[INFO] [stdout] 3 | extern crate r#stump;
[INFO] [stdout]   | --------------------- previous import of the extern crate `stump` here
[INFO] [stdout] 4 | use indicatif::ProgressBar;
[INFO] [stdout] 5 | use stump;
[INFO] [stdout]   |     ^^^^^ `stump` reimported here
[INFO] [stdout]   |
[INFO] [stdout]   = note: `stump` must be defined only once in the type namespace of this module
[INFO] [stdout] 
[INFO] [stdout] error[E0432]: unresolved import `indicatif`
[INFO] [stdout]  --> src/lib.rs:66:5
[INFO] [stdout]   |
[INFO] [stdout] 4 | use indicatif::ProgressBar;
[INFO] [stdout]   |     ^^^^^^^^^ use of undeclared crate or module `indicatif`
[INFO] [stdout] 
[INFO] [stdout] error: cannot find macro `lazy_static` in this scope
[INFO] [stdout]  --> src/lib.rs:69:1
[INFO] [stdout]   |
[INFO] [stdout] 7 | lazy_static! {
[INFO] [stdout]   | ^^^^^^^^^^^
[INFO] [stdout] 
[INFO] [stdout] error[E0425]: cannot find value `PB` in this scope
[INFO] [stdout]   --> src/lib.rs:75:9
[INFO] [stdout]    |
[INFO] [stdout] 13 |         PB.println(s);
[INFO] [stdout]    |         ^^ not found in this scope
[INFO] [stdout] 
[INFO] [stdout] error: aborting due to 4 previous errors
[INFO] [stdout] 
[INFO] [stdout] Some errors have detailed explanations: E0254, E0425, E0432.
[INFO] [stdout] For more information about an error, try `rustc --explain E0254`.
[INFO] [stdout] Couldn't compile the test.
[INFO] [stdout] ---- src/lib.rs - print_experimental (line 346) stdout ----
[INFO] [stdout] error[E0425]: cannot find function `print_experimental` in this scope
[INFO] [stdout]  --> src/lib.rs:347:1
[INFO] [stdout]   |
[INFO] [stdout] 3 | print_experimental()
[INFO] [stdout]   | ^^^^^^^^^^^^^^^^^^ not found in this scope
[INFO] [stdout]   |
[INFO] [stdout] help: consider importing this function
[INFO] [stdout]   |
[INFO] [stdout] 2 + use stump::print_experimental;
[INFO] [stdout]   |
[INFO] [stdout] 
[INFO] [stdout] error: aborting due to previous error
[INFO] [stdout] 
[INFO] [stdout] For more information about this error, try `rustc --explain E0425`.
[INFO] [stdout] Couldn't compile the test.
[INFO] [stdout] ---- src/lib.rs - print_done (line 249) stdout ----
[INFO] [stdout] error[E0425]: cannot find function `print_done` in this scope
[INFO] [stdout]  --> src/lib.rs:250:1
[INFO] [stdout]   |
[INFO] [stdout] 3 | print_done("Completed task #1");
[INFO] [stdout]   | ^^^^^^^^^^ not found in this scope
[INFO] [stdout]   |
[INFO] [stdout] help: consider importing this function
[INFO] [stdout]   |
[INFO] [stdout] 2 + use stump::print_done;
[INFO] [stdout]   |
[INFO] [stdout] 
[INFO] [stdout] error: aborting due to previous error
[INFO] [stdout] 
[INFO] [stdout] For more information about this error, try `rustc --explain E0425`.
[INFO] [stdout] Couldn't compile the test.
[INFO] [stdout] ---- src/lib.rs - print_warn (line 271) stdout ----
[INFO] [stdout] error[E0425]: cannot find function `format_done` in this scope
[INFO] [stdout]  --> src/lib.rs:272:1
[INFO] [stdout]   |
[INFO] [stdout] 3 | format_done("Completed task #1 with warnings");
[INFO] [stdout]   | ^^^^^^^^^^^ not found in this scope
[INFO] [stdout]   |
[INFO] [stdout] help: consider importing this function
[INFO] [stdout]   |
[INFO] [stdout] 2 + use stump::format_done;
[INFO] [stdout]   |
[INFO] [stdout] 
[INFO] [stdout] error: aborting due to previous error
[INFO] [stdout] 
[INFO] [stdout] For more information about this error, try `rustc --explain E0425`.
[INFO] [stdout] Couldn't compile the test.
[INFO] [stdout] ---- src/lib.rs - set_verbose (line 98) stdout ----
[INFO] [stdout] error: cannot find macro `veprintln` in this scope
[INFO] [stdout]   --> src/lib.rs:108:1
[INFO] [stdout]    |
[INFO] [stdout] 13 | veprintln!("Print something {}", "Here");
[INFO] [stdout]    | ^^^^^^^^^
[INFO] [stdout]   --> /rustc/82e1608dfa6e0b5569232559e3d385fea5a93112/library/std/src/macros.rs:216:1
[INFO] [stdout]    |
[INFO] [stdout]    = note: similarly named macro `eprintln` defined here
[INFO] [stdout]    |
[INFO] [stdout] help: a macro with a similar name exists
[INFO] [stdout]    |
[INFO] [stdout] 13 | eprintln!("Print something {}", "Here");
[INFO] [stdout]    | ~~~~~~~~
[INFO] [stdout] help: consider importing this macro
[INFO] [stdout]    |
[INFO] [stdout] 2  + use stump::veprintln;
[INFO] [stdout]    |
[INFO] [stdout] 
[INFO] [stdout] error: cannot find macro `vprintln` in this scope
[INFO] [stdout]   --> src/lib.rs:105:1
[INFO] [stdout]    |
[INFO] [stdout] 10 | vprintln!("Print something {}", "Here");
[INFO] [stdout]    | ^^^^^^^^
[INFO] [stdout]   --> /rustc/82e1608dfa6e0b5569232559e3d385fea5a93112/library/std/src/macros.rs:216:1
[INFO] [stdout]    |
[INFO] [stdout]    = note: similarly named macro `eprintln` defined here
[INFO] [stdout]    |
[INFO] [stdout] help: a macro with a similar name exists
[INFO] [stdout]    |
[INFO] [stdout] 10 | eprintln!("Print something {}", "Here");
[INFO] [stdout]    | ~~~~~~~~
[INFO] [stdout] help: consider importing this macro
[INFO] [stdout]    |
[INFO] [stdout] 2  + use stump::vprintln;
[INFO] [stdout]    |
[INFO] [stdout] 
[INFO] [stdout] error: cannot find macro `vprintln` in this scope
[INFO] [stdout]  --> src/lib.rs:100:1
[INFO] [stdout]   |
[INFO] [stdout] 5 | vprintln!("This won't print as the default is false");
[INFO] [stdout]   | ^^^^^^^^
[INFO] [stdout]  --> /rustc/82e1608dfa6e0b5569232559e3d385fea5a93112/library/std/src/macros.rs:216:1
[INFO] [stdout]   |
[INFO] [stdout]   = note: similarly named macro `eprintln` defined here
[INFO] [stdout]   |
[INFO] [stdout] help: a macro with a similar name exists
[INFO] [stdout]   |
[INFO] [stdout] 5 | eprintln!("This won't print as the default is false");
[INFO] [stdout]   | ~~~~~~~~
[INFO] [stdout] help: consider importing this macro
[INFO] [stdout]   |
[INFO] [stdout] 2 + use stump::vprintln;
[INFO] [stdout]   |
[INFO] [stdout] 
[INFO] [stdout] error[E0425]: cannot find function `vprintln` in this scope
[INFO] [stdout]   --> src/lib.rs:113:1
[INFO] [stdout]    |
[INFO] [stdout] 18 | vprintln("Again nothing will print");
[INFO] [stdout]    | ^^^^^^^^ not found in this scope
[INFO] [stdout] 
[INFO] [stdout] error: aborting due to 4 previous errors
[INFO] [stdout] 
[INFO] [stdout] For more information about this error, try `rustc --explain E0425`.
[INFO] [stdout] Couldn't compile the test.
[INFO] [stdout] 
[INFO] [stdout] failures:
[INFO] [stdout]     src/lib.rs - print_done (line 249)
[INFO] [stdout]     src/lib.rs - print_experimental (line 346)
[INFO] [stdout]     src/lib.rs - print_fail (line 293)
[INFO] [stdout]     src/lib.rs - print_warn (line 271)
[INFO] [stdout]     src/lib.rs - set_print (line 64)
[INFO] [stdout]     src/lib.rs - set_verbose (line 98)
[INFO] [stdout] 
[INFO] [stdout] test result: FAILED. 3 passed; 6 failed; 0 ignored; 0 measured; 0 filtered out; finished in 0.79s
[INFO] [stdout] 
[INFO] [stderr] error: doctest failed, to rerun pass `--doc`
[INFO] running `Command { std: "docker" "inspect" "c111a90392a46ef9280b23236d5e79ea1af06da7c44335277352a8c4c32ffff5", kill_on_drop: false }`
[INFO] running `Command { std: "docker" "rm" "-f" "c111a90392a46ef9280b23236d5e79ea1af06da7c44335277352a8c4c32ffff5", kill_on_drop: false }`
[INFO] [stdout] c111a90392a46ef9280b23236d5e79ea1af06da7c44335277352a8c4c32ffff5
[INFO] testing MarsRaw/stump against beta-2023-12-22 for beta-1.76-1
[INFO] running `Command { std: "git" "clone" "/workspace/cache/git-repos/https%3A%2F%2Fgithub.com%2FMarsRaw%2Fstump" "/workspace/builds/worker-3-tc2/source", kill_on_drop: false }`
[INFO] [stderr] Cloning into '/workspace/builds/worker-3-tc2/source'...
[INFO] [stderr] done.
[INFO] validating manifest of git repo https://github.com/MarsRaw/stump on toolchain beta-2023-12-22
[INFO] running `Command { std: CARGO_HOME="/workspace/cargo-home" RUSTUP_HOME="/workspace/rustup-home" "/workspace/cargo-home/bin/cargo" "+beta-2023-12-22" "metadata" "--manifest-path" "Cargo.toml" "--no-deps", kill_on_drop: false }`
[INFO] started tweaking git repo https://github.com/MarsRaw/stump
[INFO] finished tweaking git repo https://github.com/MarsRaw/stump
[INFO] tweaked toml for git repo https://github.com/MarsRaw/stump written to /workspace/builds/worker-3-tc2/source/Cargo.toml
[INFO] crate git repo https://github.com/MarsRaw/stump already has a lockfile, it will not be regenerated
[INFO] running `Command { std: CARGO_HOME="/workspace/cargo-home" RUSTUP_HOME="/workspace/rustup-home" "/workspace/cargo-home/bin/cargo" "+beta-2023-12-22" "fetch" "--manifest-path" "Cargo.toml", kill_on_drop: false }`
[INFO] running `Command { std: "docker" "create" "-v" "/var/lib/crater-agent-workspace/builds/worker-3-tc2/target:/opt/rustwide/target:rw,Z" "-v" "/var/lib/crater-agent-workspace/builds/worker-3-tc2/source:/opt/rustwide/workdir:ro,Z" "-v" "/var/lib/crater-agent-workspace/cargo-home:/opt/rustwide/cargo-home:ro,Z" "-v" "/var/lib/crater-agent-workspace/rustup-home:/opt/rustwide/rustup-home:ro,Z" "-e" "SOURCE_DIR=/opt/rustwide/workdir" "-e" "CARGO_TARGET_DIR=/opt/rustwide/target" "-e" "CARGO_HOME=/opt/rustwide/cargo-home" "-e" "RUSTUP_HOME=/opt/rustwide/rustup-home" "-w" "/opt/rustwide/workdir" "-m" "1610612736" "--user" "0:0" "--network" "none" "ghcr.io/rust-lang/crates-build-env/linux@sha256:2788e3201cd34a07e3172128adcd8b3090168a8e3bcc40d7c032b9dda1df7d1c" "/opt/rustwide/cargo-home/bin/cargo" "+beta-2023-12-22" "metadata" "--no-deps" "--format-version=1", kill_on_drop: false }`
[INFO] [stdout] 0d477ac719a93d5a799e047b0334722cd24287383cfa49da38bd44cb2f067dc6
[INFO] running `Command { std: "docker" "start" "-a" "0d477ac719a93d5a799e047b0334722cd24287383cfa49da38bd44cb2f067dc6", kill_on_drop: false }`
[INFO] running `Command { std: "docker" "inspect" "0d477ac719a93d5a799e047b0334722cd24287383cfa49da38bd44cb2f067dc6", kill_on_drop: false }`
[INFO] running `Command { std: "docker" "rm" "-f" "0d477ac719a93d5a799e047b0334722cd24287383cfa49da38bd44cb2f067dc6", kill_on_drop: false }`
[INFO] [stdout] 0d477ac719a93d5a799e047b0334722cd24287383cfa49da38bd44cb2f067dc6
[INFO] running `Command { std: "docker" "create" "-v" "/var/lib/crater-agent-workspace/builds/worker-3-tc2/target:/opt/rustwide/target:rw,Z" "-v" "/var/lib/crater-agent-workspace/builds/worker-3-tc2/source:/opt/rustwide/workdir:ro,Z" "-v" "/var/lib/crater-agent-workspace/cargo-home:/opt/rustwide/cargo-home:ro,Z" "-v" "/var/lib/crater-agent-workspace/rustup-home:/opt/rustwide/rustup-home:ro,Z" "-e" "SOURCE_DIR=/opt/rustwide/workdir" "-e" "CARGO_TARGET_DIR=/opt/rustwide/target" "-e" "CARGO_INCREMENTAL=0" "-e" "RUST_BACKTRACE=full" "-e" "RUSTFLAGS=--cap-lints=warn" "-e" "RUSTDOCFLAGS=--cap-lints=warn" "-e" "CARGO_HOME=/opt/rustwide/cargo-home" "-e" "RUSTUP_HOME=/opt/rustwide/rustup-home" "-w" "/opt/rustwide/workdir" "-m" "1610612736" "--user" "0:0" "--network" "none" "ghcr.io/rust-lang/crates-build-env/linux@sha256:2788e3201cd34a07e3172128adcd8b3090168a8e3bcc40d7c032b9dda1df7d1c" "/opt/rustwide/cargo-home/bin/cargo" "+beta-2023-12-22" "build" "--frozen" "--message-format=json", kill_on_drop: false }`
[INFO] [stdout] 4da255b52dd4ca8c3770d30379b22249c0d5c354a93aedc6eab347d728fb484b
[INFO] running `Command { std: "docker" "start" "-a" "4da255b52dd4ca8c3770d30379b22249c0d5c354a93aedc6eab347d728fb484b", kill_on_drop: false }`
[INFO] [stderr]    Compiling libc v0.2.144
[INFO] [stderr]    Compiling anyhow v1.0.71
[INFO] [stderr]    Compiling lazy_static v1.4.0
[INFO] [stderr]    Compiling atty v0.2.14
[INFO] [stderr]    Compiling time v0.1.45
[INFO] [stderr]    Compiling colored v2.0.0
[INFO] [stderr]    Compiling termsize v0.1.6
[INFO] [stderr]    Compiling chrono v0.4.26
[INFO] [stderr]    Compiling stump v0.2.1 (/opt/rustwide/workdir)
[INFO] [stderr]     Finished dev [unoptimized + debuginfo] target(s) in 3.39s
[INFO] running `Command { std: "docker" "inspect" "4da255b52dd4ca8c3770d30379b22249c0d5c354a93aedc6eab347d728fb484b", kill_on_drop: false }`
[INFO] running `Command { std: "docker" "rm" "-f" "4da255b52dd4ca8c3770d30379b22249c0d5c354a93aedc6eab347d728fb484b", kill_on_drop: false }`
[INFO] [stdout] 4da255b52dd4ca8c3770d30379b22249c0d5c354a93aedc6eab347d728fb484b
[INFO] running `Command { std: "docker" "create" "-v" "/var/lib/crater-agent-workspace/builds/worker-3-tc2/target:/opt/rustwide/target:rw,Z" "-v" "/var/lib/crater-agent-workspace/builds/worker-3-tc2/source:/opt/rustwide/workdir:ro,Z" "-v" "/var/lib/crater-agent-workspace/cargo-home:/opt/rustwide/cargo-home:ro,Z" "-v" "/var/lib/crater-agent-workspace/rustup-home:/opt/rustwide/rustup-home:ro,Z" "-e" "SOURCE_DIR=/opt/rustwide/workdir" "-e" "CARGO_TARGET_DIR=/opt/rustwide/target" "-e" "CARGO_INCREMENTAL=0" "-e" "RUST_BACKTRACE=full" "-e" "RUSTFLAGS=--cap-lints=warn" "-e" "RUSTDOCFLAGS=--cap-lints=warn" "-e" "CARGO_HOME=/opt/rustwide/cargo-home" "-e" "RUSTUP_HOME=/opt/rustwide/rustup-home" "-w" "/opt/rustwide/workdir" "-m" "1610612736" "--user" "0:0" "--network" "none" "ghcr.io/rust-lang/crates-build-env/linux@sha256:2788e3201cd34a07e3172128adcd8b3090168a8e3bcc40d7c032b9dda1df7d1c" "/opt/rustwide/cargo-home/bin/cargo" "+beta-2023-12-22" "test" "--frozen" "--no-run" "--message-format=json", kill_on_drop: false }`
[INFO] [stdout] febc79d442406ff6972f6d1a72139aed900f3dd47784451eb48d88e8f431783d
[INFO] running `Command { std: "docker" "start" "-a" "febc79d442406ff6972f6d1a72139aed900f3dd47784451eb48d88e8f431783d", kill_on_drop: false }`
[INFO] [stderr]    Compiling stump v0.2.1 (/opt/rustwide/workdir)
[INFO] [stderr]     Finished test [unoptimized + debuginfo] target(s) in 0.48s
[INFO] running `Command { std: "docker" "inspect" "febc79d442406ff6972f6d1a72139aed900f3dd47784451eb48d88e8f431783d", kill_on_drop: false }`
[INFO] running `Command { std: "docker" "rm" "-f" "febc79d442406ff6972f6d1a72139aed900f3dd47784451eb48d88e8f431783d", kill_on_drop: false }`
[INFO] [stdout] febc79d442406ff6972f6d1a72139aed900f3dd47784451eb48d88e8f431783d
[INFO] running `Command { std: "docker" "create" "-v" "/var/lib/crater-agent-workspace/builds/worker-3-tc2/target:/opt/rustwide/target:rw,Z" "-v" "/var/lib/crater-agent-workspace/builds/worker-3-tc2/source:/opt/rustwide/workdir:ro,Z" "-v" "/var/lib/crater-agent-workspace/cargo-home:/opt/rustwide/cargo-home:ro,Z" "-v" "/var/lib/crater-agent-workspace/rustup-home:/opt/rustwide/rustup-home:ro,Z" "-e" "SOURCE_DIR=/opt/rustwide/workdir" "-e" "CARGO_TARGET_DIR=/opt/rustwide/target" "-e" "CARGO_INCREMENTAL=0" "-e" "RUST_BACKTRACE=full" "-e" "RUSTFLAGS=--cap-lints=warn" "-e" "RUSTDOCFLAGS=--cap-lints=warn" "-e" "CARGO_HOME=/opt/rustwide/cargo-home" "-e" "RUSTUP_HOME=/opt/rustwide/rustup-home" "-w" "/opt/rustwide/workdir" "-m" "1610612736" "--user" "0:0" "--network" "none" "ghcr.io/rust-lang/crates-build-env/linux@sha256:2788e3201cd34a07e3172128adcd8b3090168a8e3bcc40d7c032b9dda1df7d1c" "/opt/rustwide/cargo-home/bin/cargo" "+beta-2023-12-22" "test" "--frozen", kill_on_drop: false }`
[INFO] [stdout] 0d72ae9213cb9b18b9dd62385453c90e0c88515154c7c1907bcfa199198571eb
[INFO] running `Command { std: "docker" "start" "-a" "0d72ae9213cb9b18b9dd62385453c90e0c88515154c7c1907bcfa199198571eb", kill_on_drop: false }`
[INFO] [stderr]     Finished test [unoptimized + debuginfo] target(s) in 0.03s
[INFO] [stderr]      Running unittests src/lib.rs (/opt/rustwide/target/debug/deps/stump-60cdbb6f40b84f15)
[INFO] [stdout] 
[INFO] [stdout] running 0 tests
[INFO] [stdout] 
[INFO] [stdout] test result: ok. 0 passed; 0 failed; 0 ignored; 0 measured; 0 filtered out; finished in 0.00s
[INFO] [stdout] 
[INFO] [stderr]    Doc-tests stump
[INFO] [stdout] 
[INFO] [stdout] running 9 tests
[INFO] [stdout] test src/lib.rs - print_warn (line 271) ... FAILED
[INFO] [stdout] test src/lib.rs - print_fail (line 293) ... FAILED
[INFO] [stdout] test src/lib.rs - print_done (line 249) ... FAILED
[INFO] [stdout] test src/lib.rs - print_experimental (line 346) ... FAILED
[INFO] [stdout] test src/lib.rs - set_print (line 64) ... FAILED
[INFO] [stdout] test src/lib.rs - set_verbose (line 98) ... FAILED
[INFO] [stdout] test src/lib.rs - format_done (line 260) ... ok
[INFO] [stdout] test src/lib.rs - format_warn (line 282) ... ok
[INFO] [stdout] test src/lib.rs - format_fail (line 304) ... ok
[INFO] [stdout] 
[INFO] [stdout] failures:
[INFO] [stdout] 
[INFO] [stdout] ---- src/lib.rs - print_warn (line 271) stdout ----
[INFO] [stdout] error[E0425]: cannot find function `format_done` in this scope
[INFO] [stdout]  --> src/lib.rs:272:1
[INFO] [stdout]   |
[INFO] [stdout] 3 | format_done("Completed task #1 with warnings");
[INFO] [stdout]   | ^^^^^^^^^^^ not found in this scope
[INFO] [stdout]   |
[INFO] [stdout] help: consider importing this function
[INFO] [stdout]   |
[INFO] [stdout] 2 + use stump::format_done;
[INFO] [stdout]   |
[INFO] [stdout] 
[INFO] [stdout] error: aborting due to 1 previous error
[INFO] [stdout] 
[INFO] [stdout] For more information about this error, try `rustc --explain E0425`.
[INFO] [stdout] Couldn't compile the test.
[INFO] [stdout] ---- src/lib.rs - print_fail (line 293) stdout ----
[INFO] [stdout] error[E0425]: cannot find function `print_done` in this scope
[INFO] [stdout]  --> src/lib.rs:294:1
[INFO] [stdout]   |
[INFO] [stdout] 3 | print_done("Completed task #1 with errors");
[INFO] [stdout]   | ^^^^^^^^^^ not found in this scope
[INFO] [stdout]   |
[INFO] [stdout] help: consider importing this function
[INFO] [stdout]   |
[INFO] [stdout] 2 + use stump::print_done;
[INFO] [stdout]   |
[INFO] [stdout] 
[INFO] [stdout] error: aborting due to 1 previous error
[INFO] [stdout] 
[INFO] [stdout] For more information about this error, try `rustc --explain E0425`.
[INFO] [stdout] Couldn't compile the test.
[INFO] [stdout] ---- src/lib.rs - print_done (line 249) stdout ----
[INFO] [stdout] error[E0425]: cannot find function `print_done` in this scope
[INFO] [stdout]  --> src/lib.rs:250:1
[INFO] [stdout]   |
[INFO] [stdout] 3 | print_done("Completed task #1");
[INFO] [stdout]   | ^^^^^^^^^^ not found in this scope
[INFO] [stdout]   |
[INFO] [stdout] help: consider importing this function
[INFO] [stdout]   |
[INFO] [stdout] 2 + use stump::print_done;
[INFO] [stdout]   |
[INFO] [stdout] 
[INFO] [stdout] error: aborting due to 1 previous error
[INFO] [stdout] 
[INFO] [stdout] For more information about this error, try `rustc --explain E0425`.
[INFO] [stdout] Couldn't compile the test.
[INFO] [stdout] ---- src/lib.rs - print_experimental (line 346) stdout ----
[INFO] [stdout] error[E0425]: cannot find function `print_experimental` in this scope
[INFO] [stdout]  --> src/lib.rs:347:1
[INFO] [stdout]   |
[INFO] [stdout] 3 | print_experimental()
[INFO] [stdout]   | ^^^^^^^^^^^^^^^^^^ not found in this scope
[INFO] [stdout]   |
[INFO] [stdout] help: consider importing this function
[INFO] [stdout]   |
[INFO] [stdout] 2 + use stump::print_experimental;
[INFO] [stdout]   |
[INFO] [stdout] 
[INFO] [stdout] error: aborting due to 1 previous error
[INFO] [stdout] 
[INFO] [stdout] For more information about this error, try `rustc --explain E0425`.
[INFO] [stdout] Couldn't compile the test.
[INFO] [stdout] ---- src/lib.rs - set_print (line 64) stdout ----
[INFO] [stdout] error[E0254]: the name `stump` is defined multiple times
[INFO] [stdout]  --> src/lib.rs:67:5
[INFO] [stdout]   |
[INFO] [stdout] 3 | extern crate r#stump;
[INFO] [stdout]   | --------------------- previous import of the extern crate `stump` here
[INFO] [stdout] 4 | use indicatif::ProgressBar;
[INFO] [stdout] 5 | use stump;
[INFO] [stdout]   |     ^^^^^ `stump` reimported here
[INFO] [stdout]   |
[INFO] [stdout]   = note: `stump` must be defined only once in the type namespace of this module
[INFO] [stdout] 
[INFO] [stdout] error[E0432]: unresolved import `indicatif`
[INFO] [stdout]  --> src/lib.rs:66:5
[INFO] [stdout]   |
[INFO] [stdout] 4 | use indicatif::ProgressBar;
[INFO] [stdout]   |     ^^^^^^^^^ use of undeclared crate or module `indicatif`
[INFO] [stdout] 
[INFO] [stdout] error: cannot find macro `lazy_static` in this scope
[INFO] [stdout]  --> src/lib.rs:69:1
[INFO] [stdout]   |
[INFO] [stdout] 7 | lazy_static! {
[INFO] [stdout]   | ^^^^^^^^^^^
[INFO] [stdout] 
[INFO] [stdout] error[E0425]: cannot find value `PB` in this scope
[INFO] [stdout]   --> src/lib.rs:75:9
[INFO] [stdout]    |
[INFO] [stdout] 13 |         PB.println(s);
[INFO] [stdout]    |         ^^ not found in this scope
[INFO] [stdout] 
[INFO] [stdout] error: aborting due to 4 previous errors
[INFO] [stdout] 
[INFO] [stdout] Some errors have detailed explanations: E0254, E0425, E0432.
[INFO] [stdout] For more information about an error, try `rustc --explain E0254`.
[INFO] [stdout] Couldn't compile the test.
[INFO] [stdout] ---- src/lib.rs - set_verbose (line 98) stdout ----
[INFO] [stdout] error: cannot find macro `veprintln` in this scope
[INFO] [stdout]   --> src/lib.rs:108:1
[INFO] [stdout]    |
[INFO] [stdout] 13 | veprintln!("Print something {}", "Here");
[INFO] [stdout]    | ^^^^^^^^^
[INFO] [stdout]   --> /rustc/0e09125c6c3c2fd70d7de961bcf0e51575235fad/library/std/src/macros.rs:216:1
[INFO] [stdout]    |
[INFO] [stdout]    = note: similarly named macro `eprintln` defined here
[INFO] [stdout]    |
[INFO] [stdout] help: a macro with a similar name exists
[INFO] [stdout]    |
[INFO] [stdout] 13 | eprintln!("Print something {}", "Here");
[INFO] [stdout]    | ~~~~~~~~
[INFO] [stdout] help: consider importing this macro
[INFO] [stdout]    |
[INFO] [stdout] 2  + use stump::veprintln;
[INFO] [stdout]    |
[INFO] [stdout] 
[INFO] [stdout] error: cannot find macro `vprintln` in this scope
[INFO] [stdout]   --> src/lib.rs:105:1
[INFO] [stdout]    |
[INFO] [stdout] 10 | vprintln!("Print something {}", "Here");
[INFO] [stdout]    | ^^^^^^^^
[INFO] [stdout]   --> /rustc/0e09125c6c3c2fd70d7de961bcf0e51575235fad/library/std/src/macros.rs:216:1
[INFO] [stdout]    |
[INFO] [stdout]    = note: similarly named macro `eprintln` defined here
[INFO] [stdout]    |
[INFO] [stdout] help: a macro with a similar name exists
[INFO] [stdout]    |
[INFO] [stdout] 10 | eprintln!("Print something {}", "Here");
[INFO] [stdout]    | ~~~~~~~~
[INFO] [stdout] help: consider importing this macro
[INFO] [stdout]    |
[INFO] [stdout] 2  + use stump::vprintln;
[INFO] [stdout]    |
[INFO] [stdout] 
[INFO] [stdout] error: cannot find macro `vprintln` in this scope
[INFO] [stdout]  --> src/lib.rs:100:1
[INFO] [stdout]   |
[INFO] [stdout] 5 | vprintln!("This won't print as the default is false");
[INFO] [stdout]   | ^^^^^^^^
[INFO] [stdout]  --> /rustc/0e09125c6c3c2fd70d7de961bcf0e51575235fad/library/std/src/macros.rs:216:1
[INFO] [stdout]   |
[INFO] [stdout]   = note: similarly named macro `eprintln` defined here
[INFO] [stdout]   |
[INFO] [stdout] help: a macro with a similar name exists
[INFO] [stdout]   |
[INFO] [stdout] 5 | eprintln!("This won't print as the default is false");
[INFO] [stdout]   | ~~~~~~~~
[INFO] [stdout] help: consider importing this macro
[INFO] [stdout]   |
[INFO] [stdout] 2 + use stump::vprintln;
[INFO] [stdout]   |
[INFO] [stdout] 
[INFO] [stdout] error[E0425]: cannot find function `vprintln` in this scope
[INFO] [stdout]   --> src/lib.rs:113:1
[INFO] [stdout]    |
[INFO] [stdout] 18 | vprintln("Again nothing will print");
[INFO] [stdout]    | ^^^^^^^^ not found in this scope
[INFO] [stdout] 
[INFO] [stdout] error: aborting due to 4 previous errors
[INFO] [stdout] 
[INFO] [stdout] For more information about this error, try `rustc --explain E0425`.
[INFO] [stdout] Couldn't compile the test.
[INFO] [stdout] 
[INFO] [stdout] failures:
[INFO] [stdout]     src/lib.rs - print_done (line 249)
[INFO] [stdout]     src/lib.rs - print_experimental (line 346)
[INFO] [stdout]     src/lib.rs - print_fail (line 293)
[INFO] [stdout]     src/lib.rs - print_warn (line 271)
[INFO] [stdout]     src/lib.rs - set_print (line 64)
[INFO] [stdout]     src/lib.rs - set_verbose (line 98)
[INFO] [stdout] 
[INFO] [stdout] test result: FAILED. 3 passed; 6 failed; 0 ignored; 0 measured; 0 filtered out; finished in 0.57s
[INFO] [stdout] 
[INFO] [stderr] error: doctest failed, to rerun pass `--doc`
[INFO] running `Command { std: "docker" "inspect" "0d72ae9213cb9b18b9dd62385453c90e0c88515154c7c1907bcfa199198571eb", kill_on_drop: false }`
[INFO] running `Command { std: "docker" "rm" "-f" "0d72ae9213cb9b18b9dd62385453c90e0c88515154c7c1907bcfa199198571eb", kill_on_drop: false }`
[INFO] [stdout] 0d72ae9213cb9b18b9dd62385453c90e0c88515154c7c1907bcfa199198571eb
