[INFO] cloning repository https://github.com/Marcus0086/DSA
[INFO] running `Command { std: "git" "-c" "credential.helper=" "-c" "credential.helper=/workspace/cargo-home/bin/git-credential-null" "clone" "--bare" "https://github.com/Marcus0086/DSA" "/workspace/cache/git-repos/https%3A%2F%2Fgithub.com%2FMarcus0086%2FDSA", kill_on_drop: false }`
[INFO] [stderr] Cloning into bare repository '/workspace/cache/git-repos/https%3A%2F%2Fgithub.com%2FMarcus0086%2FDSA'...
[INFO] running `Command { std: "git" "rev-parse" "HEAD", kill_on_drop: false }`
[INFO] [stdout] 1ebc5319407c1617532989fab9889172b4439093
[INFO] testing Marcus0086/DSA against 1.75.0 for beta-1.76-1
[INFO] running `Command { std: "git" "clone" "/workspace/cache/git-repos/https%3A%2F%2Fgithub.com%2FMarcus0086%2FDSA" "/workspace/builds/worker-0-tc1/source", kill_on_drop: false }`
[INFO] [stderr] Cloning into '/workspace/builds/worker-0-tc1/source'...
[INFO] [stderr] done.
[INFO] validating manifest of git repo https://github.com/Marcus0086/DSA on toolchain 1.75.0
[INFO] running `Command { std: CARGO_HOME="/workspace/cargo-home" RUSTUP_HOME="/workspace/rustup-home" "/workspace/cargo-home/bin/cargo" "+1.75.0" "metadata" "--manifest-path" "Cargo.toml" "--no-deps", kill_on_drop: false }`
[INFO] started tweaking git repo https://github.com/Marcus0086/DSA
[INFO] finished tweaking git repo https://github.com/Marcus0086/DSA
[INFO] tweaked toml for git repo https://github.com/Marcus0086/DSA written to /workspace/builds/worker-0-tc1/source/Cargo.toml
[INFO] crate git repo https://github.com/Marcus0086/DSA already has a lockfile, it will not be regenerated
[INFO] running `Command { std: CARGO_HOME="/workspace/cargo-home" RUSTUP_HOME="/workspace/rustup-home" "/workspace/cargo-home/bin/cargo" "+1.75.0" "fetch" "--manifest-path" "Cargo.toml", kill_on_drop: false }`
[INFO] running `Command { std: "docker" "create" "-v" "/var/lib/crater-agent-workspace/builds/worker-0-tc1/target:/opt/rustwide/target:rw,Z" "-v" "/var/lib/crater-agent-workspace/builds/worker-0-tc1/source:/opt/rustwide/workdir:ro,Z" "-v" "/var/lib/crater-agent-workspace/cargo-home:/opt/rustwide/cargo-home:ro,Z" "-v" "/var/lib/crater-agent-workspace/rustup-home:/opt/rustwide/rustup-home:ro,Z" "-e" "SOURCE_DIR=/opt/rustwide/workdir" "-e" "CARGO_TARGET_DIR=/opt/rustwide/target" "-e" "CARGO_HOME=/opt/rustwide/cargo-home" "-e" "RUSTUP_HOME=/opt/rustwide/rustup-home" "-w" "/opt/rustwide/workdir" "-m" "1610612736" "--user" "0:0" "--network" "none" "ghcr.io/rust-lang/crates-build-env/linux@sha256:2788e3201cd34a07e3172128adcd8b3090168a8e3bcc40d7c032b9dda1df7d1c" "/opt/rustwide/cargo-home/bin/cargo" "+1.75.0" "metadata" "--no-deps" "--format-version=1", kill_on_drop: false }`
[INFO] [stdout] 091a32173dda0b88043147a3c05e73903eb18e5f36ceacf53f710524beb03dd2
[INFO] running `Command { std: "docker" "start" "-a" "091a32173dda0b88043147a3c05e73903eb18e5f36ceacf53f710524beb03dd2", kill_on_drop: false }`
[INFO] running `Command { std: "docker" "inspect" "091a32173dda0b88043147a3c05e73903eb18e5f36ceacf53f710524beb03dd2", kill_on_drop: false }`
[INFO] running `Command { std: "docker" "rm" "-f" "091a32173dda0b88043147a3c05e73903eb18e5f36ceacf53f710524beb03dd2", kill_on_drop: false }`
[INFO] [stdout] 091a32173dda0b88043147a3c05e73903eb18e5f36ceacf53f710524beb03dd2
[INFO] running `Command { std: "docker" "create" "-v" "/var/lib/crater-agent-workspace/builds/worker-0-tc1/target:/opt/rustwide/target:rw,Z" "-v" "/var/lib/crater-agent-workspace/builds/worker-0-tc1/source:/opt/rustwide/workdir:ro,Z" "-v" "/var/lib/crater-agent-workspace/cargo-home:/opt/rustwide/cargo-home:ro,Z" "-v" "/var/lib/crater-agent-workspace/rustup-home:/opt/rustwide/rustup-home:ro,Z" "-e" "SOURCE_DIR=/opt/rustwide/workdir" "-e" "CARGO_TARGET_DIR=/opt/rustwide/target" "-e" "CARGO_INCREMENTAL=0" "-e" "RUST_BACKTRACE=full" "-e" "RUSTFLAGS=--cap-lints=warn" "-e" "RUSTDOCFLAGS=--cap-lints=warn" "-e" "CARGO_HOME=/opt/rustwide/cargo-home" "-e" "RUSTUP_HOME=/opt/rustwide/rustup-home" "-w" "/opt/rustwide/workdir" "-m" "1610612736" "--user" "0:0" "--network" "none" "ghcr.io/rust-lang/crates-build-env/linux@sha256:2788e3201cd34a07e3172128adcd8b3090168a8e3bcc40d7c032b9dda1df7d1c" "/opt/rustwide/cargo-home/bin/cargo" "+1.75.0" "build" "--frozen" "--message-format=json", kill_on_drop: false }`
[INFO] [stdout] 4fba0a71acddaba948368b4ce31e37f68ff517fe1ea7e02a8ab45dc5f7e4b232
[INFO] running `Command { std: "docker" "start" "-a" "4fba0a71acddaba948368b4ce31e37f68ff517fe1ea7e02a8ab45dc5f7e4b232", kill_on_drop: false }`
[INFO] [stderr]    Compiling leetcode v0.1.0 (/opt/rustwide/workdir)
[INFO] [stdout] warning: unnecessary parentheses around `if` condition
[INFO] [stdout]   --> src/array_str.rs:75:12
[INFO] [stdout]    |
[INFO] [stdout] 75 |         if (s.len() == 0 || s.len() == 1) {
[INFO] [stdout]    |            ^                            ^
[INFO] [stdout]    |
[INFO] [stdout]    = note: `#[warn(unused_parens)]` on by default
[INFO] [stdout] help: remove these parentheses
[INFO] [stdout]    |
[INFO] [stdout] 75 -         if (s.len() == 0 || s.len() == 1) {
[INFO] [stdout] 75 +         if s.len() == 0 || s.len() == 1 {
[INFO] [stdout]    |
[INFO] [stdout] 
[INFO] [stdout] 
[INFO] [stdout] warning: the item `VecDeque` is imported redundantly
[INFO] [stdout]   --> src/graphs.rs:70:13
[INFO] [stdout]    |
[INFO] [stdout] 1  | use std::collections::{HashMap, HashSet, VecDeque};
[INFO] [stdout]    |                                          -------- the item `VecDeque` is already imported here
[INFO] [stdout] ...
[INFO] [stdout] 70 |         use std::collections::VecDeque;
[INFO] [stdout]    |             ^^^^^^^^^^^^^^^^^^^^^^^^^^
[INFO] [stdout]    |
[INFO] [stdout]    = note: `#[warn(unused_imports)]` on by default
[INFO] [stdout] 
[INFO] [stdout] 
[INFO] [stdout] warning: the item `VecDeque` is imported redundantly
[INFO] [stdout]    --> src/graphs.rs:103:13
[INFO] [stdout]     |
[INFO] [stdout] 1   | use std::collections::{HashMap, HashSet, VecDeque};
[INFO] [stdout]     |                                          -------- the item `VecDeque` is already imported here
[INFO] [stdout] ...
[INFO] [stdout] 103 |         use std::collections::VecDeque;
[INFO] [stdout]     |             ^^^^^^^^^^^^^^^^^^^^^^^^^^
[INFO] [stdout] 
[INFO] [stdout] 
[INFO] [stdout] warning: the item `VecDeque` is imported redundantly
[INFO] [stdout]    --> src/graphs.rs:140:13
[INFO] [stdout]     |
[INFO] [stdout] 1   | use std::collections::{HashMap, HashSet, VecDeque};
[INFO] [stdout]     |                                          -------- the item `VecDeque` is already imported here
[INFO] [stdout] ...
[INFO] [stdout] 140 |         use std::collections::VecDeque;
[INFO] [stdout]     |             ^^^^^^^^^^^^^^^^^^^^^^^^^^
[INFO] [stdout] 
[INFO] [stdout] 
[INFO] [stdout] warning: unused variable: `result`
[INFO] [stdout]    --> src/recursion.rs:164:17
[INFO] [stdout]     |
[INFO] [stdout] 164 |         let mut result: Vec<i32> = Vec::new();
[INFO] [stdout]     |                 ^^^^^^ help: if this is intentional, prefix it with an underscore: `_result`
[INFO] [stdout]     |
[INFO] [stdout]     = note: `#[warn(unused_variables)]` on by default
[INFO] [stdout] 
[INFO] [stdout] 
[INFO] [stdout] warning: variable does not need to be mutable
[INFO] [stdout]    --> src/recursion.rs:164:13
[INFO] [stdout]     |
[INFO] [stdout] 164 |         let mut result: Vec<i32> = Vec::new();
[INFO] [stdout]     |             ----^^^^^^
[INFO] [stdout]     |             |
[INFO] [stdout]     |             help: remove this `mut`
[INFO] [stdout]     |
[INFO] [stdout]     = note: `#[warn(unused_mut)]` on by default
[INFO] [stdout] 
[INFO] [stdout] 
[INFO] [stdout] warning: variable does not need to be mutable
[INFO] [stdout]    --> src/test_all.rs:207:14
[INFO] [stdout]     |
[INFO] [stdout] 207 |         let (mut graph, mut email_to_name) = accounts.into_iter().fold(
[INFO] [stdout]     |              ----^^^^^
[INFO] [stdout]     |              |
[INFO] [stdout]     |              help: remove this `mut`
[INFO] [stdout] 
[INFO] [stdout] 
[INFO] [stdout] warning: variable does not need to be mutable
[INFO] [stdout]    --> src/test_all.rs:207:25
[INFO] [stdout]     |
[INFO] [stdout] 207 |         let (mut graph, mut email_to_name) = accounts.into_iter().fold(
[INFO] [stdout]     |                         ----^^^^^^^^^^^^^
[INFO] [stdout]     |                         |
[INFO] [stdout]     |                         help: remove this `mut`
[INFO] [stdout] 
[INFO] [stdout] 
[INFO] [stdout] warning: struct `Solution` is never constructed
[INFO] [stdout]  --> src/array_str.rs:3:12
[INFO] [stdout]   |
[INFO] [stdout] 3 | pub struct Solution;
[INFO] [stdout]   |            ^^^^^^^^
[INFO] [stdout]   |
[INFO] [stdout]   = note: `#[warn(dead_code)]` on by default
[INFO] [stdout] 
[INFO] [stdout] 
[INFO] [stdout] warning: multiple associated functions are never used
[INFO] [stdout]    --> src/array_str.rs:6:12
[INFO] [stdout]     |
[INFO] [stdout] 5   | impl Solution {
[INFO] [stdout]     | ------------- associated functions in this implementation
[INFO] [stdout] 6   |     pub fn profit(prices: Vec<i32>) -> i32 {
[INFO] [stdout]     |            ^^^^^^
[INFO] [stdout] ...
[INFO] [stdout] 21  |     pub fn is_valid_pallindrome(s: &String) -> bool {
[INFO] [stdout]     |            ^^^^^^^^^^^^^^^^^^^^
[INFO] [stdout] ...
[INFO] [stdout] 43  |     pub fn contains_duplicate(nums: Vec<i32>) -> bool {
[INFO] [stdout]     |            ^^^^^^^^^^^^^^^^^^
[INFO] [stdout] ...
[INFO] [stdout] 54  |     pub fn is_anagram(s: String, t: String) -> bool {
[INFO] [stdout]     |            ^^^^^^^^^^
[INFO] [stdout] ...
[INFO] [stdout] 74  |     pub fn longest_pallindrome(s: String) -> i32 {
[INFO] [stdout]     |            ^^^^^^^^^^^^^^^^^^^
[INFO] [stdout] ...
[INFO] [stdout] 95  |     pub fn majority_element(nums: Vec<i32>) -> i32 {
[INFO] [stdout]     |            ^^^^^^^^^^^^^^^^
[INFO] [stdout] ...
[INFO] [stdout] 139 |     pub fn three_sum(nums: Vec<i32>) -> Vec<Vec<i32>> {
[INFO] [stdout]     |            ^^^^^^^^^
[INFO] [stdout] ...
[INFO] [stdout] 166 |     pub fn find_median_sorted_arrays(nums1: Vec<i32>, nums2: Vec<i32>) -> f64 {
[INFO] [stdout]     |            ^^^^^^^^^^^^^^^^^^^^^^^^^
[INFO] [stdout] ...
[INFO] [stdout] 178 |     pub fn can_construct(ransom_note: String, magazine: String) -> bool {
[INFO] [stdout]     |            ^^^^^^^^^^^^^
[INFO] [stdout] 
[INFO] [stdout] 
[INFO] [stdout] warning: struct `Solution` is never constructed
[INFO] [stdout]  --> src/dp.rs:2:12
[INFO] [stdout]   |
[INFO] [stdout] 2 | pub struct Solution;
[INFO] [stdout]   |            ^^^^^^^^
[INFO] [stdout] 
[INFO] [stdout] 
[INFO] [stdout] warning: multiple associated functions are never used
[INFO] [stdout]   --> src/dp.rs:5:12
[INFO] [stdout]    |
[INFO] [stdout] 4  | impl Solution {
[INFO] [stdout]    | ------------- associated functions in this implementation
[INFO] [stdout] 5  |     pub fn without_dp_fib(n: i32) -> i32 {
[INFO] [stdout]    |            ^^^^^^^^^^^^^^
[INFO] [stdout] ...
[INFO] [stdout] 23 |     pub fn with_dp_fib_loop(n: u128) -> u128 {
[INFO] [stdout]    |            ^^^^^^^^^^^^^^^^
[INFO] [stdout] ...
[INFO] [stdout] 34 |     pub fn with_rec_fib(n: i32) -> i32 {
[INFO] [stdout]    |            ^^^^^^^^^^^^
[INFO] [stdout] ...
[INFO] [stdout] 44 |     pub fn dp_rec_fib_helper(n: u64, map: &mut HashMap<u64, u64>) -> u64 {
[INFO] [stdout]    |            ^^^^^^^^^^^^^^^^^
[INFO] [stdout] ...
[INFO] [stdout] 60 |     pub fn dp_rec_fib(n: u64) -> u64 {
[INFO] [stdout]    |            ^^^^^^^^^^
[INFO] [stdout] ...
[INFO] [stdout] 65 |     pub fn climbing_stairs(n: i32) -> i32 {
[INFO] [stdout]    |            ^^^^^^^^^^^^^^^
[INFO] [stdout] ...
[INFO] [stdout] 75 |     pub fn max_subarray(nums: Vec<i32>) -> i32 {
[INFO] [stdout]    |            ^^^^^^^^^^^^
[INFO] [stdout] 
[INFO] [stdout] 
[INFO] [stdout] warning: struct `Solution` is never constructed
[INFO] [stdout]  --> src/graphs.rs:3:12
[INFO] [stdout]   |
[INFO] [stdout] 3 | pub struct Solution;
[INFO] [stdout]   |            ^^^^^^^^
[INFO] [stdout] 
[INFO] [stdout] 
[INFO] [stdout] warning: struct `Node` is never constructed
[INFO] [stdout]  --> src/graphs.rs:5:12
[INFO] [stdout]   |
[INFO] [stdout] 5 | pub struct Node {
[INFO] [stdout]   |            ^^^^
[INFO] [stdout] 
[INFO] [stdout] 
[INFO] [stdout] warning: associated items `new`, `add_neighbor`, `get_neighbors`, and `get_val` are never used
[INFO] [stdout]   --> src/graphs.rs:11:12
[INFO] [stdout]    |
[INFO] [stdout] 10 | impl Node {
[INFO] [stdout]    | --------- associated items in this implementation
[INFO] [stdout] 11 |     pub fn new(val: i32) -> Self {
[INFO] [stdout]    |            ^^^
[INFO] [stdout] ...
[INFO] [stdout] 18 |     pub fn add_neighbor(&mut self, neighbor: Rc<RefCell<Node>>) {
[INFO] [stdout]    |            ^^^^^^^^^^^^
[INFO] [stdout] ...
[INFO] [stdout] 22 |     pub fn get_neighbors(&self) -> Vec<Rc<RefCell<Node>>> {
[INFO] [stdout]    |            ^^^^^^^^^^^^^
[INFO] [stdout] ...
[INFO] [stdout] 26 |     pub fn get_val(&self) -> i32 {
[INFO] [stdout]    |            ^^^^^^^
[INFO] [stdout] 
[INFO] [stdout] 
[INFO] [stdout] warning: multiple associated functions are never used
[INFO] [stdout]    --> src/graphs.rs:32:12
[INFO] [stdout]     |
[INFO] [stdout] 31  | impl Solution {
[INFO] [stdout]     | ------------- associated functions in this implementation
[INFO] [stdout] 32  |     pub fn dfs_flood_fill(
[INFO] [stdout]     |            ^^^^^^^^^^^^^^
[INFO] [stdout] ...
[INFO] [stdout] 55  |     pub fn flood_fill(image: Vec<Vec<i32>>, sr: i32, sc: i32, color: i32) -> Vec<Vec<i32>> {
[INFO] [stdout]     |            ^^^^^^^^^^
[INFO] [stdout] ...
[INFO] [stdout] 63  |     pub fn bfs_flood_fill(
[INFO] [stdout]     |            ^^^^^^^^^^^^^^
[INFO] [stdout] ...
[INFO] [stdout] 94  |     pub fn flood_fill_bfs(image: Vec<Vec<i32>>, sr: i32, sc: i32, color: i32) -> Vec<Vec<i32>> {
[INFO] [stdout]     |            ^^^^^^^^^^^^^^
[INFO] [stdout] ...
[INFO] [stdout] 102 |     pub fn update_matrix(mat: Vec<Vec<i32>>) -> Vec<Vec<i32>> {
[INFO] [stdout]     |            ^^^^^^^^^^^^^
[INFO] [stdout] ...
[INFO] [stdout] 139 |     pub fn nearest_one(mat: Vec<Vec<i32>>) -> Vec<Vec<i32>> {
[INFO] [stdout]     |            ^^^^^^^^^^^
[INFO] [stdout] ...
[INFO] [stdout] 176 |     pub fn dfs_clone_graph(
[INFO] [stdout]     |            ^^^^^^^^^^^^^^^
[INFO] [stdout] ...
[INFO] [stdout] 200 |     pub fn clone_graph(node: Option<Rc<RefCell<Node>>>) -> Option<Rc<RefCell<Node>>> {
[INFO] [stdout]     |            ^^^^^^^^^^^
[INFO] [stdout] ...
[INFO] [stdout] 205 |     pub fn clone_graph_bfs(node: Option<Rc<RefCell<Node>>>) -> Option<Rc<RefCell<Node>>> {
[INFO] [stdout]     |            ^^^^^^^^^^^^^^^
[INFO] [stdout] ...
[INFO] [stdout] 238 |     pub fn oranges_rotting(grid: Vec<Vec<i32>>) -> i32 {
[INFO] [stdout]     |            ^^^^^^^^^^^^^^^
[INFO] [stdout] ...
[INFO] [stdout] 309 |     pub fn num_islands_dfs(grid: &mut Vec<Vec<char>>, i: usize, j: usize) {
[INFO] [stdout]     |            ^^^^^^^^^^^^^^^
[INFO] [stdout] ...
[INFO] [stdout] 319 |     pub fn num_islands(grid: Vec<Vec<char>>) -> i32 {
[INFO] [stdout]     |            ^^^^^^^^^^^
[INFO] [stdout] ...
[INFO] [stdout] 336 |     pub fn exist_dfs(
[INFO] [stdout]     |            ^^^^^^^^^
[INFO] [stdout] ...
[INFO] [stdout] 361 |     pub fn exist(board: Vec<Vec<char>>, word: String) -> bool {
[INFO] [stdout]     |            ^^^^^
[INFO] [stdout] ...
[INFO] [stdout] 374 |     pub fn can_finish_dfs(
[INFO] [stdout]     |            ^^^^^^^^^^^^^^
[INFO] [stdout] ...
[INFO] [stdout] 406 |     pub fn can_finish(num_courses: i32, prerequisites: Vec<Vec<i32>>) -> bool {
[INFO] [stdout]     |            ^^^^^^^^^^
[INFO] [stdout] ...
[INFO] [stdout] 424 |     pub fn find_order(num_courses: i32, prerequisites: Vec<Vec<i32>>) -> Vec<i32> {
[INFO] [stdout]     |            ^^^^^^^^^^
[INFO] [stdout] ...
[INFO] [stdout] 457 |     pub fn ladder_length(begin_word: String, end_word: String, word_list: Vec<String>) -> i32 {
[INFO] [stdout]     |            ^^^^^^^^^^^^^
[INFO] [stdout] 
[INFO] [stdout] 
[INFO] [stdout] warning: fields `vertices` and `edges` are never read
[INFO] [stdout]    --> src/graphs.rs:511:5
[INFO] [stdout]     |
[INFO] [stdout] 510 | pub struct Graph<VID, Edge = (), Vertices = ()> {
[INFO] [stdout]     |            ----- fields in this struct
[INFO] [stdout] 511 |     vertices: HashMap<VID, Vertices>,
[INFO] [stdout]     |     ^^^^^^^^
[INFO] [stdout] 512 |     edges: HashMap<VID, Vec<(VID, Edge)>>,
[INFO] [stdout]     |     ^^^^^
[INFO] [stdout]     |
[INFO] [stdout]     = note: `Graph` has a derived impl for the trait `Debug`, but this is intentionally ignored during dead code analysis
[INFO] [stdout] 
[INFO] [stdout] 
[INFO] [stdout] warning: multiple associated items are never used
[INFO] [stdout]    --> src/graphs.rs:520:12
[INFO] [stdout]     |
[INFO] [stdout] 514 | / impl<
[INFO] [stdout] 515 | |         VID: std::cmp::Eq + std::hash::Hash + Copy + std::fmt::Debug,
[INFO] [stdout] 516 | |         Edge: std::fmt::Debug,
[INFO] [stdout] 517 | |         Vertices: std::fmt::Debug,
[INFO] [stdout] 518 | |     > Graph<VID, Edge, Vertices>
[INFO] [stdout]     | |________________________________- associated items in this implementation
[INFO] [stdout] 519 |   {
[INFO] [stdout] 520 |       pub fn new() -> Self {
[INFO] [stdout]     |              ^^^
[INFO] [stdout] ...
[INFO] [stdout] 527 |       pub fn add_vertex(&mut self, id: VID, vertices: Vertices) {
[INFO] [stdout]     |              ^^^^^^^^^^
[INFO] [stdout] ...
[INFO] [stdout] 531 |       pub fn add_edge(&mut self, from: VID, to: VID, edge: Edge) {
[INFO] [stdout]     |              ^^^^^^^^
[INFO] [stdout] ...
[INFO] [stdout] 535 |       pub fn get_edges(&self) -> &HashMap<VID, Vec<(VID, Edge)>> {
[INFO] [stdout]     |              ^^^^^^^^^
[INFO] [stdout] ...
[INFO] [stdout] 539 |       pub fn bfs(&self, start: VID) -> Vec<VID> {
[INFO] [stdout]     |              ^^^
[INFO] [stdout] ...
[INFO] [stdout] 562 |       pub fn dfs_helper(&self, vertex: VID, visited: &mut HashSet<VID>, result: &mut Vec<VID>) {
[INFO] [stdout]     |              ^^^^^^^^^^
[INFO] [stdout] ...
[INFO] [stdout] 574 |       pub fn dfs(&self, start: VID) -> Vec<VID> {
[INFO] [stdout]     |              ^^^
[INFO] [stdout] ...
[INFO] [stdout] 581 |       pub fn topological_dfs(
[INFO] [stdout]     |              ^^^^^^^^^^^^^^^
[INFO] [stdout] ...
[INFO] [stdout] 598 |       pub fn topological_sort(&self) -> Vec<VID> {
[INFO] [stdout]     |              ^^^^^^^^^^^^^^^^
[INFO] [stdout] 
[INFO] [stdout] 
[INFO] [stdout] warning: struct `Solution` is never constructed
[INFO] [stdout]  --> src/recursion.rs:3:12
[INFO] [stdout]   |
[INFO] [stdout] 3 | pub struct Solution;
[INFO] [stdout]   |            ^^^^^^^^
[INFO] [stdout] 
[INFO] [stdout] 
[INFO] [stdout] warning: multiple associated functions are never used
[INFO] [stdout]    --> src/recursion.rs:7:12
[INFO] [stdout]     |
[INFO] [stdout] 5   | impl Solution {
[INFO] [stdout]     | ------------- associated functions in this implementation
[INFO] [stdout] 6   |
[INFO] [stdout] 7   |     pub fn print_desc(n: i32) {
[INFO] [stdout]     |            ^^^^^^^^^^
[INFO] [stdout] ...
[INFO] [stdout] 18  |     pub fn print_asc(n: i32) {
[INFO] [stdout]     |            ^^^^^^^^^
[INFO] [stdout] ...
[INFO] [stdout] 28  |     pub fn exp(n: i32) -> i32 {
[INFO] [stdout]     |            ^^^
[INFO] [stdout] ...
[INFO] [stdout] 42  |     pub fn fact_helper(n: u128, acc: u128) -> u128 {
[INFO] [stdout]     |            ^^^^^^^^^^^
[INFO] [stdout] ...
[INFO] [stdout] 50  |     pub fn fact(n: u128) -> u128 {
[INFO] [stdout]     |            ^^^^
[INFO] [stdout] ...
[INFO] [stdout] 55  |     pub fn fib_memo(n: u128, memo: &mut HashMap<u128, u128>) -> u128 {
[INFO] [stdout]     |            ^^^^^^^^
[INFO] [stdout] ...
[INFO] [stdout] 72  |     pub fn fib(n: u128) -> u128 {
[INFO] [stdout]     |            ^^^
[INFO] [stdout] ...
[INFO] [stdout] 77  |     pub fn spell_loop(mut n: i32) -> String {
[INFO] [stdout]     |            ^^^^^^^^^^
[INFO] [stdout] ...
[INFO] [stdout] 101 |     pub fn spell_recur_helper(n: i32, spells: &HashMap<i32, String>, result: &mut String) {
[INFO] [stdout]     |            ^^^^^^^^^^^^^^^^^^
[INFO] [stdout] ...
[INFO] [stdout] 112 |     pub fn spell_recursion(n: i32) -> String {
[INFO] [stdout]     |            ^^^^^^^^^^^^^^^
[INFO] [stdout] ...
[INFO] [stdout] 131 |     pub fn sorted_unsorted_check_helper(arr: &[i32], i: &usize) -> bool {
[INFO] [stdout]     |            ^^^^^^^^^^^^^^^^^^^^^^^^^^^^
[INFO] [stdout] ...
[INFO] [stdout] 143 |     pub fn sorted_unsorted_check(arr: &[i32]) -> bool {
[INFO] [stdout]     |            ^^^^^^^^^^^^^^^^^^^^^
[INFO] [stdout] ...
[INFO] [stdout] 148 |     pub fn subset_helper(arr: &[i32], i: &usize, acc: &mut Vec<Vec<i32>>) {
[INFO] [stdout]     |            ^^^^^^^^^^^^^
[INFO] [stdout] ...
[INFO] [stdout] 162 |     pub fn subset(arr: &[i32]) -> Vec<Vec<i32>> {
[INFO] [stdout]     |            ^^^^^^
[INFO] [stdout] 
[INFO] [stdout] 
[INFO] [stdout] warning: struct `Solution` is never constructed
[INFO] [stdout]  --> src/test_all.rs:5:12
[INFO] [stdout]   |
[INFO] [stdout] 5 | pub struct Solution;
[INFO] [stdout]   |            ^^^^^^^^
[INFO] [stdout] 
[INFO] [stdout] 
[INFO] [stdout] warning: multiple associated functions are never used
[INFO] [stdout]    --> src/test_all.rs:8:12
[INFO] [stdout]     |
[INFO] [stdout] 7   | impl Solution {
[INFO] [stdout]     | ------------- associated functions in this implementation
[INFO] [stdout] 8   |     pub fn two_sum(nums: Vec<i32>, target: i32) -> Vec<i32> {
[INFO] [stdout]     |            ^^^^^^^
[INFO] [stdout] ...
[INFO] [stdout] 20  |     pub fn isValid(s: String) -> bool {
[INFO] [stdout]     |            ^^^^^^^
[INFO] [stdout] ...
[INFO] [stdout] 42  |     pub fn max_profit(prices: Vec<i32>) -> i32 {
[INFO] [stdout]     |            ^^^^^^^^^^
[INFO] [stdout] ...
[INFO] [stdout] 57  |     pub fn is_palindrome(s: String) -> bool {
[INFO] [stdout]     |            ^^^^^^^^^^^^^
[INFO] [stdout] ...
[INFO] [stdout] 78  |     pub fn is_anagram(s: String, t: String) -> bool {
[INFO] [stdout]     |            ^^^^^^^^^^
[INFO] [stdout] ...
[INFO] [stdout] 99  |     pub fn bfs_flood_fill(
[INFO] [stdout]     |            ^^^^^^^^^^^^^^
[INFO] [stdout] ...
[INFO] [stdout] 123 |     pub fn flood_fill(image: Vec<Vec<i32>>, sr: i32, sc: i32, color: i32) -> Vec<Vec<i32>> {
[INFO] [stdout]     |            ^^^^^^^^^^
[INFO] [stdout] ...
[INFO] [stdout] 132 |     pub fn can_constrct(ransom: String, magazine: String) -> bool {
[INFO] [stdout]     |            ^^^^^^^^^^^^
[INFO] [stdout] ...
[INFO] [stdout] 150 |     pub fn longest_pallindrome(s: String) -> i32 {
[INFO] [stdout]     |            ^^^^^^^^^^^^^^^^^^^
[INFO] [stdout] ...
[INFO] [stdout] 175 |     pub fn can_finish(num_courses: i32, prerequisites: Vec<Vec<i32>>) -> bool {
[INFO] [stdout]     |            ^^^^^^^^^^
[INFO] [stdout] ...
[INFO] [stdout] 206 |     pub fn accounts_merge(accounts: Vec<Vec<String>>) -> Vec<Vec<String>> {
[INFO] [stdout]     |            ^^^^^^^^^^^^^^
[INFO] [stdout] 
[INFO] [stdout] 
[INFO] [stdout] warning: struct `Solution` is never constructed
[INFO] [stdout]  --> src/two_sum.rs:3:12
[INFO] [stdout]   |
[INFO] [stdout] 3 | pub struct Solution;
[INFO] [stdout]   |            ^^^^^^^^
[INFO] [stdout] 
[INFO] [stdout] 
[INFO] [stdout] warning: associated functions `two_sum`, `two_sum_two_pass_hash`, `two_sum_one_pass_hash`, and `two_sum_two` are never used
[INFO] [stdout]   --> src/two_sum.rs:6:12
[INFO] [stdout]    |
[INFO] [stdout] 5  | impl Solution {
[INFO] [stdout]    | ------------- associated functions in this implementation
[INFO] [stdout] 6  |     pub fn two_sum(nums: Vec<i32>, target: i32) -> Vec<i32> {
[INFO] [stdout]    |            ^^^^^^^
[INFO] [stdout] ...
[INFO] [stdout] 20 |     pub fn two_sum_two_pass_hash(nums: Vec<i32>, target: i32) -> Vec<i32> {
[INFO] [stdout]    |            ^^^^^^^^^^^^^^^^^^^^^
[INFO] [stdout] ...
[INFO] [stdout] 39 |     pub fn two_sum_one_pass_hash(nums: Vec<i32>, target: i32) -> Vec<i32> {
[INFO] [stdout]    |            ^^^^^^^^^^^^^^^^^^^^^
[INFO] [stdout] ...
[INFO] [stdout] 51 |     pub fn two_sum_two(numbers: Vec<i32>, target: i32) -> Vec<i32> {
[INFO] [stdout]    |            ^^^^^^^^^^^
[INFO] [stdout] 
[INFO] [stdout] 
[INFO] [stdout] warning: struct `Solution` is never constructed
[INFO] [stdout]  --> src/valid_paranthesis.rs:1:12
[INFO] [stdout]   |
[INFO] [stdout] 1 | pub struct Solution;
[INFO] [stdout]   |            ^^^^^^^^
[INFO] [stdout] 
[INFO] [stdout] 
[INFO] [stdout] warning: associated function `is_valid` is never used
[INFO] [stdout]  --> src/valid_paranthesis.rs:4:12
[INFO] [stdout]   |
[INFO] [stdout] 3 | impl Solution {
[INFO] [stdout]   | ------------- associated function in this implementation
[INFO] [stdout] 4 |     pub fn is_valid(s: String) -> bool {
[INFO] [stdout]   |            ^^^^^^^^
[INFO] [stdout] 
[INFO] [stdout] 
[INFO] [stdout] warning: variable `maxP` should have a snake case name
[INFO] [stdout]  --> src/array_str.rs:8:17
[INFO] [stdout]   |
[INFO] [stdout] 8 |         let mut maxP = 0;
[INFO] [stdout]   |                 ^^^^ help: convert the identifier to snake case: `max_p`
[INFO] [stdout]   |
[INFO] [stdout]   = note: `#[warn(non_snake_case)]` on by default
[INFO] [stdout] 
[INFO] [stdout] 
[INFO] [stdout] warning: method `isValid` should have a snake case name
[INFO] [stdout]   --> src/test_all.rs:20:12
[INFO] [stdout]    |
[INFO] [stdout] 20 |     pub fn isValid(s: String) -> bool {
[INFO] [stdout]    |            ^^^^^^^ help: convert the identifier to snake case: `is_valid`
[INFO] [stdout] 
[INFO] [stdout] 
[INFO] [stdout] warning: 28 warnings emitted
[INFO] [stdout] 
[INFO] [stdout] 
[INFO] [stderr]     Finished dev [unoptimized + debuginfo] target(s) in 0.57s
[INFO] running `Command { std: "docker" "inspect" "4fba0a71acddaba948368b4ce31e37f68ff517fe1ea7e02a8ab45dc5f7e4b232", kill_on_drop: false }`
[INFO] running `Command { std: "docker" "rm" "-f" "4fba0a71acddaba948368b4ce31e37f68ff517fe1ea7e02a8ab45dc5f7e4b232", kill_on_drop: false }`
[INFO] [stdout] 4fba0a71acddaba948368b4ce31e37f68ff517fe1ea7e02a8ab45dc5f7e4b232
[INFO] running `Command { std: "docker" "create" "-v" "/var/lib/crater-agent-workspace/builds/worker-0-tc1/target:/opt/rustwide/target:rw,Z" "-v" "/var/lib/crater-agent-workspace/builds/worker-0-tc1/source:/opt/rustwide/workdir:ro,Z" "-v" "/var/lib/crater-agent-workspace/cargo-home:/opt/rustwide/cargo-home:ro,Z" "-v" "/var/lib/crater-agent-workspace/rustup-home:/opt/rustwide/rustup-home:ro,Z" "-e" "SOURCE_DIR=/opt/rustwide/workdir" "-e" "CARGO_TARGET_DIR=/opt/rustwide/target" "-e" "CARGO_INCREMENTAL=0" "-e" "RUST_BACKTRACE=full" "-e" "RUSTFLAGS=--cap-lints=warn" "-e" "RUSTDOCFLAGS=--cap-lints=warn" "-e" "CARGO_HOME=/opt/rustwide/cargo-home" "-e" "RUSTUP_HOME=/opt/rustwide/rustup-home" "-w" "/opt/rustwide/workdir" "-m" "1610612736" "--user" "0:0" "--network" "none" "ghcr.io/rust-lang/crates-build-env/linux@sha256:2788e3201cd34a07e3172128adcd8b3090168a8e3bcc40d7c032b9dda1df7d1c" "/opt/rustwide/cargo-home/bin/cargo" "+1.75.0" "test" "--frozen" "--no-run" "--message-format=json", kill_on_drop: false }`
[INFO] [stdout] 91395d848fcd611fe25f316301ab2dbfc1bde9346acf84f6211feaba7be17eb6
[INFO] running `Command { std: "docker" "start" "-a" "91395d848fcd611fe25f316301ab2dbfc1bde9346acf84f6211feaba7be17eb6", kill_on_drop: false }`
[INFO] [stderr]    Compiling leetcode v0.1.0 (/opt/rustwide/workdir)
[INFO] [stdout] warning: unnecessary parentheses around `if` condition
[INFO] [stdout]   --> src/array_str.rs:75:12
[INFO] [stdout]    |
[INFO] [stdout] 75 |         if (s.len() == 0 || s.len() == 1) {
[INFO] [stdout]    |            ^                            ^
[INFO] [stdout]    |
[INFO] [stdout]    = note: `#[warn(unused_parens)]` on by default
[INFO] [stdout] help: remove these parentheses
[INFO] [stdout]    |
[INFO] [stdout] 75 -         if (s.len() == 0 || s.len() == 1) {
[INFO] [stdout] 75 +         if s.len() == 0 || s.len() == 1 {
[INFO] [stdout]    |
[INFO] [stdout] 
[INFO] [stdout] 
[INFO] [stdout] warning: the item `VecDeque` is imported redundantly
[INFO] [stdout]   --> src/graphs.rs:70:13
[INFO] [stdout]    |
[INFO] [stdout] 1  | use std::collections::{HashMap, HashSet, VecDeque};
[INFO] [stdout]    |                                          -------- the item `VecDeque` is already imported here
[INFO] [stdout] ...
[INFO] [stdout] 70 |         use std::collections::VecDeque;
[INFO] [stdout]    |             ^^^^^^^^^^^^^^^^^^^^^^^^^^
[INFO] [stdout]    |
[INFO] [stdout]    = note: `#[warn(unused_imports)]` on by default
[INFO] [stdout] 
[INFO] [stdout] 
[INFO] [stdout] warning: the item `VecDeque` is imported redundantly
[INFO] [stdout]    --> src/graphs.rs:103:13
[INFO] [stdout]     |
[INFO] [stdout] 1   | use std::collections::{HashMap, HashSet, VecDeque};
[INFO] [stdout]     |                                          -------- the item `VecDeque` is already imported here
[INFO] [stdout] ...
[INFO] [stdout] 103 |         use std::collections::VecDeque;
[INFO] [stdout]     |             ^^^^^^^^^^^^^^^^^^^^^^^^^^
[INFO] [stdout] 
[INFO] [stdout] 
[INFO] [stdout] warning: the item `VecDeque` is imported redundantly
[INFO] [stdout]    --> src/graphs.rs:140:13
[INFO] [stdout]     |
[INFO] [stdout] 1   | use std::collections::{HashMap, HashSet, VecDeque};
[INFO] [stdout]     |                                          -------- the item `VecDeque` is already imported here
[INFO] [stdout] ...
[INFO] [stdout] 140 |         use std::collections::VecDeque;
[INFO] [stdout]     |             ^^^^^^^^^^^^^^^^^^^^^^^^^^
[INFO] [stdout] 
[INFO] [stdout] 
[INFO] [stdout] warning: unused variable: `result`
[INFO] [stdout]    --> src/recursion.rs:164:17
[INFO] [stdout]     |
[INFO] [stdout] 164 |         let mut result: Vec<i32> = Vec::new();
[INFO] [stdout]     |                 ^^^^^^ help: if this is intentional, prefix it with an underscore: `_result`
[INFO] [stdout]     |
[INFO] [stdout]     = note: `#[warn(unused_variables)]` on by default
[INFO] [stdout] 
[INFO] [stdout] 
[INFO] [stdout] warning: variable does not need to be mutable
[INFO] [stdout]    --> src/recursion.rs:164:13
[INFO] [stdout]     |
[INFO] [stdout] 164 |         let mut result: Vec<i32> = Vec::new();
[INFO] [stdout]     |             ----^^^^^^
[INFO] [stdout]     |             |
[INFO] [stdout]     |             help: remove this `mut`
[INFO] [stdout]     |
[INFO] [stdout]     = note: `#[warn(unused_mut)]` on by default
[INFO] [stdout] 
[INFO] [stdout] 
[INFO] [stdout] warning: variable does not need to be mutable
[INFO] [stdout]    --> src/test_all.rs:207:14
[INFO] [stdout]     |
[INFO] [stdout] 207 |         let (mut graph, mut email_to_name) = accounts.into_iter().fold(
[INFO] [stdout]     |              ----^^^^^
[INFO] [stdout]     |              |
[INFO] [stdout]     |              help: remove this `mut`
[INFO] [stdout] 
[INFO] [stdout] 
[INFO] [stdout] warning: variable does not need to be mutable
[INFO] [stdout]    --> src/test_all.rs:207:25
[INFO] [stdout]     |
[INFO] [stdout] 207 |         let (mut graph, mut email_to_name) = accounts.into_iter().fold(
[INFO] [stdout]     |                         ----^^^^^^^^^^^^^
[INFO] [stdout]     |                         |
[INFO] [stdout]     |                         help: remove this `mut`
[INFO] [stdout] 
[INFO] [stdout] 
[INFO] [stdout] warning: associated functions `is_anagram`, `find_median_sorted_arrays`, and `can_construct` are never used
[INFO] [stdout]    --> src/array_str.rs:54:12
[INFO] [stdout]     |
[INFO] [stdout] 5   | impl Solution {
[INFO] [stdout]     | ------------- associated functions in this implementation
[INFO] [stdout] ...
[INFO] [stdout] 54  |     pub fn is_anagram(s: String, t: String) -> bool {
[INFO] [stdout]     |            ^^^^^^^^^^
[INFO] [stdout] ...
[INFO] [stdout] 166 |     pub fn find_median_sorted_arrays(nums1: Vec<i32>, nums2: Vec<i32>) -> f64 {
[INFO] [stdout]     |            ^^^^^^^^^^^^^^^^^^^^^^^^^
[INFO] [stdout] ...
[INFO] [stdout] 178 |     pub fn can_construct(ransom_note: String, magazine: String) -> bool {
[INFO] [stdout]     |            ^^^^^^^^^^^^^
[INFO] [stdout]     |
[INFO] [stdout]     = note: `#[warn(dead_code)]` on by default
[INFO] [stdout] 
[INFO] [stdout] 
[INFO] [stdout] warning: associated functions `without_dp_fib`, `with_rec_fib`, `dp_rec_fib_helper`, and `dp_rec_fib` are never used
[INFO] [stdout]   --> src/dp.rs:5:12
[INFO] [stdout]    |
[INFO] [stdout] 4  | impl Solution {
[INFO] [stdout]    | ------------- associated functions in this implementation
[INFO] [stdout] 5  |     pub fn without_dp_fib(n: i32) -> i32 {
[INFO] [stdout]    |            ^^^^^^^^^^^^^^
[INFO] [stdout] ...
[INFO] [stdout] 34 |     pub fn with_rec_fib(n: i32) -> i32 {
[INFO] [stdout]    |            ^^^^^^^^^^^^
[INFO] [stdout] ...
[INFO] [stdout] 44 |     pub fn dp_rec_fib_helper(n: u64, map: &mut HashMap<u64, u64>) -> u64 {
[INFO] [stdout]    |            ^^^^^^^^^^^^^^^^^
[INFO] [stdout] ...
[INFO] [stdout] 60 |     pub fn dp_rec_fib(n: u64) -> u64 {
[INFO] [stdout]    |            ^^^^^^^^^^
[INFO] [stdout] 
[INFO] [stdout] 
[INFO] [stdout] warning: method `get_neighbors` is never used
[INFO] [stdout]   --> src/graphs.rs:22:12
[INFO] [stdout]    |
[INFO] [stdout] 10 | impl Node {
[INFO] [stdout]    | --------- method in this implementation
[INFO] [stdout] ...
[INFO] [stdout] 22 |     pub fn get_neighbors(&self) -> Vec<Rc<RefCell<Node>>> {
[INFO] [stdout]    |            ^^^^^^^^^^^^^
[INFO] [stdout] 
[INFO] [stdout] 
[INFO] [stdout] warning: multiple associated functions are never used
[INFO] [stdout]    --> src/graphs.rs:63:12
[INFO] [stdout]     |
[INFO] [stdout] 31  | impl Solution {
[INFO] [stdout]     | ------------- associated functions in this implementation
[INFO] [stdout] ...
[INFO] [stdout] 63  |     pub fn bfs_flood_fill(
[INFO] [stdout]     |            ^^^^^^^^^^^^^^
[INFO] [stdout] ...
[INFO] [stdout] 94  |     pub fn flood_fill_bfs(image: Vec<Vec<i32>>, sr: i32, sc: i32, color: i32) -> Vec<Vec<i32>> {
[INFO] [stdout]     |            ^^^^^^^^^^^^^^
[INFO] [stdout] ...
[INFO] [stdout] 139 |     pub fn nearest_one(mat: Vec<Vec<i32>>) -> Vec<Vec<i32>> {
[INFO] [stdout]     |            ^^^^^^^^^^^
[INFO] [stdout] ...
[INFO] [stdout] 374 |     pub fn can_finish_dfs(
[INFO] [stdout]     |            ^^^^^^^^^^^^^^
[INFO] [stdout] ...
[INFO] [stdout] 406 |     pub fn can_finish(num_courses: i32, prerequisites: Vec<Vec<i32>>) -> bool {
[INFO] [stdout]     |            ^^^^^^^^^^
[INFO] [stdout] ...
[INFO] [stdout] 424 |     pub fn find_order(num_courses: i32, prerequisites: Vec<Vec<i32>>) -> Vec<i32> {
[INFO] [stdout]     |            ^^^^^^^^^^
[INFO] [stdout] ...
[INFO] [stdout] 457 |     pub fn ladder_length(begin_word: String, end_word: String, word_list: Vec<String>) -> i32 {
[INFO] [stdout]     |            ^^^^^^^^^^^^^
[INFO] [stdout] 
[INFO] [stdout] 
[INFO] [stdout] warning: field `vertices` is never read
[INFO] [stdout]    --> src/graphs.rs:511:5
[INFO] [stdout]     |
[INFO] [stdout] 510 | pub struct Graph<VID, Edge = (), Vertices = ()> {
[INFO] [stdout]     |            ----- field in this struct
[INFO] [stdout] 511 |     vertices: HashMap<VID, Vertices>,
[INFO] [stdout]     |     ^^^^^^^^
[INFO] [stdout]     |
[INFO] [stdout]     = note: `Graph` has a derived impl for the trait `Debug`, but this is intentionally ignored during dead code analysis
[INFO] [stdout] 
[INFO] [stdout] 
[INFO] [stdout] warning: methods `add_vertex` and `bfs` are never used
[INFO] [stdout]    --> src/graphs.rs:527:12
[INFO] [stdout]     |
[INFO] [stdout] 514 | / impl<
[INFO] [stdout] 515 | |         VID: std::cmp::Eq + std::hash::Hash + Copy + std::fmt::Debug,
[INFO] [stdout] 516 | |         Edge: std::fmt::Debug,
[INFO] [stdout] 517 | |         Vertices: std::fmt::Debug,
[INFO] [stdout] 518 | |     > Graph<VID, Edge, Vertices>
[INFO] [stdout]     | |________________________________- methods in this implementation
[INFO] [stdout] ...
[INFO] [stdout] 527 |       pub fn add_vertex(&mut self, id: VID, vertices: Vertices) {
[INFO] [stdout]     |              ^^^^^^^^^^
[INFO] [stdout] ...
[INFO] [stdout] 539 |       pub fn bfs(&self, start: VID) -> Vec<VID> {
[INFO] [stdout]     |              ^^^
[INFO] [stdout] 
[INFO] [stdout] 
[INFO] [stdout] warning: associated functions `print_desc`, `print_asc`, and `spell_loop` are never used
[INFO] [stdout]   --> src/recursion.rs:7:12
[INFO] [stdout]    |
[INFO] [stdout] 5  | impl Solution {
[INFO] [stdout]    | ------------- associated functions in this implementation
[INFO] [stdout] 6  |
[INFO] [stdout] 7  |     pub fn print_desc(n: i32) {
[INFO] [stdout]    |            ^^^^^^^^^^
[INFO] [stdout] ...
[INFO] [stdout] 18 |     pub fn print_asc(n: i32) {
[INFO] [stdout]    |            ^^^^^^^^^
[INFO] [stdout] ...
[INFO] [stdout] 77 |     pub fn spell_loop(mut n: i32) -> String {
[INFO] [stdout]    |            ^^^^^^^^^^
[INFO] [stdout] 
[INFO] [stdout] 
[INFO] [stdout] warning: multiple associated functions are never used
[INFO] [stdout]    --> src/test_all.rs:8:12
[INFO] [stdout]     |
[INFO] [stdout] 7   | impl Solution {
[INFO] [stdout]     | ------------- associated functions in this implementation
[INFO] [stdout] 8   |     pub fn two_sum(nums: Vec<i32>, target: i32) -> Vec<i32> {
[INFO] [stdout]     |            ^^^^^^^
[INFO] [stdout] ...
[INFO] [stdout] 20  |     pub fn isValid(s: String) -> bool {
[INFO] [stdout]     |            ^^^^^^^
[INFO] [stdout] ...
[INFO] [stdout] 42  |     pub fn max_profit(prices: Vec<i32>) -> i32 {
[INFO] [stdout]     |            ^^^^^^^^^^
[INFO] [stdout] ...
[INFO] [stdout] 57  |     pub fn is_palindrome(s: String) -> bool {
[INFO] [stdout]     |            ^^^^^^^^^^^^^
[INFO] [stdout] ...
[INFO] [stdout] 99  |     pub fn bfs_flood_fill(
[INFO] [stdout]     |            ^^^^^^^^^^^^^^
[INFO] [stdout] ...
[INFO] [stdout] 123 |     pub fn flood_fill(image: Vec<Vec<i32>>, sr: i32, sc: i32, color: i32) -> Vec<Vec<i32>> {
[INFO] [stdout]     |            ^^^^^^^^^^
[INFO] [stdout] ...
[INFO] [stdout] 206 |     pub fn accounts_merge(accounts: Vec<Vec<String>>) -> Vec<Vec<String>> {
[INFO] [stdout]     |            ^^^^^^^^^^^^^^
[INFO] [stdout] 
[INFO] [stdout] 
[INFO] [stdout] warning: associated functions `two_sum_two_pass_hash` and `two_sum_two` are never used
[INFO] [stdout]   --> src/two_sum.rs:20:12
[INFO] [stdout]    |
[INFO] [stdout] 5  | impl Solution {
[INFO] [stdout]    | ------------- associated functions in this implementation
[INFO] [stdout] ...
[INFO] [stdout] 20 |     pub fn two_sum_two_pass_hash(nums: Vec<i32>, target: i32) -> Vec<i32> {
[INFO] [stdout]    |            ^^^^^^^^^^^^^^^^^^^^^
[INFO] [stdout] ...
[INFO] [stdout] 51 |     pub fn two_sum_two(numbers: Vec<i32>, target: i32) -> Vec<i32> {
[INFO] [stdout]    |            ^^^^^^^^^^^
[INFO] [stdout] 
[INFO] [stdout] 
[INFO] [stdout] warning: function `test_two_sum_two_pass_hash` is never used
[INFO] [stdout]   --> src/main.rs:47:8
[INFO] [stdout]    |
[INFO] [stdout] 47 |     fn test_two_sum_two_pass_hash() {
[INFO] [stdout]    |        ^^^^^^^^^^^^^^^^^^^^^^^^^^
[INFO] [stdout] 
[INFO] [stdout] 
[INFO] [stdout] warning: variable `maxP` should have a snake case name
[INFO] [stdout]  --> src/array_str.rs:8:17
[INFO] [stdout]   |
[INFO] [stdout] 8 |         let mut maxP = 0;
[INFO] [stdout]   |                 ^^^^ help: convert the identifier to snake case: `max_p`
[INFO] [stdout]   |
[INFO] [stdout]   = note: `#[warn(non_snake_case)]` on by default
[INFO] [stdout] 
[INFO] [stdout] 
[INFO] [stdout] warning: method `isValid` should have a snake case name
[INFO] [stdout]   --> src/test_all.rs:20:12
[INFO] [stdout]    |
[INFO] [stdout] 20 |     pub fn isValid(s: String) -> bool {
[INFO] [stdout]    |            ^^^^^^^ help: convert the identifier to snake case: `is_valid`
[INFO] [stdout] 
[INFO] [stdout] 
[INFO] [stdout] warning: 20 warnings emitted
[INFO] [stdout] 
[INFO] [stdout] 
[INFO] [stderr]     Finished test [unoptimized + debuginfo] target(s) in 1.22s
[INFO] running `Command { std: "docker" "inspect" "91395d848fcd611fe25f316301ab2dbfc1bde9346acf84f6211feaba7be17eb6", kill_on_drop: false }`
[INFO] running `Command { std: "docker" "rm" "-f" "91395d848fcd611fe25f316301ab2dbfc1bde9346acf84f6211feaba7be17eb6", kill_on_drop: false }`
[INFO] [stdout] 91395d848fcd611fe25f316301ab2dbfc1bde9346acf84f6211feaba7be17eb6
[INFO] running `Command { std: "docker" "create" "-v" "/var/lib/crater-agent-workspace/builds/worker-0-tc1/target:/opt/rustwide/target:rw,Z" "-v" "/var/lib/crater-agent-workspace/builds/worker-0-tc1/source:/opt/rustwide/workdir:ro,Z" "-v" "/var/lib/crater-agent-workspace/cargo-home:/opt/rustwide/cargo-home:ro,Z" "-v" "/var/lib/crater-agent-workspace/rustup-home:/opt/rustwide/rustup-home:ro,Z" "-e" "SOURCE_DIR=/opt/rustwide/workdir" "-e" "CARGO_TARGET_DIR=/opt/rustwide/target" "-e" "CARGO_INCREMENTAL=0" "-e" "RUST_BACKTRACE=full" "-e" "RUSTFLAGS=--cap-lints=warn" "-e" "RUSTDOCFLAGS=--cap-lints=warn" "-e" "CARGO_HOME=/opt/rustwide/cargo-home" "-e" "RUSTUP_HOME=/opt/rustwide/rustup-home" "-w" "/opt/rustwide/workdir" "-m" "1610612736" "--user" "0:0" "--network" "none" "ghcr.io/rust-lang/crates-build-env/linux@sha256:2788e3201cd34a07e3172128adcd8b3090168a8e3bcc40d7c032b9dda1df7d1c" "/opt/rustwide/cargo-home/bin/cargo" "+1.75.0" "test" "--frozen", kill_on_drop: false }`
[INFO] [stdout] b572af89326ad8e417d173469fd60c0bb5501be373b0edb26e81a24ca2e678f1
[INFO] running `Command { std: "docker" "start" "-a" "b572af89326ad8e417d173469fd60c0bb5501be373b0edb26e81a24ca2e678f1", kill_on_drop: false }`
[INFO] [stderr] warning: unnecessary parentheses around `if` condition
[INFO] [stderr]   --> src/array_str.rs:75:12
[INFO] [stderr]    |
[INFO] [stderr] 75 |         if (s.len() == 0 || s.len() == 1) {
[INFO] [stderr]    |            ^                            ^
[INFO] [stderr]    |
[INFO] [stderr]    = note: `#[warn(unused_parens)]` on by default
[INFO] [stderr] help: remove these parentheses
[INFO] [stderr]    |
[INFO] [stderr] 75 -         if (s.len() == 0 || s.len() == 1) {
[INFO] [stderr] 75 +         if s.len() == 0 || s.len() == 1 {
[INFO] [stderr]    |
[INFO] [stderr] 
[INFO] [stderr] warning: the item `VecDeque` is imported redundantly
[INFO] [stderr]   --> src/graphs.rs:70:13
[INFO] [stderr]    |
[INFO] [stderr] 1  | use std::collections::{HashMap, HashSet, VecDeque};
[INFO] [stderr]    |                                          -------- the item `VecDeque` is already imported here
[INFO] [stderr] ...
[INFO] [stderr] 70 |         use std::collections::VecDeque;
[INFO] [stderr]    |             ^^^^^^^^^^^^^^^^^^^^^^^^^^
[INFO] [stderr]    |
[INFO] [stderr]    = note: `#[warn(unused_imports)]` on by default
[INFO] [stderr] 
[INFO] [stderr] warning: the item `VecDeque` is imported redundantly
[INFO] [stderr]    --> src/graphs.rs:103:13
[INFO] [stderr]     |
[INFO] [stderr] 1   | use std::collections::{HashMap, HashSet, VecDeque};
[INFO] [stderr]     |                                          -------- the item `VecDeque` is already imported here
[INFO] [stderr] ...
[INFO] [stderr] 103 |         use std::collections::VecDeque;
[INFO] [stderr]     |             ^^^^^^^^^^^^^^^^^^^^^^^^^^
[INFO] [stderr] 
[INFO] [stderr] warning: the item `VecDeque` is imported redundantly
[INFO] [stderr]    --> src/graphs.rs:140:13
[INFO] [stderr]     |
[INFO] [stderr] 1   | use std::collections::{HashMap, HashSet, VecDeque};
[INFO] [stderr]     |                                          -------- the item `VecDeque` is already imported here
[INFO] [stderr] ...
[INFO] [stderr] 140 |         use std::collections::VecDeque;
[INFO] [stderr]     |             ^^^^^^^^^^^^^^^^^^^^^^^^^^
[INFO] [stderr] 
[INFO] [stderr] warning: unused variable: `result`
[INFO] [stderr]    --> src/recursion.rs:164:17
[INFO] [stderr]     |
[INFO] [stderr] 164 |         let mut result: Vec<i32> = Vec::new();
[INFO] [stderr]     |                 ^^^^^^ help: if this is intentional, prefix it with an underscore: `_result`
[INFO] [stderr]     |
[INFO] [stderr]     = note: `#[warn(unused_variables)]` on by default
[INFO] [stderr] 
[INFO] [stderr] warning: variable does not need to be mutable
[INFO] [stderr]    --> src/recursion.rs:164:13
[INFO] [stderr]     |
[INFO] [stderr] 164 |         let mut result: Vec<i32> = Vec::new();
[INFO] [stderr]     |             ----^^^^^^
[INFO] [stderr]     |             |
[INFO] [stderr]     |             help: remove this `mut`
[INFO] [stderr]     |
[INFO] [stderr]     = note: `#[warn(unused_mut)]` on by default
[INFO] [stderr] 
[INFO] [stderr] warning: variable does not need to be mutable
[INFO] [stderr]    --> src/test_all.rs:207:14
[INFO] [stderr]     |
[INFO] [stderr] 207 |         let (mut graph, mut email_to_name) = accounts.into_iter().fold(
[INFO] [stderr]     |              ----^^^^^
[INFO] [stderr]     |              |
[INFO] [stderr]     |              help: remove this `mut`
[INFO] [stderr] 
[INFO] [stderr] warning: variable does not need to be mutable
[INFO] [stderr]    --> src/test_all.rs:207:25
[INFO] [stderr]     |
[INFO] [stderr] 207 |         let (mut graph, mut email_to_name) = accounts.into_iter().fold(
[INFO] [stderr]     |                         ----^^^^^^^^^^^^^
[INFO] [stderr]     |                         |
[INFO] [stderr]     |                         help: remove this `mut`
[INFO] [stderr] 
[INFO] [stderr] warning: associated functions `is_anagram`, `find_median_sorted_arrays`, and `can_construct` are never used
[INFO] [stderr]    --> src/array_str.rs:54:12
[INFO] [stderr]     |
[INFO] [stderr] 5   | impl Solution {
[INFO] [stderr]     | ------------- associated functions in this implementation
[INFO] [stderr] ...
[INFO] [stderr] 54  |     pub fn is_anagram(s: String, t: String) -> bool {
[INFO] [stderr]     |            ^^^^^^^^^^
[INFO] [stderr] ...
[INFO] [stderr] 166 |     pub fn find_median_sorted_arrays(nums1: Vec<i32>, nums2: Vec<i32>) -> f64 {
[INFO] [stderr]     |            ^^^^^^^^^^^^^^^^^^^^^^^^^
[INFO] [stderr] ...
[INFO] [stderr] 178 |     pub fn can_construct(ransom_note: String, magazine: String) -> bool {
[INFO] [stderr]     |            ^^^^^^^^^^^^^
[INFO] [stderr]     |
[INFO] [stderr]     = note: `#[warn(dead_code)]` on by default
[INFO] [stderr] 
[INFO] [stderr] warning: associated functions `without_dp_fib`, `with_rec_fib`, `dp_rec_fib_helper`, and `dp_rec_fib` are never used
[INFO] [stderr]   --> src/dp.rs:5:12
[INFO] [stderr]    |
[INFO] [stderr] 4  | impl Solution {
[INFO] [stderr]    | ------------- associated functions in this implementation
[INFO] [stderr] 5  |     pub fn without_dp_fib(n: i32) -> i32 {
[INFO] [stderr]    |            ^^^^^^^^^^^^^^
[INFO] [stderr] ...
[INFO] [stderr] 34 |     pub fn with_rec_fib(n: i32) -> i32 {
[INFO] [stderr]    |            ^^^^^^^^^^^^
[INFO] [stderr] ...
[INFO] [stderr] 44 |     pub fn dp_rec_fib_helper(n: u64, map: &mut HashMap<u64, u64>) -> u64 {
[INFO] [stderr]    |            ^^^^^^^^^^^^^^^^^
[INFO] [stderr] ...
[INFO] [stderr] 60 |     pub fn dp_rec_fib(n: u64) -> u64 {
[INFO] [stderr]    |            ^^^^^^^^^^
[INFO] [stderr] 
[INFO] [stderr] warning: method `get_neighbors` is never used
[INFO] [stderr]   --> src/graphs.rs:22:12
[INFO] [stderr]    |
[INFO] [stderr] 10 | impl Node {
[INFO] [stderr]    | --------- method in this implementation
[INFO] [stderr] ...
[INFO] [stderr] 22 |     pub fn get_neighbors(&self) -> Vec<Rc<RefCell<Node>>> {
[INFO] [stderr]    |            ^^^^^^^^^^^^^
[INFO] [stderr] 
[INFO] [stderr] warning: multiple associated functions are never used
[INFO] [stderr]    --> src/graphs.rs:63:12
[INFO] [stderr]     |
[INFO] [stderr] 31  | impl Solution {
[INFO] [stderr]     | ------------- associated functions in this implementation
[INFO] [stderr] ...
[INFO] [stderr] 63  |     pub fn bfs_flood_fill(
[INFO] [stderr]     |            ^^^^^^^^^^^^^^
[INFO] [stderr] ...
[INFO] [stderr] 94  |     pub fn flood_fill_bfs(image: Vec<Vec<i32>>, sr: i32, sc: i32, color: i32) -> Vec<Vec<i32>> {
[INFO] [stderr]     |            ^^^^^^^^^^^^^^
[INFO] [stderr] ...
[INFO] [stderr] 139 |     pub fn nearest_one(mat: Vec<Vec<i32>>) -> Vec<Vec<i32>> {
[INFO] [stderr]     |            ^^^^^^^^^^^
[INFO] [stderr] ...
[INFO] [stderr] 374 |     pub fn can_finish_dfs(
[INFO] [stderr]     |            ^^^^^^^^^^^^^^
[INFO] [stderr] ...
[INFO] [stderr] 406 |     pub fn can_finish(num_courses: i32, prerequisites: Vec<Vec<i32>>) -> bool {
[INFO] [stderr]     |            ^^^^^^^^^^
[INFO] [stderr] ...
[INFO] [stderr] 424 |     pub fn find_order(num_courses: i32, prerequisites: Vec<Vec<i32>>) -> Vec<i32> {
[INFO] [stderr]     |            ^^^^^^^^^^
[INFO] [stderr] ...
[INFO] [stderr] 457 |     pub fn ladder_length(begin_word: String, end_word: String, word_list: Vec<String>) -> i32 {
[INFO] [stderr]     |            ^^^^^^^^^^^^^
[INFO] [stderr] 
[INFO] [stderr] warning: field `vertices` is never read
[INFO] [stderr]    --> src/graphs.rs:511:5
[INFO] [stderr]     |
[INFO] [stderr] 510 | pub struct Graph<VID, Edge = (), Vertices = ()> {
[INFO] [stderr]     |            ----- field in this struct
[INFO] [stderr] 511 |     vertices: HashMap<VID, Vertices>,
[INFO] [stderr]     |     ^^^^^^^^
[INFO] [stderr]     |
[INFO] [stderr]     = note: `Graph` has a derived impl for the trait `Debug`, but this is intentionally ignored during dead code analysis
[INFO] [stderr] 
[INFO] [stderr] warning: methods `add_vertex` and `bfs` are never used
[INFO] [stderr]    --> src/graphs.rs:527:12
[INFO] [stderr]     |
[INFO] [stderr] 514 | / impl<
[INFO] [stderr] 515 | |         VID: std::cmp::Eq + std::hash::Hash + Copy + std::fmt::Debug,
[INFO] [stderr] 516 | |         Edge: std::fmt::Debug,
[INFO] [stderr] 517 | |         Vertices: std::fmt::Debug,
[INFO] [stderr] 518 | |     > Graph<VID, Edge, Vertices>
[INFO] [stderr]     | |________________________________- methods in this implementation
[INFO] [stderr] ...
[INFO] [stderr] 527 |       pub fn add_vertex(&mut self, id: VID, vertices: Vertices) {
[INFO] [stderr]     |              ^^^^^^^^^^
[INFO] [stderr] ...
[INFO] [stderr] 539 |       pub fn bfs(&self, start: VID) -> Vec<VID> {
[INFO] [stderr]     |              ^^^
[INFO] [stderr] 
[INFO] [stderr] warning: associated functions `print_desc`, `print_asc`, and `spell_loop` are never used
[INFO] [stderr]   --> src/recursion.rs:7:12
[INFO] [stderr]    |
[INFO] [stderr] 5  | impl Solution {
[INFO] [stderr]    | ------------- associated functions in this implementation
[INFO] [stderr] 6  |
[INFO] [stderr] 7  |     pub fn print_desc(n: i32) {
[INFO] [stderr]    |            ^^^^^^^^^^
[INFO] [stderr] ...
[INFO] [stderr] 18 |     pub fn print_asc(n: i32) {
[INFO] [stderr]    |            ^^^^^^^^^
[INFO] [stderr] ...
[INFO] [stderr] 77 |     pub fn spell_loop(mut n: i32) -> String {
[INFO] [stderr]    |            ^^^^^^^^^^
[INFO] [stderr] 
[INFO] [stderr] warning: multiple associated functions are never used
[INFO] [stderr]    --> src/test_all.rs:8:12
[INFO] [stderr]     |
[INFO] [stderr] 7   | impl Solution {
[INFO] [stderr]     | ------------- associated functions in this implementation
[INFO] [stderr] 8   |     pub fn two_sum(nums: Vec<i32>, target: i32) -> Vec<i32> {
[INFO] [stderr]     |            ^^^^^^^
[INFO] [stderr] ...
[INFO] [stderr] 20  |     pub fn isValid(s: String) -> bool {
[INFO] [stderr]     |            ^^^^^^^
[INFO] [stderr] ...
[INFO] [stderr] 42  |     pub fn max_profit(prices: Vec<i32>) -> i32 {
[INFO] [stderr]     |            ^^^^^^^^^^
[INFO] [stderr] ...
[INFO] [stderr] 57  |     pub fn is_palindrome(s: String) -> bool {
[INFO] [stderr]     |            ^^^^^^^^^^^^^
[INFO] [stderr] ...
[INFO] [stderr] 99  |     pub fn bfs_flood_fill(
[INFO] [stderr]     |            ^^^^^^^^^^^^^^
[INFO] [stderr] ...
[INFO] [stderr] 123 |     pub fn flood_fill(image: Vec<Vec<i32>>, sr: i32, sc: i32, color: i32) -> Vec<Vec<i32>> {
[INFO] [stderr]     |            ^^^^^^^^^^
[INFO] [stderr] ...
[INFO] [stderr] 206 |     pub fn accounts_merge(accounts: Vec<Vec<String>>) -> Vec<Vec<String>> {
[INFO] [stderr]     |            ^^^^^^^^^^^^^^
[INFO] [stderr] 
[INFO] [stderr] warning: associated functions `two_sum_two_pass_hash` and `two_sum_two` are never used
[INFO] [stderr]   --> src/two_sum.rs:20:12
[INFO] [stderr]    |
[INFO] [stderr] 5  | impl Solution {
[INFO] [stderr]    | ------------- associated functions in this implementation
[INFO] [stderr] ...
[INFO] [stderr] 20 |     pub fn two_sum_two_pass_hash(nums: Vec<i32>, target: i32) -> Vec<i32> {
[INFO] [stderr]    |            ^^^^^^^^^^^^^^^^^^^^^
[INFO] [stderr] ...
[INFO] [stderr] 51 |     pub fn two_sum_two(numbers: Vec<i32>, target: i32) -> Vec<i32> {
[INFO] [stderr]    |            ^^^^^^^^^^^
[INFO] [stderr] 
[INFO] [stderr] warning: function `test_two_sum_two_pass_hash` is never used
[INFO] [stderr]   --> src/main.rs:47:8
[INFO] [stderr]    |
[INFO] [stderr] 47 |     fn test_two_sum_two_pass_hash() {
[INFO] [stderr]    |        ^^^^^^^^^^^^^^^^^^^^^^^^^^
[INFO] [stderr] 
[INFO] [stderr] warning: variable `maxP` should have a snake case name
[INFO] [stderr]  --> src/array_str.rs:8:17
[INFO] [stderr]   |
[INFO] [stderr] 8 |         let mut maxP = 0;
[INFO] [stderr]   |                 ^^^^ help: convert the identifier to snake case: `max_p`
[INFO] [stderr]   |
[INFO] [stderr]   = note: `#[warn(non_snake_case)]` on by default
[INFO] [stderr] 
[INFO] [stderr] warning: method `isValid` should have a snake case name
[INFO] [stderr]   --> src/test_all.rs:20:12
[INFO] [stderr]    |
[INFO] [stderr] 20 |     pub fn isValid(s: String) -> bool {
[INFO] [stderr]    |            ^^^^^^^ help: convert the identifier to snake case: `is_valid`
[INFO] [stderr] 
[INFO] [stderr] warning: `leetcode` (bin "leetcode" test) generated 20 warnings (run `cargo fix --bin "leetcode" --tests` to apply 5 suggestions)
[INFO] [stderr]     Finished test [unoptimized + debuginfo] target(s) in 0.01s
[INFO] [stderr]      Running unittests src/main.rs (/opt/rustwide/target/debug/deps/leetcode-b2d2d11c51aa517b)
[INFO] [stdout] 
[INFO] [stdout] running 37 tests
[INFO] [stdout] test test_all::test::test_can_construct ... ok
[INFO] [stdout] test test_all::test::test_longest_pallindrome ... ok
[INFO] [stdout] test test_all::test::test_can_finish ... ok
[INFO] [stdout] test tests::test_clone_graph ... ok
[INFO] [stdout] test tests::test_clone_graph_bfs ... ok
[INFO] [stdout] test tests::test_contain_duplicate ... ok
[INFO] [stdout] test tests::test_climbing_stairs ... ok
[INFO] [stdout] test tests::test_contain_duplicate_2 ... ok
[INFO] [stdout] test tests::test_factorial ... ok
[INFO] [stdout] test tests::test_longest_pallindrome ... ok
[INFO] [stdout] test tests::test_fibonacci ... ok
[INFO] [stdout] test tests::test_flood_fill ... ok
[INFO] [stdout] test tests::test_max_subarray ... ok
[INFO] [stdout] test tests::test_fib ... ok
[INFO] [stdout] test tests::test_oranges_rotting ... ok
[INFO] [stdout] test tests::test_angram ... ok
[INFO] [stdout] test tests::test_graph_bfs ... ok
[INFO] [stdout] test tests::test_majority_element ... ok
[INFO] [stdout] test tests::test_profit ... ok
[INFO] [stdout] test tests::test_exp ... ok
[INFO] [stdout] test tests::test_sorted_unsorted_arr_true ... ok
[INFO] [stdout] test tests::test_pallindrom ... ok
[INFO] [stdout] test tests::test_profit_2 ... ok
[INFO] [stdout] test tests::test_sorted_unsorted_arr_false ... ok
[INFO] [stdout] test tests::test_spell_recur ... ok
[INFO] [stdout] test tests::test_two_sum_one_pass_hash ... ok
[INFO] [stdout] test tests::test_update_matrix ... ok
[INFO] [stdout] test tests::test_topological_sort ... ok
[INFO] [stdout] test tests::test_two_sum ... ok
[INFO] [stdout] test tests::test_three_sum ... ok
[INFO] [stdout] test tests::test_subsets ... ok
[INFO] [stdout] test tests::test_num_islands ... FAILED
[INFO] [stdout] test tests::test_valid_paranthesis_3 ... ok
[INFO] [stdout] test tests::test_valid_paranthesis_4 ... ok
[INFO] [stdout] test tests::test_exist ... FAILED
[INFO] [stdout] test tests::test_valid_paranthesis_2 ... ok
[INFO] [stdout] test tests::test_valid_paranthesis ... ok
[INFO] [stdout] 
[INFO] [stdout] failures:
[INFO] [stdout] 
[INFO] [stdout] ---- tests::test_num_islands stdout ----
[INFO] [stdout] thread 'tests::test_num_islands' panicked at src/graphs.rs:313:41:
[INFO] [stdout] attempt to subtract with overflow
[INFO] [stdout] stack backtrace:
[INFO] [stdout]    0:     0x5558b0ba186c - std::backtrace_rs::backtrace::libunwind::trace::ha637c64ce894333a
[INFO] [stdout]                                at /rustc/82e1608dfa6e0b5569232559e3d385fea5a93112/library/std/src/../../backtrace/src/backtrace/libunwind.rs:104:5
[INFO] [stdout]    1:     0x5558b0ba186c - std::backtrace_rs::backtrace::trace_unsynchronized::h47f62dea28e0c88d
[INFO] [stdout]                                at /rustc/82e1608dfa6e0b5569232559e3d385fea5a93112/library/std/src/../../backtrace/src/backtrace/mod.rs:66:5
[INFO] [stdout]    2:     0x5558b0ba186c - std::sys_common::backtrace::_print_fmt::h9eef0abe20ede486
[INFO] [stdout]                                at /rustc/82e1608dfa6e0b5569232559e3d385fea5a93112/library/std/src/sys_common/backtrace.rs:67:5
[INFO] [stdout]    3:     0x5558b0ba186c - <std::sys_common::backtrace::_print::DisplayBacktrace as core::fmt::Display>::fmt::hed7f999df88cc644
[INFO] [stdout]                                at /rustc/82e1608dfa6e0b5569232559e3d385fea5a93112/library/std/src/sys_common/backtrace.rs:44:22
[INFO] [stdout]    4:     0x5558b0bcb710 - core::fmt::rt::Argument::fmt::h1539a9308b8d058d
[INFO] [stdout]                                at /rustc/82e1608dfa6e0b5569232559e3d385fea5a93112/library/core/src/fmt/rt.rs:142:9
[INFO] [stdout]    5:     0x5558b0bcb710 - core::fmt::write::h3a39390d8560d9c9
[INFO] [stdout]                                at /rustc/82e1608dfa6e0b5569232559e3d385fea5a93112/library/core/src/fmt/mod.rs:1120:17
[INFO] [stdout]    6:     0x5558b0b9f21f - std::io::Write::write_fmt::h040b369f3a0f9cbc
[INFO] [stdout]                                at /rustc/82e1608dfa6e0b5569232559e3d385fea5a93112/library/std/src/io/mod.rs:1762:15
[INFO] [stdout]    7:     0x5558b0ba1654 - std::sys_common::backtrace::_print::h894006fb5c6f3d45
[INFO] [stdout]                                at /rustc/82e1608dfa6e0b5569232559e3d385fea5a93112/library/std/src/sys_common/backtrace.rs:47:5
[INFO] [stdout]    8:     0x5558b0ba1654 - std::sys_common::backtrace::print::h23a2d212c6fff936
[INFO] [stdout]                                at /rustc/82e1608dfa6e0b5569232559e3d385fea5a93112/library/std/src/sys_common/backtrace.rs:34:9
[INFO] [stdout]    9:     0x5558b0ba3317 - std::panicking::default_hook::{{closure}}::h8a1d2ee00185001a
[INFO] [stdout]   10:     0x5558b0ba3003 - std::panicking::default_hook::h6038f2eba384e475
[INFO] [stdout]                                at /rustc/82e1608dfa6e0b5569232559e3d385fea5a93112/library/std/src/panicking.rs:289:9
[INFO] [stdout]   11:     0x5558b0b73a17 - <alloc::boxed::Box<F,A> as core::ops::function::Fn<Args>>::call::h0ad024c9bdc6d768
[INFO] [stdout]                                at /rustc/82e1608dfa6e0b5569232559e3d385fea5a93112/library/alloc/src/boxed.rs:2021:9
[INFO] [stdout]   12:     0x5558b0b73a17 - test::test_main::{{closure}}::h7500b54257359db6
[INFO] [stdout]                                at /rustc/82e1608dfa6e0b5569232559e3d385fea5a93112/library/test/src/lib.rs:138:21
[INFO] [stdout]   13:     0x5558b0ba3928 - <alloc::boxed::Box<F,A> as core::ops::function::Fn<Args>>::call::h1f8f335eaa9cfaee
[INFO] [stdout]                                at /rustc/82e1608dfa6e0b5569232559e3d385fea5a93112/library/alloc/src/boxed.rs:2021:9
[INFO] [stdout]   14:     0x5558b0ba3928 - std::panicking::rust_panic_with_hook::h2b5517d590cab22e
[INFO] [stdout]                                at /rustc/82e1608dfa6e0b5569232559e3d385fea5a93112/library/std/src/panicking.rs:783:13
[INFO] [stdout]   15:     0x5558b0ba3649 - std::panicking::begin_panic_handler::{{closure}}::h233112c06e0ef43e
[INFO] [stdout]                                at /rustc/82e1608dfa6e0b5569232559e3d385fea5a93112/library/std/src/panicking.rs:649:13
[INFO] [stdout]   16:     0x5558b0ba1d36 - std::sys_common::backtrace::__rust_end_short_backtrace::h6e893f24d7ebbff8
[INFO] [stdout]                                at /rustc/82e1608dfa6e0b5569232559e3d385fea5a93112/library/std/src/sys_common/backtrace.rs:170:18
[INFO] [stdout]   17:     0x5558b0ba33e2 - rust_begin_unwind
[INFO] [stdout]                                at /rustc/82e1608dfa6e0b5569232559e3d385fea5a93112/library/std/src/panicking.rs:645:5
[INFO] [stdout]   18:     0x5558b0afed55 - core::panicking::panic_fmt::hbf0e066aabfa482c
[INFO] [stdout]                                at /rustc/82e1608dfa6e0b5569232559e3d385fea5a93112/library/core/src/panicking.rs:72:14
[INFO] [stdout]   19:     0x5558b0afedf3 - core::panicking::panic::h195fc2a96298d4c3
[INFO] [stdout]                                at /rustc/82e1608dfa6e0b5569232559e3d385fea5a93112/library/core/src/panicking.rs:127:5
[INFO] [stdout]   20:     0x5558b0b1a51e - leetcode::graphs::Solution::num_islands_dfs::h18dd9ec25bc8f69f
[INFO] [stdout]                                at /opt/rustwide/workdir/src/graphs.rs:313:41
[INFO] [stdout]   21:     0x5558b0b1a4eb - leetcode::graphs::Solution::num_islands_dfs::h18dd9ec25bc8f69f
[INFO] [stdout]                                at /opt/rustwide/workdir/src/graphs.rs:313:13
[INFO] [stdout]   22:     0x5558b0b1a4eb - leetcode::graphs::Solution::num_islands_dfs::h18dd9ec25bc8f69f
[INFO] [stdout]                                at /opt/rustwide/workdir/src/graphs.rs:313:13
[INFO] [stdout]   23:     0x5558b0b1a534 - leetcode::graphs::Solution::num_islands_dfs::h18dd9ec25bc8f69f
[INFO] [stdout]                                at /opt/rustwide/workdir/src/graphs.rs:314:13
[INFO] [stdout]   24:     0x5558b0b1a49b - leetcode::graphs::Solution::num_islands_dfs::h18dd9ec25bc8f69f
[INFO] [stdout]                                at /opt/rustwide/workdir/src/graphs.rs:312:13
[INFO] [stdout]   25:     0x5558b0b1a49b - leetcode::graphs::Solution::num_islands_dfs::h18dd9ec25bc8f69f
[INFO] [stdout]                                at /opt/rustwide/workdir/src/graphs.rs:312:13
[INFO] [stdout]   26:     0x5558b0b1a867 - leetcode::graphs::Solution::num_islands::h4703d12408a9cf78
[INFO] [stdout]                                at /opt/rustwide/workdir/src/graphs.rs:328:21
[INFO] [stdout]   27:     0x5558b0b3f8ec - leetcode::tests::test_num_islands::hd66db28f1f09f4d6
[INFO] [stdout]                                at /opt/rustwide/workdir/src/main.rs:350:20
[INFO] [stdout]   28:     0x5558b0b3f557 - leetcode::tests::test_num_islands::{{closure}}::hf3983008bf4f1e95
[INFO] [stdout]                                at /opt/rustwide/workdir/src/main.rs:343:26
[INFO] [stdout]   29:     0x5558b0b250d6 - core::ops::function::FnOnce::call_once::hf1a0ae0bb9e1969f
[INFO] [stdout]                                at /rustc/82e1608dfa6e0b5569232559e3d385fea5a93112/library/core/src/ops/function.rs:250:5
[INFO] [stdout]   30:     0x5558b0b7906f - core::ops::function::FnOnce::call_once::h2b5d431d5046312d
[INFO] [stdout]                                at /rustc/82e1608dfa6e0b5569232559e3d385fea5a93112/library/core/src/ops/function.rs:250:5
[INFO] [stdout]   31:     0x5558b0b7906f - test::__rust_begin_short_backtrace::h7714669af176e207
[INFO] [stdout]                                at /rustc/82e1608dfa6e0b5569232559e3d385fea5a93112/library/test/src/lib.rs:628:18
[INFO] [stdout]   32:     0x5558b0b78085 - test::run_test_in_process::{{closure}}::h85218797dcbcec12
[INFO] [stdout]                                at /rustc/82e1608dfa6e0b5569232559e3d385fea5a93112/library/test/src/lib.rs:651:60
[INFO] [stdout]   33:     0x5558b0b78085 - <core::panic::unwind_safe::AssertUnwindSafe<F> as core::ops::function::FnOnce<()>>::call_once::h76c106ea31c14d7b
[INFO] [stdout]                                at /rustc/82e1608dfa6e0b5569232559e3d385fea5a93112/library/core/src/panic/unwind_safe.rs:272:9
[INFO] [stdout]   34:     0x5558b0b78085 - std::panicking::try::do_call::h3bd5d0f6620ee946
[INFO] [stdout]                                at /rustc/82e1608dfa6e0b5569232559e3d385fea5a93112/library/std/src/panicking.rs:552:40
[INFO] [stdout]   35:     0x5558b0b78085 - std::panicking::try::h232e535e4744fe31
[INFO] [stdout]                                at /rustc/82e1608dfa6e0b5569232559e3d385fea5a93112/library/std/src/panicking.rs:516:19
[INFO] [stdout]   36:     0x5558b0b78085 - std::panic::catch_unwind::h3ce3bd6ca8dbac68
[INFO] [stdout]                                at /rustc/82e1608dfa6e0b5569232559e3d385fea5a93112/library/std/src/panic.rs:142:14
[INFO] [stdout]   37:     0x5558b0b78085 - test::run_test_in_process::hc97b257c9621286a
[INFO] [stdout]                                at /rustc/82e1608dfa6e0b5569232559e3d385fea5a93112/library/test/src/lib.rs:651:27
[INFO] [stdout]   38:     0x5558b0b78085 - test::run_test::{{closure}}::h2aa798823a438d38
[INFO] [stdout]                                at /rustc/82e1608dfa6e0b5569232559e3d385fea5a93112/library/test/src/lib.rs:574:43
[INFO] [stdout]   39:     0x5558b0b40346 - test::run_test::{{closure}}::h87d231c78fb59832
[INFO] [stdout]                                at /rustc/82e1608dfa6e0b5569232559e3d385fea5a93112/library/test/src/lib.rs:602:41
[INFO] [stdout]   40:     0x5558b0b40346 - std::sys_common::backtrace::__rust_begin_short_backtrace::he6df152596625789
[INFO] [stdout]                                at /rustc/82e1608dfa6e0b5569232559e3d385fea5a93112/library/std/src/sys_common/backtrace.rs:154:18
[INFO] [stdout]   41:     0x5558b0b453f7 - std::thread::Builder::spawn_unchecked_::{{closure}}::{{closure}}::ha94be15d1e0acf36
[INFO] [stdout]                                at /rustc/82e1608dfa6e0b5569232559e3d385fea5a93112/library/std/src/thread/mod.rs:529:17
[INFO] [stdout]   42:     0x5558b0b453f7 - <core::panic::unwind_safe::AssertUnwindSafe<F> as core::ops::function::FnOnce<()>>::call_once::h9dc6bd6372f16606
[INFO] [stdout]                                at /rustc/82e1608dfa6e0b5569232559e3d385fea5a93112/library/core/src/panic/unwind_safe.rs:272:9
[INFO] [stdout]   43:     0x5558b0b453f7 - std::panicking::try::do_call::h9057517f80303cd4
[INFO] [stdout]                                at /rustc/82e1608dfa6e0b5569232559e3d385fea5a93112/library/std/src/panicking.rs:552:40
[INFO] [stdout]   44:     0x5558b0b453f7 - std::panicking::try::he3a30b11ee45340c
[INFO] [stdout]                                at /rustc/82e1608dfa6e0b5569232559e3d385fea5a93112/library/std/src/panicking.rs:516:19
[INFO] [stdout]   45:     0x5558b0b453f7 - std::panic::catch_unwind::h410458cfd3528b8b
[INFO] [stdout]                                at /rustc/82e1608dfa6e0b5569232559e3d385fea5a93112/library/std/src/panic.rs:142:14
[INFO] [stdout]   46:     0x5558b0b453f7 - std::thread::Builder::spawn_unchecked_::{{closure}}::h72ac3bdb567b737b
[INFO] [stdout]                                at /rustc/82e1608dfa6e0b5569232559e3d385fea5a93112/library/std/src/thread/mod.rs:528:30
[INFO] [stdout]   47:     0x5558b0b453f7 - core::ops::function::FnOnce::call_once{{vtable.shim}}::h38f34da3654a8344
[INFO] [stdout]                                at /rustc/82e1608dfa6e0b5569232559e3d385fea5a93112/library/core/src/ops/function.rs:250:5
[INFO] [stdout]   48:     0x5558b0ba83b5 - <alloc::boxed::Box<F,A> as core::ops::function::FnOnce<Args>>::call_once::hc7eafaff61e32df9
[INFO] [stdout]                                at /rustc/82e1608dfa6e0b5569232559e3d385fea5a93112/library/alloc/src/boxed.rs:2007:9
[INFO] [stdout]   49:     0x5558b0ba83b5 - <alloc::boxed::Box<F,A> as core::ops::function::FnOnce<Args>>::call_once::h6ba4a5de48dd2304
[INFO] [stdout]                                at /rustc/82e1608dfa6e0b5569232559e3d385fea5a93112/library/alloc/src/boxed.rs:2007:9
[INFO] [stdout]   50:     0x5558b0ba83b5 - std::sys::unix::thread::Thread::new::thread_start::he469335aef763e45
[INFO] [stdout]                                at /rustc/82e1608dfa6e0b5569232559e3d385fea5a93112/library/std/src/sys/unix/thread.rs:108:17
[INFO] [stdout]   51:     0x7fb20e182ac3 - <unknown>
[INFO] [stdout]   52:     0x7fb20e213bf4 - __clone
[INFO] [stdout]   53:                0x0 - <unknown>
[INFO] [stdout] 
[INFO] [stdout] ---- tests::test_exist stdout ----
[INFO] [stdout] thread 'tests::test_exist' panicked at src/graphs.rs:353:49:
[INFO] [stdout] attempt to subtract with overflow
[INFO] [stdout] stack backtrace:
[INFO] [stdout]    0:     0x5558b0ba186c - std::backtrace_rs::backtrace::libunwind::trace::ha637c64ce894333a
[INFO] [stdout]                                at /rustc/82e1608dfa6e0b5569232559e3d385fea5a93112/library/std/src/../../backtrace/src/backtrace/libunwind.rs:104:5
[INFO] [stdout]    1:     0x5558b0ba186c - std::backtrace_rs::backtrace::trace_unsynchronized::h47f62dea28e0c88d
[INFO] [stdout]                                at /rustc/82e1608dfa6e0b5569232559e3d385fea5a93112/library/std/src/../../backtrace/src/backtrace/mod.rs:66:5
[INFO] [stdout]    2:     0x5558b0ba186c - std::sys_common::backtrace::_print_fmt::h9eef0abe20ede486
[INFO] [stdout]                                at /rustc/82e1608dfa6e0b5569232559e3d385fea5a93112/library/std/src/sys_common/backtrace.rs:67:5
[INFO] [stdout]    3:     0x5558b0ba186c - <std::sys_common::backtrace::_print::DisplayBacktrace as core::fmt::Display>::fmt::hed7f999df88cc644
[INFO] [stdout]                                at /rustc/82e1608dfa6e0b5569232559e3d385fea5a93112/library/std/src/sys_common/backtrace.rs:44:22
[INFO] [stdout]    4:     0x5558b0bcb710 - core::fmt::rt::Argument::fmt::h1539a9308b8d058d
[INFO] [stdout]                                at /rustc/82e1608dfa6e0b5569232559e3d385fea5a93112/library/core/src/fmt/rt.rs:142:9
[INFO] [stdout]    5:     0x5558b0bcb710 - core::fmt::write::h3a39390d8560d9c9
[INFO] [stdout]                                at /rustc/82e1608dfa6e0b5569232559e3d385fea5a93112/library/core/src/fmt/mod.rs:1120:17
[INFO] [stdout]    6:     0x5558b0b9f21f - std::io::Write::write_fmt::h040b369f3a0f9cbc
[INFO] [stdout]                                at /rustc/82e1608dfa6e0b5569232559e3d385fea5a93112/library/std/src/io/mod.rs:1762:15
[INFO] [stdout]    7:     0x5558b0ba1654 - std::sys_common::backtrace::_print::h894006fb5c6f3d45
[INFO] [stdout]                                at /rustc/82e1608dfa6e0b5569232559e3d385fea5a93112/library/std/src/sys_common/backtrace.rs:47:5
[INFO] [stdout]    8:     0x5558b0ba1654 - std::sys_common::backtrace::print::h23a2d212c6fff936
[INFO] [stdout]                                at /rustc/82e1608dfa6e0b5569232559e3d385fea5a93112/library/std/src/sys_common/backtrace.rs:34:9
[INFO] [stdout]    9:     0x5558b0ba3317 - std::panicking::default_hook::{{closure}}::h8a1d2ee00185001a
[INFO] [stdout]   10:     0x5558b0ba3003 - std::panicking::default_hook::h6038f2eba384e475
[INFO] [stdout]                                at /rustc/82e1608dfa6e0b5569232559e3d385fea5a93112/library/std/src/panicking.rs:289:9
[INFO] [stdout]   11:     0x5558b0b73a17 - <alloc::boxed::Box<F,A> as core::ops::function::Fn<Args>>::call::h0ad024c9bdc6d768
[INFO] [stdout]                                at /rustc/82e1608dfa6e0b5569232559e3d385fea5a93112/library/alloc/src/boxed.rs:2021:9
[INFO] [stdout]   12:     0x5558b0b73a17 - test::test_main::{{closure}}::h7500b54257359db6
[INFO] [stdout]                                at /rustc/82e1608dfa6e0b5569232559e3d385fea5a93112/library/test/src/lib.rs:138:21
[INFO] [stdout]   13:     0x5558b0ba3928 - <alloc::boxed::Box<F,A> as core::ops::function::Fn<Args>>::call::h1f8f335eaa9cfaee
[INFO] [stdout]                                at /rustc/82e1608dfa6e0b5569232559e3d385fea5a93112/library/alloc/src/boxed.rs:2021:9
[INFO] [stdout]   14:     0x5558b0ba3928 - std::panicking::rust_panic_with_hook::h2b5517d590cab22e
[INFO] [stdout]                                at /rustc/82e1608dfa6e0b5569232559e3d385fea5a93112/library/std/src/panicking.rs:783:13
[INFO] [stdout]   15:     0x5558b0ba3649 - std::panicking::begin_panic_handler::{{closure}}::h233112c06e0ef43e
[INFO] [stdout]                                at /rustc/82e1608dfa6e0b5569232559e3d385fea5a93112/library/std/src/panicking.rs:649:13
[INFO] [stdout]   16:     0x5558b0ba1d36 - std::sys_common::backtrace::__rust_end_short_backtrace::h6e893f24d7ebbff8
[INFO] [stdout]                                at /rustc/82e1608dfa6e0b5569232559e3d385fea5a93112/library/std/src/sys_common/backtrace.rs:170:18
[INFO] [stdout]   17:     0x5558b0ba33e2 - rust_begin_unwind
[INFO] [stdout]                                at /rustc/82e1608dfa6e0b5569232559e3d385fea5a93112/library/std/src/panicking.rs:645:5
[INFO] [stdout]   18:     0x5558b0afed55 - core::panicking::panic_fmt::hbf0e066aabfa482c
[INFO] [stdout]                                at /rustc/82e1608dfa6e0b5569232559e3d385fea5a93112/library/core/src/panicking.rs:72:14
[INFO] [stdout]   19:     0x5558b0afedf3 - core::panicking::panic::h195fc2a96298d4c3
[INFO] [stdout]                                at /rustc/82e1608dfa6e0b5569232559e3d385fea5a93112/library/core/src/panicking.rs:127:5
[INFO] [stdout]   20:     0x5558b0b1ab3d - leetcode::graphs::Solution::exist_dfs::h97d7fd2f9dd13198
[INFO] [stdout]                                at /opt/rustwide/workdir/src/graphs.rs:353:49
[INFO] [stdout]   21:     0x5558b0b1b023 - leetcode::graphs::Solution::exist::h49d73e8e2ce0b99c
[INFO] [stdout]                                at /opt/rustwide/workdir/src/graphs.rs:366:20
[INFO] [stdout]   22:     0x5558b0b3fd04 - leetcode::tests::test_exist::h140df15e10fc7873
[INFO] [stdout]                                at /opt/rustwide/workdir/src/main.rs:360:20
[INFO] [stdout]   23:     0x5558b0b3f9d7 - leetcode::tests::test_exist::{{closure}}::h15d1fcaa86c1b6c5
[INFO] [stdout]                                at /opt/rustwide/workdir/src/main.rs:354:20
[INFO] [stdout]   24:     0x5558b0b24786 - core::ops::function::FnOnce::call_once::h5b5cf9565f9e491c
[INFO] [stdout]                                at /rustc/82e1608dfa6e0b5569232559e3d385fea5a93112/library/core/src/ops/function.rs:250:5
[INFO] [stdout]   25:     0x5558b0b7906f - core::ops::function::FnOnce::call_once::h2b5d431d5046312d
[INFO] [stdout]                                at /rustc/82e1608dfa6e0b5569232559e3d385fea5a93112/library/core/src/ops/function.rs:250:5
[INFO] [stdout]   26:     0x5558b0b7906f - test::__rust_begin_short_backtrace::h7714669af176e207
[INFO] [stdout]                                at /rustc/82e1608dfa6e0b5569232559e3d385fea5a93112/library/test/src/lib.rs:628:18
[INFO] [stdout]   27:     0x5558b0b78085 - test::run_test_in_process::{{closure}}::h85218797dcbcec12
[INFO] [stdout]                                at /rustc/82e1608dfa6e0b5569232559e3d385fea5a93112/library/test/src/lib.rs:651:60
[INFO] [stdout]   28:     0x5558b0b78085 - <core::panic::unwind_safe::AssertUnwindSafe<F> as core::ops::function::FnOnce<()>>::call_once::h76c106ea31c14d7b
[INFO] [stdout]                                at /rustc/82e1608dfa6e0b5569232559e3d385fea5a93112/library/core/src/panic/unwind_safe.rs:272:9
[INFO] [stdout]   29:     0x5558b0b78085 - std::panicking::try::do_call::h3bd5d0f6620ee946
[INFO] [stdout]                                at /rustc/82e1608dfa6e0b5569232559e3d385fea5a93112/library/std/src/panicking.rs:552:40
[INFO] [stdout]   30:     0x5558b0b78085 - std::panicking::try::h232e535e4744fe31
[INFO] [stdout]                                at /rustc/82e1608dfa6e0b5569232559e3d385fea5a93112/library/std/src/panicking.rs:516:19
[INFO] [stdout]   31:     0x5558b0b78085 - std::panic::catch_unwind::h3ce3bd6ca8dbac68
[INFO] [stdout]                                at /rustc/82e1608dfa6e0b5569232559e3d385fea5a93112/library/std/src/panic.rs:142:14
[INFO] [stdout]   32:     0x5558b0b78085 - test::run_test_in_process::hc97b257c9621286a
[INFO] [stdout]                                at /rustc/82e1608dfa6e0b5569232559e3d385fea5a93112/library/test/src/lib.rs:651:27
[INFO] [stdout]   33:     0x5558b0b78085 - test::run_test::{{closure}}::h2aa798823a438d38
[INFO] [stdout]                                at /rustc/82e1608dfa6e0b5569232559e3d385fea5a93112/library/test/src/lib.rs:574:43
[INFO] [stdout]   34:     0x5558b0b40346 - test::run_test::{{closure}}::h87d231c78fb59832
[INFO] [stdout]                                at /rustc/82e1608dfa6e0b5569232559e3d385fea5a93112/library/test/src/lib.rs:602:41
[INFO] [stdout]   35:     0x5558b0b40346 - std::sys_common::backtrace::__rust_begin_short_backtrace::he6df152596625789
[INFO] [stdout]                                at /rustc/82e1608dfa6e0b5569232559e3d385fea5a93112/library/std/src/sys_common/backtrace.rs:154:18
[INFO] [stdout]   36:     0x5558b0b453f7 - std::thread::Builder::spawn_unchecked_::{{closure}}::{{closure}}::ha94be15d1e0acf36
[INFO] [stdout]                                at /rustc/82e1608dfa6e0b5569232559e3d385fea5a93112/library/std/src/thread/mod.rs:529:17
[INFO] [stdout]   37:     0x5558b0b453f7 - <core::panic::unwind_safe::AssertUnwindSafe<F> as core::ops::function::FnOnce<()>>::call_once::h9dc6bd6372f16606
[INFO] [stdout]                                at /rustc/82e1608dfa6e0b5569232559e3d385fea5a93112/library/core/src/panic/unwind_safe.rs:272:9
[INFO] [stdout]   38:     0x5558b0b453f7 - std::panicking::try::do_call::h9057517f80303cd4
[INFO] [stdout]                                at /rustc/82e1608dfa6e0b5569232559e3d385fea5a93112/library/std/src/panicking.rs:552:40
[INFO] [stdout]   39:     0x5558b0b453f7 - std::panicking::try::he3a30b11ee45340c
[INFO] [stdout]                                at /rustc/82e1608dfa6e0b5569232559e3d385fea5a93112/library/std/src/panicking.rs:516:19
[INFO] [stdout]   40:     0x5558b0b453f7 - std::panic::catch_unwind::h410458cfd3528b8b
[INFO] [stdout]                                at /rustc/82e1608dfa6e0b5569232559e3d385fea5a93112/library/std/src/panic.rs:142:14
[INFO] [stdout]   41:     0x5558b0b453f7 - std::thread::Builder::spawn_unchecked_::{{closure}}::h72ac3bdb567b737b
[INFO] [stdout]                                at /rustc/82e1608dfa6e0b5569232559e3d385fea5a93112/library/std/src/thread/mod.rs:528:30
[INFO] [stdout]   42:     0x5558b0b453f7 - core::ops::function::FnOnce::call_once{{vtable.shim}}::h38f34da3654a8344
[INFO] [stdout]                                at /rustc/82e1608dfa6e0b5569232559e3d385fea5a93112/library/core/src/ops/function.rs:250:5
[INFO] [stdout]   43:     0x5558b0ba83b5 - <alloc::boxed::Box<F,A> as core::ops::function::FnOnce<Args>>::call_once::hc7eafaff61e32df9
[INFO] [stdout]                                at /rustc/82e1608dfa6e0b5569232559e3d385fea5a93112/library/alloc/src/boxed.rs:2007:9
[INFO] [stdout]   44:     0x5558b0ba83b5 - <alloc::boxed::Box<F,A> as core::ops::function::FnOnce<Args>>::call_once::h6ba4a5de48dd2304
[INFO] [stdout]                                at /rustc/82e1608dfa6e0b5569232559e3d385fea5a93112/library/alloc/src/boxed.rs:2007:9
[INFO] [stdout]   45:     0x5558b0ba83b5 - std::sys::unix::thread::Thread::new::thread_start::he469335aef763e45
[INFO] [stdout]                                at /rustc/82e1608dfa6e0b5569232559e3d385fea5a93112/library/std/src/sys/unix/thread.rs:108:17
[INFO] [stdout]   46:     0x7fb20e182ac3 - <unknown>
[INFO] [stdout]   47:     0x7fb20e213bf4 - __clone
[INFO] [stdout]   48:                0x0 - <unknown>
[INFO] [stdout] 
[INFO] [stdout] 
[INFO] [stdout] failures:
[INFO] [stdout]     tests::test_exist
[INFO] [stdout]     tests::test_num_islands
[INFO] [stdout] 
[INFO] [stdout] test result: FAILED. 35 passed; 2 failed; 0 ignored; 0 measured; 0 filtered out; finished in 0.05s
[INFO] [stdout] 
[INFO] [stderr] error: test failed, to rerun pass `--bin leetcode`
[INFO] running `Command { std: "docker" "inspect" "b572af89326ad8e417d173469fd60c0bb5501be373b0edb26e81a24ca2e678f1", kill_on_drop: false }`
[INFO] running `Command { std: "docker" "rm" "-f" "b572af89326ad8e417d173469fd60c0bb5501be373b0edb26e81a24ca2e678f1", kill_on_drop: false }`
[INFO] [stdout] b572af89326ad8e417d173469fd60c0bb5501be373b0edb26e81a24ca2e678f1
[INFO] testing Marcus0086/DSA against beta-2023-12-22 for beta-1.76-1
[INFO] running `Command { std: "git" "clone" "/workspace/cache/git-repos/https%3A%2F%2Fgithub.com%2FMarcus0086%2FDSA" "/workspace/builds/worker-0-tc2/source", kill_on_drop: false }`
[INFO] [stderr] Cloning into '/workspace/builds/worker-0-tc2/source'...
[INFO] [stderr] done.
[INFO] validating manifest of git repo https://github.com/Marcus0086/DSA on toolchain beta-2023-12-22
[INFO] running `Command { std: CARGO_HOME="/workspace/cargo-home" RUSTUP_HOME="/workspace/rustup-home" "/workspace/cargo-home/bin/cargo" "+beta-2023-12-22" "metadata" "--manifest-path" "Cargo.toml" "--no-deps", kill_on_drop: false }`
[INFO] started tweaking git repo https://github.com/Marcus0086/DSA
[INFO] finished tweaking git repo https://github.com/Marcus0086/DSA
[INFO] tweaked toml for git repo https://github.com/Marcus0086/DSA written to /workspace/builds/worker-0-tc2/source/Cargo.toml
[INFO] crate git repo https://github.com/Marcus0086/DSA already has a lockfile, it will not be regenerated
[INFO] running `Command { std: CARGO_HOME="/workspace/cargo-home" RUSTUP_HOME="/workspace/rustup-home" "/workspace/cargo-home/bin/cargo" "+beta-2023-12-22" "fetch" "--manifest-path" "Cargo.toml", kill_on_drop: false }`
[INFO] running `Command { std: "docker" "create" "-v" "/var/lib/crater-agent-workspace/builds/worker-0-tc2/target:/opt/rustwide/target:rw,Z" "-v" "/var/lib/crater-agent-workspace/builds/worker-0-tc2/source:/opt/rustwide/workdir:ro,Z" "-v" "/var/lib/crater-agent-workspace/cargo-home:/opt/rustwide/cargo-home:ro,Z" "-v" "/var/lib/crater-agent-workspace/rustup-home:/opt/rustwide/rustup-home:ro,Z" "-e" "SOURCE_DIR=/opt/rustwide/workdir" "-e" "CARGO_TARGET_DIR=/opt/rustwide/target" "-e" "CARGO_HOME=/opt/rustwide/cargo-home" "-e" "RUSTUP_HOME=/opt/rustwide/rustup-home" "-w" "/opt/rustwide/workdir" "-m" "1610612736" "--user" "0:0" "--network" "none" "ghcr.io/rust-lang/crates-build-env/linux@sha256:2788e3201cd34a07e3172128adcd8b3090168a8e3bcc40d7c032b9dda1df7d1c" "/opt/rustwide/cargo-home/bin/cargo" "+beta-2023-12-22" "metadata" "--no-deps" "--format-version=1", kill_on_drop: false }`
[INFO] [stdout] b67714eb859d0b89c7549a761ff221e2f927b212c7a5c8453034c90f290b0d07
[INFO] running `Command { std: "docker" "start" "-a" "b67714eb859d0b89c7549a761ff221e2f927b212c7a5c8453034c90f290b0d07", kill_on_drop: false }`
[INFO] running `Command { std: "docker" "inspect" "b67714eb859d0b89c7549a761ff221e2f927b212c7a5c8453034c90f290b0d07", kill_on_drop: false }`
[INFO] running `Command { std: "docker" "rm" "-f" "b67714eb859d0b89c7549a761ff221e2f927b212c7a5c8453034c90f290b0d07", kill_on_drop: false }`
[INFO] [stdout] b67714eb859d0b89c7549a761ff221e2f927b212c7a5c8453034c90f290b0d07
[INFO] running `Command { std: "docker" "create" "-v" "/var/lib/crater-agent-workspace/builds/worker-0-tc2/target:/opt/rustwide/target:rw,Z" "-v" "/var/lib/crater-agent-workspace/builds/worker-0-tc2/source:/opt/rustwide/workdir:ro,Z" "-v" "/var/lib/crater-agent-workspace/cargo-home:/opt/rustwide/cargo-home:ro,Z" "-v" "/var/lib/crater-agent-workspace/rustup-home:/opt/rustwide/rustup-home:ro,Z" "-e" "SOURCE_DIR=/opt/rustwide/workdir" "-e" "CARGO_TARGET_DIR=/opt/rustwide/target" "-e" "CARGO_INCREMENTAL=0" "-e" "RUST_BACKTRACE=full" "-e" "RUSTFLAGS=--cap-lints=warn" "-e" "RUSTDOCFLAGS=--cap-lints=warn" "-e" "CARGO_HOME=/opt/rustwide/cargo-home" "-e" "RUSTUP_HOME=/opt/rustwide/rustup-home" "-w" "/opt/rustwide/workdir" "-m" "1610612736" "--user" "0:0" "--network" "none" "ghcr.io/rust-lang/crates-build-env/linux@sha256:2788e3201cd34a07e3172128adcd8b3090168a8e3bcc40d7c032b9dda1df7d1c" "/opt/rustwide/cargo-home/bin/cargo" "+beta-2023-12-22" "build" "--frozen" "--message-format=json", kill_on_drop: false }`
[INFO] [stdout] b7a817415f5b030be9c9b1ecf6b3fd80ab9df92683048ed0514cfe9718efde8d
[INFO] running `Command { std: "docker" "start" "-a" "b7a817415f5b030be9c9b1ecf6b3fd80ab9df92683048ed0514cfe9718efde8d", kill_on_drop: false }`
[INFO] [stderr]    Compiling leetcode v0.1.0 (/opt/rustwide/workdir)
[INFO] [stdout] warning: unnecessary parentheses around `if` condition
[INFO] [stdout]   --> src/array_str.rs:75:12
[INFO] [stdout]    |
[INFO] [stdout] 75 |         if (s.len() == 0 || s.len() == 1) {
[INFO] [stdout]    |            ^                            ^
[INFO] [stdout]    |
[INFO] [stdout]    = note: `#[warn(unused_parens)]` on by default
[INFO] [stdout] help: remove these parentheses
[INFO] [stdout]    |
[INFO] [stdout] 75 -         if (s.len() == 0 || s.len() == 1) {
[INFO] [stdout] 75 +         if s.len() == 0 || s.len() == 1 {
[INFO] [stdout]    |
[INFO] [stdout] 
[INFO] [stdout] 
[INFO] [stdout] warning: the item `VecDeque` is imported redundantly
[INFO] [stdout]   --> src/graphs.rs:70:13
[INFO] [stdout]    |
[INFO] [stdout] 1  | use std::collections::{HashMap, HashSet, VecDeque};
[INFO] [stdout]    |                                          -------- the item `VecDeque` is already imported here
[INFO] [stdout] ...
[INFO] [stdout] 70 |         use std::collections::VecDeque;
[INFO] [stdout]    |             ^^^^^^^^^^^^^^^^^^^^^^^^^^
[INFO] [stdout]    |
[INFO] [stdout]    = note: `#[warn(unused_imports)]` on by default
[INFO] [stdout] 
[INFO] [stdout] 
[INFO] [stdout] warning: the item `VecDeque` is imported redundantly
[INFO] [stdout]    --> src/graphs.rs:103:13
[INFO] [stdout]     |
[INFO] [stdout] 1   | use std::collections::{HashMap, HashSet, VecDeque};
[INFO] [stdout]     |                                          -------- the item `VecDeque` is already imported here
[INFO] [stdout] ...
[INFO] [stdout] 103 |         use std::collections::VecDeque;
[INFO] [stdout]     |             ^^^^^^^^^^^^^^^^^^^^^^^^^^
[INFO] [stdout] 
[INFO] [stdout] 
[INFO] [stdout] warning: the item `VecDeque` is imported redundantly
[INFO] [stdout]    --> src/graphs.rs:140:13
[INFO] [stdout]     |
[INFO] [stdout] 1   | use std::collections::{HashMap, HashSet, VecDeque};
[INFO] [stdout]     |                                          -------- the item `VecDeque` is already imported here
[INFO] [stdout] ...
[INFO] [stdout] 140 |         use std::collections::VecDeque;
[INFO] [stdout]     |             ^^^^^^^^^^^^^^^^^^^^^^^^^^
[INFO] [stdout] 
[INFO] [stdout] 
[INFO] [stdout] warning: unused variable: `result`
[INFO] [stdout]    --> src/recursion.rs:164:17
[INFO] [stdout]     |
[INFO] [stdout] 164 |         let mut result: Vec<i32> = Vec::new();
[INFO] [stdout]     |                 ^^^^^^ help: if this is intentional, prefix it with an underscore: `_result`
[INFO] [stdout]     |
[INFO] [stdout]     = note: `#[warn(unused_variables)]` on by default
[INFO] [stdout] 
[INFO] [stdout] 
[INFO] [stdout] warning: variable does not need to be mutable
[INFO] [stdout]    --> src/recursion.rs:164:13
[INFO] [stdout]     |
[INFO] [stdout] 164 |         let mut result: Vec<i32> = Vec::new();
[INFO] [stdout]     |             ----^^^^^^
[INFO] [stdout]     |             |
[INFO] [stdout]     |             help: remove this `mut`
[INFO] [stdout]     |
[INFO] [stdout]     = note: `#[warn(unused_mut)]` on by default
[INFO] [stdout] 
[INFO] [stdout] 
[INFO] [stdout] warning: variable does not need to be mutable
[INFO] [stdout]    --> src/test_all.rs:207:14
[INFO] [stdout]     |
[INFO] [stdout] 207 |         let (mut graph, mut email_to_name) = accounts.into_iter().fold(
[INFO] [stdout]     |              ----^^^^^
[INFO] [stdout]     |              |
[INFO] [stdout]     |              help: remove this `mut`
[INFO] [stdout] 
[INFO] [stdout] 
[INFO] [stdout] warning: variable does not need to be mutable
[INFO] [stdout]    --> src/test_all.rs:207:25
[INFO] [stdout]     |
[INFO] [stdout] 207 |         let (mut graph, mut email_to_name) = accounts.into_iter().fold(
[INFO] [stdout]     |                         ----^^^^^^^^^^^^^
[INFO] [stdout]     |                         |
[INFO] [stdout]     |                         help: remove this `mut`
[INFO] [stdout] 
[INFO] [stdout] 
[INFO] [stdout] warning: struct `Solution` is never constructed
[INFO] [stdout]  --> src/array_str.rs:3:12
[INFO] [stdout]   |
[INFO] [stdout] 3 | pub struct Solution;
[INFO] [stdout]   |            ^^^^^^^^
[INFO] [stdout]   |
[INFO] [stdout]   = note: `#[warn(dead_code)]` on by default
[INFO] [stdout] 
[INFO] [stdout] 
[INFO] [stdout] warning: multiple associated functions are never used
[INFO] [stdout]    --> src/array_str.rs:6:12
[INFO] [stdout]     |
[INFO] [stdout] 5   | impl Solution {
[INFO] [stdout]     | ------------- associated functions in this implementation
[INFO] [stdout] 6   |     pub fn profit(prices: Vec<i32>) -> i32 {
[INFO] [stdout]     |            ^^^^^^
[INFO] [stdout] ...
[INFO] [stdout] 21  |     pub fn is_valid_pallindrome(s: &String) -> bool {
[INFO] [stdout]     |            ^^^^^^^^^^^^^^^^^^^^
[INFO] [stdout] ...
[INFO] [stdout] 43  |     pub fn contains_duplicate(nums: Vec<i32>) -> bool {
[INFO] [stdout]     |            ^^^^^^^^^^^^^^^^^^
[INFO] [stdout] ...
[INFO] [stdout] 54  |     pub fn is_anagram(s: String, t: String) -> bool {
[INFO] [stdout]     |            ^^^^^^^^^^
[INFO] [stdout] ...
[INFO] [stdout] 74  |     pub fn longest_pallindrome(s: String) -> i32 {
[INFO] [stdout]     |            ^^^^^^^^^^^^^^^^^^^
[INFO] [stdout] ...
[INFO] [stdout] 95  |     pub fn majority_element(nums: Vec<i32>) -> i32 {
[INFO] [stdout]     |            ^^^^^^^^^^^^^^^^
[INFO] [stdout] ...
[INFO] [stdout] 139 |     pub fn three_sum(nums: Vec<i32>) -> Vec<Vec<i32>> {
[INFO] [stdout]     |            ^^^^^^^^^
[INFO] [stdout] ...
[INFO] [stdout] 166 |     pub fn find_median_sorted_arrays(nums1: Vec<i32>, nums2: Vec<i32>) -> f64 {
[INFO] [stdout]     |            ^^^^^^^^^^^^^^^^^^^^^^^^^
[INFO] [stdout] ...
[INFO] [stdout] 178 |     pub fn can_construct(ransom_note: String, magazine: String) -> bool {
[INFO] [stdout]     |            ^^^^^^^^^^^^^
[INFO] [stdout] 
[INFO] [stdout] 
[INFO] [stdout] warning: struct `Solution` is never constructed
[INFO] [stdout]  --> src/dp.rs:2:12
[INFO] [stdout]   |
[INFO] [stdout] 2 | pub struct Solution;
[INFO] [stdout]   |            ^^^^^^^^
[INFO] [stdout] 
[INFO] [stdout] 
[INFO] [stdout] warning: multiple associated functions are never used
[INFO] [stdout]   --> src/dp.rs:5:12
[INFO] [stdout]    |
[INFO] [stdout] 4  | impl Solution {
[INFO] [stdout]    | ------------- associated functions in this implementation
[INFO] [stdout] 5  |     pub fn without_dp_fib(n: i32) -> i32 {
[INFO] [stdout]    |            ^^^^^^^^^^^^^^
[INFO] [stdout] ...
[INFO] [stdout] 23 |     pub fn with_dp_fib_loop(n: u128) -> u128 {
[INFO] [stdout]    |            ^^^^^^^^^^^^^^^^
[INFO] [stdout] ...
[INFO] [stdout] 34 |     pub fn with_rec_fib(n: i32) -> i32 {
[INFO] [stdout]    |            ^^^^^^^^^^^^
[INFO] [stdout] ...
[INFO] [stdout] 44 |     pub fn dp_rec_fib_helper(n: u64, map: &mut HashMap<u64, u64>) -> u64 {
[INFO] [stdout]    |            ^^^^^^^^^^^^^^^^^
[INFO] [stdout] ...
[INFO] [stdout] 60 |     pub fn dp_rec_fib(n: u64) -> u64 {
[INFO] [stdout]    |            ^^^^^^^^^^
[INFO] [stdout] ...
[INFO] [stdout] 65 |     pub fn climbing_stairs(n: i32) -> i32 {
[INFO] [stdout]    |            ^^^^^^^^^^^^^^^
[INFO] [stdout] ...
[INFO] [stdout] 75 |     pub fn max_subarray(nums: Vec<i32>) -> i32 {
[INFO] [stdout]    |            ^^^^^^^^^^^^
[INFO] [stdout] 
[INFO] [stdout] 
[INFO] [stdout] warning: struct `Solution` is never constructed
[INFO] [stdout]  --> src/graphs.rs:3:12
[INFO] [stdout]   |
[INFO] [stdout] 3 | pub struct Solution;
[INFO] [stdout]   |            ^^^^^^^^
[INFO] [stdout] 
[INFO] [stdout] 
[INFO] [stdout] warning: struct `Node` is never constructed
[INFO] [stdout]  --> src/graphs.rs:5:12
[INFO] [stdout]   |
[INFO] [stdout] 5 | pub struct Node {
[INFO] [stdout]   |            ^^^^
[INFO] [stdout] 
[INFO] [stdout] 
[INFO] [stdout] warning: associated items `new`, `add_neighbor`, `get_neighbors`, and `get_val` are never used
[INFO] [stdout]   --> src/graphs.rs:11:12
[INFO] [stdout]    |
[INFO] [stdout] 10 | impl Node {
[INFO] [stdout]    | --------- associated items in this implementation
[INFO] [stdout] 11 |     pub fn new(val: i32) -> Self {
[INFO] [stdout]    |            ^^^
[INFO] [stdout] ...
[INFO] [stdout] 18 |     pub fn add_neighbor(&mut self, neighbor: Rc<RefCell<Node>>) {
[INFO] [stdout]    |            ^^^^^^^^^^^^
[INFO] [stdout] ...
[INFO] [stdout] 22 |     pub fn get_neighbors(&self) -> Vec<Rc<RefCell<Node>>> {
[INFO] [stdout]    |            ^^^^^^^^^^^^^
[INFO] [stdout] ...
[INFO] [stdout] 26 |     pub fn get_val(&self) -> i32 {
[INFO] [stdout]    |            ^^^^^^^
[INFO] [stdout] 
[INFO] [stdout] 
[INFO] [stdout] warning: multiple associated functions are never used
[INFO] [stdout]    --> src/graphs.rs:32:12
[INFO] [stdout]     |
[INFO] [stdout] 31  | impl Solution {
[INFO] [stdout]     | ------------- associated functions in this implementation
[INFO] [stdout] 32  |     pub fn dfs_flood_fill(
[INFO] [stdout]     |            ^^^^^^^^^^^^^^
[INFO] [stdout] ...
[INFO] [stdout] 55  |     pub fn flood_fill(image: Vec<Vec<i32>>, sr: i32, sc: i32, color: i32) -> Vec<Vec<i32>> {
[INFO] [stdout]     |            ^^^^^^^^^^
[INFO] [stdout] ...
[INFO] [stdout] 63  |     pub fn bfs_flood_fill(
[INFO] [stdout]     |            ^^^^^^^^^^^^^^
[INFO] [stdout] ...
[INFO] [stdout] 94  |     pub fn flood_fill_bfs(image: Vec<Vec<i32>>, sr: i32, sc: i32, color: i32) -> Vec<Vec<i32>> {
[INFO] [stdout]     |            ^^^^^^^^^^^^^^
[INFO] [stdout] ...
[INFO] [stdout] 102 |     pub fn update_matrix(mat: Vec<Vec<i32>>) -> Vec<Vec<i32>> {
[INFO] [stdout]     |            ^^^^^^^^^^^^^
[INFO] [stdout] ...
[INFO] [stdout] 139 |     pub fn nearest_one(mat: Vec<Vec<i32>>) -> Vec<Vec<i32>> {
[INFO] [stdout]     |            ^^^^^^^^^^^
[INFO] [stdout] ...
[INFO] [stdout] 176 |     pub fn dfs_clone_graph(
[INFO] [stdout]     |            ^^^^^^^^^^^^^^^
[INFO] [stdout] ...
[INFO] [stdout] 200 |     pub fn clone_graph(node: Option<Rc<RefCell<Node>>>) -> Option<Rc<RefCell<Node>>> {
[INFO] [stdout]     |            ^^^^^^^^^^^
[INFO] [stdout] ...
[INFO] [stdout] 205 |     pub fn clone_graph_bfs(node: Option<Rc<RefCell<Node>>>) -> Option<Rc<RefCell<Node>>> {
[INFO] [stdout]     |            ^^^^^^^^^^^^^^^
[INFO] [stdout] ...
[INFO] [stdout] 238 |     pub fn oranges_rotting(grid: Vec<Vec<i32>>) -> i32 {
[INFO] [stdout]     |            ^^^^^^^^^^^^^^^
[INFO] [stdout] ...
[INFO] [stdout] 309 |     pub fn num_islands_dfs(grid: &mut Vec<Vec<char>>, i: usize, j: usize) {
[INFO] [stdout]     |            ^^^^^^^^^^^^^^^
[INFO] [stdout] ...
[INFO] [stdout] 319 |     pub fn num_islands(grid: Vec<Vec<char>>) -> i32 {
[INFO] [stdout]     |            ^^^^^^^^^^^
[INFO] [stdout] ...
[INFO] [stdout] 336 |     pub fn exist_dfs(
[INFO] [stdout]     |            ^^^^^^^^^
[INFO] [stdout] ...
[INFO] [stdout] 361 |     pub fn exist(board: Vec<Vec<char>>, word: String) -> bool {
[INFO] [stdout]     |            ^^^^^
[INFO] [stdout] ...
[INFO] [stdout] 374 |     pub fn can_finish_dfs(
[INFO] [stdout]     |            ^^^^^^^^^^^^^^
[INFO] [stdout] ...
[INFO] [stdout] 406 |     pub fn can_finish(num_courses: i32, prerequisites: Vec<Vec<i32>>) -> bool {
[INFO] [stdout]     |            ^^^^^^^^^^
[INFO] [stdout] ...
[INFO] [stdout] 424 |     pub fn find_order(num_courses: i32, prerequisites: Vec<Vec<i32>>) -> Vec<i32> {
[INFO] [stdout]     |            ^^^^^^^^^^
[INFO] [stdout] ...
[INFO] [stdout] 457 |     pub fn ladder_length(begin_word: String, end_word: String, word_list: Vec<String>) -> i32 {
[INFO] [stdout]     |            ^^^^^^^^^^^^^
[INFO] [stdout] 
[INFO] [stdout] 
[INFO] [stdout] warning: fields `vertices` and `edges` are never read
[INFO] [stdout]    --> src/graphs.rs:511:5
[INFO] [stdout]     |
[INFO] [stdout] 510 | pub struct Graph<VID, Edge = (), Vertices = ()> {
[INFO] [stdout]     |            ----- fields in this struct
[INFO] [stdout] 511 |     vertices: HashMap<VID, Vertices>,
[INFO] [stdout]     |     ^^^^^^^^
[INFO] [stdout] 512 |     edges: HashMap<VID, Vec<(VID, Edge)>>,
[INFO] [stdout]     |     ^^^^^
[INFO] [stdout]     |
[INFO] [stdout]     = note: `Graph` has a derived impl for the trait `Debug`, but this is intentionally ignored during dead code analysis
[INFO] [stdout] 
[INFO] [stdout] 
[INFO] [stdout] warning: multiple associated items are never used
[INFO] [stdout]    --> src/graphs.rs:520:12
[INFO] [stdout]     |
[INFO] [stdout] 514 | / impl<
[INFO] [stdout] 515 | |         VID: std::cmp::Eq + std::hash::Hash + Copy + std::fmt::Debug,
[INFO] [stdout] 516 | |         Edge: std::fmt::Debug,
[INFO] [stdout] 517 | |         Vertices: std::fmt::Debug,
[INFO] [stdout] 518 | |     > Graph<VID, Edge, Vertices>
[INFO] [stdout]     | |________________________________- associated items in this implementation
[INFO] [stdout] 519 |   {
[INFO] [stdout] 520 |       pub fn new() -> Self {
[INFO] [stdout]     |              ^^^
[INFO] [stdout] ...
[INFO] [stdout] 527 |       pub fn add_vertex(&mut self, id: VID, vertices: Vertices) {
[INFO] [stdout]     |              ^^^^^^^^^^
[INFO] [stdout] ...
[INFO] [stdout] 531 |       pub fn add_edge(&mut self, from: VID, to: VID, edge: Edge) {
[INFO] [stdout]     |              ^^^^^^^^
[INFO] [stdout] ...
[INFO] [stdout] 535 |       pub fn get_edges(&self) -> &HashMap<VID, Vec<(VID, Edge)>> {
[INFO] [stdout]     |              ^^^^^^^^^
[INFO] [stdout] ...
[INFO] [stdout] 539 |       pub fn bfs(&self, start: VID) -> Vec<VID> {
[INFO] [stdout]     |              ^^^
[INFO] [stdout] ...
[INFO] [stdout] 562 |       pub fn dfs_helper(&self, vertex: VID, visited: &mut HashSet<VID>, result: &mut Vec<VID>) {
[INFO] [stdout]     |              ^^^^^^^^^^
[INFO] [stdout] ...
[INFO] [stdout] 574 |       pub fn dfs(&self, start: VID) -> Vec<VID> {
[INFO] [stdout]     |              ^^^
[INFO] [stdout] ...
[INFO] [stdout] 581 |       pub fn topological_dfs(
[INFO] [stdout]     |              ^^^^^^^^^^^^^^^
[INFO] [stdout] ...
[INFO] [stdout] 598 |       pub fn topological_sort(&self) -> Vec<VID> {
[INFO] [stdout]     |              ^^^^^^^^^^^^^^^^
[INFO] [stdout] 
[INFO] [stdout] 
[INFO] [stdout] warning: struct `Solution` is never constructed
[INFO] [stdout]  --> src/recursion.rs:3:12
[INFO] [stdout]   |
[INFO] [stdout] 3 | pub struct Solution;
[INFO] [stdout]   |            ^^^^^^^^
[INFO] [stdout] 
[INFO] [stdout] 
[INFO] [stdout] warning: multiple associated functions are never used
[INFO] [stdout]    --> src/recursion.rs:7:12
[INFO] [stdout]     |
[INFO] [stdout] 5   | impl Solution {
[INFO] [stdout]     | ------------- associated functions in this implementation
[INFO] [stdout] 6   |
[INFO] [stdout] 7   |     pub fn print_desc(n: i32) {
[INFO] [stdout]     |            ^^^^^^^^^^
[INFO] [stdout] ...
[INFO] [stdout] 18  |     pub fn print_asc(n: i32) {
[INFO] [stdout]     |            ^^^^^^^^^
[INFO] [stdout] ...
[INFO] [stdout] 28  |     pub fn exp(n: i32) -> i32 {
[INFO] [stdout]     |            ^^^
[INFO] [stdout] ...
[INFO] [stdout] 42  |     pub fn fact_helper(n: u128, acc: u128) -> u128 {
[INFO] [stdout]     |            ^^^^^^^^^^^
[INFO] [stdout] ...
[INFO] [stdout] 50  |     pub fn fact(n: u128) -> u128 {
[INFO] [stdout]     |            ^^^^
[INFO] [stdout] ...
[INFO] [stdout] 55  |     pub fn fib_memo(n: u128, memo: &mut HashMap<u128, u128>) -> u128 {
[INFO] [stdout]     |            ^^^^^^^^
[INFO] [stdout] ...
[INFO] [stdout] 72  |     pub fn fib(n: u128) -> u128 {
[INFO] [stdout]     |            ^^^
[INFO] [stdout] ...
[INFO] [stdout] 77  |     pub fn spell_loop(mut n: i32) -> String {
[INFO] [stdout]     |            ^^^^^^^^^^
[INFO] [stdout] ...
[INFO] [stdout] 101 |     pub fn spell_recur_helper(n: i32, spells: &HashMap<i32, String>, result: &mut String) {
[INFO] [stdout]     |            ^^^^^^^^^^^^^^^^^^
[INFO] [stdout] ...
[INFO] [stdout] 112 |     pub fn spell_recursion(n: i32) -> String {
[INFO] [stdout]     |            ^^^^^^^^^^^^^^^
[INFO] [stdout] ...
[INFO] [stdout] 131 |     pub fn sorted_unsorted_check_helper(arr: &[i32], i: &usize) -> bool {
[INFO] [stdout]     |            ^^^^^^^^^^^^^^^^^^^^^^^^^^^^
[INFO] [stdout] ...
[INFO] [stdout] 143 |     pub fn sorted_unsorted_check(arr: &[i32]) -> bool {
[INFO] [stdout]     |            ^^^^^^^^^^^^^^^^^^^^^
[INFO] [stdout] ...
[INFO] [stdout] 148 |     pub fn subset_helper(arr: &[i32], i: &usize, acc: &mut Vec<Vec<i32>>) {
[INFO] [stdout]     |            ^^^^^^^^^^^^^
[INFO] [stdout] ...
[INFO] [stdout] 162 |     pub fn subset(arr: &[i32]) -> Vec<Vec<i32>> {
[INFO] [stdout]     |            ^^^^^^
[INFO] [stdout] 
[INFO] [stdout] 
[INFO] [stdout] warning: struct `Solution` is never constructed
[INFO] [stdout]  --> src/test_all.rs:5:12
[INFO] [stdout]   |
[INFO] [stdout] 5 | pub struct Solution;
[INFO] [stdout]   |            ^^^^^^^^
[INFO] [stdout] 
[INFO] [stdout] 
[INFO] [stdout] warning: multiple associated functions are never used
[INFO] [stdout]    --> src/test_all.rs:8:12
[INFO] [stdout]     |
[INFO] [stdout] 7   | impl Solution {
[INFO] [stdout]     | ------------- associated functions in this implementation
[INFO] [stdout] 8   |     pub fn two_sum(nums: Vec<i32>, target: i32) -> Vec<i32> {
[INFO] [stdout]     |            ^^^^^^^
[INFO] [stdout] ...
[INFO] [stdout] 20  |     pub fn isValid(s: String) -> bool {
[INFO] [stdout]     |            ^^^^^^^
[INFO] [stdout] ...
[INFO] [stdout] 42  |     pub fn max_profit(prices: Vec<i32>) -> i32 {
[INFO] [stdout]     |            ^^^^^^^^^^
[INFO] [stdout] ...
[INFO] [stdout] 57  |     pub fn is_palindrome(s: String) -> bool {
[INFO] [stdout]     |            ^^^^^^^^^^^^^
[INFO] [stdout] ...
[INFO] [stdout] 78  |     pub fn is_anagram(s: String, t: String) -> bool {
[INFO] [stdout]     |            ^^^^^^^^^^
[INFO] [stdout] ...
[INFO] [stdout] 99  |     pub fn bfs_flood_fill(
[INFO] [stdout]     |            ^^^^^^^^^^^^^^
[INFO] [stdout] ...
[INFO] [stdout] 123 |     pub fn flood_fill(image: Vec<Vec<i32>>, sr: i32, sc: i32, color: i32) -> Vec<Vec<i32>> {
[INFO] [stdout]     |            ^^^^^^^^^^
[INFO] [stdout] ...
[INFO] [stdout] 132 |     pub fn can_constrct(ransom: String, magazine: String) -> bool {
[INFO] [stdout]     |            ^^^^^^^^^^^^
[INFO] [stdout] ...
[INFO] [stdout] 150 |     pub fn longest_pallindrome(s: String) -> i32 {
[INFO] [stdout]     |            ^^^^^^^^^^^^^^^^^^^
[INFO] [stdout] ...
[INFO] [stdout] 175 |     pub fn can_finish(num_courses: i32, prerequisites: Vec<Vec<i32>>) -> bool {
[INFO] [stdout]     |            ^^^^^^^^^^
[INFO] [stdout] ...
[INFO] [stdout] 206 |     pub fn accounts_merge(accounts: Vec<Vec<String>>) -> Vec<Vec<String>> {
[INFO] [stdout]     |            ^^^^^^^^^^^^^^
[INFO] [stdout] 
[INFO] [stdout] 
[INFO] [stdout] warning: struct `Solution` is never constructed
[INFO] [stdout]  --> src/two_sum.rs:3:12
[INFO] [stdout]   |
[INFO] [stdout] 3 | pub struct Solution;
[INFO] [stdout]   |            ^^^^^^^^
[INFO] [stdout] 
[INFO] [stdout] 
[INFO] [stdout] warning: associated functions `two_sum`, `two_sum_two_pass_hash`, `two_sum_one_pass_hash`, and `two_sum_two` are never used
[INFO] [stdout]   --> src/two_sum.rs:6:12
[INFO] [stdout]    |
[INFO] [stdout] 5  | impl Solution {
[INFO] [stdout]    | ------------- associated functions in this implementation
[INFO] [stdout] 6  |     pub fn two_sum(nums: Vec<i32>, target: i32) -> Vec<i32> {
[INFO] [stdout]    |            ^^^^^^^
[INFO] [stdout] ...
[INFO] [stdout] 20 |     pub fn two_sum_two_pass_hash(nums: Vec<i32>, target: i32) -> Vec<i32> {
[INFO] [stdout]    |            ^^^^^^^^^^^^^^^^^^^^^
[INFO] [stdout] ...
[INFO] [stdout] 39 |     pub fn two_sum_one_pass_hash(nums: Vec<i32>, target: i32) -> Vec<i32> {
[INFO] [stdout]    |            ^^^^^^^^^^^^^^^^^^^^^
[INFO] [stdout] ...
[INFO] [stdout] 51 |     pub fn two_sum_two(numbers: Vec<i32>, target: i32) -> Vec<i32> {
[INFO] [stdout]    |            ^^^^^^^^^^^
[INFO] [stdout] 
[INFO] [stdout] 
[INFO] [stdout] warning: struct `Solution` is never constructed
[INFO] [stdout]  --> src/valid_paranthesis.rs:1:12
[INFO] [stdout]   |
[INFO] [stdout] 1 | pub struct Solution;
[INFO] [stdout]   |            ^^^^^^^^
[INFO] [stdout] 
[INFO] [stdout] 
[INFO] [stdout] warning: associated function `is_valid` is never used
[INFO] [stdout]  --> src/valid_paranthesis.rs:4:12
[INFO] [stdout]   |
[INFO] [stdout] 3 | impl Solution {
[INFO] [stdout]   | ------------- associated function in this implementation
[INFO] [stdout] 4 |     pub fn is_valid(s: String) -> bool {
[INFO] [stdout]   |            ^^^^^^^^
[INFO] [stdout] 
[INFO] [stdout] 
[INFO] [stdout] warning: variable `maxP` should have a snake case name
[INFO] [stdout]  --> src/array_str.rs:8:17
[INFO] [stdout]   |
[INFO] [stdout] 8 |         let mut maxP = 0;
[INFO] [stdout]   |                 ^^^^ help: convert the identifier to snake case: `max_p`
[INFO] [stdout]   |
[INFO] [stdout]   = note: `#[warn(non_snake_case)]` on by default
[INFO] [stdout] 
[INFO] [stdout] 
[INFO] [stdout] warning: method `isValid` should have a snake case name
[INFO] [stdout]   --> src/test_all.rs:20:12
[INFO] [stdout]    |
[INFO] [stdout] 20 |     pub fn isValid(s: String) -> bool {
[INFO] [stdout]    |            ^^^^^^^ help: convert the identifier to snake case: `is_valid`
[INFO] [stdout] 
[INFO] [stdout] 
[INFO] [stdout] warning: 28 warnings emitted
[INFO] [stdout] 
[INFO] [stdout] 
[INFO] [stderr]     Finished dev [unoptimized + debuginfo] target(s) in 0.44s
[INFO] running `Command { std: "docker" "inspect" "b7a817415f5b030be9c9b1ecf6b3fd80ab9df92683048ed0514cfe9718efde8d", kill_on_drop: false }`
[INFO] running `Command { std: "docker" "rm" "-f" "b7a817415f5b030be9c9b1ecf6b3fd80ab9df92683048ed0514cfe9718efde8d", kill_on_drop: false }`
[INFO] [stdout] b7a817415f5b030be9c9b1ecf6b3fd80ab9df92683048ed0514cfe9718efde8d
[INFO] running `Command { std: "docker" "create" "-v" "/var/lib/crater-agent-workspace/builds/worker-0-tc2/target:/opt/rustwide/target:rw,Z" "-v" "/var/lib/crater-agent-workspace/builds/worker-0-tc2/source:/opt/rustwide/workdir:ro,Z" "-v" "/var/lib/crater-agent-workspace/cargo-home:/opt/rustwide/cargo-home:ro,Z" "-v" "/var/lib/crater-agent-workspace/rustup-home:/opt/rustwide/rustup-home:ro,Z" "-e" "SOURCE_DIR=/opt/rustwide/workdir" "-e" "CARGO_TARGET_DIR=/opt/rustwide/target" "-e" "CARGO_INCREMENTAL=0" "-e" "RUST_BACKTRACE=full" "-e" "RUSTFLAGS=--cap-lints=warn" "-e" "RUSTDOCFLAGS=--cap-lints=warn" "-e" "CARGO_HOME=/opt/rustwide/cargo-home" "-e" "RUSTUP_HOME=/opt/rustwide/rustup-home" "-w" "/opt/rustwide/workdir" "-m" "1610612736" "--user" "0:0" "--network" "none" "ghcr.io/rust-lang/crates-build-env/linux@sha256:2788e3201cd34a07e3172128adcd8b3090168a8e3bcc40d7c032b9dda1df7d1c" "/opt/rustwide/cargo-home/bin/cargo" "+beta-2023-12-22" "test" "--frozen" "--no-run" "--message-format=json", kill_on_drop: false }`
[INFO] [stdout] 62fb08ddf79e625eb54c59e43e501778d0c5375a34d8356e2c7cc76428d98404
[INFO] running `Command { std: "docker" "start" "-a" "62fb08ddf79e625eb54c59e43e501778d0c5375a34d8356e2c7cc76428d98404", kill_on_drop: false }`
[INFO] [stderr]    Compiling leetcode v0.1.0 (/opt/rustwide/workdir)
[INFO] [stdout] warning: unnecessary parentheses around `if` condition
[INFO] [stdout]   --> src/array_str.rs:75:12
[INFO] [stdout]    |
[INFO] [stdout] 75 |         if (s.len() == 0 || s.len() == 1) {
[INFO] [stdout]    |            ^                            ^
[INFO] [stdout]    |
[INFO] [stdout]    = note: `#[warn(unused_parens)]` on by default
[INFO] [stdout] help: remove these parentheses
[INFO] [stdout]    |
[INFO] [stdout] 75 -         if (s.len() == 0 || s.len() == 1) {
[INFO] [stdout] 75 +         if s.len() == 0 || s.len() == 1 {
[INFO] [stdout]    |
[INFO] [stdout] 
[INFO] [stdout] 
[INFO] [stdout] warning: the item `VecDeque` is imported redundantly
[INFO] [stdout]   --> src/graphs.rs:70:13
[INFO] [stdout]    |
[INFO] [stdout] 1  | use std::collections::{HashMap, HashSet, VecDeque};
[INFO] [stdout]    |                                          -------- the item `VecDeque` is already imported here
[INFO] [stdout] ...
[INFO] [stdout] 70 |         use std::collections::VecDeque;
[INFO] [stdout]    |             ^^^^^^^^^^^^^^^^^^^^^^^^^^
[INFO] [stdout]    |
[INFO] [stdout]    = note: `#[warn(unused_imports)]` on by default
[INFO] [stdout] 
[INFO] [stdout] 
[INFO] [stdout] warning: the item `VecDeque` is imported redundantly
[INFO] [stdout]    --> src/graphs.rs:103:13
[INFO] [stdout]     |
[INFO] [stdout] 1   | use std::collections::{HashMap, HashSet, VecDeque};
[INFO] [stdout]     |                                          -------- the item `VecDeque` is already imported here
[INFO] [stdout] ...
[INFO] [stdout] 103 |         use std::collections::VecDeque;
[INFO] [stdout]     |             ^^^^^^^^^^^^^^^^^^^^^^^^^^
[INFO] [stdout] 
[INFO] [stdout] 
[INFO] [stdout] warning: the item `VecDeque` is imported redundantly
[INFO] [stdout]    --> src/graphs.rs:140:13
[INFO] [stdout]     |
[INFO] [stdout] 1   | use std::collections::{HashMap, HashSet, VecDeque};
[INFO] [stdout]     |                                          -------- the item `VecDeque` is already imported here
[INFO] [stdout] ...
[INFO] [stdout] 140 |         use std::collections::VecDeque;
[INFO] [stdout]     |             ^^^^^^^^^^^^^^^^^^^^^^^^^^
[INFO] [stdout] 
[INFO] [stdout] 
[INFO] [stdout] warning: unused variable: `result`
[INFO] [stdout]    --> src/recursion.rs:164:17
[INFO] [stdout]     |
[INFO] [stdout] 164 |         let mut result: Vec<i32> = Vec::new();
[INFO] [stdout]     |                 ^^^^^^ help: if this is intentional, prefix it with an underscore: `_result`
[INFO] [stdout]     |
[INFO] [stdout]     = note: `#[warn(unused_variables)]` on by default
[INFO] [stdout] 
[INFO] [stdout] 
[INFO] [stdout] warning: variable does not need to be mutable
[INFO] [stdout]    --> src/recursion.rs:164:13
[INFO] [stdout]     |
[INFO] [stdout] 164 |         let mut result: Vec<i32> = Vec::new();
[INFO] [stdout]     |             ----^^^^^^
[INFO] [stdout]     |             |
[INFO] [stdout]     |             help: remove this `mut`
[INFO] [stdout]     |
[INFO] [stdout]     = note: `#[warn(unused_mut)]` on by default
[INFO] [stdout] 
[INFO] [stdout] 
[INFO] [stdout] warning: variable does not need to be mutable
[INFO] [stdout]    --> src/test_all.rs:207:14
[INFO] [stdout]     |
[INFO] [stdout] 207 |         let (mut graph, mut email_to_name) = accounts.into_iter().fold(
[INFO] [stdout]     |              ----^^^^^
[INFO] [stdout]     |              |
[INFO] [stdout]     |              help: remove this `mut`
[INFO] [stdout] 
[INFO] [stdout] 
[INFO] [stdout] warning: variable does not need to be mutable
[INFO] [stdout]    --> src/test_all.rs:207:25
[INFO] [stdout]     |
[INFO] [stdout] 207 |         let (mut graph, mut email_to_name) = accounts.into_iter().fold(
[INFO] [stdout]     |                         ----^^^^^^^^^^^^^
[INFO] [stdout]     |                         |
[INFO] [stdout]     |                         help: remove this `mut`
[INFO] [stdout] 
[INFO] [stdout] 
[INFO] [stdout] warning: associated functions `is_anagram`, `find_median_sorted_arrays`, and `can_construct` are never used
[INFO] [stdout]    --> src/array_str.rs:54:12
[INFO] [stdout]     |
[INFO] [stdout] 5   | impl Solution {
[INFO] [stdout]     | ------------- associated functions in this implementation
[INFO] [stdout] ...
[INFO] [stdout] 54  |     pub fn is_anagram(s: String, t: String) -> bool {
[INFO] [stdout]     |            ^^^^^^^^^^
[INFO] [stdout] ...
[INFO] [stdout] 166 |     pub fn find_median_sorted_arrays(nums1: Vec<i32>, nums2: Vec<i32>) -> f64 {
[INFO] [stdout]     |            ^^^^^^^^^^^^^^^^^^^^^^^^^
[INFO] [stdout] ...
[INFO] [stdout] 178 |     pub fn can_construct(ransom_note: String, magazine: String) -> bool {
[INFO] [stdout]     |            ^^^^^^^^^^^^^
[INFO] [stdout]     |
[INFO] [stdout]     = note: `#[warn(dead_code)]` on by default
[INFO] [stdout] 
[INFO] [stdout] 
[INFO] [stdout] warning: associated functions `without_dp_fib`, `with_rec_fib`, `dp_rec_fib_helper`, and `dp_rec_fib` are never used
[INFO] [stdout]   --> src/dp.rs:5:12
[INFO] [stdout]    |
[INFO] [stdout] 4  | impl Solution {
[INFO] [stdout]    | ------------- associated functions in this implementation
[INFO] [stdout] 5  |     pub fn without_dp_fib(n: i32) -> i32 {
[INFO] [stdout]    |            ^^^^^^^^^^^^^^
[INFO] [stdout] ...
[INFO] [stdout] 34 |     pub fn with_rec_fib(n: i32) -> i32 {
[INFO] [stdout]    |            ^^^^^^^^^^^^
[INFO] [stdout] ...
[INFO] [stdout] 44 |     pub fn dp_rec_fib_helper(n: u64, map: &mut HashMap<u64, u64>) -> u64 {
[INFO] [stdout]    |            ^^^^^^^^^^^^^^^^^
[INFO] [stdout] ...
[INFO] [stdout] 60 |     pub fn dp_rec_fib(n: u64) -> u64 {
[INFO] [stdout]    |            ^^^^^^^^^^
[INFO] [stdout] 
[INFO] [stdout] 
[INFO] [stdout] warning: method `get_neighbors` is never used
[INFO] [stdout]   --> src/graphs.rs:22:12
[INFO] [stdout]    |
[INFO] [stdout] 10 | impl Node {
[INFO] [stdout]    | --------- method in this implementation
[INFO] [stdout] ...
[INFO] [stdout] 22 |     pub fn get_neighbors(&self) -> Vec<Rc<RefCell<Node>>> {
[INFO] [stdout]    |            ^^^^^^^^^^^^^
[INFO] [stdout] 
[INFO] [stdout] 
[INFO] [stdout] warning: multiple associated functions are never used
[INFO] [stdout]    --> src/graphs.rs:63:12
[INFO] [stdout]     |
[INFO] [stdout] 31  | impl Solution {
[INFO] [stdout]     | ------------- associated functions in this implementation
[INFO] [stdout] ...
[INFO] [stdout] 63  |     pub fn bfs_flood_fill(
[INFO] [stdout]     |            ^^^^^^^^^^^^^^
[INFO] [stdout] ...
[INFO] [stdout] 94  |     pub fn flood_fill_bfs(image: Vec<Vec<i32>>, sr: i32, sc: i32, color: i32) -> Vec<Vec<i32>> {
[INFO] [stdout]     |            ^^^^^^^^^^^^^^
[INFO] [stdout] ...
[INFO] [stdout] 139 |     pub fn nearest_one(mat: Vec<Vec<i32>>) -> Vec<Vec<i32>> {
[INFO] [stdout]     |            ^^^^^^^^^^^
[INFO] [stdout] ...
[INFO] [stdout] 374 |     pub fn can_finish_dfs(
[INFO] [stdout]     |            ^^^^^^^^^^^^^^
[INFO] [stdout] ...
[INFO] [stdout] 406 |     pub fn can_finish(num_courses: i32, prerequisites: Vec<Vec<i32>>) -> bool {
[INFO] [stdout]     |            ^^^^^^^^^^
[INFO] [stdout] ...
[INFO] [stdout] 424 |     pub fn find_order(num_courses: i32, prerequisites: Vec<Vec<i32>>) -> Vec<i32> {
[INFO] [stdout]     |            ^^^^^^^^^^
[INFO] [stdout] ...
[INFO] [stdout] 457 |     pub fn ladder_length(begin_word: String, end_word: String, word_list: Vec<String>) -> i32 {
[INFO] [stdout]     |            ^^^^^^^^^^^^^
[INFO] [stdout] 
[INFO] [stdout] 
[INFO] [stdout] warning: field `vertices` is never read
[INFO] [stdout]    --> src/graphs.rs:511:5
[INFO] [stdout]     |
[INFO] [stdout] 510 | pub struct Graph<VID, Edge = (), Vertices = ()> {
[INFO] [stdout]     |            ----- field in this struct
[INFO] [stdout] 511 |     vertices: HashMap<VID, Vertices>,
[INFO] [stdout]     |     ^^^^^^^^
[INFO] [stdout]     |
[INFO] [stdout]     = note: `Graph` has a derived impl for the trait `Debug`, but this is intentionally ignored during dead code analysis
[INFO] [stdout] 
[INFO] [stdout] 
[INFO] [stdout] warning: methods `add_vertex` and `bfs` are never used
[INFO] [stdout]    --> src/graphs.rs:527:12
[INFO] [stdout]     |
[INFO] [stdout] 514 | / impl<
[INFO] [stdout] 515 | |         VID: std::cmp::Eq + std::hash::Hash + Copy + std::fmt::Debug,
[INFO] [stdout] 516 | |         Edge: std::fmt::Debug,
[INFO] [stdout] 517 | |         Vertices: std::fmt::Debug,
[INFO] [stdout] 518 | |     > Graph<VID, Edge, Vertices>
[INFO] [stdout]     | |________________________________- methods in this implementation
[INFO] [stdout] ...
[INFO] [stdout] 527 |       pub fn add_vertex(&mut self, id: VID, vertices: Vertices) {
[INFO] [stdout]     |              ^^^^^^^^^^
[INFO] [stdout] ...
[INFO] [stdout] 539 |       pub fn bfs(&self, start: VID) -> Vec<VID> {
[INFO] [stdout]     |              ^^^
[INFO] [stdout] 
[INFO] [stdout] 
[INFO] [stdout] warning: associated functions `print_desc`, `print_asc`, and `spell_loop` are never used
[INFO] [stdout]   --> src/recursion.rs:7:12
[INFO] [stdout]    |
[INFO] [stdout] 5  | impl Solution {
[INFO] [stdout]    | ------------- associated functions in this implementation
[INFO] [stdout] 6  |
[INFO] [stdout] 7  |     pub fn print_desc(n: i32) {
[INFO] [stdout]    |            ^^^^^^^^^^
[INFO] [stdout] ...
[INFO] [stdout] 18 |     pub fn print_asc(n: i32) {
[INFO] [stdout]    |            ^^^^^^^^^
[INFO] [stdout] ...
[INFO] [stdout] 77 |     pub fn spell_loop(mut n: i32) -> String {
[INFO] [stdout]    |            ^^^^^^^^^^
[INFO] [stdout] 
[INFO] [stdout] 
[INFO] [stdout] warning: multiple associated functions are never used
[INFO] [stdout]    --> src/test_all.rs:8:12
[INFO] [stdout]     |
[INFO] [stdout] 7   | impl Solution {
[INFO] [stdout]     | ------------- associated functions in this implementation
[INFO] [stdout] 8   |     pub fn two_sum(nums: Vec<i32>, target: i32) -> Vec<i32> {
[INFO] [stdout]     |            ^^^^^^^
[INFO] [stdout] ...
[INFO] [stdout] 20  |     pub fn isValid(s: String) -> bool {
[INFO] [stdout]     |            ^^^^^^^
[INFO] [stdout] ...
[INFO] [stdout] 42  |     pub fn max_profit(prices: Vec<i32>) -> i32 {
[INFO] [stdout]     |            ^^^^^^^^^^
[INFO] [stdout] ...
[INFO] [stdout] 57  |     pub fn is_palindrome(s: String) -> bool {
[INFO] [stdout]     |            ^^^^^^^^^^^^^
[INFO] [stdout] ...
[INFO] [stdout] 99  |     pub fn bfs_flood_fill(
[INFO] [stdout]     |            ^^^^^^^^^^^^^^
[INFO] [stdout] ...
[INFO] [stdout] 123 |     pub fn flood_fill(image: Vec<Vec<i32>>, sr: i32, sc: i32, color: i32) -> Vec<Vec<i32>> {
[INFO] [stdout]     |            ^^^^^^^^^^
[INFO] [stdout] ...
[INFO] [stdout] 206 |     pub fn accounts_merge(accounts: Vec<Vec<String>>) -> Vec<Vec<String>> {
[INFO] [stdout]     |            ^^^^^^^^^^^^^^
[INFO] [stdout] 
[INFO] [stdout] 
[INFO] [stdout] warning: associated functions `two_sum_two_pass_hash` and `two_sum_two` are never used
[INFO] [stdout]   --> src/two_sum.rs:20:12
[INFO] [stdout]    |
[INFO] [stdout] 5  | impl Solution {
[INFO] [stdout]    | ------------- associated functions in this implementation
[INFO] [stdout] ...
[INFO] [stdout] 20 |     pub fn two_sum_two_pass_hash(nums: Vec<i32>, target: i32) -> Vec<i32> {
[INFO] [stdout]    |            ^^^^^^^^^^^^^^^^^^^^^
[INFO] [stdout] ...
[INFO] [stdout] 51 |     pub fn two_sum_two(numbers: Vec<i32>, target: i32) -> Vec<i32> {
[INFO] [stdout]    |            ^^^^^^^^^^^
[INFO] [stdout] 
[INFO] [stdout] 
[INFO] [stdout] warning: function `test_two_sum_two_pass_hash` is never used
[INFO] [stdout]   --> src/main.rs:47:8
[INFO] [stdout]    |
[INFO] [stdout] 47 |     fn test_two_sum_two_pass_hash() {
[INFO] [stdout]    |        ^^^^^^^^^^^^^^^^^^^^^^^^^^
[INFO] [stdout] 
[INFO] [stdout] 
[INFO] [stdout] warning: variable `maxP` should have a snake case name
[INFO] [stdout]  --> src/array_str.rs:8:17
[INFO] [stdout]   |
[INFO] [stdout] 8 |         let mut maxP = 0;
[INFO] [stdout]   |                 ^^^^ help: convert the identifier to snake case: `max_p`
[INFO] [stdout]   |
[INFO] [stdout]   = note: `#[warn(non_snake_case)]` on by default
[INFO] [stdout] 
[INFO] [stdout] 
[INFO] [stdout] warning: method `isValid` should have a snake case name
[INFO] [stdout]   --> src/test_all.rs:20:12
[INFO] [stdout]    |
[INFO] [stdout] 20 |     pub fn isValid(s: String) -> bool {
[INFO] [stdout]    |            ^^^^^^^ help: convert the identifier to snake case: `is_valid`
[INFO] [stdout] 
[INFO] [stdout] 
[INFO] [stdout] warning: 20 warnings emitted
[INFO] [stdout] 
[INFO] [stdout] 
[INFO] [stderr]     Finished test [unoptimized + debuginfo] target(s) in 1.32s
[INFO] running `Command { std: "docker" "inspect" "62fb08ddf79e625eb54c59e43e501778d0c5375a34d8356e2c7cc76428d98404", kill_on_drop: false }`
[INFO] running `Command { std: "docker" "rm" "-f" "62fb08ddf79e625eb54c59e43e501778d0c5375a34d8356e2c7cc76428d98404", kill_on_drop: false }`
[INFO] [stdout] 62fb08ddf79e625eb54c59e43e501778d0c5375a34d8356e2c7cc76428d98404
[INFO] running `Command { std: "docker" "create" "-v" "/var/lib/crater-agent-workspace/builds/worker-0-tc2/target:/opt/rustwide/target:rw,Z" "-v" "/var/lib/crater-agent-workspace/builds/worker-0-tc2/source:/opt/rustwide/workdir:ro,Z" "-v" "/var/lib/crater-agent-workspace/cargo-home:/opt/rustwide/cargo-home:ro,Z" "-v" "/var/lib/crater-agent-workspace/rustup-home:/opt/rustwide/rustup-home:ro,Z" "-e" "SOURCE_DIR=/opt/rustwide/workdir" "-e" "CARGO_TARGET_DIR=/opt/rustwide/target" "-e" "CARGO_INCREMENTAL=0" "-e" "RUST_BACKTRACE=full" "-e" "RUSTFLAGS=--cap-lints=warn" "-e" "RUSTDOCFLAGS=--cap-lints=warn" "-e" "CARGO_HOME=/opt/rustwide/cargo-home" "-e" "RUSTUP_HOME=/opt/rustwide/rustup-home" "-w" "/opt/rustwide/workdir" "-m" "1610612736" "--user" "0:0" "--network" "none" "ghcr.io/rust-lang/crates-build-env/linux@sha256:2788e3201cd34a07e3172128adcd8b3090168a8e3bcc40d7c032b9dda1df7d1c" "/opt/rustwide/cargo-home/bin/cargo" "+beta-2023-12-22" "test" "--frozen", kill_on_drop: false }`
[INFO] [stdout] 9e034007fac05b6aa0f170a5c982c32789877e0e8c657999afba6a2f0b1b8a7f
[INFO] running `Command { std: "docker" "start" "-a" "9e034007fac05b6aa0f170a5c982c32789877e0e8c657999afba6a2f0b1b8a7f", kill_on_drop: false }`
[INFO] [stderr] warning: unnecessary parentheses around `if` condition
[INFO] [stderr]   --> src/array_str.rs:75:12
[INFO] [stderr]    |
[INFO] [stderr] 75 |         if (s.len() == 0 || s.len() == 1) {
[INFO] [stderr]    |            ^                            ^
[INFO] [stderr]    |
[INFO] [stderr]    = note: `#[warn(unused_parens)]` on by default
[INFO] [stderr] help: remove these parentheses
[INFO] [stderr]    |
[INFO] [stderr] 75 -         if (s.len() == 0 || s.len() == 1) {
[INFO] [stderr] 75 +         if s.len() == 0 || s.len() == 1 {
[INFO] [stderr]    |
[INFO] [stderr] 
[INFO] [stderr] warning: the item `VecDeque` is imported redundantly
[INFO] [stderr]   --> src/graphs.rs:70:13
[INFO] [stderr]    |
[INFO] [stderr] 1  | use std::collections::{HashMap, HashSet, VecDeque};
[INFO] [stderr]    |                                          -------- the item `VecDeque` is already imported here
[INFO] [stderr] ...
[INFO] [stderr] 70 |         use std::collections::VecDeque;
[INFO] [stderr]    |             ^^^^^^^^^^^^^^^^^^^^^^^^^^
[INFO] [stderr]    |
[INFO] [stderr]    = note: `#[warn(unused_imports)]` on by default
[INFO] [stderr] 
[INFO] [stderr] warning: the item `VecDeque` is imported redundantly
[INFO] [stderr]    --> src/graphs.rs:103:13
[INFO] [stderr]     |
[INFO] [stderr] 1   | use std::collections::{HashMap, HashSet, VecDeque};
[INFO] [stderr]     |                                          -------- the item `VecDeque` is already imported here
[INFO] [stderr] ...
[INFO] [stderr] 103 |         use std::collections::VecDeque;
[INFO] [stderr]     |             ^^^^^^^^^^^^^^^^^^^^^^^^^^
[INFO] [stderr] 
[INFO] [stderr] warning: the item `VecDeque` is imported redundantly
[INFO] [stderr]    --> src/graphs.rs:140:13
[INFO] [stderr]     |
[INFO] [stderr] 1   | use std::collections::{HashMap, HashSet, VecDeque};
[INFO] [stderr]     |                                          -------- the item `VecDeque` is already imported here
[INFO] [stderr] ...
[INFO] [stderr] 140 |         use std::collections::VecDeque;
[INFO] [stderr]     |             ^^^^^^^^^^^^^^^^^^^^^^^^^^
[INFO] [stderr] 
[INFO] [stderr] warning: unused variable: `result`
[INFO] [stderr]    --> src/recursion.rs:164:17
[INFO] [stderr]     |
[INFO] [stderr] 164 |         let mut result: Vec<i32> = Vec::new();
[INFO] [stderr]     |                 ^^^^^^ help: if this is intentional, prefix it with an underscore: `_result`
[INFO] [stderr]     |
[INFO] [stderr]     = note: `#[warn(unused_variables)]` on by default
[INFO] [stderr] 
[INFO] [stderr] warning: variable does not need to be mutable
[INFO] [stderr]    --> src/recursion.rs:164:13
[INFO] [stderr]     |
[INFO] [stderr] 164 |         let mut result: Vec<i32> = Vec::new();
[INFO] [stderr]     |             ----^^^^^^
[INFO] [stderr]     |             |
[INFO] [stderr]     |             help: remove this `mut`
[INFO] [stderr]     |
[INFO] [stderr]     = note: `#[warn(unused_mut)]` on by default
[INFO] [stderr] 
[INFO] [stderr] warning: variable does not need to be mutable
[INFO] [stderr]    --> src/test_all.rs:207:14
[INFO] [stderr]     |
[INFO] [stderr] 207 |         let (mut graph, mut email_to_name) = accounts.into_iter().fold(
[INFO] [stderr]     |              ----^^^^^
[INFO] [stderr]     |              |
[INFO] [stderr]     |              help: remove this `mut`
[INFO] [stderr] 
[INFO] [stderr] warning: variable does not need to be mutable
[INFO] [stderr]    --> src/test_all.rs:207:25
[INFO] [stderr]     |
[INFO] [stderr] 207 |         let (mut graph, mut email_to_name) = accounts.into_iter().fold(
[INFO] [stderr]     |                         ----^^^^^^^^^^^^^
[INFO] [stderr]     |                         |
[INFO] [stderr]     |                         help: remove this `mut`
[INFO] [stderr] 
[INFO] [stderr] warning: associated functions `is_anagram`, `find_median_sorted_arrays`, and `can_construct` are never used
[INFO] [stderr]    --> src/array_str.rs:54:12
[INFO] [stderr]     |
[INFO] [stderr] 5   | impl Solution {
[INFO] [stderr]     | ------------- associated functions in this implementation
[INFO] [stderr] ...
[INFO] [stderr] 54  |     pub fn is_anagram(s: String, t: String) -> bool {
[INFO] [stderr]     |            ^^^^^^^^^^
[INFO] [stderr] ...
[INFO] [stderr] 166 |     pub fn find_median_sorted_arrays(nums1: Vec<i32>, nums2: Vec<i32>) -> f64 {
[INFO] [stderr]     |            ^^^^^^^^^^^^^^^^^^^^^^^^^
[INFO] [stderr] ...
[INFO] [stderr] 178 |     pub fn can_construct(ransom_note: String, magazine: String) -> bool {
[INFO] [stderr]     |            ^^^^^^^^^^^^^
[INFO] [stderr]     |
[INFO] [stderr]     = note: `#[warn(dead_code)]` on by default
[INFO] [stderr] 
[INFO] [stderr] warning: associated functions `without_dp_fib`, `with_rec_fib`, `dp_rec_fib_helper`, and `dp_rec_fib` are never used
[INFO] [stderr]   --> src/dp.rs:5:12
[INFO] [stderr]    |
[INFO] [stderr] 4  | impl Solution {
[INFO] [stderr]    | ------------- associated functions in this implementation
[INFO] [stderr] 5  |     pub fn without_dp_fib(n: i32) -> i32 {
[INFO] [stderr]    |            ^^^^^^^^^^^^^^
[INFO] [stderr] ...
[INFO] [stderr] 34 |     pub fn with_rec_fib(n: i32) -> i32 {
[INFO] [stderr]    |            ^^^^^^^^^^^^
[INFO] [stderr] ...
[INFO] [stderr] 44 |     pub fn dp_rec_fib_helper(n: u64, map: &mut HashMap<u64, u64>) -> u64 {
[INFO] [stderr]    |            ^^^^^^^^^^^^^^^^^
[INFO] [stderr] ...
[INFO] [stderr] 60 |     pub fn dp_rec_fib(n: u64) -> u64 {
[INFO] [stderr]    |            ^^^^^^^^^^
[INFO] [stderr] 
[INFO] [stderr] warning: method `get_neighbors` is never used
[INFO] [stderr]   --> src/graphs.rs:22:12
[INFO] [stderr]    |
[INFO] [stderr] 10 | impl Node {
[INFO] [stderr]    | --------- method in this implementation
[INFO] [stderr] ...
[INFO] [stderr] 22 |     pub fn get_neighbors(&self) -> Vec<Rc<RefCell<Node>>> {
[INFO] [stderr]    |            ^^^^^^^^^^^^^
[INFO] [stderr] 
[INFO] [stderr] warning: multiple associated functions are never used
[INFO] [stderr]    --> src/graphs.rs:63:12
[INFO] [stderr]     |
[INFO] [stderr] 31  | impl Solution {
[INFO] [stderr]     | ------------- associated functions in this implementation
[INFO] [stderr] ...
[INFO] [stderr] 63  |     pub fn bfs_flood_fill(
[INFO] [stderr]     |            ^^^^^^^^^^^^^^
[INFO] [stderr] ...
[INFO] [stderr] 94  |     pub fn flood_fill_bfs(image: Vec<Vec<i32>>, sr: i32, sc: i32, color: i32) -> Vec<Vec<i32>> {
[INFO] [stderr]     |            ^^^^^^^^^^^^^^
[INFO] [stderr] ...
[INFO] [stderr] 139 |     pub fn nearest_one(mat: Vec<Vec<i32>>) -> Vec<Vec<i32>> {
[INFO] [stderr]     |            ^^^^^^^^^^^
[INFO] [stderr] ...
[INFO] [stderr] 374 |     pub fn can_finish_dfs(
[INFO] [stderr]     |            ^^^^^^^^^^^^^^
[INFO] [stderr] ...
[INFO] [stderr] 406 |     pub fn can_finish(num_courses: i32, prerequisites: Vec<Vec<i32>>) -> bool {
[INFO] [stderr]     |            ^^^^^^^^^^
[INFO] [stderr] ...
[INFO] [stderr] 424 |     pub fn find_order(num_courses: i32, prerequisites: Vec<Vec<i32>>) -> Vec<i32> {
[INFO] [stderr]     |            ^^^^^^^^^^
[INFO] [stderr] ...
[INFO] [stderr] 457 |     pub fn ladder_length(begin_word: String, end_word: String, word_list: Vec<String>) -> i32 {
[INFO] [stderr]     |            ^^^^^^^^^^^^^
[INFO] [stderr] 
[INFO] [stderr] warning: field `vertices` is never read
[INFO] [stderr]    --> src/graphs.rs:511:5
[INFO] [stderr]     |
[INFO] [stderr] 510 | pub struct Graph<VID, Edge = (), Vertices = ()> {
[INFO] [stderr]     |            ----- field in this struct
[INFO] [stderr] 511 |     vertices: HashMap<VID, Vertices>,
[INFO] [stderr]     |     ^^^^^^^^
[INFO] [stderr]     |
[INFO] [stderr]     = note: `Graph` has a derived impl for the trait `Debug`, but this is intentionally ignored during dead code analysis
[INFO] [stderr] 
[INFO] [stderr] warning: methods `add_vertex` and `bfs` are never used
[INFO] [stderr]    --> src/graphs.rs:527:12
[INFO] [stderr]     |
[INFO] [stderr] 514 | / impl<
[INFO] [stderr] 515 | |         VID: std::cmp::Eq + std::hash::Hash + Copy + std::fmt::Debug,
[INFO] [stderr] 516 | |         Edge: std::fmt::Debug,
[INFO] [stderr] 517 | |         Vertices: std::fmt::Debug,
[INFO] [stderr] 518 | |     > Graph<VID, Edge, Vertices>
[INFO] [stderr]     | |________________________________- methods in this implementation
[INFO] [stderr] ...
[INFO] [stderr] 527 |       pub fn add_vertex(&mut self, id: VID, vertices: Vertices) {
[INFO] [stderr]     |              ^^^^^^^^^^
[INFO] [stderr] ...
[INFO] [stderr] 539 |       pub fn bfs(&self, start: VID) -> Vec<VID> {
[INFO] [stderr]     |              ^^^
[INFO] [stderr] 
[INFO] [stderr] warning: associated functions `print_desc`, `print_asc`, and `spell_loop` are never used
[INFO] [stderr]   --> src/recursion.rs:7:12
[INFO] [stderr]    |
[INFO] [stderr] 5  | impl Solution {
[INFO] [stderr]    | ------------- associated functions in this implementation
[INFO] [stderr] 6  |
[INFO] [stderr] 7  |     pub fn print_desc(n: i32) {
[INFO] [stderr]    |            ^^^^^^^^^^
[INFO] [stderr] ...
[INFO] [stderr] 18 |     pub fn print_asc(n: i32) {
[INFO] [stderr]    |            ^^^^^^^^^
[INFO] [stderr] ...
[INFO] [stderr] 77 |     pub fn spell_loop(mut n: i32) -> String {
[INFO] [stderr]    |            ^^^^^^^^^^
[INFO] [stderr] 
[INFO] [stderr] warning: multiple associated functions are never used
[INFO] [stderr]    --> src/test_all.rs:8:12
[INFO] [stderr]     |
[INFO] [stderr] 7   | impl Solution {
[INFO] [stderr]     | ------------- associated functions in this implementation
[INFO] [stderr] 8   |     pub fn two_sum(nums: Vec<i32>, target: i32) -> Vec<i32> {
[INFO] [stderr]     |            ^^^^^^^
[INFO] [stderr] ...
[INFO] [stderr] 20  |     pub fn isValid(s: String) -> bool {
[INFO] [stderr]     |            ^^^^^^^
[INFO] [stderr] ...
[INFO] [stderr] 42  |     pub fn max_profit(prices: Vec<i32>) -> i32 {
[INFO] [stderr]     |            ^^^^^^^^^^
[INFO] [stderr] ...
[INFO] [stderr] 57  |     pub fn is_palindrome(s: String) -> bool {
[INFO] [stderr]     |            ^^^^^^^^^^^^^
[INFO] [stderr] ...
[INFO] [stderr] 99  |     pub fn bfs_flood_fill(
[INFO] [stderr]     |            ^^^^^^^^^^^^^^
[INFO] [stderr] ...
[INFO] [stderr] 123 |     pub fn flood_fill(image: Vec<Vec<i32>>, sr: i32, sc: i32, color: i32) -> Vec<Vec<i32>> {
[INFO] [stderr]     |            ^^^^^^^^^^
[INFO] [stderr] ...
[INFO] [stderr] 206 |     pub fn accounts_merge(accounts: Vec<Vec<String>>) -> Vec<Vec<String>> {
[INFO] [stderr]     |            ^^^^^^^^^^^^^^
[INFO] [stderr] 
[INFO] [stderr] warning: associated functions `two_sum_two_pass_hash` and `two_sum_two` are never used
[INFO] [stderr]   --> src/two_sum.rs:20:12
[INFO] [stderr]    |
[INFO] [stderr] 5  | impl Solution {
[INFO] [stderr]    | ------------- associated functions in this implementation
[INFO] [stderr] ...
[INFO] [stderr] 20 |     pub fn two_sum_two_pass_hash(nums: Vec<i32>, target: i32) -> Vec<i32> {
[INFO] [stderr]    |            ^^^^^^^^^^^^^^^^^^^^^
[INFO] [stderr] ...
[INFO] [stderr] 51 |     pub fn two_sum_two(numbers: Vec<i32>, target: i32) -> Vec<i32> {
[INFO] [stderr]    |            ^^^^^^^^^^^
[INFO] [stderr] 
[INFO] [stderr] warning: function `test_two_sum_two_pass_hash` is never used
[INFO] [stderr]   --> src/main.rs:47:8
[INFO] [stderr]    |
[INFO] [stderr] 47 |     fn test_two_sum_two_pass_hash() {
[INFO] [stderr]    |        ^^^^^^^^^^^^^^^^^^^^^^^^^^
[INFO] [stderr] 
[INFO] [stderr] warning: variable `maxP` should have a snake case name
[INFO] [stderr]  --> src/array_str.rs:8:17
[INFO] [stderr]   |
[INFO] [stderr] 8 |         let mut maxP = 0;
[INFO] [stderr]   |                 ^^^^ help: convert the identifier to snake case: `max_p`
[INFO] [stderr]   |
[INFO] [stderr]   = note: `#[warn(non_snake_case)]` on by default
[INFO] [stderr] 
[INFO] [stderr] warning: method `isValid` should have a snake case name
[INFO] [stderr]   --> src/test_all.rs:20:12
[INFO] [stderr]    |
[INFO] [stderr] 20 |     pub fn isValid(s: String) -> bool {
[INFO] [stderr]    |            ^^^^^^^ help: convert the identifier to snake case: `is_valid`
[INFO] [stderr] 
[INFO] [stderr] warning: `leetcode` (bin "leetcode" test) generated 20 warnings (run `cargo fix --bin "leetcode" --tests` to apply 5 suggestions)
[INFO] [stderr]     Finished test [unoptimized + debuginfo] target(s) in 0.01s
[INFO] [stderr]      Running unittests src/main.rs (/opt/rustwide/target/debug/deps/leetcode-7d3986accb494a3b)
[INFO] [stdout] 
[INFO] [stdout] running 37 tests
[INFO] [stdout] test test_all::test::test_longest_pallindrome ... ok
[INFO] [stdout] test test_all::test::test_can_construct ... ok
[INFO] [stdout] test tests::test_angram ... ok
[INFO] [stdout] test test_all::test::test_can_finish ... ok
[INFO] [stdout] test tests::test_clone_graph ... ok
[INFO] [stdout] test tests::test_clone_graph_bfs ... ok
[INFO] [stdout] test tests::test_climbing_stairs ... ok
[INFO] [stdout] test tests::test_contain_duplicate_2 ... ok
[INFO] [stdout] test tests::test_fib ... ok
[INFO] [stdout] test tests::test_flood_fill ... ok
[INFO] [stdout] test tests::test_exp ... ok
[INFO] [stdout] test tests::test_factorial ... ok
[INFO] [stdout] test tests::test_contain_duplicate ... ok
[INFO] [stdout] test tests::test_graph_bfs ... ok
[INFO] [stdout] test tests::test_majority_element ... ok
[INFO] [stdout] test tests::test_oranges_rotting ... ok
[INFO] [stdout] test tests::test_pallindrom ... ok
[INFO] [stdout] test tests::test_profit ... ok
[INFO] [stdout] test tests::test_longest_pallindrome ... ok
[INFO] [stdout] test tests::test_profit_2 ... ok
[INFO] [stdout] test tests::test_max_subarray ... ok
[INFO] [stdout] test tests::test_sorted_unsorted_arr_false ... ok
[INFO] [stdout] test tests::test_fibonacci ... ok
[INFO] [stdout] test tests::test_three_sum ... ok
[INFO] [stdout] test tests::test_topological_sort ... ok
[INFO] [stdout] test tests::test_two_sum_one_pass_hash ... ok
[INFO] [stdout] test tests::test_update_matrix ... ok
[INFO] [stdout] test tests::test_sorted_unsorted_arr_true ... ok
[INFO] [stdout] test tests::test_subsets ... ok
[INFO] [stdout] test tests::test_valid_paranthesis ... ok
[INFO] [stdout] test tests::test_two_sum ... ok
[INFO] [stdout] test tests::test_valid_paranthesis_2 ... ok
[INFO] [stdout] test tests::test_valid_paranthesis_3 ... ok
[INFO] [stdout] test tests::test_valid_paranthesis_4 ... ok
[INFO] [stdout] test tests::test_spell_recur ... ok
[INFO] [stdout] test tests::test_exist ... FAILED
[INFO] [stdout] test tests::test_num_islands ... FAILED
[INFO] [stdout] 
[INFO] [stdout] failures:
[INFO] [stdout] 
[INFO] [stdout] ---- tests::test_exist stdout ----
[INFO] [stdout] thread 'tests::test_exist' panicked at src/graphs.rs:353:49:
[INFO] [stdout] attempt to subtract with overflow
[INFO] [stdout] stack backtrace:
[INFO] [stdout]    0:     0x55abf62475d6 - std::backtrace_rs::backtrace::libunwind::trace::h261606ad26a499c1
[INFO] [stdout]                                at /rustc/0e09125c6c3c2fd70d7de961bcf0e51575235fad/library/std/src/../../backtrace/src/backtrace/libunwind.rs:104:5
[INFO] [stdout]    1:     0x55abf62475d6 - std::backtrace_rs::backtrace::trace_unsynchronized::hd183f0625477fb28
[INFO] [stdout]                                at /rustc/0e09125c6c3c2fd70d7de961bcf0e51575235fad/library/std/src/../../backtrace/src/backtrace/mod.rs:66:5
[INFO] [stdout]    2:     0x55abf62475d6 - std::sys_common::backtrace::_print_fmt::hd7f8fef21b4eda67
[INFO] [stdout]                                at /rustc/0e09125c6c3c2fd70d7de961bcf0e51575235fad/library/std/src/sys_common/backtrace.rs:68:5
[INFO] [stdout]    3:     0x55abf62475d6 - <std::sys_common::backtrace::_print::DisplayBacktrace as core::fmt::Display>::fmt::h623d9b51f2f453f1
[INFO] [stdout]                                at /rustc/0e09125c6c3c2fd70d7de961bcf0e51575235fad/library/std/src/sys_common/backtrace.rs:44:22
[INFO] [stdout]    4:     0x55abf6270770 - core::fmt::rt::Argument::fmt::h9f417ac76a86f368
[INFO] [stdout]                                at /rustc/0e09125c6c3c2fd70d7de961bcf0e51575235fad/library/core/src/fmt/rt.rs:142:9
[INFO] [stdout]    5:     0x55abf6270770 - core::fmt::write::hc9b6faf4ac2aeff7
[INFO] [stdout]                                at /rustc/0e09125c6c3c2fd70d7de961bcf0e51575235fad/library/core/src/fmt/mod.rs:1120:17
[INFO] [stdout]    6:     0x55abf624503f - std::io::Write::write_fmt::he04625a3a989fec3
[INFO] [stdout]                                at /rustc/0e09125c6c3c2fd70d7de961bcf0e51575235fad/library/std/src/io/mod.rs:1810:15
[INFO] [stdout]    7:     0x55abf62473b4 - std::sys_common::backtrace::_print::hd5d66399c7df88a2
[INFO] [stdout]                                at /rustc/0e09125c6c3c2fd70d7de961bcf0e51575235fad/library/std/src/sys_common/backtrace.rs:47:5
[INFO] [stdout]    8:     0x55abf62473b4 - std::sys_common::backtrace::print::he81ed2da642d37e5
[INFO] [stdout]                                at /rustc/0e09125c6c3c2fd70d7de961bcf0e51575235fad/library/std/src/sys_common/backtrace.rs:34:9
[INFO] [stdout]    9:     0x55abf6249127 - std::panicking::default_hook::{{closure}}::h85773f4fa117163d
[INFO] [stdout]   10:     0x55abf6248e0d - std::panicking::default_hook::h6a1694a91d09b278
[INFO] [stdout]                                at /rustc/0e09125c6c3c2fd70d7de961bcf0e51575235fad/library/std/src/panicking.rs:289:9
[INFO] [stdout]   11:     0x55abf6218fe7 - <alloc::boxed::Box<F,A> as core::ops::function::Fn<Args>>::call::h616ac37fa3cd6c8f
[INFO] [stdout]                                at /rustc/0e09125c6c3c2fd70d7de961bcf0e51575235fad/library/alloc/src/boxed.rs:2029:9
[INFO] [stdout]   12:     0x55abf6218fe7 - test::test_main::{{closure}}::h00d84697cefdcbb6
[INFO] [stdout]                                at /rustc/0e09125c6c3c2fd70d7de961bcf0e51575235fad/library/test/src/lib.rs:138:21
[INFO] [stdout]   13:     0x55abf6249746 - <alloc::boxed::Box<F,A> as core::ops::function::Fn<Args>>::call::hcb3fe3b9bb537ba8
[INFO] [stdout]                                at /rustc/0e09125c6c3c2fd70d7de961bcf0e51575235fad/library/alloc/src/boxed.rs:2029:9
[INFO] [stdout]   14:     0x55abf6249746 - std::panicking::rust_panic_with_hook::h0a7ad96e90f7145b
[INFO] [stdout]                                at /rustc/0e09125c6c3c2fd70d7de961bcf0e51575235fad/library/std/src/panicking.rs:783:13
[INFO] [stdout]   15:     0x55abf6249459 - std::panicking::begin_panic_handler::{{closure}}::h7919090525c6485e
[INFO] [stdout]                                at /rustc/0e09125c6c3c2fd70d7de961bcf0e51575235fad/library/std/src/panicking.rs:649:13
[INFO] [stdout]   16:     0x55abf6247ad6 - std::sys_common::backtrace::__rust_end_short_backtrace::hf3289479464f7dfe
[INFO] [stdout]                                at /rustc/0e09125c6c3c2fd70d7de961bcf0e51575235fad/library/std/src/sys_common/backtrace.rs:171:18
[INFO] [stdout]   17:     0x55abf62491f0 - rust_begin_unwind
[INFO] [stdout]                                at /rustc/0e09125c6c3c2fd70d7de961bcf0e51575235fad/library/std/src/panicking.rs:645:5
[INFO] [stdout]   18:     0x55abf61a1d35 - core::panicking::panic_fmt::hcc9f77c5c132af55
[INFO] [stdout]                                at /rustc/0e09125c6c3c2fd70d7de961bcf0e51575235fad/library/core/src/panicking.rs:72:14
[INFO] [stdout]   19:     0x55abf61a1df3 - core::panicking::panic::h5a1259c1164bd480
[INFO] [stdout]                                at /rustc/0e09125c6c3c2fd70d7de961bcf0e51575235fad/library/core/src/panicking.rs:144:5
[INFO] [stdout]   20:     0x55abf61e13c7 - leetcode::graphs::Solution::exist_dfs::h4185d6b35d9cabbf
[INFO] [stdout]                                at /opt/rustwide/workdir/src/graphs.rs:353:49
[INFO] [stdout]   21:     0x55abf61e1893 - leetcode::graphs::Solution::exist::h14121a7423c1c1ed
[INFO] [stdout]                                at /opt/rustwide/workdir/src/graphs.rs:366:20
[INFO] [stdout]   22:     0x55abf61c2e6c - leetcode::tests::test_exist::h568976e5a1cb48b9
[INFO] [stdout]                                at /opt/rustwide/workdir/src/main.rs:360:20
[INFO] [stdout]   23:     0x55abf61c2b47 - leetcode::tests::test_exist::{{closure}}::h9307999d24c992ae
[INFO] [stdout]                                at /opt/rustwide/workdir/src/main.rs:354:20
[INFO] [stdout]   24:     0x55abf61cfe66 - core::ops::function::FnOnce::call_once::h3ba809b915451181
[INFO] [stdout]                                at /rustc/0e09125c6c3c2fd70d7de961bcf0e51575235fad/library/core/src/ops/function.rs:250:5
[INFO] [stdout]   25:     0x55abf621e8bf - core::ops::function::FnOnce::call_once::hd64d26f405258157
[INFO] [stdout]                                at /rustc/0e09125c6c3c2fd70d7de961bcf0e51575235fad/library/core/src/ops/function.rs:250:5
[INFO] [stdout]   26:     0x55abf621e8bf - test::__rust_begin_short_backtrace::he21b0b7a6d731bf9
[INFO] [stdout]                                at /rustc/0e09125c6c3c2fd70d7de961bcf0e51575235fad/library/test/src/lib.rs:627:18
[INFO] [stdout]   27:     0x55abf621d641 - test::run_test_in_process::{{closure}}::hf5c73986d7bdfde2
[INFO] [stdout]                                at /rustc/0e09125c6c3c2fd70d7de961bcf0e51575235fad/library/test/src/lib.rs:650:60
[INFO] [stdout]   28:     0x55abf621d641 - <core::panic::unwind_safe::AssertUnwindSafe<F> as core::ops::function::FnOnce<()>>::call_once::h330011ad032aadc0
[INFO] [stdout]                                at /rustc/0e09125c6c3c2fd70d7de961bcf0e51575235fad/library/core/src/panic/unwind_safe.rs:272:9
[INFO] [stdout]   29:     0x55abf621d641 - std::panicking::try::do_call::he61b0a958b795a41
[INFO] [stdout]                                at /rustc/0e09125c6c3c2fd70d7de961bcf0e51575235fad/library/std/src/panicking.rs:552:40
[INFO] [stdout]   30:     0x55abf621d641 - std::panicking::try::h7309da130f906eb7
[INFO] [stdout]                                at /rustc/0e09125c6c3c2fd70d7de961bcf0e51575235fad/library/std/src/panicking.rs:516:19
[INFO] [stdout]   31:     0x55abf621d641 - std::panic::catch_unwind::hc5c3a06fdaf0a92a
[INFO] [stdout]                                at /rustc/0e09125c6c3c2fd70d7de961bcf0e51575235fad/library/std/src/panic.rs:142:14
[INFO] [stdout]   32:     0x55abf621d641 - test::run_test_in_process::h7e7b7c71c3324e0f
[INFO] [stdout]                                at /rustc/0e09125c6c3c2fd70d7de961bcf0e51575235fad/library/test/src/lib.rs:650:27
[INFO] [stdout]   33:     0x55abf621d641 - test::run_test::{{closure}}::h1f509f28f5cf20b1
[INFO] [stdout]                                at /rustc/0e09125c6c3c2fd70d7de961bcf0e51575235fad/library/test/src/lib.rs:573:43
[INFO] [stdout]   34:     0x55abf61e4976 - test::run_test::{{closure}}::h1754218abf443f6d
[INFO] [stdout]                                at /rustc/0e09125c6c3c2fd70d7de961bcf0e51575235fad/library/test/src/lib.rs:601:41
[INFO] [stdout]   35:     0x55abf61e4976 - std::sys_common::backtrace::__rust_begin_short_backtrace::h2ee174b9d5954948
[INFO] [stdout]                                at /rustc/0e09125c6c3c2fd70d7de961bcf0e51575235fad/library/std/src/sys_common/backtrace.rs:155:18
[INFO] [stdout]   36:     0x55abf61e99d7 - std::thread::Builder::spawn_unchecked_::{{closure}}::{{closure}}::hf60bee9c1a17ef09
[INFO] [stdout]                                at /rustc/0e09125c6c3c2fd70d7de961bcf0e51575235fad/library/std/src/thread/mod.rs:529:17
[INFO] [stdout]   37:     0x55abf61e99d7 - <core::panic::unwind_safe::AssertUnwindSafe<F> as core::ops::function::FnOnce<()>>::call_once::h33d0dddec5216160
[INFO] [stdout]                                at /rustc/0e09125c6c3c2fd70d7de961bcf0e51575235fad/library/core/src/panic/unwind_safe.rs:272:9
[INFO] [stdout]   38:     0x55abf61e99d7 - std::panicking::try::do_call::h144b3048b546f835
[INFO] [stdout]                                at /rustc/0e09125c6c3c2fd70d7de961bcf0e51575235fad/library/std/src/panicking.rs:552:40
[INFO] [stdout]   39:     0x55abf61e99d7 - std::panicking::try::h978244d04646189f
[INFO] [stdout]                                at /rustc/0e09125c6c3c2fd70d7de961bcf0e51575235fad/library/std/src/panicking.rs:516:19
[INFO] [stdout]   40:     0x55abf61e99d7 - std::panic::catch_unwind::hdf436369d188fe86
[INFO] [stdout]                                at /rustc/0e09125c6c3c2fd70d7de961bcf0e51575235fad/library/std/src/panic.rs:142:14
[INFO] [stdout]   41:     0x55abf61e99d7 - std::thread::Builder::spawn_unchecked_::{{closure}}::h87329cbdd33c79ec
[INFO] [stdout]                                at /rustc/0e09125c6c3c2fd70d7de961bcf0e51575235fad/library/std/src/thread/mod.rs:528:30
[INFO] [stdout]   42:     0x55abf61e99d7 - core::ops::function::FnOnce::call_once{{vtable.shim}}::h401abbe67897d450
[INFO] [stdout]                                at /rustc/0e09125c6c3c2fd70d7de961bcf0e51575235fad/library/core/src/ops/function.rs:250:5
[INFO] [stdout]   43:     0x55abf624e1f5 - <alloc::boxed::Box<F,A> as core::ops::function::FnOnce<Args>>::call_once::h5d7c8f150ab9c84c
[INFO] [stdout]                                at /rustc/0e09125c6c3c2fd70d7de961bcf0e51575235fad/library/alloc/src/boxed.rs:2015:9
[INFO] [stdout]   44:     0x55abf624e1f5 - <alloc::boxed::Box<F,A> as core::ops::function::FnOnce<Args>>::call_once::h570d5b005c242c15
[INFO] [stdout]                                at /rustc/0e09125c6c3c2fd70d7de961bcf0e51575235fad/library/alloc/src/boxed.rs:2015:9
[INFO] [stdout]   45:     0x55abf624e1f5 - std::sys::unix::thread::Thread::new::thread_start::h36b0a20c0b2361ad
[INFO] [stdout]                                at /rustc/0e09125c6c3c2fd70d7de961bcf0e51575235fad/library/std/src/sys/unix/thread.rs:108:17
[INFO] [stdout]   46:     0x7fc482a2fac3 - <unknown>
[INFO] [stdout]   47:     0x7fc482ac0bf4 - __clone
[INFO] [stdout]   48:                0x0 - <unknown>
[INFO] [stdout] 
[INFO] [stdout] ---- tests::test_num_islands stdout ----
[INFO] [stdout] thread 'tests::test_num_islands' panicked at src/graphs.rs:313:41:
[INFO] [stdout] attempt to subtract with overflow
[INFO] [stdout] stack backtrace:
[INFO] [stdout]    0:     0x55abf62475d6 - std::backtrace_rs::backtrace::libunwind::trace::h261606ad26a499c1
[INFO] [stdout]                                at /rustc/0e09125c6c3c2fd70d7de961bcf0e51575235fad/library/std/src/../../backtrace/src/backtrace/libunwind.rs:104:5
[INFO] [stdout]    1:     0x55abf62475d6 - std::backtrace_rs::backtrace::trace_unsynchronized::hd183f0625477fb28
[INFO] [stdout]                                at /rustc/0e09125c6c3c2fd70d7de961bcf0e51575235fad/library/std/src/../../backtrace/src/backtrace/mod.rs:66:5
[INFO] [stdout]    2:     0x55abf62475d6 - std::sys_common::backtrace::_print_fmt::hd7f8fef21b4eda67
[INFO] [stdout]                                at /rustc/0e09125c6c3c2fd70d7de961bcf0e51575235fad/library/std/src/sys_common/backtrace.rs:68:5
[INFO] [stdout]    3:     0x55abf62475d6 - <std::sys_common::backtrace::_print::DisplayBacktrace as core::fmt::Display>::fmt::h623d9b51f2f453f1
[INFO] [stdout]                                at /rustc/0e09125c6c3c2fd70d7de961bcf0e51575235fad/library/std/src/sys_common/backtrace.rs:44:22
[INFO] [stdout]    4:     0x55abf6270770 - core::fmt::rt::Argument::fmt::h9f417ac76a86f368
[INFO] [stdout]                                at /rustc/0e09125c6c3c2fd70d7de961bcf0e51575235fad/library/core/src/fmt/rt.rs:142:9
[INFO] [stdout]    5:     0x55abf6270770 - core::fmt::write::hc9b6faf4ac2aeff7
[INFO] [stdout]                                at /rustc/0e09125c6c3c2fd70d7de961bcf0e51575235fad/library/core/src/fmt/mod.rs:1120:17
[INFO] [stdout]    6:     0x55abf624503f - std::io::Write::write_fmt::he04625a3a989fec3
[INFO] [stdout]                                at /rustc/0e09125c6c3c2fd70d7de961bcf0e51575235fad/library/std/src/io/mod.rs:1810:15
[INFO] [stdout]    7:     0x55abf62473b4 - std::sys_common::backtrace::_print::hd5d66399c7df88a2
[INFO] [stdout]                                at /rustc/0e09125c6c3c2fd70d7de961bcf0e51575235fad/library/std/src/sys_common/backtrace.rs:47:5
[INFO] [stdout]    8:     0x55abf62473b4 - std::sys_common::backtrace::print::he81ed2da642d37e5
[INFO] [stdout]                                at /rustc/0e09125c6c3c2fd70d7de961bcf0e51575235fad/library/std/src/sys_common/backtrace.rs:34:9
[INFO] [stdout]    9:     0x55abf6249127 - std::panicking::default_hook::{{closure}}::h85773f4fa117163d
[INFO] [stdout]   10:     0x55abf6248e0d - std::panicking::default_hook::h6a1694a91d09b278
[INFO] [stdout]                                at /rustc/0e09125c6c3c2fd70d7de961bcf0e51575235fad/library/std/src/panicking.rs:289:9
[INFO] [stdout]   11:     0x55abf6218fe7 - <alloc::boxed::Box<F,A> as core::ops::function::Fn<Args>>::call::h616ac37fa3cd6c8f
[INFO] [stdout]                                at /rustc/0e09125c6c3c2fd70d7de961bcf0e51575235fad/library/alloc/src/boxed.rs:2029:9
[INFO] [stdout]   12:     0x55abf6218fe7 - test::test_main::{{closure}}::h00d84697cefdcbb6
[INFO] [stdout]                                at /rustc/0e09125c6c3c2fd70d7de961bcf0e51575235fad/library/test/src/lib.rs:138:21
[INFO] [stdout]   13:     0x55abf6249746 - <alloc::boxed::Box<F,A> as core::ops::function::Fn<Args>>::call::hcb3fe3b9bb537ba8
[INFO] [stdout]                                at /rustc/0e09125c6c3c2fd70d7de961bcf0e51575235fad/library/alloc/src/boxed.rs:2029:9
[INFO] [stdout]   14:     0x55abf6249746 - std::panicking::rust_panic_with_hook::h0a7ad96e90f7145b
[INFO] [stdout]                                at /rustc/0e09125c6c3c2fd70d7de961bcf0e51575235fad/library/std/src/panicking.rs:783:13
[INFO] [stdout]   15:     0x55abf6249459 - std::panicking::begin_panic_handler::{{closure}}::h7919090525c6485e
[INFO] [stdout]                                at /rustc/0e09125c6c3c2fd70d7de961bcf0e51575235fad/library/std/src/panicking.rs:649:13
[INFO] [stdout]   16:     0x55abf6247ad6 - std::sys_common::backtrace::__rust_end_short_backtrace::hf3289479464f7dfe
[INFO] [stdout]                                at /rustc/0e09125c6c3c2fd70d7de961bcf0e51575235fad/library/std/src/sys_common/backtrace.rs:171:18
[INFO] [stdout]   17:     0x55abf62491f0 - rust_begin_unwind
[INFO] [stdout]                                at /rustc/0e09125c6c3c2fd70d7de961bcf0e51575235fad/library/std/src/panicking.rs:645:5
[INFO] [stdout]   18:     0x55abf61a1d35 - core::panicking::panic_fmt::hcc9f77c5c132af55
[INFO] [stdout]                                at /rustc/0e09125c6c3c2fd70d7de961bcf0e51575235fad/library/core/src/panicking.rs:72:14
[INFO] [stdout]   19:     0x55abf61a1df3 - core::panicking::panic::h5a1259c1164bd480
[INFO] [stdout]                                at /rustc/0e09125c6c3c2fd70d7de961bcf0e51575235fad/library/core/src/panicking.rs:144:5
[INFO] [stdout]   20:     0x55abf61e0dbc - leetcode::graphs::Solution::num_islands_dfs::h70a0c2feb356354e
[INFO] [stdout]                                at /opt/rustwide/workdir/src/graphs.rs:313:41
[INFO] [stdout]   21:     0x55abf61e0d89 - leetcode::graphs::Solution::num_islands_dfs::h70a0c2feb356354e
[INFO] [stdout]                                at /opt/rustwide/workdir/src/graphs.rs:313:13
[INFO] [stdout]   22:     0x55abf61e0d89 - leetcode::graphs::Solution::num_islands_dfs::h70a0c2feb356354e
[INFO] [stdout]                                at /opt/rustwide/workdir/src/graphs.rs:313:13
[INFO] [stdout]   23:     0x55abf61e0dd0 - leetcode::graphs::Solution::num_islands_dfs::h70a0c2feb356354e
[INFO] [stdout]                                at /opt/rustwide/workdir/src/graphs.rs:314:13
[INFO] [stdout]   24:     0x55abf61e0d3b - leetcode::graphs::Solution::num_islands_dfs::h70a0c2feb356354e
[INFO] [stdout]                                at /opt/rustwide/workdir/src/graphs.rs:312:13
[INFO] [stdout]   25:     0x55abf61e0d3b - leetcode::graphs::Solution::num_islands_dfs::h70a0c2feb356354e
[INFO] [stdout]                                at /opt/rustwide/workdir/src/graphs.rs:312:13
[INFO] [stdout]   26:     0x55abf61e10f7 - leetcode::graphs::Solution::num_islands::h708162f9b5feaaea
[INFO] [stdout]                                at /opt/rustwide/workdir/src/graphs.rs:328:21
[INFO] [stdout]   27:     0x55abf61c2a64 - leetcode::tests::test_num_islands::h1f96c8e988fa5b51
[INFO] [stdout]                                at /opt/rustwide/workdir/src/main.rs:350:20
[INFO] [stdout]   28:     0x55abf61c26d7 - leetcode::tests::test_num_islands::{{closure}}::h2d15d9d8ea1128cd
[INFO] [stdout]                                at /opt/rustwide/workdir/src/main.rs:343:26
[INFO] [stdout]   29:     0x55abf61d03d6 - core::ops::function::FnOnce::call_once::h921759bdc23c0aff
[INFO] [stdout]                                at /rustc/0e09125c6c3c2fd70d7de961bcf0e51575235fad/library/core/src/ops/function.rs:250:5
[INFO] [stdout]   30:     0x55abf621e8bf - core::ops::function::FnOnce::call_once::hd64d26f405258157
[INFO] [stdout]                                at /rustc/0e09125c6c3c2fd70d7de961bcf0e51575235fad/library/core/src/ops/function.rs:250:5
[INFO] [stdout]   31:     0x55abf621e8bf - test::__rust_begin_short_backtrace::he21b0b7a6d731bf9
[INFO] [stdout]                                at /rustc/0e09125c6c3c2fd70d7de961bcf0e51575235fad/library/test/src/lib.rs:627:18
[INFO] [stdout]   32:     0x55abf621d641 - test::run_test_in_process::{{closure}}::hf5c73986d7bdfde2
[INFO] [stdout]                                at /rustc/0e09125c6c3c2fd70d7de961bcf0e51575235fad/library/test/src/lib.rs:650:60
[INFO] [stdout]   33:     0x55abf621d641 - <core::panic::unwind_safe::AssertUnwindSafe<F> as core::ops::function::FnOnce<()>>::call_once::h330011ad032aadc0
[INFO] [stdout]                                at /rustc/0e09125c6c3c2fd70d7de961bcf0e51575235fad/library/core/src/panic/unwind_safe.rs:272:9
[INFO] [stdout]   34:     0x55abf621d641 - std::panicking::try::do_call::he61b0a958b795a41
[INFO] [stdout]                                at /rustc/0e09125c6c3c2fd70d7de961bcf0e51575235fad/library/std/src/panicking.rs:552:40
[INFO] [stdout]   35:     0x55abf621d641 - std::panicking::try::h7309da130f906eb7
[INFO] [stdout]                                at /rustc/0e09125c6c3c2fd70d7de961bcf0e51575235fad/library/std/src/panicking.rs:516:19
[INFO] [stdout]   36:     0x55abf621d641 - std::panic::catch_unwind::hc5c3a06fdaf0a92a
[INFO] [stdout]                                at /rustc/0e09125c6c3c2fd70d7de961bcf0e51575235fad/library/std/src/panic.rs:142:14
[INFO] [stdout]   37:     0x55abf621d641 - test::run_test_in_process::h7e7b7c71c3324e0f
[INFO] [stdout]                                at /rustc/0e09125c6c3c2fd70d7de961bcf0e51575235fad/library/test/src/lib.rs:650:27
[INFO] [stdout]   38:     0x55abf621d641 - test::run_test::{{closure}}::h1f509f28f5cf20b1
[INFO] [stdout]                                at /rustc/0e09125c6c3c2fd70d7de961bcf0e51575235fad/library/test/src/lib.rs:573:43
[INFO] [stdout]   39:     0x55abf61e4976 - test::run_test::{{closure}}::h1754218abf443f6d
[INFO] [stdout]                                at /rustc/0e09125c6c3c2fd70d7de961bcf0e51575235fad/library/test/src/lib.rs:601:41
[INFO] [stdout]   40:     0x55abf61e4976 - std::sys_common::backtrace::__rust_begin_short_backtrace::h2ee174b9d5954948
[INFO] [stdout]                                at /rustc/0e09125c6c3c2fd70d7de961bcf0e51575235fad/library/std/src/sys_common/backtrace.rs:155:18
[INFO] [stdout]   41:     0x55abf61e99d7 - std::thread::Builder::spawn_unchecked_::{{closure}}::{{closure}}::hf60bee9c1a17ef09
[INFO] [stdout]                                at /rustc/0e09125c6c3c2fd70d7de961bcf0e51575235fad/library/std/src/thread/mod.rs:529:17
[INFO] [stdout]   42:     0x55abf61e99d7 - <core::panic::unwind_safe::AssertUnwindSafe<F> as core::ops::function::FnOnce<()>>::call_once::h33d0dddec5216160
[INFO] [stdout]                                at /rustc/0e09125c6c3c2fd70d7de961bcf0e51575235fad/library/core/src/panic/unwind_safe.rs:272:9
[INFO] [stdout]   43:     0x55abf61e99d7 - std::panicking::try::do_call::h144b3048b546f835
[INFO] [stdout]                                at /rustc/0e09125c6c3c2fd70d7de961bcf0e51575235fad/library/std/src/panicking.rs:552:40
[INFO] [stdout]   44:     0x55abf61e99d7 - std::panicking::try::h978244d04646189f
[INFO] [stdout]                                at /rustc/0e09125c6c3c2fd70d7de961bcf0e51575235fad/library/std/src/panicking.rs:516:19
[INFO] [stdout]   45:     0x55abf61e99d7 - std::panic::catch_unwind::hdf436369d188fe86
[INFO] [stdout]                                at /rustc/0e09125c6c3c2fd70d7de961bcf0e51575235fad/library/std/src/panic.rs:142:14
[INFO] [stdout]   46:     0x55abf61e99d7 - std::thread::Builder::spawn_unchecked_::{{closure}}::h87329cbdd33c79ec
[INFO] [stdout]                                at /rustc/0e09125c6c3c2fd70d7de961bcf0e51575235fad/library/std/src/thread/mod.rs:528:30
[INFO] [stdout]   47:     0x55abf61e99d7 - core::ops::function::FnOnce::call_once{{vtable.shim}}::h401abbe67897d450
[INFO] [stdout]                                at /rustc/0e09125c6c3c2fd70d7de961bcf0e51575235fad/library/core/src/ops/function.rs:250:5
[INFO] [stdout]   48:     0x55abf624e1f5 - <alloc::boxed::Box<F,A> as core::ops::function::FnOnce<Args>>::call_once::h5d7c8f150ab9c84c
[INFO] [stdout]                                at /rustc/0e09125c6c3c2fd70d7de961bcf0e51575235fad/library/alloc/src/boxed.rs:2015:9
[INFO] [stdout]   49:     0x55abf624e1f5 - <alloc::boxed::Box<F,A> as core::ops::function::FnOnce<Args>>::call_once::h570d5b005c242c15
[INFO] [stdout]                                at /rustc/0e09125c6c3c2fd70d7de961bcf0e51575235fad/library/alloc/src/boxed.rs:2015:9
[INFO] [stdout]   50:     0x55abf624e1f5 - std::sys::unix::thread::Thread::new::thread_start::h36b0a20c0b2361ad
[INFO] [stdout]                                at /rustc/0e09125c6c3c2fd70d7de961bcf0e51575235fad/library/std/src/sys/unix/thread.rs:108:17
[INFO] [stdout]   51:     0x7fc482a2fac3 - <unknown>
[INFO] [stdout]   52:     0x7fc482ac0bf4 - __clone
[INFO] [stdout]   53:                0x0 - <unknown>
[INFO] [stdout] 
[INFO] [stdout] 
[INFO] [stdout] failures:
[INFO] [stdout]     tests::test_exist
[INFO] [stdout]     tests::test_num_islands
[INFO] [stdout] 
[INFO] [stdout] test result: FAILED. 35 passed; 2 failed; 0 ignored; 0 measured; 0 filtered out; finished in 0.09s
[INFO] [stdout] 
[INFO] [stderr] error: test failed, to rerun pass `--bin leetcode`
[INFO] running `Command { std: "docker" "inspect" "9e034007fac05b6aa0f170a5c982c32789877e0e8c657999afba6a2f0b1b8a7f", kill_on_drop: false }`
[INFO] running `Command { std: "docker" "rm" "-f" "9e034007fac05b6aa0f170a5c982c32789877e0e8c657999afba6a2f0b1b8a7f", kill_on_drop: false }`
[INFO] [stdout] 9e034007fac05b6aa0f170a5c982c32789877e0e8c657999afba6a2f0b1b8a7f
