[INFO] cloning repository https://github.com/MaksRawski/lispi
[INFO] running `Command { std: "git" "-c" "credential.helper=" "-c" "credential.helper=/workspace/cargo-home/bin/git-credential-null" "clone" "--bare" "https://github.com/MaksRawski/lispi" "/workspace/cache/git-repos/https%3A%2F%2Fgithub.com%2FMaksRawski%2Flispi", kill_on_drop: false }`
[INFO] [stderr] Cloning into bare repository '/workspace/cache/git-repos/https%3A%2F%2Fgithub.com%2FMaksRawski%2Flispi'...
[INFO] running `Command { std: "git" "rev-parse" "HEAD", kill_on_drop: false }`
[INFO] [stdout] 2427ab8918dd9045310890eee576a27e7701a385
[INFO] testing MaksRawski/lispi against 1.75.0 for beta-1.76-1
[INFO] running `Command { std: "git" "clone" "/workspace/cache/git-repos/https%3A%2F%2Fgithub.com%2FMaksRawski%2Flispi" "/workspace/builds/worker-6-tc1/source", kill_on_drop: false }`
[INFO] [stderr] Cloning into '/workspace/builds/worker-6-tc1/source'...
[INFO] [stderr] done.
[INFO] validating manifest of git repo https://github.com/MaksRawski/lispi on toolchain 1.75.0
[INFO] running `Command { std: CARGO_HOME="/workspace/cargo-home" RUSTUP_HOME="/workspace/rustup-home" "/workspace/cargo-home/bin/cargo" "+1.75.0" "metadata" "--manifest-path" "Cargo.toml" "--no-deps", kill_on_drop: false }`
[INFO] started tweaking git repo https://github.com/MaksRawski/lispi
[INFO] finished tweaking git repo https://github.com/MaksRawski/lispi
[INFO] tweaked toml for git repo https://github.com/MaksRawski/lispi written to /workspace/builds/worker-6-tc1/source/Cargo.toml
[INFO] crate git repo https://github.com/MaksRawski/lispi already has a lockfile, it will not be regenerated
[INFO] running `Command { std: CARGO_HOME="/workspace/cargo-home" RUSTUP_HOME="/workspace/rustup-home" "/workspace/cargo-home/bin/cargo" "+1.75.0" "fetch" "--manifest-path" "Cargo.toml", kill_on_drop: false }`
[INFO] [stderr]     Updating crates.io index
[INFO] [stderr]  Downloading crates ...
[INFO] [stderr]   Downloaded rustyline-derive v0.9.0
[INFO] running `Command { std: "docker" "create" "-v" "/var/lib/crater-agent-workspace/builds/worker-6-tc1/target:/opt/rustwide/target:rw,Z" "-v" "/var/lib/crater-agent-workspace/builds/worker-6-tc1/source:/opt/rustwide/workdir:ro,Z" "-v" "/var/lib/crater-agent-workspace/cargo-home:/opt/rustwide/cargo-home:ro,Z" "-v" "/var/lib/crater-agent-workspace/rustup-home:/opt/rustwide/rustup-home:ro,Z" "-e" "SOURCE_DIR=/opt/rustwide/workdir" "-e" "CARGO_TARGET_DIR=/opt/rustwide/target" "-e" "CARGO_HOME=/opt/rustwide/cargo-home" "-e" "RUSTUP_HOME=/opt/rustwide/rustup-home" "-w" "/opt/rustwide/workdir" "-m" "1610612736" "--user" "0:0" "--network" "none" "ghcr.io/rust-lang/crates-build-env/linux@sha256:2788e3201cd34a07e3172128adcd8b3090168a8e3bcc40d7c032b9dda1df7d1c" "/opt/rustwide/cargo-home/bin/cargo" "+1.75.0" "metadata" "--no-deps" "--format-version=1", kill_on_drop: false }`
[INFO] [stdout] 2fa4df0c492d67366a4c27d0175ec4ebdfcf4bb9f6ac3cc20f7a423e9b2a4b41
[INFO] running `Command { std: "docker" "start" "-a" "2fa4df0c492d67366a4c27d0175ec4ebdfcf4bb9f6ac3cc20f7a423e9b2a4b41", kill_on_drop: false }`
[INFO] running `Command { std: "docker" "inspect" "2fa4df0c492d67366a4c27d0175ec4ebdfcf4bb9f6ac3cc20f7a423e9b2a4b41", kill_on_drop: false }`
[INFO] running `Command { std: "docker" "rm" "-f" "2fa4df0c492d67366a4c27d0175ec4ebdfcf4bb9f6ac3cc20f7a423e9b2a4b41", kill_on_drop: false }`
[INFO] [stdout] 2fa4df0c492d67366a4c27d0175ec4ebdfcf4bb9f6ac3cc20f7a423e9b2a4b41
[INFO] running `Command { std: "docker" "create" "-v" "/var/lib/crater-agent-workspace/builds/worker-6-tc1/target:/opt/rustwide/target:rw,Z" "-v" "/var/lib/crater-agent-workspace/builds/worker-6-tc1/source:/opt/rustwide/workdir:ro,Z" "-v" "/var/lib/crater-agent-workspace/cargo-home:/opt/rustwide/cargo-home:ro,Z" "-v" "/var/lib/crater-agent-workspace/rustup-home:/opt/rustwide/rustup-home:ro,Z" "-e" "SOURCE_DIR=/opt/rustwide/workdir" "-e" "CARGO_TARGET_DIR=/opt/rustwide/target" "-e" "CARGO_INCREMENTAL=0" "-e" "RUST_BACKTRACE=full" "-e" "RUSTFLAGS=--cap-lints=warn" "-e" "RUSTDOCFLAGS=--cap-lints=warn" "-e" "CARGO_HOME=/opt/rustwide/cargo-home" "-e" "RUSTUP_HOME=/opt/rustwide/rustup-home" "-w" "/opt/rustwide/workdir" "-m" "1610612736" "--user" "0:0" "--network" "none" "ghcr.io/rust-lang/crates-build-env/linux@sha256:2788e3201cd34a07e3172128adcd8b3090168a8e3bcc40d7c032b9dda1df7d1c" "/opt/rustwide/cargo-home/bin/cargo" "+1.75.0" "build" "--frozen" "--message-format=json", kill_on_drop: false }`
[INFO] [stdout] 40f14d22e3ed38d56112cb3cc06ba67d647fc18683dca78b129f1e3cd461ed65
[INFO] running `Command { std: "docker" "start" "-a" "40f14d22e3ed38d56112cb3cc06ba67d647fc18683dca78b129f1e3cd461ed65", kill_on_drop: false }`
[INFO] [stderr]    Compiling libc v0.2.148
[INFO] [stderr]    Compiling proc-macro2 v1.0.67
[INFO] [stderr]    Compiling rustix v0.38.14
[INFO] [stderr]    Compiling bitflags v2.4.0
[INFO] [stderr]    Compiling memchr v2.6.3
[INFO] [stderr]    Compiling linux-raw-sys v0.4.7
[INFO] [stderr]    Compiling unicode-ident v1.0.12
[INFO] [stderr]    Compiling unicode-width v0.1.11
[INFO] [stderr]    Compiling smallvec v1.11.1
[INFO] [stderr]    Compiling regex-syntax v0.7.5
[INFO] [stderr]    Compiling endian-type v0.1.2
[INFO] [stderr]    Compiling log v0.4.20
[INFO] [stderr]    Compiling termcolor v1.3.0
[INFO] [stderr]    Compiling strsim v0.8.0
[INFO] [stderr]    Compiling humantime v2.1.0
[INFO] [stderr]    Compiling utf8parse v0.2.1
[INFO] [stderr]    Compiling textwrap v0.11.0
[INFO] [stderr]    Compiling home v0.5.5
[INFO] [stderr]    Compiling unicode-segmentation v1.10.1
[INFO] [stderr]    Compiling ansi_term v0.12.1
[INFO] [stderr]    Compiling nibble_vec v0.1.0
[INFO] [stderr]    Compiling radix_trie v0.2.1
[INFO] [stderr]    Compiling aho-corasick v1.1.1
[INFO] [stderr]    Compiling quote v1.0.33
[INFO] [stderr]    Compiling syn v2.0.37
[INFO] [stderr]    Compiling regex-automata v0.3.8
[INFO] [stderr]    Compiling atty v0.2.14
[INFO] [stderr]    Compiling nix v0.26.4
[INFO] [stderr]    Compiling clap v2.34.0
[INFO] [stderr]    Compiling fd-lock v3.0.13
[INFO] [stderr]    Compiling is-terminal v0.4.9
[INFO] [stderr]    Compiling rustyline-derive v0.9.0
[INFO] [stderr]    Compiling rustyline v12.0.0
[INFO] [stderr]    Compiling regex v1.9.5
[INFO] [stderr]    Compiling env_logger v0.10.0
[INFO] [stderr]    Compiling lispi v0.3.2 (/opt/rustwide/workdir)
[INFO] [stderr]     Finished dev [unoptimized + debuginfo] target(s) in 6.16s
[INFO] running `Command { std: "docker" "inspect" "40f14d22e3ed38d56112cb3cc06ba67d647fc18683dca78b129f1e3cd461ed65", kill_on_drop: false }`
[INFO] running `Command { std: "docker" "rm" "-f" "40f14d22e3ed38d56112cb3cc06ba67d647fc18683dca78b129f1e3cd461ed65", kill_on_drop: false }`
[INFO] [stdout] 40f14d22e3ed38d56112cb3cc06ba67d647fc18683dca78b129f1e3cd461ed65
[INFO] running `Command { std: "docker" "create" "-v" "/var/lib/crater-agent-workspace/builds/worker-6-tc1/target:/opt/rustwide/target:rw,Z" "-v" "/var/lib/crater-agent-workspace/builds/worker-6-tc1/source:/opt/rustwide/workdir:ro,Z" "-v" "/var/lib/crater-agent-workspace/cargo-home:/opt/rustwide/cargo-home:ro,Z" "-v" "/var/lib/crater-agent-workspace/rustup-home:/opt/rustwide/rustup-home:ro,Z" "-e" "SOURCE_DIR=/opt/rustwide/workdir" "-e" "CARGO_TARGET_DIR=/opt/rustwide/target" "-e" "CARGO_INCREMENTAL=0" "-e" "RUST_BACKTRACE=full" "-e" "RUSTFLAGS=--cap-lints=warn" "-e" "RUSTDOCFLAGS=--cap-lints=warn" "-e" "CARGO_HOME=/opt/rustwide/cargo-home" "-e" "RUSTUP_HOME=/opt/rustwide/rustup-home" "-w" "/opt/rustwide/workdir" "-m" "1610612736" "--user" "0:0" "--network" "none" "ghcr.io/rust-lang/crates-build-env/linux@sha256:2788e3201cd34a07e3172128adcd8b3090168a8e3bcc40d7c032b9dda1df7d1c" "/opt/rustwide/cargo-home/bin/cargo" "+1.75.0" "test" "--frozen" "--no-run" "--message-format=json", kill_on_drop: false }`
[INFO] [stdout] 68c70c5bc97f96eae7473439d719e3a1b8ccc3621de7896b89b99d6aa31744c6
[INFO] running `Command { std: "docker" "start" "-a" "68c70c5bc97f96eae7473439d719e3a1b8ccc3621de7896b89b99d6aa31744c6", kill_on_drop: false }`
[INFO] [stderr]    Compiling proc-macro2 v1.0.67
[INFO] [stderr]    Compiling memoffset v0.9.0
[INFO] [stderr]    Compiling crossbeam-utils v0.8.16
[INFO] [stderr]    Compiling crossbeam-epoch v0.9.15
[INFO] [stderr]    Compiling serde v1.0.189
[INFO] [stderr]    Compiling scopeguard v1.2.0
[INFO] [stderr]    Compiling num-traits v0.2.17
[INFO] [stderr]    Compiling serde_json v1.0.107
[INFO] [stderr]    Compiling either v1.9.0
[INFO] [stderr]    Compiling rayon-core v1.12.0
[INFO] [stderr]    Compiling itoa v1.0.9
[INFO] [stderr]    Compiling half v1.8.2
[INFO] [stderr]    Compiling anstyle v1.0.4
[INFO] [stderr]    Compiling clap_lex v0.5.1
[INFO] [stderr]    Compiling ryu v1.0.15
[INFO] [stderr]    Compiling plotters-backend v0.3.5
[INFO] [stderr]    Compiling ciborium-io v0.2.1
[INFO] [stderr]    Compiling cast v0.3.0
[INFO] [stderr]    Compiling same-file v1.0.6
[INFO] [stderr]    Compiling itertools v0.10.5
[INFO] [stderr]    Compiling clap_builder v4.4.6
[INFO] [stderr]    Compiling ciborium-ll v0.2.1
[INFO] [stderr]    Compiling walkdir v2.4.0
[INFO] [stderr]    Compiling plotters-svg v0.3.5
[INFO] [stderr]    Compiling oorandom v11.1.3
[INFO] [stderr]    Compiling anes v0.1.6
[INFO] [stderr]    Compiling once_cell v1.18.0
[INFO] [stderr]    Compiling quote v1.0.33
[INFO] [stderr]    Compiling crossbeam-deque v0.8.3
[INFO] [stderr]    Compiling syn v2.0.37
[INFO] [stderr]    Compiling plotters v0.3.5
[INFO] [stderr]    Compiling rayon v1.8.0
[INFO] [stderr]    Compiling criterion-plot v0.5.0
[INFO] [stderr]    Compiling clap v4.4.6
[INFO] [stderr]    Compiling serde_derive v1.0.189
[INFO] [stderr]    Compiling rustyline-derive v0.9.0
[INFO] [stderr]    Compiling rustyline v12.0.0
[INFO] [stderr]    Compiling lispi v0.3.2 (/opt/rustwide/workdir)
[INFO] [stderr]    Compiling ciborium v0.2.1
[INFO] [stderr]    Compiling tinytemplate v1.2.1
[INFO] [stderr]    Compiling criterion v0.5.1
[INFO] [stderr]     Finished test [unoptimized + debuginfo] target(s) in 11.26s
[INFO] running `Command { std: "docker" "inspect" "68c70c5bc97f96eae7473439d719e3a1b8ccc3621de7896b89b99d6aa31744c6", kill_on_drop: false }`
[INFO] running `Command { std: "docker" "rm" "-f" "68c70c5bc97f96eae7473439d719e3a1b8ccc3621de7896b89b99d6aa31744c6", kill_on_drop: false }`
[INFO] [stdout] 68c70c5bc97f96eae7473439d719e3a1b8ccc3621de7896b89b99d6aa31744c6
[INFO] running `Command { std: "docker" "create" "-v" "/var/lib/crater-agent-workspace/builds/worker-6-tc1/target:/opt/rustwide/target:rw,Z" "-v" "/var/lib/crater-agent-workspace/builds/worker-6-tc1/source:/opt/rustwide/workdir:ro,Z" "-v" "/var/lib/crater-agent-workspace/cargo-home:/opt/rustwide/cargo-home:ro,Z" "-v" "/var/lib/crater-agent-workspace/rustup-home:/opt/rustwide/rustup-home:ro,Z" "-e" "SOURCE_DIR=/opt/rustwide/workdir" "-e" "CARGO_TARGET_DIR=/opt/rustwide/target" "-e" "CARGO_INCREMENTAL=0" "-e" "RUST_BACKTRACE=full" "-e" "RUSTFLAGS=--cap-lints=warn" "-e" "RUSTDOCFLAGS=--cap-lints=warn" "-e" "CARGO_HOME=/opt/rustwide/cargo-home" "-e" "RUSTUP_HOME=/opt/rustwide/rustup-home" "-w" "/opt/rustwide/workdir" "-m" "1610612736" "--user" "0:0" "--network" "none" "ghcr.io/rust-lang/crates-build-env/linux@sha256:2788e3201cd34a07e3172128adcd8b3090168a8e3bcc40d7c032b9dda1df7d1c" "/opt/rustwide/cargo-home/bin/cargo" "+1.75.0" "test" "--frozen", kill_on_drop: false }`
[INFO] [stdout] 4cf4eccd2afe82d019cab0f192434c3c235128458eb89bdf741c0df7bf279747
[INFO] running `Command { std: "docker" "start" "-a" "4cf4eccd2afe82d019cab0f192434c3c235128458eb89bdf741c0df7bf279747", kill_on_drop: false }`
[INFO] [stderr]     Finished test [unoptimized + debuginfo] target(s) in 0.05s
[INFO] [stderr]      Running unittests src/lib.rs (/opt/rustwide/target/debug/deps/lispi-b3c35ba6ad46d7c8)
[INFO] [stdout] 
[INFO] [stdout] running 60 tests
[INFO] [stdout] test elementary_functions::test_car ... ok
[INFO] [stdout] test elementary_functions::test_atom ... ok
[INFO] [stdout] test elementary_functions::test_cdr ... ok
[INFO] [stdout] test elementary_functions::test_cons_car_cdr ... ok
[INFO] [stdout] test elementary_functions::test_eq ... ok
[INFO] [stdout] test file_parser::test_extract_sexp_range ... ok
[INFO] [stdout] test file_parser::test_offset_to_coordinate ... ok
[INFO] [stdout] test file_parser::test_get_bound_symbols ... ok
[INFO] [stdout] test file_parser::test_split_sexps ... ok
[INFO] [stdout] test interpreter::elementary_fns_glue::test_atom_fn ... ok
[INFO] [stdout] test interpreter::elementary_fns_glue::test_car_cdr_composition ... ok
[INFO] [stdout] test interpreter::elementary_fns_glue::test_car_fn ... ok
[INFO] [stdout] test interpreter::elementary_fns_glue::test_cdr_fn ... ok
[INFO] [stdout] test interpreter::elementary_fns_glue::test_cons_fn ... ok
[INFO] [stdout] test interpreter::elementary_fns_glue::test_eq_fn ... ok
[INFO] [stdout] test interpreter::eval::elementary_functions_tests::test_eval_atom ... ok
[INFO] [stdout] test interpreter::eval::elementary_functions_tests::test_eval_car ... ok
[INFO] [stdout] test interpreter::eval::elementary_functions_tests::test_eval_cdr ... ok
[INFO] [stdout] test interpreter::eval::elementary_functions_tests::test_eval_eq ... ok
[INFO] [stdout] test interpreter::eval::elementary_functions_tests::test_eval_cons ... ok
[INFO] [stdout] test interpreter::other_fns_glue::test_equal_fn ... ok
[INFO] [stdout] test interpreter::eval::elementary_functions_tests::test_eval_car_of_cons ... ok
[INFO] [stdout] test interpreter::other_fns_glue::test_sum_fn ... ok
[INFO] [stdout] test interpreter::special_form_glue::handle_lambda_tests::test_id_lambda ... ok
[INFO] [stdout] test interpreter::special_form_glue::handle_lambda_tests::test_binds_lambda ... ok
[INFO] [stdout] test interpreter::eval::invalid_sexps_tests::test_atom_as_func ... ok
[INFO] [stdout] test interpreter::special_form_glue::test_and ... ok
[INFO] [stdout] test interpreter::other_fns_glue::test_define_fn ... ok
[INFO] [stdout] test interpreter::other_fns_glue::test_prdct_fn ... ok
[INFO] [stdout] test interpreter::special_form_glue::test_evlis ... ok
[INFO] [stdout] test interpreter::special_form_glue::handle_lambda_tests::test_cond_lambda ... ok
[INFO] [stdout] test interpreter::special_form_glue::test_handle_quote ... ok
[INFO] [stdout] test list_functions::test_pair ... ok
[INFO] [stdout] test list_functions::test_append ... ok
[INFO] [stdout] test list_functions::test_pairlis ... ok
[INFO] [stdout] test list_functions::test_sub2 ... ok
[INFO] [stdout] test list_functions::test_among ... ok
[INFO] [stdout] test interpreter::special_form_glue::test_or ... ok
[INFO] [stdout] test list_functions::test_sublis ... ok
[INFO] [stdout] test parser::test_parser::test_keyword_parsing ... ok
[INFO] [stdout] test interpreter::special_form_glue::test_handle_other_symbol ... ok
[INFO] [stdout] test list_functions::test_assoc ... ok
[INFO] [stdout] test list_macros::test_list_macro ... ok
[INFO] [stdout] test parser::test_parser::test_nested_sexps ... ok
[INFO] [stdout] test parser::test_parser::test_fun_with_args_parsing ... ok
[INFO] [stdout] test parser::test_parser::test_parse_lists ... ok
[INFO] [stdout] test parser::test_parser::test_sanitization ... ok
[INFO] [stdout] test recursive_functions::test_equal ... ok
[INFO] [stdout] test recursive_functions::test_null ... ok
[INFO] [stdout] test repl::test_find_matching_bracket ... ok
[INFO] [stdout] test repl::test_find_nearest_bracket ... ok
[INFO] [stdout] test repl::test_is_cursor_on_bracket ... ok
[INFO] [stdout] test recursive_functions::test_subst ... ok
[INFO] [stdout] test recursive_functions::test_ff ... ok
[INFO] [stdout] test types::test_display_list ... ok
[INFO] [stdout] test parser::test_parser::test_parse_atomic_symbol ... ok
[INFO] [stdout] test interpreter::other_fns_glue::test_expt_fn ... ok
[INFO] [stdout] test parser::test_parser::test_parser_edge_cases ... ok
[INFO] [stdout] test interpreter::special_form_glue::test_handle_label ... ok
[INFO] [stdout] test interpreter::other_fns_glue::test_tracklist_fn ... FAILED
[INFO] [stdout] 
[INFO] [stdout] failures:
[INFO] [stdout] 
[INFO] [stdout] ---- interpreter::other_fns_glue::test_tracklist_fn stdout ----
[INFO] [stdout] thread 'interpreter::other_fns_glue::test_tracklist_fn' panicked at src/interpreter/other_fns_glue.rs:322:5:
[INFO] [stdout] assertion `left == right` failed
[INFO] [stdout]   left: "ENTERING [SUM, [PRDCT, 2, 3], 2]\nENTERING [PRDCT, 2, 3]\nEND OF [PRDCT, 2, 3], VALUE IS\n6\nSUM requires two arguments, but only one was provided: [PRDCT, 0]\nEND OF [SUM, [PRDCT, 2, 3], 2], VALUE IS\n8\nInvalid use of SUM: [PRDCT] two arguments are required.\nInvalid function: test, symbol unbound.\nInvalid function: first, symbol unbound.\nQUOTE requires an argument.\nSUM requires two arguments, but only one was provided: [EXPT, 0]\nInvalid token: \"\nParenthesis count mismatch!\nParenthesis count mismatch!\nInvalid use of SUM: [EXPT] two arguments are required.\nNot a valid symbol: )(\nInvalid token: \"\nInvalid token: \"\nInvalid token: \"\n"
[INFO] [stdout]  right: "ENTERING [SUM, [PRDCT, 2, 3], 2]\nENTERING [PRDCT, 2, 3]\nEND OF [PRDCT, 2, 3], VALUE IS\n6\nEND OF [SUM, [PRDCT, 2, 3], 2], VALUE IS\n8\n"
[INFO] [stdout] stack backtrace:
[INFO] [stdout]    0:     0x563a19d16d2c - std::backtrace_rs::backtrace::libunwind::trace::ha637c64ce894333a
[INFO] [stdout]                                at /rustc/82e1608dfa6e0b5569232559e3d385fea5a93112/library/std/src/../../backtrace/src/backtrace/libunwind.rs:104:5
[INFO] [stdout]    1:     0x563a19d16d2c - std::backtrace_rs::backtrace::trace_unsynchronized::h47f62dea28e0c88d
[INFO] [stdout]                                at /rustc/82e1608dfa6e0b5569232559e3d385fea5a93112/library/std/src/../../backtrace/src/backtrace/mod.rs:66:5
[INFO] [stdout]    2:     0x563a19d16d2c - std::sys_common::backtrace::_print_fmt::h9eef0abe20ede486
[INFO] [stdout]                                at /rustc/82e1608dfa6e0b5569232559e3d385fea5a93112/library/std/src/sys_common/backtrace.rs:67:5
[INFO] [stdout]    3:     0x563a19d16d2c - <std::sys_common::backtrace::_print::DisplayBacktrace as core::fmt::Display>::fmt::hed7f999df88cc644
[INFO] [stdout]                                at /rustc/82e1608dfa6e0b5569232559e3d385fea5a93112/library/std/src/sys_common/backtrace.rs:44:22
[INFO] [stdout]    4:     0x563a19d42720 - core::fmt::rt::Argument::fmt::h1539a9308b8d058d
[INFO] [stdout]                                at /rustc/82e1608dfa6e0b5569232559e3d385fea5a93112/library/core/src/fmt/rt.rs:142:9
[INFO] [stdout]    5:     0x563a19d42720 - core::fmt::write::h3a39390d8560d9c9
[INFO] [stdout]                                at /rustc/82e1608dfa6e0b5569232559e3d385fea5a93112/library/core/src/fmt/mod.rs:1120:17
[INFO] [stdout]    6:     0x563a19d146df - std::io::Write::write_fmt::h040b369f3a0f9cbc
[INFO] [stdout]                                at /rustc/82e1608dfa6e0b5569232559e3d385fea5a93112/library/std/src/io/mod.rs:1762:15
[INFO] [stdout]    7:     0x563a19d16b14 - std::sys_common::backtrace::_print::h894006fb5c6f3d45
[INFO] [stdout]                                at /rustc/82e1608dfa6e0b5569232559e3d385fea5a93112/library/std/src/sys_common/backtrace.rs:47:5
[INFO] [stdout]    8:     0x563a19d16b14 - std::sys_common::backtrace::print::h23a2d212c6fff936
[INFO] [stdout]                                at /rustc/82e1608dfa6e0b5569232559e3d385fea5a93112/library/std/src/sys_common/backtrace.rs:34:9
[INFO] [stdout]    9:     0x563a19d187d7 - std::panicking::default_hook::{{closure}}::h8a1d2ee00185001a
[INFO] [stdout]   10:     0x563a19d184c3 - std::panicking::default_hook::h6038f2eba384e475
[INFO] [stdout]                                at /rustc/82e1608dfa6e0b5569232559e3d385fea5a93112/library/std/src/panicking.rs:289:9
[INFO] [stdout]   11:     0x563a19cde417 - <alloc::boxed::Box<F,A> as core::ops::function::Fn<Args>>::call::h0ad024c9bdc6d768
[INFO] [stdout]                                at /rustc/82e1608dfa6e0b5569232559e3d385fea5a93112/library/alloc/src/boxed.rs:2021:9
[INFO] [stdout]   12:     0x563a19cde417 - test::test_main::{{closure}}::h7500b54257359db6
[INFO] [stdout]                                at /rustc/82e1608dfa6e0b5569232559e3d385fea5a93112/library/test/src/lib.rs:138:21
[INFO] [stdout]   13:     0x563a19d18de8 - <alloc::boxed::Box<F,A> as core::ops::function::Fn<Args>>::call::h1f8f335eaa9cfaee
[INFO] [stdout]                                at /rustc/82e1608dfa6e0b5569232559e3d385fea5a93112/library/alloc/src/boxed.rs:2021:9
[INFO] [stdout]   14:     0x563a19d18de8 - std::panicking::rust_panic_with_hook::h2b5517d590cab22e
[INFO] [stdout]                                at /rustc/82e1608dfa6e0b5569232559e3d385fea5a93112/library/std/src/panicking.rs:783:13
[INFO] [stdout]   15:     0x563a19d18b3e - std::panicking::begin_panic_handler::{{closure}}::h233112c06e0ef43e
[INFO] [stdout]                                at /rustc/82e1608dfa6e0b5569232559e3d385fea5a93112/library/std/src/panicking.rs:657:13
[INFO] [stdout]   16:     0x563a19d171f6 - std::sys_common::backtrace::__rust_end_short_backtrace::h6e893f24d7ebbff8
[INFO] [stdout]                                at /rustc/82e1608dfa6e0b5569232559e3d385fea5a93112/library/std/src/sys_common/backtrace.rs:170:18
[INFO] [stdout]   17:     0x563a19d188a2 - rust_begin_unwind
[INFO] [stdout]                                at /rustc/82e1608dfa6e0b5569232559e3d385fea5a93112/library/std/src/panicking.rs:645:5
[INFO] [stdout]   18:     0x563a19c02df5 - core::panicking::panic_fmt::hbf0e066aabfa482c
[INFO] [stdout]                                at /rustc/82e1608dfa6e0b5569232559e3d385fea5a93112/library/core/src/panicking.rs:72:14
[INFO] [stdout]   19:     0x563a19c0320b - core::panicking::assert_failed_inner::h0bba8b7c26ee4492
[INFO] [stdout]   20:     0x563a19c36f52 - core::panicking::assert_failed::ha24cc499d083bdc5
[INFO] [stdout]                                at /rustc/82e1608dfa6e0b5569232559e3d385fea5a93112/library/core/src/panicking.rs:279:5
[INFO] [stdout]   21:     0x563a19c65801 - lispi::interpreter::other_fns_glue::test_tracklist_fn::h0e9f38751de8d65f
[INFO] [stdout]                                at /opt/rustwide/workdir/src/interpreter/other_fns_glue.rs:322:5
[INFO] [stdout]   22:     0x563a19c648b7 - lispi::interpreter::other_fns_glue::test_tracklist_fn::{{closure}}::hda5fb09ea873405f
[INFO] [stdout]                                at /opt/rustwide/workdir/src/interpreter/other_fns_glue.rs:283:23
[INFO] [stdout]   23:     0x563a19c12766 - core::ops::function::FnOnce::call_once::hd6172fbadbd1684d
[INFO] [stdout]                                at /rustc/82e1608dfa6e0b5569232559e3d385fea5a93112/library/core/src/ops/function.rs:250:5
[INFO] [stdout]   24:     0x563a19ce3a6f - core::ops::function::FnOnce::call_once::h2b5d431d5046312d
[INFO] [stdout]                                at /rustc/82e1608dfa6e0b5569232559e3d385fea5a93112/library/core/src/ops/function.rs:250:5
[INFO] [stdout]   25:     0x563a19ce3a6f - test::__rust_begin_short_backtrace::h7714669af176e207
[INFO] [stdout]                                at /rustc/82e1608dfa6e0b5569232559e3d385fea5a93112/library/test/src/lib.rs:628:18
[INFO] [stdout]   26:     0x563a19ce2a85 - test::run_test_in_process::{{closure}}::h85218797dcbcec12
[INFO] [stdout]                                at /rustc/82e1608dfa6e0b5569232559e3d385fea5a93112/library/test/src/lib.rs:651:60
[INFO] [stdout]   27:     0x563a19ce2a85 - <core::panic::unwind_safe::AssertUnwindSafe<F> as core::ops::function::FnOnce<()>>::call_once::h76c106ea31c14d7b
[INFO] [stdout]                                at /rustc/82e1608dfa6e0b5569232559e3d385fea5a93112/library/core/src/panic/unwind_safe.rs:272:9
[INFO] [stdout]   28:     0x563a19ce2a85 - std::panicking::try::do_call::h3bd5d0f6620ee946
[INFO] [stdout]                                at /rustc/82e1608dfa6e0b5569232559e3d385fea5a93112/library/std/src/panicking.rs:552:40
[INFO] [stdout]   29:     0x563a19ce2a85 - std::panicking::try::h232e535e4744fe31
[INFO] [stdout]                                at /rustc/82e1608dfa6e0b5569232559e3d385fea5a93112/library/std/src/panicking.rs:516:19
[INFO] [stdout]   30:     0x563a19ce2a85 - std::panic::catch_unwind::h3ce3bd6ca8dbac68
[INFO] [stdout]                                at /rustc/82e1608dfa6e0b5569232559e3d385fea5a93112/library/std/src/panic.rs:142:14
[INFO] [stdout]   31:     0x563a19ce2a85 - test::run_test_in_process::hc97b257c9621286a
[INFO] [stdout]                                at /rustc/82e1608dfa6e0b5569232559e3d385fea5a93112/library/test/src/lib.rs:651:27
[INFO] [stdout]   32:     0x563a19ce2a85 - test::run_test::{{closure}}::h2aa798823a438d38
[INFO] [stdout]                                at /rustc/82e1608dfa6e0b5569232559e3d385fea5a93112/library/test/src/lib.rs:574:43
[INFO] [stdout]   33:     0x563a19caad46 - test::run_test::{{closure}}::h87d231c78fb59832
[INFO] [stdout]                                at /rustc/82e1608dfa6e0b5569232559e3d385fea5a93112/library/test/src/lib.rs:602:41
[INFO] [stdout]   34:     0x563a19caad46 - std::sys_common::backtrace::__rust_begin_short_backtrace::he6df152596625789
[INFO] [stdout]                                at /rustc/82e1608dfa6e0b5569232559e3d385fea5a93112/library/std/src/sys_common/backtrace.rs:154:18
[INFO] [stdout]   35:     0x563a19cafdf7 - std::thread::Builder::spawn_unchecked_::{{closure}}::{{closure}}::ha94be15d1e0acf36
[INFO] [stdout]                                at /rustc/82e1608dfa6e0b5569232559e3d385fea5a93112/library/std/src/thread/mod.rs:529:17
[INFO] [stdout]   36:     0x563a19cafdf7 - <core::panic::unwind_safe::AssertUnwindSafe<F> as core::ops::function::FnOnce<()>>::call_once::h9dc6bd6372f16606
[INFO] [stdout]                                at /rustc/82e1608dfa6e0b5569232559e3d385fea5a93112/library/core/src/panic/unwind_safe.rs:272:9
[INFO] [stdout]   37:     0x563a19cafdf7 - std::panicking::try::do_call::h9057517f80303cd4
[INFO] [stdout]                                at /rustc/82e1608dfa6e0b5569232559e3d385fea5a93112/library/std/src/panicking.rs:552:40
[INFO] [stdout]   38:     0x563a19cafdf7 - std::panicking::try::he3a30b11ee45340c
[INFO] [stdout]                                at /rustc/82e1608dfa6e0b5569232559e3d385fea5a93112/library/std/src/panicking.rs:516:19
[INFO] [stdout]   39:     0x563a19cafdf7 - std::panic::catch_unwind::h410458cfd3528b8b
[INFO] [stdout]                                at /rustc/82e1608dfa6e0b5569232559e3d385fea5a93112/library/std/src/panic.rs:142:14
[INFO] [stdout]   40:     0x563a19cafdf7 - std::thread::Builder::spawn_unchecked_::{{closure}}::h72ac3bdb567b737b
[INFO] [stdout]                                at /rustc/82e1608dfa6e0b5569232559e3d385fea5a93112/library/std/src/thread/mod.rs:528:30
[INFO] [stdout]   41:     0x563a19cafdf7 - core::ops::function::FnOnce::call_once{{vtable.shim}}::h38f34da3654a8344
[INFO] [stdout]                                at /rustc/82e1608dfa6e0b5569232559e3d385fea5a93112/library/core/src/ops/function.rs:250:5
[INFO] [stdout]   42:     0x563a19d1d925 - <alloc::boxed::Box<F,A> as core::ops::function::FnOnce<Args>>::call_once::hc7eafaff61e32df9
[INFO] [stdout]                                at /rustc/82e1608dfa6e0b5569232559e3d385fea5a93112/library/alloc/src/boxed.rs:2007:9
[INFO] [stdout]   43:     0x563a19d1d925 - <alloc::boxed::Box<F,A> as core::ops::function::FnOnce<Args>>::call_once::h6ba4a5de48dd2304
[INFO] [stdout]                                at /rustc/82e1608dfa6e0b5569232559e3d385fea5a93112/library/alloc/src/boxed.rs:2007:9
[INFO] [stdout]   44:     0x563a19d1d925 - std::sys::unix::thread::Thread::new::thread_start::he469335aef763e45
[INFO] [stdout]                                at /rustc/82e1608dfa6e0b5569232559e3d385fea5a93112/library/std/src/sys/unix/thread.rs:108:17
[INFO] [stdout]   45:     0x7f0f867bcac3 - <unknown>
[INFO] [stdout]   46:     0x7f0f8684dbf4 - __clone
[INFO] [stdout]   47:                0x0 - <unknown>
[INFO] [stdout] 
[INFO] [stdout] 
[INFO] [stdout] failures:
[INFO] [stdout]     interpreter::other_fns_glue::test_tracklist_fn
[INFO] [stdout] 
[INFO] [stdout] test result: FAILED. 59 passed; 1 failed; 0 ignored; 0 measured; 0 filtered out; finished in 0.03s
[INFO] [stdout] 
[INFO] [stderr] error: test failed, to rerun pass `--lib`
[INFO] running `Command { std: "docker" "inspect" "4cf4eccd2afe82d019cab0f192434c3c235128458eb89bdf741c0df7bf279747", kill_on_drop: false }`
[INFO] running `Command { std: "docker" "rm" "-f" "4cf4eccd2afe82d019cab0f192434c3c235128458eb89bdf741c0df7bf279747", kill_on_drop: false }`
[INFO] [stdout] 4cf4eccd2afe82d019cab0f192434c3c235128458eb89bdf741c0df7bf279747
[INFO] testing MaksRawski/lispi against beta-2023-12-22 for beta-1.76-1
[INFO] running `Command { std: "git" "clone" "/workspace/cache/git-repos/https%3A%2F%2Fgithub.com%2FMaksRawski%2Flispi" "/workspace/builds/worker-6-tc2/source", kill_on_drop: false }`
[INFO] [stderr] Cloning into '/workspace/builds/worker-6-tc2/source'...
[INFO] [stderr] done.
[INFO] validating manifest of git repo https://github.com/MaksRawski/lispi on toolchain beta-2023-12-22
[INFO] running `Command { std: CARGO_HOME="/workspace/cargo-home" RUSTUP_HOME="/workspace/rustup-home" "/workspace/cargo-home/bin/cargo" "+beta-2023-12-22" "metadata" "--manifest-path" "Cargo.toml" "--no-deps", kill_on_drop: false }`
[INFO] started tweaking git repo https://github.com/MaksRawski/lispi
[INFO] finished tweaking git repo https://github.com/MaksRawski/lispi
[INFO] tweaked toml for git repo https://github.com/MaksRawski/lispi written to /workspace/builds/worker-6-tc2/source/Cargo.toml
[INFO] crate git repo https://github.com/MaksRawski/lispi already has a lockfile, it will not be regenerated
[INFO] running `Command { std: CARGO_HOME="/workspace/cargo-home" RUSTUP_HOME="/workspace/rustup-home" "/workspace/cargo-home/bin/cargo" "+beta-2023-12-22" "fetch" "--manifest-path" "Cargo.toml", kill_on_drop: false }`
[INFO] running `Command { std: "docker" "create" "-v" "/var/lib/crater-agent-workspace/builds/worker-6-tc2/target:/opt/rustwide/target:rw,Z" "-v" "/var/lib/crater-agent-workspace/builds/worker-6-tc2/source:/opt/rustwide/workdir:ro,Z" "-v" "/var/lib/crater-agent-workspace/cargo-home:/opt/rustwide/cargo-home:ro,Z" "-v" "/var/lib/crater-agent-workspace/rustup-home:/opt/rustwide/rustup-home:ro,Z" "-e" "SOURCE_DIR=/opt/rustwide/workdir" "-e" "CARGO_TARGET_DIR=/opt/rustwide/target" "-e" "CARGO_HOME=/opt/rustwide/cargo-home" "-e" "RUSTUP_HOME=/opt/rustwide/rustup-home" "-w" "/opt/rustwide/workdir" "-m" "1610612736" "--user" "0:0" "--network" "none" "ghcr.io/rust-lang/crates-build-env/linux@sha256:2788e3201cd34a07e3172128adcd8b3090168a8e3bcc40d7c032b9dda1df7d1c" "/opt/rustwide/cargo-home/bin/cargo" "+beta-2023-12-22" "metadata" "--no-deps" "--format-version=1", kill_on_drop: false }`
[INFO] [stdout] 194de4e29a7ebc254ae63c0d0b609481b45378437c7f962f57f70aee5ab75aea
[INFO] running `Command { std: "docker" "start" "-a" "194de4e29a7ebc254ae63c0d0b609481b45378437c7f962f57f70aee5ab75aea", kill_on_drop: false }`
[INFO] running `Command { std: "docker" "inspect" "194de4e29a7ebc254ae63c0d0b609481b45378437c7f962f57f70aee5ab75aea", kill_on_drop: false }`
[INFO] running `Command { std: "docker" "rm" "-f" "194de4e29a7ebc254ae63c0d0b609481b45378437c7f962f57f70aee5ab75aea", kill_on_drop: false }`
[INFO] [stdout] 194de4e29a7ebc254ae63c0d0b609481b45378437c7f962f57f70aee5ab75aea
[INFO] running `Command { std: "docker" "create" "-v" "/var/lib/crater-agent-workspace/builds/worker-6-tc2/target:/opt/rustwide/target:rw,Z" "-v" "/var/lib/crater-agent-workspace/builds/worker-6-tc2/source:/opt/rustwide/workdir:ro,Z" "-v" "/var/lib/crater-agent-workspace/cargo-home:/opt/rustwide/cargo-home:ro,Z" "-v" "/var/lib/crater-agent-workspace/rustup-home:/opt/rustwide/rustup-home:ro,Z" "-e" "SOURCE_DIR=/opt/rustwide/workdir" "-e" "CARGO_TARGET_DIR=/opt/rustwide/target" "-e" "CARGO_INCREMENTAL=0" "-e" "RUST_BACKTRACE=full" "-e" "RUSTFLAGS=--cap-lints=warn" "-e" "RUSTDOCFLAGS=--cap-lints=warn" "-e" "CARGO_HOME=/opt/rustwide/cargo-home" "-e" "RUSTUP_HOME=/opt/rustwide/rustup-home" "-w" "/opt/rustwide/workdir" "-m" "1610612736" "--user" "0:0" "--network" "none" "ghcr.io/rust-lang/crates-build-env/linux@sha256:2788e3201cd34a07e3172128adcd8b3090168a8e3bcc40d7c032b9dda1df7d1c" "/opt/rustwide/cargo-home/bin/cargo" "+beta-2023-12-22" "build" "--frozen" "--message-format=json", kill_on_drop: false }`
[INFO] [stdout] 556a93e1d2995c6cd1e8f970140d6d1e27da51f14a0e669c7afed8d6845f0ca7
[INFO] running `Command { std: "docker" "start" "-a" "556a93e1d2995c6cd1e8f970140d6d1e27da51f14a0e669c7afed8d6845f0ca7", kill_on_drop: false }`
[INFO] [stderr]    Compiling proc-macro2 v1.0.67
[INFO] [stderr]    Compiling rustix v0.38.14
[INFO] [stderr]    Compiling libc v0.2.148
[INFO] [stderr]    Compiling memchr v2.6.3
[INFO] [stderr]    Compiling unicode-ident v1.0.12
[INFO] [stderr]    Compiling bitflags v2.4.0
[INFO] [stderr]    Compiling linux-raw-sys v0.4.7
[INFO] [stderr]    Compiling regex-syntax v0.7.5
[INFO] [stderr]    Compiling smallvec v1.11.1
[INFO] [stderr]    Compiling unicode-width v0.1.11
[INFO] [stderr]    Compiling log v0.4.20
[INFO] [stderr]    Compiling endian-type v0.1.2
[INFO] [stderr]    Compiling home v0.5.5
[INFO] [stderr]    Compiling strsim v0.8.0
[INFO] [stderr]    Compiling ansi_term v0.12.1
[INFO] [stderr]    Compiling unicode-segmentation v1.10.1
[INFO] [stderr]    Compiling textwrap v0.11.0
[INFO] [stderr]    Compiling utf8parse v0.2.1
[INFO] [stderr]    Compiling termcolor v1.3.0
[INFO] [stderr]    Compiling humantime v2.1.0
[INFO] [stderr]    Compiling nibble_vec v0.1.0
[INFO] [stderr]    Compiling radix_trie v0.2.1
[INFO] [stderr]    Compiling aho-corasick v1.1.1
[INFO] [stderr]    Compiling quote v1.0.33
[INFO] [stderr]    Compiling syn v2.0.37
[INFO] [stderr]    Compiling regex-automata v0.3.8
[INFO] [stderr]    Compiling atty v0.2.14
[INFO] [stderr]    Compiling nix v0.26.4
[INFO] [stderr]    Compiling clap v2.34.0
[INFO] [stderr]    Compiling fd-lock v3.0.13
[INFO] [stderr]    Compiling is-terminal v0.4.9
[INFO] [stderr]    Compiling rustyline-derive v0.9.0
[INFO] [stderr]    Compiling rustyline v12.0.0
[INFO] [stderr]    Compiling regex v1.9.5
[INFO] [stderr]    Compiling env_logger v0.10.0
[INFO] [stderr]    Compiling lispi v0.3.2 (/opt/rustwide/workdir)
[INFO] [stderr]     Finished dev [unoptimized + debuginfo] target(s) in 6.35s
[INFO] running `Command { std: "docker" "inspect" "556a93e1d2995c6cd1e8f970140d6d1e27da51f14a0e669c7afed8d6845f0ca7", kill_on_drop: false }`
[INFO] running `Command { std: "docker" "rm" "-f" "556a93e1d2995c6cd1e8f970140d6d1e27da51f14a0e669c7afed8d6845f0ca7", kill_on_drop: false }`
[INFO] [stdout] 556a93e1d2995c6cd1e8f970140d6d1e27da51f14a0e669c7afed8d6845f0ca7
[INFO] running `Command { std: "docker" "create" "-v" "/var/lib/crater-agent-workspace/builds/worker-6-tc2/target:/opt/rustwide/target:rw,Z" "-v" "/var/lib/crater-agent-workspace/builds/worker-6-tc2/source:/opt/rustwide/workdir:ro,Z" "-v" "/var/lib/crater-agent-workspace/cargo-home:/opt/rustwide/cargo-home:ro,Z" "-v" "/var/lib/crater-agent-workspace/rustup-home:/opt/rustwide/rustup-home:ro,Z" "-e" "SOURCE_DIR=/opt/rustwide/workdir" "-e" "CARGO_TARGET_DIR=/opt/rustwide/target" "-e" "CARGO_INCREMENTAL=0" "-e" "RUST_BACKTRACE=full" "-e" "RUSTFLAGS=--cap-lints=warn" "-e" "RUSTDOCFLAGS=--cap-lints=warn" "-e" "CARGO_HOME=/opt/rustwide/cargo-home" "-e" "RUSTUP_HOME=/opt/rustwide/rustup-home" "-w" "/opt/rustwide/workdir" "-m" "1610612736" "--user" "0:0" "--network" "none" "ghcr.io/rust-lang/crates-build-env/linux@sha256:2788e3201cd34a07e3172128adcd8b3090168a8e3bcc40d7c032b9dda1df7d1c" "/opt/rustwide/cargo-home/bin/cargo" "+beta-2023-12-22" "test" "--frozen" "--no-run" "--message-format=json", kill_on_drop: false }`
[INFO] [stdout] 4eb42b4e84c60c979519a8eb3c379808f65f2b0253e381604979414fc141df6e
[INFO] running `Command { std: "docker" "start" "-a" "4eb42b4e84c60c979519a8eb3c379808f65f2b0253e381604979414fc141df6e", kill_on_drop: false }`
[INFO] [stderr]    Compiling proc-macro2 v1.0.67
[INFO] [stderr]    Compiling memoffset v0.9.0
[INFO] [stderr]    Compiling crossbeam-utils v0.8.16
[INFO] [stderr]    Compiling crossbeam-epoch v0.9.15
[INFO] [stderr]    Compiling serde v1.0.189
[INFO] [stderr]    Compiling scopeguard v1.2.0
[INFO] [stderr]    Compiling num-traits v0.2.17
[INFO] [stderr]    Compiling rayon-core v1.12.0
[INFO] [stderr]    Compiling either v1.9.0
[INFO] [stderr]    Compiling serde_json v1.0.107
[INFO] [stderr]    Compiling plotters-backend v0.3.5
[INFO] [stderr]    Compiling clap_lex v0.5.1
[INFO] [stderr]    Compiling itoa v1.0.9
[INFO] [stderr]    Compiling anstyle v1.0.4
[INFO] [stderr]    Compiling ryu v1.0.15
[INFO] [stderr]    Compiling half v1.8.2
[INFO] [stderr]    Compiling ciborium-io v0.2.1
[INFO] [stderr]    Compiling cast v0.3.0
[INFO] [stderr]    Compiling same-file v1.0.6
[INFO] [stderr]    Compiling itertools v0.10.5
[INFO] [stderr]    Compiling plotters-svg v0.3.5
[INFO] [stderr]    Compiling clap_builder v4.4.6
[INFO] [stderr]    Compiling ciborium-ll v0.2.1
[INFO] [stderr]    Compiling walkdir v2.4.0
[INFO] [stderr]    Compiling anes v0.1.6
[INFO] [stderr]    Compiling oorandom v11.1.3
[INFO] [stderr]    Compiling once_cell v1.18.0
[INFO] [stderr]    Compiling quote v1.0.33
[INFO] [stderr]    Compiling crossbeam-deque v0.8.3
[INFO] [stderr]    Compiling syn v2.0.37
[INFO] [stderr]    Compiling plotters v0.3.5
[INFO] [stderr]    Compiling rayon v1.8.0
[INFO] [stderr]    Compiling criterion-plot v0.5.0
[INFO] [stderr]    Compiling clap v4.4.6
[INFO] [stderr]    Compiling serde_derive v1.0.189
[INFO] [stderr]    Compiling rustyline-derive v0.9.0
[INFO] [stderr]    Compiling rustyline v12.0.0
[INFO] [stderr]    Compiling lispi v0.3.2 (/opt/rustwide/workdir)
[INFO] [stderr]    Compiling ciborium v0.2.1
[INFO] [stderr]    Compiling tinytemplate v1.2.1
[INFO] [stderr]    Compiling criterion v0.5.1
[INFO] [stderr]     Finished test [unoptimized + debuginfo] target(s) in 12.19s
[INFO] running `Command { std: "docker" "inspect" "4eb42b4e84c60c979519a8eb3c379808f65f2b0253e381604979414fc141df6e", kill_on_drop: false }`
[INFO] running `Command { std: "docker" "rm" "-f" "4eb42b4e84c60c979519a8eb3c379808f65f2b0253e381604979414fc141df6e", kill_on_drop: false }`
[INFO] [stdout] 4eb42b4e84c60c979519a8eb3c379808f65f2b0253e381604979414fc141df6e
[INFO] running `Command { std: "docker" "create" "-v" "/var/lib/crater-agent-workspace/builds/worker-6-tc2/target:/opt/rustwide/target:rw,Z" "-v" "/var/lib/crater-agent-workspace/builds/worker-6-tc2/source:/opt/rustwide/workdir:ro,Z" "-v" "/var/lib/crater-agent-workspace/cargo-home:/opt/rustwide/cargo-home:ro,Z" "-v" "/var/lib/crater-agent-workspace/rustup-home:/opt/rustwide/rustup-home:ro,Z" "-e" "SOURCE_DIR=/opt/rustwide/workdir" "-e" "CARGO_TARGET_DIR=/opt/rustwide/target" "-e" "CARGO_INCREMENTAL=0" "-e" "RUST_BACKTRACE=full" "-e" "RUSTFLAGS=--cap-lints=warn" "-e" "RUSTDOCFLAGS=--cap-lints=warn" "-e" "CARGO_HOME=/opt/rustwide/cargo-home" "-e" "RUSTUP_HOME=/opt/rustwide/rustup-home" "-w" "/opt/rustwide/workdir" "-m" "1610612736" "--user" "0:0" "--network" "none" "ghcr.io/rust-lang/crates-build-env/linux@sha256:2788e3201cd34a07e3172128adcd8b3090168a8e3bcc40d7c032b9dda1df7d1c" "/opt/rustwide/cargo-home/bin/cargo" "+beta-2023-12-22" "test" "--frozen", kill_on_drop: false }`
[INFO] [stdout] 347989b038956d749ecb1963a09bb85cf96399b73410911b8f73af21cfd0710f
[INFO] running `Command { std: "docker" "start" "-a" "347989b038956d749ecb1963a09bb85cf96399b73410911b8f73af21cfd0710f", kill_on_drop: false }`
[INFO] [stderr]     Finished test [unoptimized + debuginfo] target(s) in 0.07s
[INFO] [stderr]      Running unittests src/lib.rs (/opt/rustwide/target/debug/deps/lispi-256781aff20e8563)
[INFO] [stdout] 
[INFO] [stdout] running 60 tests
[INFO] [stdout] test elementary_functions::test_atom ... ok
[INFO] [stdout] test elementary_functions::test_cdr ... ok
[INFO] [stdout] test elementary_functions::test_car ... ok
[INFO] [stdout] test elementary_functions::test_cons_car_cdr ... ok
[INFO] [stdout] test elementary_functions::test_eq ... ok
[INFO] [stdout] test file_parser::test_extract_sexp_range ... ok
[INFO] [stdout] test file_parser::test_offset_to_coordinate ... ok
[INFO] [stdout] test file_parser::test_get_bound_symbols ... ok
[INFO] [stdout] test file_parser::test_split_sexps ... ok
[INFO] [stdout] test interpreter::elementary_fns_glue::test_atom_fn ... ok
[INFO] [stdout] test interpreter::elementary_fns_glue::test_car_fn ... ok
[INFO] [stdout] test interpreter::elementary_fns_glue::test_car_cdr_composition ... ok
[INFO] [stdout] test interpreter::elementary_fns_glue::test_cons_fn ... ok
[INFO] [stdout] test interpreter::elementary_fns_glue::test_cdr_fn ... ok
[INFO] [stdout] test interpreter::elementary_fns_glue::test_eq_fn ... ok
[INFO] [stdout] test interpreter::eval::elementary_functions_tests::test_eval_car ... ok
[INFO] [stdout] test interpreter::eval::elementary_functions_tests::test_eval_atom ... ok
[INFO] [stdout] test interpreter::eval::invalid_sexps_tests::test_atom_as_func ... ok
[INFO] [stdout] test interpreter::eval::elementary_functions_tests::test_eval_cdr ... ok
[INFO] [stdout] test interpreter::other_fns_glue::test_equal_fn ... ok
[INFO] [stdout] test interpreter::other_fns_glue::test_prdct_fn ... ok
[INFO] [stdout] test interpreter::other_fns_glue::test_sum_fn ... ok
[INFO] [stdout] test interpreter::eval::elementary_functions_tests::test_eval_eq ... ok
[INFO] [stdout] test interpreter::special_form_glue::handle_lambda_tests::test_id_lambda ... ok
[INFO] [stdout] test interpreter::special_form_glue::test_and ... ok
[INFO] [stdout] test interpreter::eval::elementary_functions_tests::test_eval_cons ... ok
[INFO] [stdout] test interpreter::eval::elementary_functions_tests::test_eval_car_of_cons ... ok
[INFO] [stdout] test interpreter::special_form_glue::handle_lambda_tests::test_binds_lambda ... ok
[INFO] [stdout] test list_functions::test_append ... ok
[INFO] [stdout] test list_functions::test_assoc ... ok
[INFO] [stdout] test interpreter::other_fns_glue::test_expt_fn ... ok
[INFO] [stdout] test interpreter::special_form_glue::test_handle_other_symbol ... ok
[INFO] [stdout] test list_functions::test_sublis ... ok
[INFO] [stdout] test list_functions::test_among ... ok
[INFO] [stdout] test interpreter::special_form_glue::test_evlis ... ok
[INFO] [stdout] test list_functions::test_pairlis ... ok
[INFO] [stdout] test list_macros::test_list_macro ... ok
[INFO] [stdout] test interpreter::special_form_glue::test_or ... ok
[INFO] [stdout] test interpreter::other_fns_glue::test_define_fn ... ok
[INFO] [stdout] test interpreter::special_form_glue::test_handle_quote ... ok
[INFO] [stdout] test list_functions::test_sub2 ... ok
[INFO] [stdout] test parser::test_parser::test_fun_with_args_parsing ... ok
[INFO] [stdout] test interpreter::special_form_glue::handle_lambda_tests::test_cond_lambda ... ok
[INFO] [stdout] test list_functions::test_pair ... ok
[INFO] [stdout] test parser::test_parser::test_keyword_parsing ... ok
[INFO] [stdout] test parser::test_parser::test_nested_sexps ... ok
[INFO] [stdout] test parser::test_parser::test_parse_lists ... ok
[INFO] [stdout] test parser::test_parser::test_parser_edge_cases ... ok
[INFO] [stdout] test repl::test_find_matching_bracket ... ok
[INFO] [stdout] test repl::test_find_nearest_bracket ... ok
[INFO] [stdout] test repl::test_is_cursor_on_bracket ... ok
[INFO] [stdout] test parser::test_parser::test_parse_atomic_symbol ... ok
[INFO] [stdout] test recursive_functions::test_equal ... ok
[INFO] [stdout] test recursive_functions::test_null ... ok
[INFO] [stdout] test recursive_functions::test_subst ... ok
[INFO] [stdout] test parser::test_parser::test_sanitization ... ok
[INFO] [stdout] test recursive_functions::test_ff ... ok
[INFO] [stdout] test types::test_display_list ... ok
[INFO] [stdout] test interpreter::special_form_glue::test_handle_label ... ok
[INFO] [stdout] test interpreter::other_fns_glue::test_tracklist_fn ... FAILED
[INFO] [stdout] 
[INFO] [stdout] failures:
[INFO] [stdout] 
[INFO] [stdout] ---- interpreter::other_fns_glue::test_tracklist_fn stdout ----
[INFO] [stdout] thread 'interpreter::other_fns_glue::test_tracklist_fn' panicked at src/interpreter/other_fns_glue.rs:322:5:
[INFO] [stdout] assertion `left == right` failed
[INFO] [stdout]   left: "ENTERING [SUM, [PRDCT, 2, 3], 2]\nENTERING [PRDCT, 2, 3]\nEND OF [PRDCT, 2, 3], VALUE IS\n6\nEND OF [SUM, [PRDCT, 2, 3], 2], VALUE IS\n8\nInvalid function: test, symbol unbound.\nSUM requires two arguments, but only one was provided: [EXPT, 0]\nInvalid use of SUM: [EXPT] two arguments are required.\nInvalid function: first, symbol unbound.\nQUOTE requires an argument.\nParenthesis count mismatch!\nParenthesis count mismatch!\nNot a valid symbol: )(\nInvalid token: \"\nInvalid token: \"\nInvalid token: \"\nInvalid token: \"\n"
[INFO] [stdout]  right: "ENTERING [SUM, [PRDCT, 2, 3], 2]\nENTERING [PRDCT, 2, 3]\nEND OF [PRDCT, 2, 3], VALUE IS\n6\nEND OF [SUM, [PRDCT, 2, 3], 2], VALUE IS\n8\n"
[INFO] [stdout] stack backtrace:
[INFO] [stdout]    0:     0x55f8ac29f556 - std::backtrace_rs::backtrace::libunwind::trace::h261606ad26a499c1
[INFO] [stdout]                                at /rustc/0e09125c6c3c2fd70d7de961bcf0e51575235fad/library/std/src/../../backtrace/src/backtrace/libunwind.rs:104:5
[INFO] [stdout]    1:     0x55f8ac29f556 - std::backtrace_rs::backtrace::trace_unsynchronized::hd183f0625477fb28
[INFO] [stdout]                                at /rustc/0e09125c6c3c2fd70d7de961bcf0e51575235fad/library/std/src/../../backtrace/src/backtrace/mod.rs:66:5
[INFO] [stdout]    2:     0x55f8ac29f556 - std::sys_common::backtrace::_print_fmt::hd7f8fef21b4eda67
[INFO] [stdout]                                at /rustc/0e09125c6c3c2fd70d7de961bcf0e51575235fad/library/std/src/sys_common/backtrace.rs:68:5
[INFO] [stdout]    3:     0x55f8ac29f556 - <std::sys_common::backtrace::_print::DisplayBacktrace as core::fmt::Display>::fmt::h623d9b51f2f453f1
[INFO] [stdout]                                at /rustc/0e09125c6c3c2fd70d7de961bcf0e51575235fad/library/std/src/sys_common/backtrace.rs:44:22
[INFO] [stdout]    4:     0x55f8ac2ca230 - core::fmt::rt::Argument::fmt::h9f417ac76a86f368
[INFO] [stdout]                                at /rustc/0e09125c6c3c2fd70d7de961bcf0e51575235fad/library/core/src/fmt/rt.rs:142:9
[INFO] [stdout]    5:     0x55f8ac2ca230 - core::fmt::write::hc9b6faf4ac2aeff7
[INFO] [stdout]                                at /rustc/0e09125c6c3c2fd70d7de961bcf0e51575235fad/library/core/src/fmt/mod.rs:1120:17
[INFO] [stdout]    6:     0x55f8ac29cfbf - std::io::Write::write_fmt::he04625a3a989fec3
[INFO] [stdout]                                at /rustc/0e09125c6c3c2fd70d7de961bcf0e51575235fad/library/std/src/io/mod.rs:1810:15
[INFO] [stdout]    7:     0x55f8ac29f334 - std::sys_common::backtrace::_print::hd5d66399c7df88a2
[INFO] [stdout]                                at /rustc/0e09125c6c3c2fd70d7de961bcf0e51575235fad/library/std/src/sys_common/backtrace.rs:47:5
[INFO] [stdout]    8:     0x55f8ac29f334 - std::sys_common::backtrace::print::he81ed2da642d37e5
[INFO] [stdout]                                at /rustc/0e09125c6c3c2fd70d7de961bcf0e51575235fad/library/std/src/sys_common/backtrace.rs:34:9
[INFO] [stdout]    9:     0x55f8ac2a10a7 - std::panicking::default_hook::{{closure}}::h85773f4fa117163d
[INFO] [stdout]   10:     0x55f8ac2a0d8d - std::panicking::default_hook::h6a1694a91d09b278
[INFO] [stdout]                                at /rustc/0e09125c6c3c2fd70d7de961bcf0e51575235fad/library/std/src/panicking.rs:289:9
[INFO] [stdout]   11:     0x55f8ac265f57 - <alloc::boxed::Box<F,A> as core::ops::function::Fn<Args>>::call::h616ac37fa3cd6c8f
[INFO] [stdout]                                at /rustc/0e09125c6c3c2fd70d7de961bcf0e51575235fad/library/alloc/src/boxed.rs:2029:9
[INFO] [stdout]   12:     0x55f8ac265f57 - test::test_main::{{closure}}::h00d84697cefdcbb6
[INFO] [stdout]                                at /rustc/0e09125c6c3c2fd70d7de961bcf0e51575235fad/library/test/src/lib.rs:138:21
[INFO] [stdout]   13:     0x55f8ac2a16c6 - <alloc::boxed::Box<F,A> as core::ops::function::Fn<Args>>::call::hcb3fe3b9bb537ba8
[INFO] [stdout]                                at /rustc/0e09125c6c3c2fd70d7de961bcf0e51575235fad/library/alloc/src/boxed.rs:2029:9
[INFO] [stdout]   14:     0x55f8ac2a16c6 - std::panicking::rust_panic_with_hook::h0a7ad96e90f7145b
[INFO] [stdout]                                at /rustc/0e09125c6c3c2fd70d7de961bcf0e51575235fad/library/std/src/panicking.rs:783:13
[INFO] [stdout]   15:     0x55f8ac2a1412 - std::panicking::begin_panic_handler::{{closure}}::h7919090525c6485e
[INFO] [stdout]                                at /rustc/0e09125c6c3c2fd70d7de961bcf0e51575235fad/library/std/src/panicking.rs:657:13
[INFO] [stdout]   16:     0x55f8ac29fa56 - std::sys_common::backtrace::__rust_end_short_backtrace::hf3289479464f7dfe
[INFO] [stdout]                                at /rustc/0e09125c6c3c2fd70d7de961bcf0e51575235fad/library/std/src/sys_common/backtrace.rs:171:18
[INFO] [stdout]   17:     0x55f8ac2a1170 - rust_begin_unwind
[INFO] [stdout]                                at /rustc/0e09125c6c3c2fd70d7de961bcf0e51575235fad/library/std/src/panicking.rs:645:5
[INFO] [stdout]   18:     0x55f8ac188dd5 - core::panicking::panic_fmt::hcc9f77c5c132af55
[INFO] [stdout]                                at /rustc/0e09125c6c3c2fd70d7de961bcf0e51575235fad/library/core/src/panicking.rs:72:14
[INFO] [stdout]   19:     0x55f8ac18920b - core::panicking::assert_failed_inner::h9f13e27dd63c3a08
[INFO] [stdout]                                at /rustc/0e09125c6c3c2fd70d7de961bcf0e51575235fad/library/core/src/panicking.rs:342:17
[INFO] [stdout]   20:     0x55f8ac1b1ad2 - core::panicking::assert_failed::h57da216d66d6463a
[INFO] [stdout]                                at /rustc/0e09125c6c3c2fd70d7de961bcf0e51575235fad/library/core/src/panicking.rs:297:5
[INFO] [stdout]   21:     0x55f8ac1ec97f - lispi::interpreter::other_fns_glue::test_tracklist_fn::h93688dd391360f2b
[INFO] [stdout]                                at /opt/rustwide/workdir/src/interpreter/other_fns_glue.rs:322:5
[INFO] [stdout]   22:     0x55f8ac1eba37 - lispi::interpreter::other_fns_glue::test_tracklist_fn::{{closure}}::he8f1a0d7c51419ad
[INFO] [stdout]                                at /opt/rustwide/workdir/src/interpreter/other_fns_glue.rs:283:23
[INFO] [stdout]   23:     0x55f8ac1a0fa6 - core::ops::function::FnOnce::call_once::hca8c6e5eb7b8b665
[INFO] [stdout]                                at /rustc/0e09125c6c3c2fd70d7de961bcf0e51575235fad/library/core/src/ops/function.rs:250:5
[INFO] [stdout]   24:     0x55f8ac26b82f - core::ops::function::FnOnce::call_once::hd64d26f405258157
[INFO] [stdout]                                at /rustc/0e09125c6c3c2fd70d7de961bcf0e51575235fad/library/core/src/ops/function.rs:250:5
[INFO] [stdout]   25:     0x55f8ac26b82f - test::__rust_begin_short_backtrace::he21b0b7a6d731bf9
[INFO] [stdout]                                at /rustc/0e09125c6c3c2fd70d7de961bcf0e51575235fad/library/test/src/lib.rs:627:18
[INFO] [stdout]   26:     0x55f8ac26a5b1 - test::run_test_in_process::{{closure}}::hf5c73986d7bdfde2
[INFO] [stdout]                                at /rustc/0e09125c6c3c2fd70d7de961bcf0e51575235fad/library/test/src/lib.rs:650:60
[INFO] [stdout]   27:     0x55f8ac26a5b1 - <core::panic::unwind_safe::AssertUnwindSafe<F> as core::ops::function::FnOnce<()>>::call_once::h330011ad032aadc0
[INFO] [stdout]                                at /rustc/0e09125c6c3c2fd70d7de961bcf0e51575235fad/library/core/src/panic/unwind_safe.rs:272:9
[INFO] [stdout]   28:     0x55f8ac26a5b1 - std::panicking::try::do_call::he61b0a958b795a41
[INFO] [stdout]                                at /rustc/0e09125c6c3c2fd70d7de961bcf0e51575235fad/library/std/src/panicking.rs:552:40
[INFO] [stdout]   29:     0x55f8ac26a5b1 - std::panicking::try::h7309da130f906eb7
[INFO] [stdout]                                at /rustc/0e09125c6c3c2fd70d7de961bcf0e51575235fad/library/std/src/panicking.rs:516:19
[INFO] [stdout]   30:     0x55f8ac26a5b1 - std::panic::catch_unwind::hc5c3a06fdaf0a92a
[INFO] [stdout]                                at /rustc/0e09125c6c3c2fd70d7de961bcf0e51575235fad/library/std/src/panic.rs:142:14
[INFO] [stdout]   31:     0x55f8ac26a5b1 - test::run_test_in_process::h7e7b7c71c3324e0f
[INFO] [stdout]                                at /rustc/0e09125c6c3c2fd70d7de961bcf0e51575235fad/library/test/src/lib.rs:650:27
[INFO] [stdout]   32:     0x55f8ac26a5b1 - test::run_test::{{closure}}::h1f509f28f5cf20b1
[INFO] [stdout]                                at /rustc/0e09125c6c3c2fd70d7de961bcf0e51575235fad/library/test/src/lib.rs:573:43
[INFO] [stdout]   33:     0x55f8ac2318e6 - test::run_test::{{closure}}::h1754218abf443f6d
[INFO] [stdout]                                at /rustc/0e09125c6c3c2fd70d7de961bcf0e51575235fad/library/test/src/lib.rs:601:41
[INFO] [stdout]   34:     0x55f8ac2318e6 - std::sys_common::backtrace::__rust_begin_short_backtrace::h2ee174b9d5954948
[INFO] [stdout]                                at /rustc/0e09125c6c3c2fd70d7de961bcf0e51575235fad/library/std/src/sys_common/backtrace.rs:155:18
[INFO] [stdout]   35:     0x55f8ac236947 - std::thread::Builder::spawn_unchecked_::{{closure}}::{{closure}}::hf60bee9c1a17ef09
[INFO] [stdout]                                at /rustc/0e09125c6c3c2fd70d7de961bcf0e51575235fad/library/std/src/thread/mod.rs:529:17
[INFO] [stdout]   36:     0x55f8ac236947 - <core::panic::unwind_safe::AssertUnwindSafe<F> as core::ops::function::FnOnce<()>>::call_once::h33d0dddec5216160
[INFO] [stdout]                                at /rustc/0e09125c6c3c2fd70d7de961bcf0e51575235fad/library/core/src/panic/unwind_safe.rs:272:9
[INFO] [stdout]   37:     0x55f8ac236947 - std::panicking::try::do_call::h144b3048b546f835
[INFO] [stdout]                                at /rustc/0e09125c6c3c2fd70d7de961bcf0e51575235fad/library/std/src/panicking.rs:552:40
[INFO] [stdout]   38:     0x55f8ac236947 - std::panicking::try::h978244d04646189f
[INFO] [stdout]                                at /rustc/0e09125c6c3c2fd70d7de961bcf0e51575235fad/library/std/src/panicking.rs:516:19
[INFO] [stdout]   39:     0x55f8ac236947 - std::panic::catch_unwind::hdf436369d188fe86
[INFO] [stdout]                                at /rustc/0e09125c6c3c2fd70d7de961bcf0e51575235fad/library/std/src/panic.rs:142:14
[INFO] [stdout]   40:     0x55f8ac236947 - std::thread::Builder::spawn_unchecked_::{{closure}}::h87329cbdd33c79ec
[INFO] [stdout]                                at /rustc/0e09125c6c3c2fd70d7de961bcf0e51575235fad/library/std/src/thread/mod.rs:528:30
[INFO] [stdout]   41:     0x55f8ac236947 - core::ops::function::FnOnce::call_once{{vtable.shim}}::h401abbe67897d450
[INFO] [stdout]                                at /rustc/0e09125c6c3c2fd70d7de961bcf0e51575235fad/library/core/src/ops/function.rs:250:5
[INFO] [stdout]   42:     0x55f8ac2a6225 - <alloc::boxed::Box<F,A> as core::ops::function::FnOnce<Args>>::call_once::h5d7c8f150ab9c84c
[INFO] [stdout]                                at /rustc/0e09125c6c3c2fd70d7de961bcf0e51575235fad/library/alloc/src/boxed.rs:2015:9
[INFO] [stdout]   43:     0x55f8ac2a6225 - <alloc::boxed::Box<F,A> as core::ops::function::FnOnce<Args>>::call_once::h570d5b005c242c15
[INFO] [stdout]                                at /rustc/0e09125c6c3c2fd70d7de961bcf0e51575235fad/library/alloc/src/boxed.rs:2015:9
[INFO] [stdout]   44:     0x55f8ac2a6225 - std::sys::unix::thread::Thread::new::thread_start::h36b0a20c0b2361ad
[INFO] [stdout]                                at /rustc/0e09125c6c3c2fd70d7de961bcf0e51575235fad/library/std/src/sys/unix/thread.rs:108:17
[INFO] [stdout]   45:     0x7fb567401ac3 - <unknown>
[INFO] [stdout]   46:     0x7fb567492bf4 - __clone
[INFO] [stdout]   47:                0x0 - <unknown>
[INFO] [stdout] 
[INFO] [stdout] 
[INFO] [stdout] failures:
[INFO] [stdout]     interpreter::other_fns_glue::test_tracklist_fn
[INFO] [stdout] 
[INFO] [stdout] test result: FAILED. 59 passed; 1 failed; 0 ignored; 0 measured; 0 filtered out; finished in 0.03s
[INFO] [stdout] 
[INFO] [stderr] error: test failed, to rerun pass `--lib`
[INFO] running `Command { std: "docker" "inspect" "347989b038956d749ecb1963a09bb85cf96399b73410911b8f73af21cfd0710f", kill_on_drop: false }`
[INFO] running `Command { std: "docker" "rm" "-f" "347989b038956d749ecb1963a09bb85cf96399b73410911b8f73af21cfd0710f", kill_on_drop: false }`
[INFO] [stdout] 347989b038956d749ecb1963a09bb85cf96399b73410911b8f73af21cfd0710f
