[INFO] cloning repository https://github.com/MaienM/zigbee2mqtt-operator
[INFO] running `Command { std: "git" "-c" "credential.helper=" "-c" "credential.helper=/workspace/cargo-home/bin/git-credential-null" "clone" "--bare" "https://github.com/MaienM/zigbee2mqtt-operator" "/workspace/cache/git-repos/https%3A%2F%2Fgithub.com%2FMaienM%2Fzigbee2mqtt-operator", kill_on_drop: false }`
[INFO] [stderr] Cloning into bare repository '/workspace/cache/git-repos/https%3A%2F%2Fgithub.com%2FMaienM%2Fzigbee2mqtt-operator'...
[INFO] running `Command { std: "git" "rev-parse" "HEAD", kill_on_drop: false }`
[INFO] [stdout] 1c79bf5177f79a2a611ec5f594cd775d7807b247
[INFO] testing MaienM/zigbee2mqtt-operator against 1.75.0 for beta-1.76-1
[INFO] running `Command { std: "git" "clone" "/workspace/cache/git-repos/https%3A%2F%2Fgithub.com%2FMaienM%2Fzigbee2mqtt-operator" "/workspace/builds/worker-7-tc1/source", kill_on_drop: false }`
[INFO] [stderr] Cloning into '/workspace/builds/worker-7-tc1/source'...
[INFO] [stderr] done.
[INFO] validating manifest of git repo https://github.com/MaienM/zigbee2mqtt-operator on toolchain 1.75.0
[INFO] running `Command { std: CARGO_HOME="/workspace/cargo-home" RUSTUP_HOME="/workspace/rustup-home" "/workspace/cargo-home/bin/cargo" "+1.75.0" "metadata" "--manifest-path" "Cargo.toml" "--no-deps", kill_on_drop: false }`
[INFO] started tweaking git repo https://github.com/MaienM/zigbee2mqtt-operator
[INFO] finished tweaking git repo https://github.com/MaienM/zigbee2mqtt-operator
[INFO] tweaked toml for git repo https://github.com/MaienM/zigbee2mqtt-operator written to /workspace/builds/worker-7-tc1/source/Cargo.toml
[INFO] crate git repo https://github.com/MaienM/zigbee2mqtt-operator already has a lockfile, it will not be regenerated
[INFO] running `Command { std: CARGO_HOME="/workspace/cargo-home" RUSTUP_HOME="/workspace/rustup-home" "/workspace/cargo-home/bin/cargo" "+1.75.0" "fetch" "--manifest-path" "Cargo.toml", kill_on_drop: false }`
[INFO] [stderr]     Updating crates.io index
[INFO] [stderr]  Downloading crates ...
[INFO] [stderr]   Downloaded veil-macros v0.1.6
[INFO] [stderr]   Downloaded card-validate v2.3.0
[INFO] [stderr]   Downloaded json-patch v1.1.0
[INFO] [stderr]   Downloaded veil v0.1.6
[INFO] [stderr]   Downloaded regex-cache v0.2.1
[INFO] [stderr]   Downloaded oncemutex v0.1.1
[INFO] [stderr]   Downloaded rumqttc v0.22.0
[INFO] [stderr]   Downloaded kube v0.86.0
[INFO] [stderr]   Downloaded kube-derive v0.86.0
[INFO] [stderr]   Downloaded schemars v0.8.13
[INFO] [stderr]   Downloaded kube-client v0.86.0
[INFO] [stderr]   Downloaded phonenumber v0.3.3+8.13.9
[INFO] [stderr]   Downloaded rustls-webpki v0.101.5
[INFO] [stderr]   Downloaded structout v0.6.0
[INFO] [stderr]   Downloaded kube-runtime v0.86.0
[INFO] [stderr]   Downloaded garde_derive v0.16.1
[INFO] [stderr]   Downloaded kube-core v0.86.0
[INFO] [stderr]   Downloaded schemars_derive v0.8.13
[INFO] [stderr]   Downloaded garde v0.16.1
[INFO] running `Command { std: "docker" "create" "-v" "/var/lib/crater-agent-workspace/builds/worker-7-tc1/target:/opt/rustwide/target:rw,Z" "-v" "/var/lib/crater-agent-workspace/builds/worker-7-tc1/source:/opt/rustwide/workdir:ro,Z" "-v" "/var/lib/crater-agent-workspace/cargo-home:/opt/rustwide/cargo-home:ro,Z" "-v" "/var/lib/crater-agent-workspace/rustup-home:/opt/rustwide/rustup-home:ro,Z" "-e" "SOURCE_DIR=/opt/rustwide/workdir" "-e" "CARGO_TARGET_DIR=/opt/rustwide/target" "-e" "CARGO_HOME=/opt/rustwide/cargo-home" "-e" "RUSTUP_HOME=/opt/rustwide/rustup-home" "-w" "/opt/rustwide/workdir" "-m" "1610612736" "--user" "0:0" "--network" "none" "ghcr.io/rust-lang/crates-build-env/linux@sha256:2788e3201cd34a07e3172128adcd8b3090168a8e3bcc40d7c032b9dda1df7d1c" "/opt/rustwide/cargo-home/bin/cargo" "+1.75.0" "metadata" "--no-deps" "--format-version=1", kill_on_drop: false }`
[INFO] [stdout] 08b87926af616cb936aa639fafe8f0b7d4f8aeb5e5f9880d7dd6782baec88282
[INFO] running `Command { std: "docker" "start" "-a" "08b87926af616cb936aa639fafe8f0b7d4f8aeb5e5f9880d7dd6782baec88282", kill_on_drop: false }`
[INFO] running `Command { std: "docker" "inspect" "08b87926af616cb936aa639fafe8f0b7d4f8aeb5e5f9880d7dd6782baec88282", kill_on_drop: false }`
[INFO] running `Command { std: "docker" "rm" "-f" "08b87926af616cb936aa639fafe8f0b7d4f8aeb5e5f9880d7dd6782baec88282", kill_on_drop: false }`
[INFO] [stdout] 08b87926af616cb936aa639fafe8f0b7d4f8aeb5e5f9880d7dd6782baec88282
[INFO] running `Command { std: "docker" "create" "-v" "/var/lib/crater-agent-workspace/builds/worker-7-tc1/target:/opt/rustwide/target:rw,Z" "-v" "/var/lib/crater-agent-workspace/builds/worker-7-tc1/source:/opt/rustwide/workdir:ro,Z" "-v" "/var/lib/crater-agent-workspace/cargo-home:/opt/rustwide/cargo-home:ro,Z" "-v" "/var/lib/crater-agent-workspace/rustup-home:/opt/rustwide/rustup-home:ro,Z" "-e" "SOURCE_DIR=/opt/rustwide/workdir" "-e" "CARGO_TARGET_DIR=/opt/rustwide/target" "-e" "CARGO_INCREMENTAL=0" "-e" "RUST_BACKTRACE=full" "-e" "RUSTFLAGS=--cap-lints=warn" "-e" "RUSTDOCFLAGS=--cap-lints=warn" "-e" "CARGO_HOME=/opt/rustwide/cargo-home" "-e" "RUSTUP_HOME=/opt/rustwide/rustup-home" "-w" "/opt/rustwide/workdir" "-m" "1610612736" "--user" "0:0" "--network" "none" "ghcr.io/rust-lang/crates-build-env/linux@sha256:2788e3201cd34a07e3172128adcd8b3090168a8e3bcc40d7c032b9dda1df7d1c" "/opt/rustwide/cargo-home/bin/cargo" "+1.75.0" "build" "--frozen" "--message-format=json", kill_on_drop: false }`
[INFO] [stdout] cd9e0a5b9d87f22e3928698d14ca28466d5d3ccea92c30aec173ce1bc4547ddf
[INFO] running `Command { std: "docker" "start" "-a" "cd9e0a5b9d87f22e3928698d14ca28466d5d3ccea92c30aec173ce1bc4547ddf", kill_on_drop: false }`
[INFO] [stderr]    Compiling proc-macro2 v1.0.67
[INFO] [stderr]    Compiling unicode-ident v1.0.12
[INFO] [stderr]    Compiling libc v0.2.148
[INFO] [stderr]    Compiling once_cell v1.18.0
[INFO] [stderr]    Compiling serde v1.0.188
[INFO] [stderr]    Compiling syn v1.0.109
[INFO] [stderr]    Compiling bytes v1.5.0
[INFO] [stderr]    Compiling log v0.4.20
[INFO] [stderr]    Compiling ahash v0.8.3
[INFO] [stderr]    Compiling futures-channel v0.3.28
[INFO] [stderr]    Compiling allocator-api2 v0.2.16
[INFO] [stderr]    Compiling futures-util v0.3.28
[INFO] [stderr]    Compiling tracing-core v0.1.31
[INFO] [stderr]    Compiling num-traits v0.2.16
[INFO] [stderr]    Compiling quote v1.0.33
[INFO] [stderr]    Compiling serde_json v1.0.107
[INFO] [stderr]    Compiling base64 v0.21.4
[INFO] [stderr]    Compiling syn v2.0.33
[INFO] [stderr]    Compiling cc v1.0.83
[INFO] [stderr]    Compiling getrandom v0.2.10
[INFO] [stderr]    Compiling mio v0.8.8
[INFO] [stderr]    Compiling signal-hook-registry v1.4.1
[INFO] [stderr]    Compiling socket2 v0.5.4
[INFO] [stderr]    Compiling num_cpus v1.16.0
[INFO] [stderr]    Compiling hashbrown v0.14.0
[INFO] [stderr]    Compiling aho-corasick v1.1.2
[INFO] [stderr]    Compiling regex-syntax v0.7.5
[INFO] [stderr]    Compiling http v0.2.9
[INFO] [stderr]    Compiling indexmap v2.0.0
[INFO] [stderr]    Compiling ring v0.16.20
[INFO] [stderr]    Compiling rustversion v1.0.14
[INFO] [stderr]    Compiling strsim v0.10.0
[INFO] [stderr]    Compiling ident_case v1.0.1
[INFO] [stderr]    Compiling http-body v0.4.5
[INFO] [stderr]    Compiling percent-encoding v2.3.0
[INFO] [stderr]    Compiling iana-time-zone v0.1.57
[INFO] [stderr]    Compiling form_urlencoded v1.2.0
[INFO] [stderr]    Compiling regex-automata v0.3.8
[INFO] [stderr]    Compiling ordered-float v2.10.0
[INFO] [stderr]    Compiling socket2 v0.4.9
[INFO] [stderr]    Compiling rustls-pemfile v1.0.3
[INFO] [stderr]    Compiling darling_core v0.14.4
[INFO] [stderr]    Compiling serde_derive_internals v0.26.0
[INFO] [stderr]    Compiling rustls v0.21.7
[INFO] [stderr]    Compiling k8s-openapi v0.20.0
[INFO] [stderr]    Compiling regex v1.9.5
[INFO] [stderr]    Compiling either v1.9.0
[INFO] [stderr]    Compiling schemars v0.8.13
[INFO] [stderr]    Compiling rustls-native-certs v0.6.3
[INFO] [stderr]    Compiling rand_core v0.6.4
[INFO] [stderr]    Compiling tower-layer v0.3.2
[INFO] [stderr]    Compiling smallvec v1.11.1
[INFO] [stderr]    Compiling sct v0.7.0
[INFO] [stderr]    Compiling rustls-webpki v0.101.5
[INFO] [stderr]    Compiling dyn-clone v1.0.13
[INFO] [stderr]    Compiling rand_chacha v0.3.1
[INFO] [stderr]    Compiling quick-xml v0.28.2
[INFO] [stderr]    Compiling serde_derive v1.0.188
[INFO] [stderr]    Compiling tokio-macros v2.1.0
[INFO] [stderr]    Compiling futures-macro v0.3.28
[INFO] [stderr]    Compiling thiserror-impl v1.0.48
[INFO] [stderr]    Compiling tracing-attributes v0.1.26
[INFO] [stderr]    Compiling pin-project-internal v1.1.3
[INFO] [stderr]    Compiling darling_macro v0.14.4
[INFO] [stderr]    Compiling tokio v1.32.0
[INFO] [stderr]    Compiling thiserror v1.0.48
[INFO] [stderr]    Compiling darling v0.14.4
[INFO] [stderr]    Compiling schemars_derive v0.8.13
[INFO] [stderr]    Compiling http-range-header v0.3.1
[INFO] [stderr]    Compiling unsafe-libyaml v0.2.9
[INFO] [stderr]    Compiling pin-project v1.1.3
[INFO] [stderr]    Compiling tracing v0.1.37
[INFO] [stderr]    Compiling zeroize v1.6.0
[INFO] [stderr]    Compiling rustix v0.38.13
[INFO] [stderr]    Compiling strum_macros v0.24.3
[INFO] [stderr]    Compiling rand v0.8.5
[INFO] [stderr]    Compiling parking_lot_core v0.9.8
[INFO] [stderr]    Compiling pem v3.0.2
[INFO] [stderr]    Compiling futures-executor v0.3.28
[INFO] [stderr]    Compiling instant v0.1.12
[INFO] [stderr]    Compiling home v0.5.5
[INFO] [stderr]    Compiling futures v0.3.28
[INFO] [stderr]    Compiling minimal-lexical v0.2.1
[INFO] [stderr]    Compiling base64 v0.20.0
[INFO] [stderr]    Compiling regex-syntax v0.6.29
[INFO] [stderr]    Compiling tokio-util v0.7.8
[INFO] [stderr]    Compiling hyper v0.14.27
[INFO] [stderr]    Compiling tokio-rustls v0.24.1
[INFO] [stderr]    Compiling tokio-io-timeout v1.2.0
[INFO] [stderr]    Compiling tower v0.4.13
[INFO] [stderr]    Compiling linux-raw-sys v0.4.7
[INFO] [stderr]    Compiling oncemutex v0.1.1
[INFO] [stderr]    Compiling strum v0.24.1
[INFO] [stderr]    Compiling nom v7.1.3
[INFO] [stderr]    Compiling backoff v0.4.0
[INFO] [stderr]    Compiling parking_lot v0.12.1
[INFO] [stderr]    Compiling regex-cache v0.2.1
[INFO] [stderr]    Compiling bincode v1.3.3
[INFO] [stderr]    Compiling bitflags v2.4.1
[INFO] [stderr]    Compiling chrono v0.4.31
[INFO] [stderr]    Compiling serde-value v0.7.0
[INFO] [stderr]    Compiling phonenumber v0.3.3+8.13.9
[INFO] [stderr]    Compiling hyper-rustls v0.24.1
[INFO] [stderr]    Compiling treediff v4.0.2
[INFO] [stderr]    Compiling hyper-timeout v0.4.1
[INFO] [stderr]    Compiling tower-http v0.4.4
[INFO] [stderr]    Compiling json-patch v1.1.0
[INFO] [stderr]    Compiling secrecy v0.8.0
[INFO] [stderr]    Compiling serde_yaml v0.9.25
[INFO] [stderr]    Compiling jsonpath_lib v0.3.0
[INFO] [stderr]    Compiling argh_shared v0.1.12
[INFO] [stderr]    Compiling async-trait v0.1.73
[INFO] [stderr]    Compiling idna v0.4.0
[INFO] [stderr]    Compiling derive_builder_core v0.12.0
[INFO] [stderr]    Compiling derivative v2.2.0
[INFO] [stderr]    Compiling itertools v0.11.0
[INFO] [stderr]    Compiling castaway v0.2.2
[INFO] [stderr]    Compiling spin v0.9.8
[INFO] [stderr]    Compiling nanorand v0.7.0
[INFO] [stderr]    Compiling static_assertions v1.1.0
[INFO] [stderr]    Compiling derive_builder_macro v0.12.0
[INFO] [stderr]    Compiling url v2.4.1
[INFO] [stderr]    Compiling compact_str v0.7.1
[INFO] [stderr]    Compiling is-terminal v0.4.9
[INFO] [stderr]    Compiling flume v0.10.14
[INFO] [stderr]    Compiling argh_derive v0.1.12
[INFO] [stderr]    Compiling kube-derive v0.86.0
[INFO] [stderr]    Compiling card-validate v2.3.0
[INFO] [stderr]    Compiling garde_derive v0.16.1
[INFO] [stderr]    Compiling veil-macros v0.1.6
[INFO] [stderr]    Compiling rustls-webpki v0.100.3
[INFO] [stderr]    Compiling linked_hash_set v0.1.4
[INFO] [stderr]    Compiling termcolor v1.2.0
[INFO] [stderr]    Compiling humantime v2.1.0
[INFO] [stderr]    Compiling argh v0.1.12
[INFO] [stderr]    Compiling veil v0.1.6
[INFO] [stderr]    Compiling structout v0.6.0
[INFO] [stderr]    Compiling enum_dispatch v0.3.12
[INFO] [stderr]    Compiling env_logger v0.10.0
[INFO] [stderr]    Compiling rumqttc v0.22.0
[INFO] [stderr]    Compiling derive_builder v0.12.0
[INFO] [stderr]    Compiling tokio-stream v0.1.14
[INFO] [stderr]    Compiling strum_macros v0.25.2
[INFO] [stderr]    Compiling garde v0.16.1
[INFO] [stderr]    Compiling kube-core v0.86.0
[INFO] [stderr]    Compiling kube-client v0.86.0
[INFO] [stderr]    Compiling kube-runtime v0.86.0
[INFO] [stderr]    Compiling kube v0.86.0
[INFO] [stderr]    Compiling zigbee2mqtt-operator v0.1.0 (/opt/rustwide/workdir)
[INFO] [stdout] warning: unused import: `BridgeDevice`
[INFO] [stdout]  --> src/mqtt/handlers/mod.rs:7:5
[INFO] [stdout]   |
[INFO] [stdout] 7 |     BridgeDevice, BridgeDeviceType, BridgeDevicesPayload, BridgeDevicesTracker,
[INFO] [stdout]   |     ^^^^^^^^^^^^
[INFO] [stdout]   |
[INFO] [stdout]   = note: `#[warn(unused_imports)]` on by default
[INFO] [stdout] 
[INFO] [stdout] 
[INFO] [stdout] warning: unused import: `BridgeGroupsPayload`
[INFO] [stdout]   --> src/mqtt/handlers/mod.rs:12:18
[INFO] [stdout]    |
[INFO] [stdout] 12 |     BridgeGroup, BridgeGroupsPayload, BridgeGroupsTracker, Creator as GroupCreator,
[INFO] [stdout]    |                  ^^^^^^^^^^^^^^^^^^^
[INFO] [stdout] 
[INFO] [stdout] 
[INFO] [stdout] warning: unused imports: `BridgeDeviceType`, `BridgeDevicesPayload`, `BridgeInfoPayload`
[INFO] [stdout]  --> src/mqtt/mod.rs:8:20
[INFO] [stdout]   |
[INFO] [stdout] 8 | pub use handlers::{BridgeDeviceType, BridgeDevicesPayload, BridgeGroup, BridgeInfoPayload};
[INFO] [stdout]   |                    ^^^^^^^^^^^^^^^^  ^^^^^^^^^^^^^^^^^^^^               ^^^^^^^^^^^^^^^^^
[INFO] [stdout] 
[INFO] [stdout] 
[INFO] [stdout] warning: 3 warnings emitted
[INFO] [stdout] 
[INFO] [stdout] 
[INFO] [stderr]     Finished dev [unoptimized + debuginfo] target(s) in 57.18s
[INFO] running `Command { std: "docker" "inspect" "cd9e0a5b9d87f22e3928698d14ca28466d5d3ccea92c30aec173ce1bc4547ddf", kill_on_drop: false }`
[INFO] running `Command { std: "docker" "rm" "-f" "cd9e0a5b9d87f22e3928698d14ca28466d5d3ccea92c30aec173ce1bc4547ddf", kill_on_drop: false }`
[INFO] [stdout] cd9e0a5b9d87f22e3928698d14ca28466d5d3ccea92c30aec173ce1bc4547ddf
[INFO] running `Command { std: "docker" "create" "-v" "/var/lib/crater-agent-workspace/builds/worker-7-tc1/target:/opt/rustwide/target:rw,Z" "-v" "/var/lib/crater-agent-workspace/builds/worker-7-tc1/source:/opt/rustwide/workdir:ro,Z" "-v" "/var/lib/crater-agent-workspace/cargo-home:/opt/rustwide/cargo-home:ro,Z" "-v" "/var/lib/crater-agent-workspace/rustup-home:/opt/rustwide/rustup-home:ro,Z" "-e" "SOURCE_DIR=/opt/rustwide/workdir" "-e" "CARGO_TARGET_DIR=/opt/rustwide/target" "-e" "CARGO_INCREMENTAL=0" "-e" "RUST_BACKTRACE=full" "-e" "RUSTFLAGS=--cap-lints=warn" "-e" "RUSTDOCFLAGS=--cap-lints=warn" "-e" "CARGO_HOME=/opt/rustwide/cargo-home" "-e" "RUSTUP_HOME=/opt/rustwide/rustup-home" "-w" "/opt/rustwide/workdir" "-m" "1610612736" "--user" "0:0" "--network" "none" "ghcr.io/rust-lang/crates-build-env/linux@sha256:2788e3201cd34a07e3172128adcd8b3090168a8e3bcc40d7c032b9dda1df7d1c" "/opt/rustwide/cargo-home/bin/cargo" "+1.75.0" "test" "--frozen" "--no-run" "--message-format=json", kill_on_drop: false }`
[INFO] [stdout] e5228efada4b82b917bf5aa8c0d81cbb521b2241873700fbc4528b774c35f3e8
[INFO] running `Command { std: "docker" "start" "-a" "e5228efada4b82b917bf5aa8c0d81cbb521b2241873700fbc4528b774c35f3e8", kill_on_drop: false }`
[INFO] [stderr]    Compiling yansi v0.5.1
[INFO] [stderr]    Compiling diff v0.1.13
[INFO] [stdout] warning: unused import: `BridgeDevice`
[INFO] [stdout]  --> src/mqtt/handlers/mod.rs:7:5
[INFO] [stdout]   |
[INFO] [stdout] 7 |     BridgeDevice, BridgeDeviceType, BridgeDevicesPayload, BridgeDevicesTracker,
[INFO] [stdout]   |     ^^^^^^^^^^^^
[INFO] [stdout]   |
[INFO] [stdout]   = note: `#[warn(unused_imports)]` on by default
[INFO] [stdout] 
[INFO] [stdout] 
[INFO] [stdout] warning: unused import: `BridgeGroupsPayload`
[INFO] [stdout]   --> src/mqtt/handlers/mod.rs:12:18
[INFO] [stdout]    |
[INFO] [stdout] 12 |     BridgeGroup, BridgeGroupsPayload, BridgeGroupsTracker, Creator as GroupCreator,
[INFO] [stdout]    |                  ^^^^^^^^^^^^^^^^^^^
[INFO] [stdout] 
[INFO] [stdout] 
[INFO] [stdout] warning: unused imports: `BridgeDeviceType`, `BridgeDevicesPayload`, `BridgeInfoPayload`
[INFO] [stdout]  --> src/mqtt/mod.rs:8:20
[INFO] [stdout]   |
[INFO] [stdout] 8 | pub use handlers::{BridgeDeviceType, BridgeDevicesPayload, BridgeGroup, BridgeInfoPayload};
[INFO] [stdout]   |                    ^^^^^^^^^^^^^^^^  ^^^^^^^^^^^^^^^^^^^^               ^^^^^^^^^^^^^^^^^
[INFO] [stdout] 
[INFO] [stdout] 
[INFO] [stdout] warning: 3 warnings emitted
[INFO] [stdout] 
[INFO] [stdout] 
[INFO] [stderr]    Compiling pretty_assertions v1.4.0
[INFO] [stderr]    Compiling zigbee2mqtt-operator v0.1.0 (/opt/rustwide/workdir)
[INFO] [stdout] warning: unused import: `BridgeDevice`
[INFO] [stdout]  --> src/mqtt/handlers/mod.rs:7:5
[INFO] [stdout]   |
[INFO] [stdout] 7 |     BridgeDevice, BridgeDeviceType, BridgeDevicesPayload, BridgeDevicesTracker,
[INFO] [stdout]   |     ^^^^^^^^^^^^
[INFO] [stdout]   |
[INFO] [stdout]   = note: `#[warn(unused_imports)]` on by default
[INFO] [stdout] 
[INFO] [stdout] 
[INFO] [stdout] warning: unused import: `BridgeGroupsPayload`
[INFO] [stdout]   --> src/mqtt/handlers/mod.rs:12:18
[INFO] [stdout]    |
[INFO] [stdout] 12 |     BridgeGroup, BridgeGroupsPayload, BridgeGroupsTracker, Creator as GroupCreator,
[INFO] [stdout]    |                  ^^^^^^^^^^^^^^^^^^^
[INFO] [stdout] 
[INFO] [stdout] 
[INFO] [stdout] warning: unused imports: `BridgeDeviceType`, `BridgeDevicesPayload`, `BridgeInfoPayload`
[INFO] [stdout]  --> src/mqtt/mod.rs:8:20
[INFO] [stdout]   |
[INFO] [stdout] 8 | pub use handlers::{BridgeDeviceType, BridgeDevicesPayload, BridgeGroup, BridgeInfoPayload};
[INFO] [stdout]   |                    ^^^^^^^^^^^^^^^^  ^^^^^^^^^^^^^^^^^^^^               ^^^^^^^^^^^^^^^^^
[INFO] [stdout] 
[INFO] [stdout] 
[INFO] [stdout] warning: 3 warnings emitted
[INFO] [stdout] 
[INFO] [stdout] 
[INFO] [stderr]     Finished test [unoptimized + debuginfo] target(s) in 13.19s
[INFO] running `Command { std: "docker" "inspect" "e5228efada4b82b917bf5aa8c0d81cbb521b2241873700fbc4528b774c35f3e8", kill_on_drop: false }`
[INFO] running `Command { std: "docker" "rm" "-f" "e5228efada4b82b917bf5aa8c0d81cbb521b2241873700fbc4528b774c35f3e8", kill_on_drop: false }`
[INFO] [stdout] e5228efada4b82b917bf5aa8c0d81cbb521b2241873700fbc4528b774c35f3e8
[INFO] running `Command { std: "docker" "create" "-v" "/var/lib/crater-agent-workspace/builds/worker-7-tc1/target:/opt/rustwide/target:rw,Z" "-v" "/var/lib/crater-agent-workspace/builds/worker-7-tc1/source:/opt/rustwide/workdir:ro,Z" "-v" "/var/lib/crater-agent-workspace/cargo-home:/opt/rustwide/cargo-home:ro,Z" "-v" "/var/lib/crater-agent-workspace/rustup-home:/opt/rustwide/rustup-home:ro,Z" "-e" "SOURCE_DIR=/opt/rustwide/workdir" "-e" "CARGO_TARGET_DIR=/opt/rustwide/target" "-e" "CARGO_INCREMENTAL=0" "-e" "RUST_BACKTRACE=full" "-e" "RUSTFLAGS=--cap-lints=warn" "-e" "RUSTDOCFLAGS=--cap-lints=warn" "-e" "CARGO_HOME=/opt/rustwide/cargo-home" "-e" "RUSTUP_HOME=/opt/rustwide/rustup-home" "-w" "/opt/rustwide/workdir" "-m" "1610612736" "--user" "0:0" "--network" "none" "ghcr.io/rust-lang/crates-build-env/linux@sha256:2788e3201cd34a07e3172128adcd8b3090168a8e3bcc40d7c032b9dda1df7d1c" "/opt/rustwide/cargo-home/bin/cargo" "+1.75.0" "test" "--frozen", kill_on_drop: false }`
[INFO] [stdout] 2c9fe60931f75065b3fe97f940f295ebc7c58425ab9b706244df0ad397459f73
[INFO] running `Command { std: "docker" "start" "-a" "2c9fe60931f75065b3fe97f940f295ebc7c58425ab9b706244df0ad397459f73", kill_on_drop: false }`
[INFO] [stderr] warning: unused import: `BridgeDevice`
[INFO] [stderr]  --> src/mqtt/handlers/mod.rs:7:5
[INFO] [stderr]   |
[INFO] [stderr] 7 |     BridgeDevice, BridgeDeviceType, BridgeDevicesPayload, BridgeDevicesTracker,
[INFO] [stderr]   |     ^^^^^^^^^^^^
[INFO] [stderr]   |
[INFO] [stderr]   = note: `#[warn(unused_imports)]` on by default
[INFO] [stderr] 
[INFO] [stderr] warning: unused import: `BridgeGroupsPayload`
[INFO] [stderr]   --> src/mqtt/handlers/mod.rs:12:18
[INFO] [stderr]    |
[INFO] [stderr] 12 |     BridgeGroup, BridgeGroupsPayload, BridgeGroupsTracker, Creator as GroupCreator,
[INFO] [stderr]    |                  ^^^^^^^^^^^^^^^^^^^
[INFO] [stderr] 
[INFO] [stderr] warning: unused imports: `BridgeDeviceType`, `BridgeDevicesPayload`, `BridgeInfoPayload`
[INFO] [stderr]  --> src/mqtt/mod.rs:8:20
[INFO] [stderr]   |
[INFO] [stderr] 8 | pub use handlers::{BridgeDeviceType, BridgeDevicesPayload, BridgeGroup, BridgeInfoPayload};
[INFO] [stderr]   |                    ^^^^^^^^^^^^^^^^  ^^^^^^^^^^^^^^^^^^^^               ^^^^^^^^^^^^^^^^^
[INFO] [stderr] 
[INFO] [stderr] warning: `zigbee2mqtt-operator` (lib) generated 3 warnings (run `cargo fix --lib -p zigbee2mqtt-operator` to apply 3 suggestions)
[INFO] [stderr] warning: `zigbee2mqtt-operator` (lib test) generated 3 warnings (3 duplicates)
[INFO] [stderr]     Finished test [unoptimized + debuginfo] target(s) in 0.37s
[INFO] [stderr]      Running unittests src/lib.rs (/opt/rustwide/target/debug/deps/zigbee2mqtt_operator-9e385992c359ad22)
[INFO] [stdout] 
[INFO] [stdout] running 29 tests
[INFO] [stdout] test mqtt::exposes::tests::process_binary::accept_on_off ... ok
[INFO] [stdout] test mqtt::exposes::tests::process_binary::reject_toggle ... ok
[INFO] [stdout] test mqtt::exposes::tests::process_capabilities::error_path_nested_specific ... ok
[INFO] [stdout] test mqtt::exposes::tests::process_capabilities::error_path_nested_capability ... ok
[INFO] [stdout] test mqtt::exposes::tests::process_capabilities::error_path_toplevel ... ok
[INFO] [stdout] test mqtt::exposes::tests::process_capabilities::basic ... ok
[INFO] [stdout] test mqtt::exposes::tests::process_capabilities::device_options_common ... ok
[INFO] [stdout] test mqtt::exposes::tests::process_binary::reject_other ... ok
[INFO] [stdout] test mqtt::exposes::tests::process_capabilities::null ... ok
[INFO] [stdout] test mqtt::exposes::tests::process_bag ... ok
[INFO] [stdout] test mqtt::exposes::tests::process_capabilities::unknown_nested_bag ... ok
[INFO] [stdout] test mqtt::exposes::tests::process_capabilities::unknown_toplevel ... ok
[INFO] [stdout] test mqtt::exposes::tests::process_capabilities::unknown_null ... ok
[INFO] [stdout] test mqtt::exposes::tests::process_capabilities::unknown_nested ... ok
[INFO] [stdout] test mqtt::exposes::tests::process_capabilities::transform ... ok
[INFO] [stdout] test mqtt::exposes::tests::process_list::min ... ok
[INFO] [stdout] test mqtt::exposes::tests::process_list::min_max ... ok
[INFO] [stdout] test mqtt::exposes::tests::process_list::max ... ok
[INFO] [stdout] test mqtt::exposes::tests::process_numeric::min_max ... ok
[INFO] [stdout] test mqtt::exposes::tests::process_list::numeric ... ok
[INFO] [stdout] test mqtt::exposes::tests::process_numeric::min ... ok
[INFO] [stdout] test mqtt::exposes::tests::process_enum ... ok
[INFO] [stdout] test mqtt::exposes::tests::process_numeric::step ... ok
[INFO] [stdout] test mqtt::exposes::tests::process_numeric::presets ... ok
[INFO] [stdout] test mqtt::exposes::tests::parse_examples ... ok
[INFO] [stdout] test mqtt::exposes::tests::process_list::string ... ok
[INFO] [stdout] test mqtt::exposes::tests::process_numeric::max ... ok
[INFO] [stdout] test mqtt::exposes::tests::process_numeric::unrestricted ... ok
[INFO] [stdout] test mqtt::exposes::tests::process_text ... ok
[INFO] [stdout] 
[INFO] [stdout] test result: ok. 29 passed; 0 failed; 0 ignored; 0 measured; 0 filtered out; finished in 0.06s
[INFO] [stdout] 
[INFO] [stderr]      Running unittests src/main.rs (/opt/rustwide/target/debug/deps/zigbee2mqtt_operator-01b96211c77e3da9)
[INFO] [stdout] 
[INFO] [stdout] running 0 tests
[INFO] [stdout] 
[INFO] [stdout] test result: ok. 0 passed; 0 failed; 0 ignored; 0 measured; 0 filtered out; finished in 0.00s
[INFO] [stdout] 
[INFO] [stderr]    Doc-tests zigbee2mqtt-operator
[INFO] [stdout] 
[INFO] [stdout] running 1 test
[INFO] [stdout] test src/with_source.rs - with_source::vws (line 64) ... FAILED
[INFO] [stdout] 
[INFO] [stdout] failures:
[INFO] [stdout] 
[INFO] [stdout] ---- src/with_source.rs - with_source::vws (line 64) stdout ----
[INFO] [stdout] error: cannot find macro `vws` in this scope
[INFO] [stdout]  --> src/with_source.rs:66:1
[INFO] [stdout]   |
[INFO] [stdout] 4 | vws!(self.spec.instance);
[INFO] [stdout]   | ^^^
[INFO] [stdout] 
[INFO] [stdout] error[E0424]: expected value, found module `self`
[INFO] [stdout]  --> src/with_source.rs:67:22
[INFO] [stdout]   |
[INFO] [stdout] 3 | fn main() { #[allow(non_snake_case)] fn _doctest_main_src_with_source_rs_64_0() {
[INFO] [stdout]   |                                         ------------------------------------- this function can't have a `self` parameter
[INFO] [stdout] 4 | vws!(self.spec.instance);
[INFO] [stdout] 5 | ValueWithSource::new(self.spec.instance, Some("spec.instance".to_owned()));
[INFO] [stdout]   |                      ^^^^ `self` value is a keyword only available in methods with a `self` parameter
[INFO] [stdout] 
[INFO] [stdout] error[E0433]: failed to resolve: use of undeclared type `ValueWithSource`
[INFO] [stdout]  --> src/with_source.rs:67:1
[INFO] [stdout]   |
[INFO] [stdout] 5 | ValueWithSource::new(self.spec.instance, Some("spec.instance".to_owned()));
[INFO] [stdout]   | ^^^^^^^^^^^^^^^ use of undeclared type `ValueWithSource`
[INFO] [stdout] 
[INFO] [stdout] error: aborting due to 3 previous errors
[INFO] [stdout] 
[INFO] [stdout] Some errors have detailed explanations: E0424, E0433.
[INFO] [stdout] For more information about an error, try `rustc --explain E0424`.
[INFO] [stdout] Couldn't compile the test.
[INFO] [stdout] 
[INFO] [stdout] failures:
[INFO] [stdout]     src/with_source.rs - with_source::vws (line 64)
[INFO] [stdout] 
[INFO] [stdout] test result: FAILED. 0 passed; 1 failed; 0 ignored; 0 measured; 0 filtered out; finished in 0.16s
[INFO] [stdout] 
[INFO] [stderr] error: doctest failed, to rerun pass `--doc`
[INFO] running `Command { std: "docker" "inspect" "2c9fe60931f75065b3fe97f940f295ebc7c58425ab9b706244df0ad397459f73", kill_on_drop: false }`
[INFO] running `Command { std: "docker" "rm" "-f" "2c9fe60931f75065b3fe97f940f295ebc7c58425ab9b706244df0ad397459f73", kill_on_drop: false }`
[INFO] [stdout] 2c9fe60931f75065b3fe97f940f295ebc7c58425ab9b706244df0ad397459f73
