[INFO] cloning repository https://github.com/Maciej4/rustjava
[INFO] running `Command { std: "git" "-c" "credential.helper=" "-c" "credential.helper=/workspace/cargo-home/bin/git-credential-null" "clone" "--bare" "https://github.com/Maciej4/rustjava" "/workspace/cache/git-repos/https%3A%2F%2Fgithub.com%2FMaciej4%2Frustjava", kill_on_drop: false }`
[INFO] [stderr] Cloning into bare repository '/workspace/cache/git-repos/https%3A%2F%2Fgithub.com%2FMaciej4%2Frustjava'...
[INFO] running `Command { std: "git" "rev-parse" "HEAD", kill_on_drop: false }`
[INFO] [stdout] 729ba3501b81c6faf49eab7655fb6290465a02ee
[INFO] testing Maciej4/rustjava against 1.75.0 for beta-1.76-1
[INFO] running `Command { std: "git" "clone" "/workspace/cache/git-repos/https%3A%2F%2Fgithub.com%2FMaciej4%2Frustjava" "/workspace/builds/worker-4-tc1/source", kill_on_drop: false }`
[INFO] [stderr] Cloning into '/workspace/builds/worker-4-tc1/source'...
[INFO] [stderr] done.
[INFO] validating manifest of git repo https://github.com/Maciej4/rustjava on toolchain 1.75.0
[INFO] running `Command { std: CARGO_HOME="/workspace/cargo-home" RUSTUP_HOME="/workspace/rustup-home" "/workspace/cargo-home/bin/cargo" "+1.75.0" "metadata" "--manifest-path" "Cargo.toml" "--no-deps", kill_on_drop: false }`
[INFO] started tweaking git repo https://github.com/Maciej4/rustjava
[INFO] finished tweaking git repo https://github.com/Maciej4/rustjava
[INFO] tweaked toml for git repo https://github.com/Maciej4/rustjava written to /workspace/builds/worker-4-tc1/source/Cargo.toml
[INFO] crate git repo https://github.com/Maciej4/rustjava already has a lockfile, it will not be regenerated
[INFO] running `Command { std: CARGO_HOME="/workspace/cargo-home" RUSTUP_HOME="/workspace/rustup-home" "/workspace/cargo-home/bin/cargo" "+1.75.0" "fetch" "--manifest-path" "Cargo.toml", kill_on_drop: false }`
[INFO] [stderr]  Downloading crates ...
[INFO] [stderr]   Downloaded tree-sitter v0.19.5
[INFO] running `Command { std: "docker" "create" "-v" "/var/lib/crater-agent-workspace/builds/worker-4-tc1/target:/opt/rustwide/target:rw,Z" "-v" "/var/lib/crater-agent-workspace/builds/worker-4-tc1/source:/opt/rustwide/workdir:ro,Z" "-v" "/var/lib/crater-agent-workspace/cargo-home:/opt/rustwide/cargo-home:ro,Z" "-v" "/var/lib/crater-agent-workspace/rustup-home:/opt/rustwide/rustup-home:ro,Z" "-e" "SOURCE_DIR=/opt/rustwide/workdir" "-e" "CARGO_TARGET_DIR=/opt/rustwide/target" "-e" "CARGO_HOME=/opt/rustwide/cargo-home" "-e" "RUSTUP_HOME=/opt/rustwide/rustup-home" "-w" "/opt/rustwide/workdir" "-m" "1610612736" "--user" "0:0" "--network" "none" "ghcr.io/rust-lang/crates-build-env/linux@sha256:2788e3201cd34a07e3172128adcd8b3090168a8e3bcc40d7c032b9dda1df7d1c" "/opt/rustwide/cargo-home/bin/cargo" "+1.75.0" "metadata" "--no-deps" "--format-version=1", kill_on_drop: false }`
[INFO] [stdout] 74b85f8c7fda7dcaee7d324cc94fb7098c773982b189c6da8b21a48646650e5c
[INFO] running `Command { std: "docker" "start" "-a" "74b85f8c7fda7dcaee7d324cc94fb7098c773982b189c6da8b21a48646650e5c", kill_on_drop: false }`
[INFO] running `Command { std: "docker" "inspect" "74b85f8c7fda7dcaee7d324cc94fb7098c773982b189c6da8b21a48646650e5c", kill_on_drop: false }`
[INFO] running `Command { std: "docker" "rm" "-f" "74b85f8c7fda7dcaee7d324cc94fb7098c773982b189c6da8b21a48646650e5c", kill_on_drop: false }`
[INFO] [stdout] 74b85f8c7fda7dcaee7d324cc94fb7098c773982b189c6da8b21a48646650e5c
[INFO] running `Command { std: "docker" "create" "-v" "/var/lib/crater-agent-workspace/builds/worker-4-tc1/target:/opt/rustwide/target:rw,Z" "-v" "/var/lib/crater-agent-workspace/builds/worker-4-tc1/source:/opt/rustwide/workdir:ro,Z" "-v" "/var/lib/crater-agent-workspace/cargo-home:/opt/rustwide/cargo-home:ro,Z" "-v" "/var/lib/crater-agent-workspace/rustup-home:/opt/rustwide/rustup-home:ro,Z" "-e" "SOURCE_DIR=/opt/rustwide/workdir" "-e" "CARGO_TARGET_DIR=/opt/rustwide/target" "-e" "CARGO_INCREMENTAL=0" "-e" "RUST_BACKTRACE=full" "-e" "RUSTFLAGS=--cap-lints=warn" "-e" "RUSTDOCFLAGS=--cap-lints=warn" "-e" "CARGO_HOME=/opt/rustwide/cargo-home" "-e" "RUSTUP_HOME=/opt/rustwide/rustup-home" "-w" "/opt/rustwide/workdir" "-m" "1610612736" "--user" "0:0" "--network" "none" "ghcr.io/rust-lang/crates-build-env/linux@sha256:2788e3201cd34a07e3172128adcd8b3090168a8e3bcc40d7c032b9dda1df7d1c" "/opt/rustwide/cargo-home/bin/cargo" "+1.75.0" "build" "--frozen" "--message-format=json", kill_on_drop: false }`
[INFO] [stdout] 844ab35e3b33d641f8e80118d0ff4437bf87d9e277c1af50e8c3f5c15b9e6b46
[INFO] running `Command { std: "docker" "start" "-a" "844ab35e3b33d641f8e80118d0ff4437bf87d9e277c1af50e8c3f5c15b9e6b46", kill_on_drop: false }`
[INFO] [stderr]    Compiling cc v1.0.73
[INFO] [stderr]    Compiling memchr v2.5.0
[INFO] [stderr]    Compiling regex-syntax v0.6.27
[INFO] [stderr]    Compiling aho-corasick v0.7.19
[INFO] [stderr]    Compiling tree-sitter v0.19.5
[INFO] [stderr]    Compiling tree-sitter-java v0.19.0
[INFO] [stderr]    Compiling regex v1.6.0
[INFO] [stderr]    Compiling rustjava v0.1.0 (/opt/rustwide/workdir)
[INFO] [stdout] warning: unused import: `std::any::Any`
[INFO] [stdout]  --> src/javac.rs:1:5
[INFO] [stdout]   |
[INFO] [stdout] 1 | use std::any::Any;
[INFO] [stdout]   |     ^^^^^^^^^^^^^
[INFO] [stdout]   |
[INFO] [stdout]   = note: `#[warn(unused_imports)]` on by default
[INFO] [stdout] 
[INFO] [stdout] 
[INFO] [stdout] warning: unused variable: `left_type`
[INFO] [stdout]     --> src/javac.rs:1149:33
[INFO] [stdout]      |
[INFO] [stdout] 1149 |         let (left_instructions, left_type) = parse_expression(
[INFO] [stdout]      |                                 ^^^^^^^^^ help: if this is intentional, prefix it with an underscore: `_left_type`
[INFO] [stdout]      |
[INFO] [stdout]      = note: `#[warn(unused_variables)]` on by default
[INFO] [stdout] 
[INFO] [stdout] 
[INFO] [stdout] warning: unused variable: `right_type`
[INFO] [stdout]     --> src/javac.rs:1158:34
[INFO] [stdout]      |
[INFO] [stdout] 1158 |         let (right_instructions, right_type) = parse_expression(
[INFO] [stdout]      |                                  ^^^^^^^^^^ help: if this is intentional, prefix it with an underscore: `_right_type`
[INFO] [stdout] 
[INFO] [stdout] 
[INFO] [stdout] warning: multiple variants are never constructed
[INFO] [stdout]   --> src/bytecode.rs:3:5
[INFO] [stdout]    |
[INFO] [stdout] 2  | pub enum Instruction {
[INFO] [stdout]    |          ----------- variants in this enum
[INFO] [stdout] 3  |     Nop,
[INFO] [stdout]    |     ^^^
[INFO] [stdout] 4  |     AConstNull,
[INFO] [stdout]    |     ^^^^^^^^^^
[INFO] [stdout] 5  |     Const(Primitive),
[INFO] [stdout] 6  |     LoadConst(usize),
[INFO] [stdout]    |     ^^^^^^^^^
[INFO] [stdout] 7  |     Load(usize, PrimitiveType),
[INFO] [stdout] 8  |     ALoad(PrimitiveType),
[INFO] [stdout]    |     ^^^^^
[INFO] [stdout] ...
[INFO] [stdout] 11 |     Pop,
[INFO] [stdout]    |     ^^^
[INFO] [stdout] 12 |     Pop2,
[INFO] [stdout]    |     ^^^^
[INFO] [stdout] 13 |     Dup,
[INFO] [stdout] 14 |     DupX1,
[INFO] [stdout]    |     ^^^^^
[INFO] [stdout] 15 |     DupX2,
[INFO] [stdout]    |     ^^^^^
[INFO] [stdout] 16 |     Dup2,
[INFO] [stdout]    |     ^^^^
[INFO] [stdout] 17 |     Dup2X1,
[INFO] [stdout]    |     ^^^^^^
[INFO] [stdout] 18 |     Dup2X2,
[INFO] [stdout]    |     ^^^^^^
[INFO] [stdout] 19 |     Swap,
[INFO] [stdout]    |     ^^^^
[INFO] [stdout] ...
[INFO] [stdout] 25 |     Neg(PrimitiveType),
[INFO] [stdout]    |     ^^^
[INFO] [stdout] 26 |     Shl(PrimitiveType),
[INFO] [stdout]    |     ^^^
[INFO] [stdout] 27 |     Shr(PrimitiveType),
[INFO] [stdout]    |     ^^^
[INFO] [stdout] 28 |     UShr(PrimitiveType),
[INFO] [stdout]    |     ^^^^
[INFO] [stdout] 29 |     And(PrimitiveType),
[INFO] [stdout]    |     ^^^
[INFO] [stdout] 30 |     Or(PrimitiveType),
[INFO] [stdout]    |     ^^
[INFO] [stdout] 31 |     Xor(PrimitiveType),
[INFO] [stdout]    |     ^^^
[INFO] [stdout] 32 |     IInc(usize, i8),
[INFO] [stdout]    |     ^^^^
[INFO] [stdout] 33 |     Convert(PrimitiveType, PrimitiveType),
[INFO] [stdout]    |     ^^^^^^^
[INFO] [stdout] 34 |     LCmp,
[INFO] [stdout]    |     ^^^^
[INFO] [stdout] 35 |     FCmpL,
[INFO] [stdout]    |     ^^^^^
[INFO] [stdout] 36 |     FCmpG,
[INFO] [stdout]    |     ^^^^^
[INFO] [stdout] 37 |     DCmpL,
[INFO] [stdout]    |     ^^^^^
[INFO] [stdout] 38 |     DCmpG,
[INFO] [stdout]    |     ^^^^^
[INFO] [stdout] 39 |     If(usize, Comparison),
[INFO] [stdout]    |     ^^
[INFO] [stdout] 40 |     IfICmp(usize, Comparison),
[INFO] [stdout] 41 |     Goto(usize),
[INFO] [stdout]    |     ^^^^
[INFO] [stdout] 42 |     Jsr(usize),
[INFO] [stdout]    |     ^^^
[INFO] [stdout] 43 |     Ret(usize),
[INFO] [stdout]    |     ^^^
[INFO] [stdout] ...
[INFO] [stdout] 48 |     PutStatic(usize),
[INFO] [stdout]    |     ^^^^^^^^^
[INFO] [stdout] 49 |     GetField(usize),
[INFO] [stdout] 50 |     PutField(usize),
[INFO] [stdout]    |     ^^^^^^^^
[INFO] [stdout] ...
[INFO] [stdout] 54 |     InvokeInterface(usize), // TODO: 4: indexbyte1, indexbyte2, count, 0
[INFO] [stdout]    |     ^^^^^^^^^^^^^^^
[INFO] [stdout] 55 |     InvokeDynamic(usize),   // TODO: 4: indexbyte1, indexbyte2, 0, 0
[INFO] [stdout]    |     ^^^^^^^^^^^^^
[INFO] [stdout] ...
[INFO] [stdout] 58 |     ANewArray(PrimitiveType), // TODO: Perhaps this should be removed?
[INFO] [stdout]    |     ^^^^^^^^^
[INFO] [stdout] 59 |     ArrayLength,
[INFO] [stdout]    |     ^^^^^^^^^^^
[INFO] [stdout] 60 |     AThrow,
[INFO] [stdout]    |     ^^^^^^
[INFO] [stdout] 61 |     CheckCast(usize),
[INFO] [stdout]    |     ^^^^^^^^^
[INFO] [stdout] 62 |     InstanceOf(usize),
[INFO] [stdout]    |     ^^^^^^^^^^
[INFO] [stdout] 63 |     MonitorEnter,
[INFO] [stdout]    |     ^^^^^^^^^^^^
[INFO] [stdout] 64 |     MonitorExit,
[INFO] [stdout]    |     ^^^^^^^^^^^
[INFO] [stdout] ...
[INFO] [stdout] 67 |     IfNull(usize),
[INFO] [stdout]    |     ^^^^^^
[INFO] [stdout] 68 |     IfNonNull(usize),
[INFO] [stdout]    |     ^^^^^^^^^
[INFO] [stdout] 69 |     Breakpoint,
[INFO] [stdout]    |     ^^^^^^^^^^
[INFO] [stdout]    |
[INFO] [stdout]    = note: `Instruction` has derived impls for the traits `Clone` and `Debug`, but these are intentionally ignored during dead code analysis
[INFO] [stdout]    = note: `#[warn(dead_code)]` on by default
[INFO] [stdout] 
[INFO] [stdout] 
[INFO] [stdout] warning: associated function `from_type_id` is never used
[INFO] [stdout]    --> src/bytecode.rs:393:12
[INFO] [stdout]     |
[INFO] [stdout] 361 | impl PrimitiveType {
[INFO] [stdout]     | ------------------ associated function in this implementation
[INFO] [stdout] ...
[INFO] [stdout] 393 |     pub fn from_type_id(id: usize) -> Result<PrimitiveType, String> {
[INFO] [stdout]     |            ^^^^^^^^^^^^
[INFO] [stdout] 
[INFO] [stdout] 
[INFO] [stdout] warning: function `parse_constant_pool` is never used
[INFO] [stdout]  --> src/class_file_parser.rs:8:4
[INFO] [stdout]   |
[INFO] [stdout] 8 | fn parse_constant_pool(r: &mut Reader, constant_pool_count: u16) -> Vec<ConstantPoolEntry> {
[INFO] [stdout]   |    ^^^^^^^^^^^^^^^^^^^
[INFO] [stdout] 
[INFO] [stdout] 
[INFO] [stdout] warning: function `parse_interfaces` is never used
[INFO] [stdout]   --> src/class_file_parser.rs:37:4
[INFO] [stdout]    |
[INFO] [stdout] 37 | fn parse_interfaces(r: &mut Reader, interfaces_count: u16) -> Vec<Interface> {
[INFO] [stdout]    |    ^^^^^^^^^^^^^^^^
[INFO] [stdout] 
[INFO] [stdout] 
[INFO] [stdout] warning: function `parse_fields` is never used
[INFO] [stdout]   --> src/class_file_parser.rs:47:4
[INFO] [stdout]    |
[INFO] [stdout] 47 | fn parse_fields(r: &mut Reader, ct: &[ConstantPoolEntry], fields_count: u16) -> Vec<Field> {
[INFO] [stdout]    |    ^^^^^^^^^^^^
[INFO] [stdout] 
[INFO] [stdout] 
[INFO] [stdout] warning: function `parse_methods` is never used
[INFO] [stdout]   --> src/class_file_parser.rs:69:4
[INFO] [stdout]    |
[INFO] [stdout] 69 | fn parse_methods(
[INFO] [stdout]    |    ^^^^^^^^^^^^^
[INFO] [stdout] 
[INFO] [stdout] 
[INFO] [stdout] warning: function `parse_attributes` is never used
[INFO] [stdout]   --> src/class_file_parser.rs:95:4
[INFO] [stdout]    |
[INFO] [stdout] 95 | fn parse_attributes(
[INFO] [stdout]    |    ^^^^^^^^^^^^^^^^
[INFO] [stdout] 
[INFO] [stdout] 
[INFO] [stdout] warning: function `u1` is never used
[INFO] [stdout]    --> src/class_file_parser.rs:275:4
[INFO] [stdout]     |
[INFO] [stdout] 275 | fn u1(code: &[u8], pc: &mut usize) -> usize {
[INFO] [stdout]     |    ^^
[INFO] [stdout] 
[INFO] [stdout] 
[INFO] [stdout] warning: function `u2` is never used
[INFO] [stdout]    --> src/class_file_parser.rs:281:4
[INFO] [stdout]     |
[INFO] [stdout] 281 | fn u2(code: &[u8], pc: &mut usize) -> usize {
[INFO] [stdout]     |    ^^
[INFO] [stdout] 
[INFO] [stdout] 
[INFO] [stdout] warning: function `u4` is never used
[INFO] [stdout]    --> src/class_file_parser.rs:288:4
[INFO] [stdout]     |
[INFO] [stdout] 288 | fn u4(code: &[u8], pc: &mut usize) -> usize {
[INFO] [stdout]     |    ^^
[INFO] [stdout] 
[INFO] [stdout] 
[INFO] [stdout] warning: function `bytes_to_bytecode` is never used
[INFO] [stdout]    --> src/class_file_parser.rs:297:8
[INFO] [stdout]     |
[INFO] [stdout] 297 | pub fn bytes_to_bytecode(code: Vec<u8>) -> Vec<Instruction> {
[INFO] [stdout]     |        ^^^^^^^^^^^^^^^^^
[INFO] [stdout] 
[INFO] [stdout] 
[INFO] [stdout] warning: function `parse_file_to_class` is never used
[INFO] [stdout]    --> src/class_file_parser.rs:521:8
[INFO] [stdout]     |
[INFO] [stdout] 521 | pub fn parse_file_to_class(filename: String) -> Class {
[INFO] [stdout]     |        ^^^^^^^^^^^^^^^^^^^
[INFO] [stdout] 
[INFO] [stdout] 
[INFO] [stdout] warning: multiple variants are never constructed
[INFO] [stdout]   --> src/java_class.rs:7:5
[INFO] [stdout]    |
[INFO] [stdout] 5  | pub enum ConstantPoolEntry {
[INFO] [stdout]    |          ----------------- variants in this enum
[INFO] [stdout] 6  |     Utf8(String),
[INFO] [stdout] 7  |     Integer(i32),
[INFO] [stdout]    |     ^^^^^^^
[INFO] [stdout] 8  |     Float(f32),
[INFO] [stdout]    |     ^^^^^
[INFO] [stdout] 9  |     Long(i64),
[INFO] [stdout]    |     ^^^^
[INFO] [stdout] 10 |     Double(f64),
[INFO] [stdout]    |     ^^^^^^
[INFO] [stdout] 11 |     Class(usize),                     // name_index
[INFO] [stdout] 12 |     String(usize),                    // string_index
[INFO] [stdout]    |     ^^^^^^
[INFO] [stdout] ...
[INFO] [stdout] 15 |     InterfaceMethodRef(usize, usize), // class_index, name_and_type_index
[INFO] [stdout]    |     ^^^^^^^^^^^^^^^^^^
[INFO] [stdout] 16 |     NameAndType(usize, usize),        // name_index, descriptor_index
[INFO] [stdout] 17 |     MethodHandle(u8, usize),          // reference_kind, reference_index
[INFO] [stdout]    |     ^^^^^^^^^^^^
[INFO] [stdout] 18 |     MethodType(usize),                // descriptor_index
[INFO] [stdout]    |     ^^^^^^^^^^
[INFO] [stdout] 19 |     InvokeDynamic(usize, usize),      // bootstrap_method_attr_index, name_and_type_index
[INFO] [stdout]    |     ^^^^^^^^^^^^^
[INFO] [stdout]    |
[INFO] [stdout]    = note: `ConstantPoolEntry` has derived impls for the traits `Clone` and `Debug`, but these are intentionally ignored during dead code analysis
[INFO] [stdout] 
[INFO] [stdout] 
[INFO] [stdout] warning: multiple variants are never constructed
[INFO] [stdout]    --> src/java_class.rs:234:5
[INFO] [stdout]     |
[INFO] [stdout] 233 | pub enum ClassFlags {
[INFO] [stdout]     |          ---------- variants in this enum
[INFO] [stdout] 234 |     Public = 0x0001,
[INFO] [stdout]     |     ^^^^^^
[INFO] [stdout] 235 |     Final = 0x0010,
[INFO] [stdout]     |     ^^^^^
[INFO] [stdout] 236 |     Super = 0x0020,
[INFO] [stdout]     |     ^^^^^
[INFO] [stdout] 237 |     Interface = 0x0200,
[INFO] [stdout]     |     ^^^^^^^^^
[INFO] [stdout] 238 |     Abstract = 0x0400,
[INFO] [stdout]     |     ^^^^^^^^
[INFO] [stdout] 239 |     Synthetic = 0x1000,
[INFO] [stdout]     |     ^^^^^^^^^
[INFO] [stdout] 240 |     Annotation = 0x2000,
[INFO] [stdout]     |     ^^^^^^^^^^
[INFO] [stdout] 241 |     Enum = 0x4000,
[INFO] [stdout]     |     ^^^^
[INFO] [stdout] 242 |     Module = 0x8000,
[INFO] [stdout]     |     ^^^^^^
[INFO] [stdout]     |
[INFO] [stdout]     = note: `ClassFlags` has a derived impl for the trait `Debug`, but this is intentionally ignored during dead code analysis
[INFO] [stdout] 
[INFO] [stdout] 
[INFO] [stdout] warning: associated function `parse` is never used
[INFO] [stdout]    --> src/java_class.rs:246:12
[INFO] [stdout]     |
[INFO] [stdout] 245 | impl ClassFlags {
[INFO] [stdout]     | --------------- associated function in this implementation
[INFO] [stdout] 246 |     pub fn parse(flags: u16) -> Vec<ClassFlags> {
[INFO] [stdout]     |            ^^^^^
[INFO] [stdout] 
[INFO] [stdout] 
[INFO] [stdout] warning: multiple variants are never constructed
[INFO] [stdout]    --> src/java_class.rs:305:5
[INFO] [stdout]     |
[INFO] [stdout] 304 | pub enum Attribute {
[INFO] [stdout]     |          --------- variants in this enum
[INFO] [stdout] 305 |     ConstantValue(ConstantValueAttribute),
[INFO] [stdout]     |     ^^^^^^^^^^^^^
[INFO] [stdout] 306 |     Code(CodeAttribute),
[INFO] [stdout]     |     ^^^^
[INFO] [stdout] 307 |     StackMapTable(StackMapTableAttribute),
[INFO] [stdout]     |     ^^^^^^^^^^^^^
[INFO] [stdout] 308 |     Exceptions(ExceptionsAttribute),
[INFO] [stdout]     |     ^^^^^^^^^^
[INFO] [stdout] 309 |     InnerClasses(InnerClassesAttribute),
[INFO] [stdout]     |     ^^^^^^^^^^^^
[INFO] [stdout] 310 |     EnclosingMethod(EnclosingMethodAttribute),
[INFO] [stdout]     |     ^^^^^^^^^^^^^^^
[INFO] [stdout] 311 |     Synthetic(SyntheticAttribute),
[INFO] [stdout]     |     ^^^^^^^^^
[INFO] [stdout] 312 |     Signature(SignatureAttribute),
[INFO] [stdout]     |     ^^^^^^^^^
[INFO] [stdout] 313 |     SourceFile(SourceFileAttribute),
[INFO] [stdout]     |     ^^^^^^^^^^
[INFO] [stdout] 314 |     LineNumberTable(LineNumberTableAttribute),
[INFO] [stdout]     |     ^^^^^^^^^^^^^^^
[INFO] [stdout] 315 |     LocalVariableTable(LocalVariableTableAttribute),
[INFO] [stdout]     |     ^^^^^^^^^^^^^^^^^^
[INFO] [stdout] 316 |     LocalVariableTypeTable(LocalVariableTypeTableAttribute),
[INFO] [stdout]     |     ^^^^^^^^^^^^^^^^^^^^^^
[INFO] [stdout] 317 |     Deprecated(DeprecatedAttribute),
[INFO] [stdout]     |     ^^^^^^^^^^
[INFO] [stdout]     |
[INFO] [stdout]     = note: `Attribute` has a derived impl for the trait `Debug`, but this is intentionally ignored during dead code analysis
[INFO] [stdout] 
[INFO] [stdout] 
[INFO] [stdout] warning: field `name` is never read
[INFO] [stdout]    --> src/javac.rs:128:9
[INFO] [stdout]     |
[INFO] [stdout] 127 | struct MethodInfo {
[INFO] [stdout]     |        ---------- field in this struct
[INFO] [stdout] 128 |     pub name: String,
[INFO] [stdout]     |         ^^^^
[INFO] [stdout]     |
[INFO] [stdout]     = note: `MethodInfo` has a derived impl for the trait `Debug`, but this is intentionally ignored during dead code analysis
[INFO] [stdout] 
[INFO] [stdout] 
[INFO] [stdout] warning: field `super_class` is never read
[INFO] [stdout]    --> src/javac.rs:138:9
[INFO] [stdout]     |
[INFO] [stdout] 136 | struct ClassInfo {
[INFO] [stdout]     |        --------- field in this struct
[INFO] [stdout] 137 |     pub name: String,
[INFO] [stdout] 138 |     pub super_class: String,
[INFO] [stdout]     |         ^^^^^^^^^^^
[INFO] [stdout]     |
[INFO] [stdout]     = note: `ClassInfo` has a derived impl for the trait `Debug`, but this is intentionally ignored during dead code analysis
[INFO] [stdout] 
[INFO] [stdout] 
[INFO] [stdout] warning: methods `start_index` and `pretty_print_tree` are never used
[INFO] [stdout]    --> src/javac.rs:862:12
[INFO] [stdout]     |
[INFO] [stdout] 860 | impl BlockType {
[INFO] [stdout]     | -------------- methods in this implementation
[INFO] [stdout] 861 |     /// Get the start_index of the block
[INFO] [stdout] 862 |     pub fn start_index(&self) -> usize {
[INFO] [stdout]     |            ^^^^^^^^^^^
[INFO] [stdout] ...
[INFO] [stdout] 882 |     pub fn pretty_print_tree(&self, depth: usize) {
[INFO] [stdout]     |            ^^^^^^^^^^^^^^^^^
[INFO] [stdout] 
[INFO] [stdout] 
[INFO] [stdout] warning: struct `Reader` is never constructed
[INFO] [stdout]  --> src/reader.rs:7:12
[INFO] [stdout]   |
[INFO] [stdout] 7 | pub struct Reader {
[INFO] [stdout]   |            ^^^^^^
[INFO] [stdout] 
[INFO] [stdout] 
[INFO] [stdout] warning: multiple associated items are never used
[INFO] [stdout]   --> src/reader.rs:14:12
[INFO] [stdout]    |
[INFO] [stdout] 12 | impl Reader {
[INFO] [stdout]    | ----------- associated items in this implementation
[INFO] [stdout] 13 |     /// Make a new reader for a passed file.
[INFO] [stdout] 14 |     pub fn new(filename: String) -> Self {
[INFO] [stdout]    |            ^^^
[INFO] [stdout] ...
[INFO] [stdout] 28 |     pub fn g1(&mut self) -> u8 {
[INFO] [stdout]    |            ^^
[INFO] [stdout] ...
[INFO] [stdout] 34 |     pub fn g2(&mut self) -> u16 {
[INFO] [stdout]    |            ^^
[INFO] [stdout] ...
[INFO] [stdout] 39 |     pub fn g2u(&mut self) -> usize {
[INFO] [stdout]    |            ^^^
[INFO] [stdout] ...
[INFO] [stdout] 44 |     pub fn g4(&mut self) -> u32 {
[INFO] [stdout]    |            ^^
[INFO] [stdout] ...
[INFO] [stdout] 52 |     pub fn g(&mut self, size: usize) -> Vec<u8> {
[INFO] [stdout]    |            ^
[INFO] [stdout] ...
[INFO] [stdout] 58 |     pub fn g4_array(&mut self) -> [u8; 4] {
[INFO] [stdout]    |            ^^^^^^^^
[INFO] [stdout] ...
[INFO] [stdout] 65 |     pub fn g8_array(&mut self) -> [u8; 8] {
[INFO] [stdout]    |            ^^^^^^^^
[INFO] [stdout] ...
[INFO] [stdout] 72 |     pub fn pos(&self) -> usize {
[INFO] [stdout]    |            ^^^
[INFO] [stdout] ...
[INFO] [stdout] 77 |     pub fn set_pos(&mut self, pos: usize) {
[INFO] [stdout]    |            ^^^^^^^
[INFO] [stdout] 
[INFO] [stdout] 
[INFO] [stdout] warning: 24 warnings emitted
[INFO] [stdout] 
[INFO] [stdout] 
[INFO] [stderr]     Finished dev [unoptimized + debuginfo] target(s) in 3.46s
[INFO] running `Command { std: "docker" "inspect" "844ab35e3b33d641f8e80118d0ff4437bf87d9e277c1af50e8c3f5c15b9e6b46", kill_on_drop: false }`
[INFO] running `Command { std: "docker" "rm" "-f" "844ab35e3b33d641f8e80118d0ff4437bf87d9e277c1af50e8c3f5c15b9e6b46", kill_on_drop: false }`
[INFO] [stdout] 844ab35e3b33d641f8e80118d0ff4437bf87d9e277c1af50e8c3f5c15b9e6b46
[INFO] running `Command { std: "docker" "create" "-v" "/var/lib/crater-agent-workspace/builds/worker-4-tc1/target:/opt/rustwide/target:rw,Z" "-v" "/var/lib/crater-agent-workspace/builds/worker-4-tc1/source:/opt/rustwide/workdir:ro,Z" "-v" "/var/lib/crater-agent-workspace/cargo-home:/opt/rustwide/cargo-home:ro,Z" "-v" "/var/lib/crater-agent-workspace/rustup-home:/opt/rustwide/rustup-home:ro,Z" "-e" "SOURCE_DIR=/opt/rustwide/workdir" "-e" "CARGO_TARGET_DIR=/opt/rustwide/target" "-e" "CARGO_INCREMENTAL=0" "-e" "RUST_BACKTRACE=full" "-e" "RUSTFLAGS=--cap-lints=warn" "-e" "RUSTDOCFLAGS=--cap-lints=warn" "-e" "CARGO_HOME=/opt/rustwide/cargo-home" "-e" "RUSTUP_HOME=/opt/rustwide/rustup-home" "-w" "/opt/rustwide/workdir" "-m" "1610612736" "--user" "0:0" "--network" "none" "ghcr.io/rust-lang/crates-build-env/linux@sha256:2788e3201cd34a07e3172128adcd8b3090168a8e3bcc40d7c032b9dda1df7d1c" "/opt/rustwide/cargo-home/bin/cargo" "+1.75.0" "test" "--frozen" "--no-run" "--message-format=json", kill_on_drop: false }`
[INFO] [stdout] 183cf5b6b8f138a08a5abb7daa9fe2c8ab71bb90207000e8030fdfa0e9bc44af
[INFO] running `Command { std: "docker" "start" "-a" "183cf5b6b8f138a08a5abb7daa9fe2c8ab71bb90207000e8030fdfa0e9bc44af", kill_on_drop: false }`
[INFO] [stderr]    Compiling rustjava v0.1.0 (/opt/rustwide/workdir)
[INFO] [stdout] warning: unused import: `std::any::Any`
[INFO] [stdout]  --> src/javac.rs:1:5
[INFO] [stdout]   |
[INFO] [stdout] 1 | use std::any::Any;
[INFO] [stdout]   |     ^^^^^^^^^^^^^
[INFO] [stdout]   |
[INFO] [stdout]   = note: `#[warn(unused_imports)]` on by default
[INFO] [stdout] 
[INFO] [stdout] 
[INFO] [stdout] warning: unused variable: `left_type`
[INFO] [stdout]     --> src/javac.rs:1149:33
[INFO] [stdout]      |
[INFO] [stdout] 1149 |         let (left_instructions, left_type) = parse_expression(
[INFO] [stdout]      |                                 ^^^^^^^^^ help: if this is intentional, prefix it with an underscore: `_left_type`
[INFO] [stdout]      |
[INFO] [stdout]      = note: `#[warn(unused_variables)]` on by default
[INFO] [stdout] 
[INFO] [stdout] 
[INFO] [stdout] warning: unused variable: `right_type`
[INFO] [stdout]     --> src/javac.rs:1158:34
[INFO] [stdout]      |
[INFO] [stdout] 1158 |         let (right_instructions, right_type) = parse_expression(
[INFO] [stdout]      |                                  ^^^^^^^^^^ help: if this is intentional, prefix it with an underscore: `_right_type`
[INFO] [stdout] 
[INFO] [stdout] 
[INFO] [stdout] warning: field `name` is never read
[INFO] [stdout]    --> src/javac.rs:128:9
[INFO] [stdout]     |
[INFO] [stdout] 127 | struct MethodInfo {
[INFO] [stdout]     |        ---------- field in this struct
[INFO] [stdout] 128 |     pub name: String,
[INFO] [stdout]     |         ^^^^
[INFO] [stdout]     |
[INFO] [stdout]     = note: `MethodInfo` has a derived impl for the trait `Debug`, but this is intentionally ignored during dead code analysis
[INFO] [stdout]     = note: `#[warn(dead_code)]` on by default
[INFO] [stdout] 
[INFO] [stdout] 
[INFO] [stdout] warning: field `super_class` is never read
[INFO] [stdout]    --> src/javac.rs:138:9
[INFO] [stdout]     |
[INFO] [stdout] 136 | struct ClassInfo {
[INFO] [stdout]     |        --------- field in this struct
[INFO] [stdout] 137 |     pub name: String,
[INFO] [stdout] 138 |     pub super_class: String,
[INFO] [stdout]     |         ^^^^^^^^^^^
[INFO] [stdout]     |
[INFO] [stdout]     = note: `ClassInfo` has a derived impl for the trait `Debug`, but this is intentionally ignored during dead code analysis
[INFO] [stdout] 
[INFO] [stdout] 
[INFO] [stdout] warning: methods `start_index` and `pretty_print_tree` are never used
[INFO] [stdout]    --> src/javac.rs:862:12
[INFO] [stdout]     |
[INFO] [stdout] 860 | impl BlockType {
[INFO] [stdout]     | -------------- methods in this implementation
[INFO] [stdout] 861 |     /// Get the start_index of the block
[INFO] [stdout] 862 |     pub fn start_index(&self) -> usize {
[INFO] [stdout]     |            ^^^^^^^^^^^
[INFO] [stdout] ...
[INFO] [stdout] 882 |     pub fn pretty_print_tree(&self, depth: usize) {
[INFO] [stdout]     |            ^^^^^^^^^^^^^^^^^
[INFO] [stdout] 
[INFO] [stdout] 
[INFO] [stdout] warning: 6 warnings emitted
[INFO] [stdout] 
[INFO] [stdout] 
[INFO] [stderr]     Finished test [unoptimized + debuginfo] target(s) in 0.92s
[INFO] running `Command { std: "docker" "inspect" "183cf5b6b8f138a08a5abb7daa9fe2c8ab71bb90207000e8030fdfa0e9bc44af", kill_on_drop: false }`
[INFO] running `Command { std: "docker" "rm" "-f" "183cf5b6b8f138a08a5abb7daa9fe2c8ab71bb90207000e8030fdfa0e9bc44af", kill_on_drop: false }`
[INFO] [stdout] 183cf5b6b8f138a08a5abb7daa9fe2c8ab71bb90207000e8030fdfa0e9bc44af
[INFO] running `Command { std: "docker" "create" "-v" "/var/lib/crater-agent-workspace/builds/worker-4-tc1/target:/opt/rustwide/target:rw,Z" "-v" "/var/lib/crater-agent-workspace/builds/worker-4-tc1/source:/opt/rustwide/workdir:ro,Z" "-v" "/var/lib/crater-agent-workspace/cargo-home:/opt/rustwide/cargo-home:ro,Z" "-v" "/var/lib/crater-agent-workspace/rustup-home:/opt/rustwide/rustup-home:ro,Z" "-e" "SOURCE_DIR=/opt/rustwide/workdir" "-e" "CARGO_TARGET_DIR=/opt/rustwide/target" "-e" "CARGO_INCREMENTAL=0" "-e" "RUST_BACKTRACE=full" "-e" "RUSTFLAGS=--cap-lints=warn" "-e" "RUSTDOCFLAGS=--cap-lints=warn" "-e" "CARGO_HOME=/opt/rustwide/cargo-home" "-e" "RUSTUP_HOME=/opt/rustwide/rustup-home" "-w" "/opt/rustwide/workdir" "-m" "1610612736" "--user" "0:0" "--network" "none" "ghcr.io/rust-lang/crates-build-env/linux@sha256:2788e3201cd34a07e3172128adcd8b3090168a8e3bcc40d7c032b9dda1df7d1c" "/opt/rustwide/cargo-home/bin/cargo" "+1.75.0" "test" "--frozen", kill_on_drop: false }`
[INFO] [stdout] bdef4676c7f3cd1d76c7338490a61e74eeabbd4e722032737a083c260cc92da9
[INFO] running `Command { std: "docker" "start" "-a" "bdef4676c7f3cd1d76c7338490a61e74eeabbd4e722032737a083c260cc92da9", kill_on_drop: false }`
[INFO] [stderr] warning: unused import: `std::any::Any`
[INFO] [stderr]  --> src/javac.rs:1:5
[INFO] [stderr]   |
[INFO] [stderr] 1 | use std::any::Any;
[INFO] [stderr]   |     ^^^^^^^^^^^^^
[INFO] [stderr]   |
[INFO] [stderr]   = note: `#[warn(unused_imports)]` on by default
[INFO] [stderr] 
[INFO] [stderr] warning: unused variable: `left_type`
[INFO] [stderr]     --> src/javac.rs:1149:33
[INFO] [stderr]      |
[INFO] [stderr] 1149 |         let (left_instructions, left_type) = parse_expression(
[INFO] [stderr]      |                                 ^^^^^^^^^ help: if this is intentional, prefix it with an underscore: `_left_type`
[INFO] [stderr]      |
[INFO] [stderr]      = note: `#[warn(unused_variables)]` on by default
[INFO] [stderr] 
[INFO] [stderr] warning: unused variable: `right_type`
[INFO] [stderr]     --> src/javac.rs:1158:34
[INFO] [stderr]      |
[INFO] [stderr] 1158 |         let (right_instructions, right_type) = parse_expression(
[INFO] [stderr]      |                                  ^^^^^^^^^^ help: if this is intentional, prefix it with an underscore: `_right_type`
[INFO] [stderr] 
[INFO] [stderr] warning: field `name` is never read
[INFO] [stderr]    --> src/javac.rs:128:9
[INFO] [stderr]     |
[INFO] [stderr] 127 | struct MethodInfo {
[INFO] [stderr]     |        ---------- field in this struct
[INFO] [stderr] 128 |     pub name: String,
[INFO] [stderr]     |         ^^^^
[INFO] [stderr]     |
[INFO] [stderr]     = note: `MethodInfo` has a derived impl for the trait `Debug`, but this is intentionally ignored during dead code analysis
[INFO] [stderr]     = note: `#[warn(dead_code)]` on by default
[INFO] [stderr] 
[INFO] [stderr] warning: field `super_class` is never read
[INFO] [stderr]    --> src/javac.rs:138:9
[INFO] [stderr]     |
[INFO] [stderr] 136 | struct ClassInfo {
[INFO] [stderr]     |        --------- field in this struct
[INFO] [stderr] 137 |     pub name: String,
[INFO] [stderr] 138 |     pub super_class: String,
[INFO] [stderr]     |         ^^^^^^^^^^^
[INFO] [stderr]     |
[INFO] [stderr]     = note: `ClassInfo` has a derived impl for the trait `Debug`, but this is intentionally ignored during dead code analysis
[INFO] [stderr] 
[INFO] [stderr] warning: methods `start_index` and `pretty_print_tree` are never used
[INFO] [stderr]    --> src/javac.rs:862:12
[INFO] [stderr]     |
[INFO] [stderr] 860 | impl BlockType {
[INFO] [stderr]     | -------------- methods in this implementation
[INFO] [stderr] 861 |     /// Get the start_index of the block
[INFO] [stderr] 862 |     pub fn start_index(&self) -> usize {
[INFO] [stderr]     |            ^^^^^^^^^^^
[INFO] [stderr] ...
[INFO] [stderr] 882 |     pub fn pretty_print_tree(&self, depth: usize) {
[INFO] [stderr]     |            ^^^^^^^^^^^^^^^^^
[INFO] [stderr] 
[INFO] [stderr] warning: `rustjava` (bin "rustjava" test) generated 6 warnings (run `cargo fix --bin "rustjava" --tests` to apply 3 suggestions)
[INFO] [stderr]     Finished test [unoptimized + debuginfo] target(s) in 0.01s
[INFO] [stderr]      Running unittests src/main.rs (/opt/rustwide/target/debug/deps/rustjava-efcaa59d29b9463d)
[INFO] [stdout] 
[INFO] [stdout] running 13 tests
[INFO] [stdout] test tests::advanced_if_class_file_test ... ok
[INFO] [stdout] test tests::add_class_file_test ... ok
[INFO] [stdout] test tests::array_class_file_test ... ok
[INFO] [stdout] test tests::hello_world_class_file_test ... ok
[INFO] [stdout] test tests::class_class_file_test ... ok
[INFO] [stdout] test tests::if_class_file_test ... ok
[INFO] [stdout] test tests::main_class_file_test ... ok
[INFO] [stdout] test tests::add_test ... ok
[INFO] [stdout] test tests::hello_world_test ... ok
[INFO] [stdout] test tests::main_test ... ok
[INFO] [stdout] test tests::if_test ... ok
[INFO] [stdout] test tests::advanced_if_test ... ok
[INFO] [stdout] test tests::array_test ... FAILED
[INFO] [stdout] 
[INFO] [stdout] failures:
[INFO] [stdout] 
[INFO] [stdout] ---- tests::array_test stdout ----
[INFO] [stdout] Running Array.java | Expected 10 and got: program [0..223]
[INFO] [stdout]   class_declaration [0..223]
[INFO] [stdout]     modifiers [0..6]
[INFO] [stdout]       public [0..6]
[INFO] [stdout]     class [7..12]
[INFO] [stdout]     identifier [13..17]
[INFO] [stdout]     class_body [18..223]
[INFO] [stdout]       { [18..19]
[INFO] [stdout]       method_declaration [24..221]
[INFO] [stdout]         modifiers [24..37]
[INFO] [stdout]           public [24..30]
[INFO] [stdout]           static [31..37]
[INFO] [stdout]         void_type [38..42]
[INFO] [stdout]         identifier [43..47]
[INFO] [stdout]         formal_parameters [47..62]
[INFO] [stdout]           ( [47..48]
[INFO] [stdout]           formal_parameter [48..61]
[INFO] [stdout]             array_type [48..56]
[INFO] [stdout]               type_identifier [48..54]
[INFO] [stdout]               dimensions [54..56]
[INFO] [stdout]                 [ [54..55]
[INFO] [stdout]                 ] [55..56]
[INFO] [stdout]             identifier [57..61]
[INFO] [stdout]           ) [61..62]
[INFO] [stdout]         block [63..221]
[INFO] [stdout]           { [63..64]
[INFO] [stdout]           local_variable_declaration [73..101]
[INFO] [stdout]             array_type [73..78]
[INFO] [stdout]               integral_type [73..76]
[INFO] [stdout]                 int [73..76]
[INFO] [stdout]               dimensions [76..78]
[INFO] [stdout]                 [ [76..77]
[INFO] [stdout]                 ] [77..78]
[INFO] [stdout]             variable_declarator [79..100]
[INFO] [stdout]               identifier [79..82]
[INFO] [stdout]               = [83..84]
[INFO] [stdout]               array_initializer [85..100]
[INFO] [stdout]                 { [85..86]
[INFO] [stdout]                 decimal_integer_literal [86..87]
[INFO] [stdout]                 , [87..88]
[INFO] [stdout]                 decimal_integer_literal [89..90]
[INFO] [stdout]                 , [90..91]
[INFO] [stdout]                 decimal_integer_literal [92..93]
[INFO] [stdout]                 , [93..94]
[INFO] [stdout]                 decimal_integer_literal [95..96]
[INFO] [stdout]                 , [96..97]
[INFO] [stdout]                 decimal_integer_literal [98..99]
[INFO] [stdout]                 } [99..100]
[INFO] [stdout]             ; [100..101]
[INFO] [stdout]           local_variable_declaration [110..156]
[INFO] [stdout]             array_type [110..117]
[INFO] [stdout]               floating_point_type [110..115]
[INFO] [stdout]                 float [110..115]
[INFO] [stdout]               dimensions [115..117]
[INFO] [stdout]                 [ [115..116]
[INFO] [stdout]                 ] [116..117]
[INFO] [stdout]             variable_declarator [118..155]
[INFO] [stdout]               identifier [118..122]
[INFO] [stdout]               = [123..124]
[INFO] [stdout]               array_initializer [125..155]
[INFO] [stdout]                 { [125..126]
[INFO] [stdout]                 decimal_floating_point_literal [126..130]
[INFO] [stdout]                 , [130..131]
[INFO] [stdout]                 decimal_floating_point_literal [132..136]
[INFO] [stdout]                 , [136..137]
[INFO] [stdout]                 decimal_floating_point_literal [138..142]
[INFO] [stdout]                 , [142..143]
[INFO] [stdout]                 decimal_floating_point_literal [144..148]
[INFO] [stdout]                 , [148..149]
[INFO] [stdout]                 decimal_floating_point_literal [150..154]
[INFO] [stdout]                 } [154..155]
[INFO] [stdout]             ; [155..156]
[INFO] [stdout]           expression_statement [166..178]
[INFO] [stdout]             assignment_expression [166..177]
[INFO] [stdout]               array_access [166..172]
[INFO] [stdout]                 identifier [166..169]
[INFO] [stdout]                 [ [169..170]
[INFO] [stdout]                 decimal_integer_literal [170..171]
[INFO] [stdout]                 ] [171..172]
[INFO] [stdout]               = [173..174]
[INFO] [stdout]               decimal_integer_literal [175..177]
[INFO] [stdout]             ; [177..178]
[INFO] [stdout]           expression_statement [188..215]
[INFO] [stdout]             method_invocation [188..214]
[INFO] [stdout]               field_access [188..198]
[INFO] [stdout]                 identifier [188..194]
[INFO] [stdout]                 . [194..195]
[INFO] [stdout]                 identifier [195..198]
[INFO] [stdout]               . [198..199]
[INFO] [stdout]               identifier [199..206]
[INFO] [stdout]               argument_list [206..214]
[INFO] [stdout]                 ( [206..207]
[INFO] [stdout]                 array_access [207..213]
[INFO] [stdout]                   identifier [207..210]
[INFO] [stdout]                   [ [210..211]
[INFO] [stdout]                   decimal_integer_literal [211..212]
[INFO] [stdout]                   ] [212..213]
[INFO] [stdout]                 ) [213..214]
[INFO] [stdout]             ; [214..215]
[INFO] [stdout]           } [220..221]
[INFO] [stdout]       } [222..223]
[INFO] [stdout] 
[INFO] [stdout] Methods: Ok([MethodInfo { name: "main", signature: "main([Ljava/lang/String;)V", variables: SuperLocals { local_names: ["args"], local_types: [Reference], reference_classes: {} }, return_type: Null }])
[INFO] [stdout] thread 'tests::array_test' panicked at src/tests.rs:138:13:
[INFO] [stdout] 
[INFO] [stdout] [31massignment_expression has no children with kind identifier[0m
[INFO] [stdout] stack backtrace:
[INFO] [stdout]    0:     0x560b299c818c - std::backtrace_rs::backtrace::libunwind::trace::ha637c64ce894333a
[INFO] [stdout]                                at /rustc/82e1608dfa6e0b5569232559e3d385fea5a93112/library/std/src/../../backtrace/src/backtrace/libunwind.rs:104:5
[INFO] [stdout]    1:     0x560b299c818c - std::backtrace_rs::backtrace::trace_unsynchronized::h47f62dea28e0c88d
[INFO] [stdout]                                at /rustc/82e1608dfa6e0b5569232559e3d385fea5a93112/library/std/src/../../backtrace/src/backtrace/mod.rs:66:5
[INFO] [stdout]    2:     0x560b299c818c - std::sys_common::backtrace::_print_fmt::h9eef0abe20ede486
[INFO] [stdout]                                at /rustc/82e1608dfa6e0b5569232559e3d385fea5a93112/library/std/src/sys_common/backtrace.rs:67:5
[INFO] [stdout]    3:     0x560b299c818c - <std::sys_common::backtrace::_print::DisplayBacktrace as core::fmt::Display>::fmt::hed7f999df88cc644
[INFO] [stdout]                                at /rustc/82e1608dfa6e0b5569232559e3d385fea5a93112/library/std/src/sys_common/backtrace.rs:44:22
[INFO] [stdout]    4:     0x560b299f3e60 - core::fmt::rt::Argument::fmt::h1539a9308b8d058d
[INFO] [stdout]                                at /rustc/82e1608dfa6e0b5569232559e3d385fea5a93112/library/core/src/fmt/rt.rs:142:9
[INFO] [stdout]    5:     0x560b299f3e60 - core::fmt::write::h3a39390d8560d9c9
[INFO] [stdout]                                at /rustc/82e1608dfa6e0b5569232559e3d385fea5a93112/library/core/src/fmt/mod.rs:1120:17
[INFO] [stdout]    6:     0x560b299c5b3f - std::io::Write::write_fmt::h040b369f3a0f9cbc
[INFO] [stdout]                                at /rustc/82e1608dfa6e0b5569232559e3d385fea5a93112/library/std/src/io/mod.rs:1762:15
[INFO] [stdout]    7:     0x560b299c7f74 - std::sys_common::backtrace::_print::h894006fb5c6f3d45
[INFO] [stdout]                                at /rustc/82e1608dfa6e0b5569232559e3d385fea5a93112/library/std/src/sys_common/backtrace.rs:47:5
[INFO] [stdout]    8:     0x560b299c7f74 - std::sys_common::backtrace::print::h23a2d212c6fff936
[INFO] [stdout]                                at /rustc/82e1608dfa6e0b5569232559e3d385fea5a93112/library/std/src/sys_common/backtrace.rs:34:9
[INFO] [stdout]    9:     0x560b299c9c37 - std::panicking::default_hook::{{closure}}::h8a1d2ee00185001a
[INFO] [stdout]   10:     0x560b299c9923 - std::panicking::default_hook::h6038f2eba384e475
[INFO] [stdout]                                at /rustc/82e1608dfa6e0b5569232559e3d385fea5a93112/library/std/src/panicking.rs:289:9
[INFO] [stdout]   11:     0x560b29977377 - <alloc::boxed::Box<F,A> as core::ops::function::Fn<Args>>::call::h0ad024c9bdc6d768
[INFO] [stdout]                                at /rustc/82e1608dfa6e0b5569232559e3d385fea5a93112/library/alloc/src/boxed.rs:2021:9
[INFO] [stdout]   12:     0x560b29977377 - test::test_main::{{closure}}::h7500b54257359db6
[INFO] [stdout]                                at /rustc/82e1608dfa6e0b5569232559e3d385fea5a93112/library/test/src/lib.rs:138:21
[INFO] [stdout]   13:     0x560b299ca248 - <alloc::boxed::Box<F,A> as core::ops::function::Fn<Args>>::call::h1f8f335eaa9cfaee
[INFO] [stdout]                                at /rustc/82e1608dfa6e0b5569232559e3d385fea5a93112/library/alloc/src/boxed.rs:2021:9
[INFO] [stdout]   14:     0x560b299ca248 - std::panicking::rust_panic_with_hook::h2b5517d590cab22e
[INFO] [stdout]                                at /rustc/82e1608dfa6e0b5569232559e3d385fea5a93112/library/std/src/panicking.rs:783:13
[INFO] [stdout]   15:     0x560b299c9f9e - std::panicking::begin_panic_handler::{{closure}}::h233112c06e0ef43e
[INFO] [stdout]                                at /rustc/82e1608dfa6e0b5569232559e3d385fea5a93112/library/std/src/panicking.rs:657:13
[INFO] [stdout]   16:     0x560b299c8656 - std::sys_common::backtrace::__rust_end_short_backtrace::h6e893f24d7ebbff8
[INFO] [stdout]                                at /rustc/82e1608dfa6e0b5569232559e3d385fea5a93112/library/std/src/sys_common/backtrace.rs:170:18
[INFO] [stdout]   17:     0x560b299c9d02 - rust_begin_unwind
[INFO] [stdout]                                at /rustc/82e1608dfa6e0b5569232559e3d385fea5a93112/library/std/src/panicking.rs:645:5
[INFO] [stdout]   18:     0x560b298e7e45 - core::panicking::panic_fmt::hbf0e066aabfa482c
[INFO] [stdout]                                at /rustc/82e1608dfa6e0b5569232559e3d385fea5a93112/library/core/src/panicking.rs:72:14
[INFO] [stdout]   19:     0x560b299369d9 - rustjava::tests::compile_and_run_test::h2e92c2519cd603ed
[INFO] [stdout]                                at /opt/rustwide/workdir/src/tests.rs:138:13
[INFO] [stdout]   20:     0x560b29936a7e - rustjava::tests::array_test::h8903a1db82160ee0
[INFO] [stdout]                                at /opt/rustwide/workdir/src/tests.rs:12:5
[INFO] [stdout]   21:     0x560b29936a47 - rustjava::tests::array_test::{{closure}}::h3212c20f44d00cd2
[INFO] [stdout]                                at /opt/rustwide/workdir/src/tests.rs:11:16
[INFO] [stdout]   22:     0x560b2992ced6 - core::ops::function::FnOnce::call_once::h6adbe46f5f4c264d
[INFO] [stdout]                                at /rustc/82e1608dfa6e0b5569232559e3d385fea5a93112/library/core/src/ops/function.rs:250:5
[INFO] [stdout]   23:     0x560b2997c9cf - core::ops::function::FnOnce::call_once::h2b5d431d5046312d
[INFO] [stdout]                                at /rustc/82e1608dfa6e0b5569232559e3d385fea5a93112/library/core/src/ops/function.rs:250:5
[INFO] [stdout]   24:     0x560b2997c9cf - test::__rust_begin_short_backtrace::h7714669af176e207
[INFO] [stdout]                                at /rustc/82e1608dfa6e0b5569232559e3d385fea5a93112/library/test/src/lib.rs:628:18
[INFO] [stdout]   25:     0x560b2997b9e5 - test::run_test_in_process::{{closure}}::h85218797dcbcec12
[INFO] [stdout]                                at /rustc/82e1608dfa6e0b5569232559e3d385fea5a93112/library/test/src/lib.rs:651:60
[INFO] [stdout]   26:     0x560b2997b9e5 - <core::panic::unwind_safe::AssertUnwindSafe<F> as core::ops::function::FnOnce<()>>::call_once::h76c106ea31c14d7b
[INFO] [stdout]                                at /rustc/82e1608dfa6e0b5569232559e3d385fea5a93112/library/core/src/panic/unwind_safe.rs:272:9
[INFO] [stdout]   27:     0x560b2997b9e5 - std::panicking::try::do_call::h3bd5d0f6620ee946
[INFO] [stdout]                                at /rustc/82e1608dfa6e0b5569232559e3d385fea5a93112/library/std/src/panicking.rs:552:40
[INFO] [stdout]   28:     0x560b2997b9e5 - std::panicking::try::h232e535e4744fe31
[INFO] [stdout]                                at /rustc/82e1608dfa6e0b5569232559e3d385fea5a93112/library/std/src/panicking.rs:516:19
[INFO] [stdout]   29:     0x560b2997b9e5 - std::panic::catch_unwind::h3ce3bd6ca8dbac68
[INFO] [stdout]                                at /rustc/82e1608dfa6e0b5569232559e3d385fea5a93112/library/std/src/panic.rs:142:14
[INFO] [stdout]   30:     0x560b2997b9e5 - test::run_test_in_process::hc97b257c9621286a
[INFO] [stdout]                                at /rustc/82e1608dfa6e0b5569232559e3d385fea5a93112/library/test/src/lib.rs:651:27
[INFO] [stdout]   31:     0x560b2997b9e5 - test::run_test::{{closure}}::h2aa798823a438d38
[INFO] [stdout]                                at /rustc/82e1608dfa6e0b5569232559e3d385fea5a93112/library/test/src/lib.rs:574:43
[INFO] [stdout]   32:     0x560b29943ca6 - test::run_test::{{closure}}::h87d231c78fb59832
[INFO] [stdout]                                at /rustc/82e1608dfa6e0b5569232559e3d385fea5a93112/library/test/src/lib.rs:602:41
[INFO] [stdout]   33:     0x560b29943ca6 - std::sys_common::backtrace::__rust_begin_short_backtrace::he6df152596625789
[INFO] [stdout]                                at /rustc/82e1608dfa6e0b5569232559e3d385fea5a93112/library/std/src/sys_common/backtrace.rs:154:18
[INFO] [stdout]   34:     0x560b29948d57 - std::thread::Builder::spawn_unchecked_::{{closure}}::{{closure}}::ha94be15d1e0acf36
[INFO] [stdout]                                at /rustc/82e1608dfa6e0b5569232559e3d385fea5a93112/library/std/src/thread/mod.rs:529:17
[INFO] [stdout]   35:     0x560b29948d57 - <core::panic::unwind_safe::AssertUnwindSafe<F> as core::ops::function::FnOnce<()>>::call_once::h9dc6bd6372f16606
[INFO] [stdout]                                at /rustc/82e1608dfa6e0b5569232559e3d385fea5a93112/library/core/src/panic/unwind_safe.rs:272:9
[INFO] [stdout]   36:     0x560b29948d57 - std::panicking::try::do_call::h9057517f80303cd4
[INFO] [stdout]                                at /rustc/82e1608dfa6e0b5569232559e3d385fea5a93112/library/std/src/panicking.rs:552:40
[INFO] [stdout]   37:     0x560b29948d57 - std::panicking::try::he3a30b11ee45340c
[INFO] [stdout]                                at /rustc/82e1608dfa6e0b5569232559e3d385fea5a93112/library/std/src/panicking.rs:516:19
[INFO] [stdout]   38:     0x560b29948d57 - std::panic::catch_unwind::h410458cfd3528b8b
[INFO] [stdout]                                at /rustc/82e1608dfa6e0b5569232559e3d385fea5a93112/library/std/src/panic.rs:142:14
[INFO] [stdout]   39:     0x560b29948d57 - std::thread::Builder::spawn_unchecked_::{{closure}}::h72ac3bdb567b737b
[INFO] [stdout]                                at /rustc/82e1608dfa6e0b5569232559e3d385fea5a93112/library/std/src/thread/mod.rs:528:30
[INFO] [stdout]   40:     0x560b29948d57 - core::ops::function::FnOnce::call_once{{vtable.shim}}::h38f34da3654a8344
[INFO] [stdout]                                at /rustc/82e1608dfa6e0b5569232559e3d385fea5a93112/library/core/src/ops/function.rs:250:5
[INFO] [stdout]   41:     0x560b299cecd5 - <alloc::boxed::Box<F,A> as core::ops::function::FnOnce<Args>>::call_once::hc7eafaff61e32df9
[INFO] [stdout]                                at /rustc/82e1608dfa6e0b5569232559e3d385fea5a93112/library/alloc/src/boxed.rs:2007:9
[INFO] [stdout]   42:     0x560b299cecd5 - <alloc::boxed::Box<F,A> as core::ops::function::FnOnce<Args>>::call_once::h6ba4a5de48dd2304
[INFO] [stdout]                                at /rustc/82e1608dfa6e0b5569232559e3d385fea5a93112/library/alloc/src/boxed.rs:2007:9
[INFO] [stdout]   43:     0x560b299cecd5 - std::sys::unix::thread::Thread::new::thread_start::he469335aef763e45
[INFO] [stdout]                                at /rustc/82e1608dfa6e0b5569232559e3d385fea5a93112/library/std/src/sys/unix/thread.rs:108:17
[INFO] [stdout]   44:     0x7fe2eb386ac3 - <unknown>
[INFO] [stdout]   45:     0x7fe2eb417bf4 - __clone
[INFO] [stdout]   46:                0x0 - <unknown>
[INFO] [stdout] 
[INFO] [stdout] 
[INFO] [stdout] failures:
[INFO] [stdout]     tests::array_test
[INFO] [stdout] 
[INFO] [stdout] test result: FAILED. 12 passed; 1 failed; 0 ignored; 0 measured; 0 filtered out; finished in 0.02s
[INFO] [stdout] 
[INFO] [stderr] error: test failed, to rerun pass `--bin rustjava`
[INFO] running `Command { std: "docker" "inspect" "bdef4676c7f3cd1d76c7338490a61e74eeabbd4e722032737a083c260cc92da9", kill_on_drop: false }`
[INFO] running `Command { std: "docker" "rm" "-f" "bdef4676c7f3cd1d76c7338490a61e74eeabbd4e722032737a083c260cc92da9", kill_on_drop: false }`
[INFO] [stdout] bdef4676c7f3cd1d76c7338490a61e74eeabbd4e722032737a083c260cc92da9
[INFO] testing Maciej4/rustjava against beta-2023-12-22 for beta-1.76-1
[INFO] running `Command { std: "git" "clone" "/workspace/cache/git-repos/https%3A%2F%2Fgithub.com%2FMaciej4%2Frustjava" "/workspace/builds/worker-4-tc2/source", kill_on_drop: false }`
[INFO] [stderr] Cloning into '/workspace/builds/worker-4-tc2/source'...
[INFO] [stderr] done.
[INFO] validating manifest of git repo https://github.com/Maciej4/rustjava on toolchain beta-2023-12-22
[INFO] running `Command { std: CARGO_HOME="/workspace/cargo-home" RUSTUP_HOME="/workspace/rustup-home" "/workspace/cargo-home/bin/cargo" "+beta-2023-12-22" "metadata" "--manifest-path" "Cargo.toml" "--no-deps", kill_on_drop: false }`
[INFO] started tweaking git repo https://github.com/Maciej4/rustjava
[INFO] finished tweaking git repo https://github.com/Maciej4/rustjava
[INFO] tweaked toml for git repo https://github.com/Maciej4/rustjava written to /workspace/builds/worker-4-tc2/source/Cargo.toml
[INFO] crate git repo https://github.com/Maciej4/rustjava already has a lockfile, it will not be regenerated
[INFO] running `Command { std: CARGO_HOME="/workspace/cargo-home" RUSTUP_HOME="/workspace/rustup-home" "/workspace/cargo-home/bin/cargo" "+beta-2023-12-22" "fetch" "--manifest-path" "Cargo.toml", kill_on_drop: false }`
[INFO] running `Command { std: "docker" "create" "-v" "/var/lib/crater-agent-workspace/builds/worker-4-tc2/target:/opt/rustwide/target:rw,Z" "-v" "/var/lib/crater-agent-workspace/builds/worker-4-tc2/source:/opt/rustwide/workdir:ro,Z" "-v" "/var/lib/crater-agent-workspace/cargo-home:/opt/rustwide/cargo-home:ro,Z" "-v" "/var/lib/crater-agent-workspace/rustup-home:/opt/rustwide/rustup-home:ro,Z" "-e" "SOURCE_DIR=/opt/rustwide/workdir" "-e" "CARGO_TARGET_DIR=/opt/rustwide/target" "-e" "CARGO_HOME=/opt/rustwide/cargo-home" "-e" "RUSTUP_HOME=/opt/rustwide/rustup-home" "-w" "/opt/rustwide/workdir" "-m" "1610612736" "--user" "0:0" "--network" "none" "ghcr.io/rust-lang/crates-build-env/linux@sha256:2788e3201cd34a07e3172128adcd8b3090168a8e3bcc40d7c032b9dda1df7d1c" "/opt/rustwide/cargo-home/bin/cargo" "+beta-2023-12-22" "metadata" "--no-deps" "--format-version=1", kill_on_drop: false }`
[INFO] [stdout] 6f8152af4a052c941821f7012ab62c379d8d112f7248c03600af7832fd45d9c5
[INFO] running `Command { std: "docker" "start" "-a" "6f8152af4a052c941821f7012ab62c379d8d112f7248c03600af7832fd45d9c5", kill_on_drop: false }`
[INFO] running `Command { std: "docker" "inspect" "6f8152af4a052c941821f7012ab62c379d8d112f7248c03600af7832fd45d9c5", kill_on_drop: false }`
[INFO] running `Command { std: "docker" "rm" "-f" "6f8152af4a052c941821f7012ab62c379d8d112f7248c03600af7832fd45d9c5", kill_on_drop: false }`
[INFO] [stdout] 6f8152af4a052c941821f7012ab62c379d8d112f7248c03600af7832fd45d9c5
[INFO] running `Command { std: "docker" "create" "-v" "/var/lib/crater-agent-workspace/builds/worker-4-tc2/target:/opt/rustwide/target:rw,Z" "-v" "/var/lib/crater-agent-workspace/builds/worker-4-tc2/source:/opt/rustwide/workdir:ro,Z" "-v" "/var/lib/crater-agent-workspace/cargo-home:/opt/rustwide/cargo-home:ro,Z" "-v" "/var/lib/crater-agent-workspace/rustup-home:/opt/rustwide/rustup-home:ro,Z" "-e" "SOURCE_DIR=/opt/rustwide/workdir" "-e" "CARGO_TARGET_DIR=/opt/rustwide/target" "-e" "CARGO_INCREMENTAL=0" "-e" "RUST_BACKTRACE=full" "-e" "RUSTFLAGS=--cap-lints=warn" "-e" "RUSTDOCFLAGS=--cap-lints=warn" "-e" "CARGO_HOME=/opt/rustwide/cargo-home" "-e" "RUSTUP_HOME=/opt/rustwide/rustup-home" "-w" "/opt/rustwide/workdir" "-m" "1610612736" "--user" "0:0" "--network" "none" "ghcr.io/rust-lang/crates-build-env/linux@sha256:2788e3201cd34a07e3172128adcd8b3090168a8e3bcc40d7c032b9dda1df7d1c" "/opt/rustwide/cargo-home/bin/cargo" "+beta-2023-12-22" "build" "--frozen" "--message-format=json", kill_on_drop: false }`
[INFO] [stdout] 52bc9227e1e8e94c21df413ebeda59f44183a51ddbf6a6db6da45c06745add80
[INFO] running `Command { std: "docker" "start" "-a" "52bc9227e1e8e94c21df413ebeda59f44183a51ddbf6a6db6da45c06745add80", kill_on_drop: false }`
[INFO] [stderr]    Compiling memchr v2.5.0
[INFO] [stderr]    Compiling cc v1.0.73
[INFO] [stderr]    Compiling regex-syntax v0.6.27
[INFO] [stderr]    Compiling tree-sitter v0.19.5
[INFO] [stderr]    Compiling tree-sitter-java v0.19.0
[INFO] [stderr]    Compiling aho-corasick v0.7.19
[INFO] [stderr]    Compiling regex v1.6.0
[INFO] [stderr]    Compiling rustjava v0.1.0 (/opt/rustwide/workdir)
[INFO] [stdout] warning: unused import: `std::any::Any`
[INFO] [stdout]  --> src/javac.rs:1:5
[INFO] [stdout]   |
[INFO] [stdout] 1 | use std::any::Any;
[INFO] [stdout]   |     ^^^^^^^^^^^^^
[INFO] [stdout]   |
[INFO] [stdout]   = note: `#[warn(unused_imports)]` on by default
[INFO] [stdout] 
[INFO] [stdout] 
[INFO] [stdout] warning: unused variable: `left_type`
[INFO] [stdout]     --> src/javac.rs:1149:33
[INFO] [stdout]      |
[INFO] [stdout] 1149 |         let (left_instructions, left_type) = parse_expression(
[INFO] [stdout]      |                                 ^^^^^^^^^ help: if this is intentional, prefix it with an underscore: `_left_type`
[INFO] [stdout]      |
[INFO] [stdout]      = note: `#[warn(unused_variables)]` on by default
[INFO] [stdout] 
[INFO] [stdout] 
[INFO] [stdout] warning: unused variable: `right_type`
[INFO] [stdout]     --> src/javac.rs:1158:34
[INFO] [stdout]      |
[INFO] [stdout] 1158 |         let (right_instructions, right_type) = parse_expression(
[INFO] [stdout]      |                                  ^^^^^^^^^^ help: if this is intentional, prefix it with an underscore: `_right_type`
[INFO] [stdout] 
[INFO] [stdout] 
[INFO] [stdout] warning: multiple variants are never constructed
[INFO] [stdout]   --> src/bytecode.rs:3:5
[INFO] [stdout]    |
[INFO] [stdout] 2  | pub enum Instruction {
[INFO] [stdout]    |          ----------- variants in this enum
[INFO] [stdout] 3  |     Nop,
[INFO] [stdout]    |     ^^^
[INFO] [stdout] 4  |     AConstNull,
[INFO] [stdout]    |     ^^^^^^^^^^
[INFO] [stdout] 5  |     Const(Primitive),
[INFO] [stdout] 6  |     LoadConst(usize),
[INFO] [stdout]    |     ^^^^^^^^^
[INFO] [stdout] 7  |     Load(usize, PrimitiveType),
[INFO] [stdout] 8  |     ALoad(PrimitiveType),
[INFO] [stdout]    |     ^^^^^
[INFO] [stdout] ...
[INFO] [stdout] 11 |     Pop,
[INFO] [stdout]    |     ^^^
[INFO] [stdout] 12 |     Pop2,
[INFO] [stdout]    |     ^^^^
[INFO] [stdout] 13 |     Dup,
[INFO] [stdout] 14 |     DupX1,
[INFO] [stdout]    |     ^^^^^
[INFO] [stdout] 15 |     DupX2,
[INFO] [stdout]    |     ^^^^^
[INFO] [stdout] 16 |     Dup2,
[INFO] [stdout]    |     ^^^^
[INFO] [stdout] 17 |     Dup2X1,
[INFO] [stdout]    |     ^^^^^^
[INFO] [stdout] 18 |     Dup2X2,
[INFO] [stdout]    |     ^^^^^^
[INFO] [stdout] 19 |     Swap,
[INFO] [stdout]    |     ^^^^
[INFO] [stdout] ...
[INFO] [stdout] 25 |     Neg(PrimitiveType),
[INFO] [stdout]    |     ^^^
[INFO] [stdout] 26 |     Shl(PrimitiveType),
[INFO] [stdout]    |     ^^^
[INFO] [stdout] 27 |     Shr(PrimitiveType),
[INFO] [stdout]    |     ^^^
[INFO] [stdout] 28 |     UShr(PrimitiveType),
[INFO] [stdout]    |     ^^^^
[INFO] [stdout] 29 |     And(PrimitiveType),
[INFO] [stdout]    |     ^^^
[INFO] [stdout] 30 |     Or(PrimitiveType),
[INFO] [stdout]    |     ^^
[INFO] [stdout] 31 |     Xor(PrimitiveType),
[INFO] [stdout]    |     ^^^
[INFO] [stdout] 32 |     IInc(usize, i8),
[INFO] [stdout]    |     ^^^^
[INFO] [stdout] 33 |     Convert(PrimitiveType, PrimitiveType),
[INFO] [stdout]    |     ^^^^^^^
[INFO] [stdout] 34 |     LCmp,
[INFO] [stdout]    |     ^^^^
[INFO] [stdout] 35 |     FCmpL,
[INFO] [stdout]    |     ^^^^^
[INFO] [stdout] 36 |     FCmpG,
[INFO] [stdout]    |     ^^^^^
[INFO] [stdout] 37 |     DCmpL,
[INFO] [stdout]    |     ^^^^^
[INFO] [stdout] 38 |     DCmpG,
[INFO] [stdout]    |     ^^^^^
[INFO] [stdout] 39 |     If(usize, Comparison),
[INFO] [stdout]    |     ^^
[INFO] [stdout] 40 |     IfICmp(usize, Comparison),
[INFO] [stdout] 41 |     Goto(usize),
[INFO] [stdout]    |     ^^^^
[INFO] [stdout] 42 |     Jsr(usize),
[INFO] [stdout]    |     ^^^
[INFO] [stdout] 43 |     Ret(usize),
[INFO] [stdout]    |     ^^^
[INFO] [stdout] ...
[INFO] [stdout] 48 |     PutStatic(usize),
[INFO] [stdout]    |     ^^^^^^^^^
[INFO] [stdout] 49 |     GetField(usize),
[INFO] [stdout] 50 |     PutField(usize),
[INFO] [stdout]    |     ^^^^^^^^
[INFO] [stdout] ...
[INFO] [stdout] 54 |     InvokeInterface(usize), // TODO: 4: indexbyte1, indexbyte2, count, 0
[INFO] [stdout]    |     ^^^^^^^^^^^^^^^
[INFO] [stdout] 55 |     InvokeDynamic(usize),   // TODO: 4: indexbyte1, indexbyte2, 0, 0
[INFO] [stdout]    |     ^^^^^^^^^^^^^
[INFO] [stdout] ...
[INFO] [stdout] 58 |     ANewArray(PrimitiveType), // TODO: Perhaps this should be removed?
[INFO] [stdout]    |     ^^^^^^^^^
[INFO] [stdout] 59 |     ArrayLength,
[INFO] [stdout]    |     ^^^^^^^^^^^
[INFO] [stdout] 60 |     AThrow,
[INFO] [stdout]    |     ^^^^^^
[INFO] [stdout] 61 |     CheckCast(usize),
[INFO] [stdout]    |     ^^^^^^^^^
[INFO] [stdout] 62 |     InstanceOf(usize),
[INFO] [stdout]    |     ^^^^^^^^^^
[INFO] [stdout] 63 |     MonitorEnter,
[INFO] [stdout]    |     ^^^^^^^^^^^^
[INFO] [stdout] 64 |     MonitorExit,
[INFO] [stdout]    |     ^^^^^^^^^^^
[INFO] [stdout] ...
[INFO] [stdout] 67 |     IfNull(usize),
[INFO] [stdout]    |     ^^^^^^
[INFO] [stdout] 68 |     IfNonNull(usize),
[INFO] [stdout]    |     ^^^^^^^^^
[INFO] [stdout] 69 |     Breakpoint,
[INFO] [stdout]    |     ^^^^^^^^^^
[INFO] [stdout]    |
[INFO] [stdout]    = note: `Instruction` has derived impls for the traits `Clone` and `Debug`, but these are intentionally ignored during dead code analysis
[INFO] [stdout]    = note: `#[warn(dead_code)]` on by default
[INFO] [stdout] 
[INFO] [stdout] 
[INFO] [stdout] warning: associated function `from_type_id` is never used
[INFO] [stdout]    --> src/bytecode.rs:393:12
[INFO] [stdout]     |
[INFO] [stdout] 361 | impl PrimitiveType {
[INFO] [stdout]     | ------------------ associated function in this implementation
[INFO] [stdout] ...
[INFO] [stdout] 393 |     pub fn from_type_id(id: usize) -> Result<PrimitiveType, String> {
[INFO] [stdout]     |            ^^^^^^^^^^^^
[INFO] [stdout] 
[INFO] [stdout] 
[INFO] [stdout] warning: function `parse_constant_pool` is never used
[INFO] [stdout]  --> src/class_file_parser.rs:8:4
[INFO] [stdout]   |
[INFO] [stdout] 8 | fn parse_constant_pool(r: &mut Reader, constant_pool_count: u16) -> Vec<ConstantPoolEntry> {
[INFO] [stdout]   |    ^^^^^^^^^^^^^^^^^^^
[INFO] [stdout] 
[INFO] [stdout] 
[INFO] [stdout] warning: function `parse_interfaces` is never used
[INFO] [stdout]   --> src/class_file_parser.rs:37:4
[INFO] [stdout]    |
[INFO] [stdout] 37 | fn parse_interfaces(r: &mut Reader, interfaces_count: u16) -> Vec<Interface> {
[INFO] [stdout]    |    ^^^^^^^^^^^^^^^^
[INFO] [stdout] 
[INFO] [stdout] 
[INFO] [stdout] warning: function `parse_fields` is never used
[INFO] [stdout]   --> src/class_file_parser.rs:47:4
[INFO] [stdout]    |
[INFO] [stdout] 47 | fn parse_fields(r: &mut Reader, ct: &[ConstantPoolEntry], fields_count: u16) -> Vec<Field> {
[INFO] [stdout]    |    ^^^^^^^^^^^^
[INFO] [stdout] 
[INFO] [stdout] 
[INFO] [stdout] warning: function `parse_methods` is never used
[INFO] [stdout]   --> src/class_file_parser.rs:69:4
[INFO] [stdout]    |
[INFO] [stdout] 69 | fn parse_methods(
[INFO] [stdout]    |    ^^^^^^^^^^^^^
[INFO] [stdout] 
[INFO] [stdout] 
[INFO] [stdout] warning: function `parse_attributes` is never used
[INFO] [stdout]   --> src/class_file_parser.rs:95:4
[INFO] [stdout]    |
[INFO] [stdout] 95 | fn parse_attributes(
[INFO] [stdout]    |    ^^^^^^^^^^^^^^^^
[INFO] [stdout] 
[INFO] [stdout] 
[INFO] [stdout] warning: function `u1` is never used
[INFO] [stdout]    --> src/class_file_parser.rs:275:4
[INFO] [stdout]     |
[INFO] [stdout] 275 | fn u1(code: &[u8], pc: &mut usize) -> usize {
[INFO] [stdout]     |    ^^
[INFO] [stdout] 
[INFO] [stdout] 
[INFO] [stdout] warning: function `u2` is never used
[INFO] [stdout]    --> src/class_file_parser.rs:281:4
[INFO] [stdout]     |
[INFO] [stdout] 281 | fn u2(code: &[u8], pc: &mut usize) -> usize {
[INFO] [stdout]     |    ^^
[INFO] [stdout] 
[INFO] [stdout] 
[INFO] [stdout] warning: function `u4` is never used
[INFO] [stdout]    --> src/class_file_parser.rs:288:4
[INFO] [stdout]     |
[INFO] [stdout] 288 | fn u4(code: &[u8], pc: &mut usize) -> usize {
[INFO] [stdout]     |    ^^
[INFO] [stdout] 
[INFO] [stdout] 
[INFO] [stdout] warning: function `bytes_to_bytecode` is never used
[INFO] [stdout]    --> src/class_file_parser.rs:297:8
[INFO] [stdout]     |
[INFO] [stdout] 297 | pub fn bytes_to_bytecode(code: Vec<u8>) -> Vec<Instruction> {
[INFO] [stdout]     |        ^^^^^^^^^^^^^^^^^
[INFO] [stdout] 
[INFO] [stdout] 
[INFO] [stdout] warning: function `parse_file_to_class` is never used
[INFO] [stdout]    --> src/class_file_parser.rs:521:8
[INFO] [stdout]     |
[INFO] [stdout] 521 | pub fn parse_file_to_class(filename: String) -> Class {
[INFO] [stdout]     |        ^^^^^^^^^^^^^^^^^^^
[INFO] [stdout] 
[INFO] [stdout] 
[INFO] [stdout] warning: multiple variants are never constructed
[INFO] [stdout]   --> src/java_class.rs:7:5
[INFO] [stdout]    |
[INFO] [stdout] 5  | pub enum ConstantPoolEntry {
[INFO] [stdout]    |          ----------------- variants in this enum
[INFO] [stdout] 6  |     Utf8(String),
[INFO] [stdout] 7  |     Integer(i32),
[INFO] [stdout]    |     ^^^^^^^
[INFO] [stdout] 8  |     Float(f32),
[INFO] [stdout]    |     ^^^^^
[INFO] [stdout] 9  |     Long(i64),
[INFO] [stdout]    |     ^^^^
[INFO] [stdout] 10 |     Double(f64),
[INFO] [stdout]    |     ^^^^^^
[INFO] [stdout] 11 |     Class(usize),                     // name_index
[INFO] [stdout] 12 |     String(usize),                    // string_index
[INFO] [stdout]    |     ^^^^^^
[INFO] [stdout] ...
[INFO] [stdout] 15 |     InterfaceMethodRef(usize, usize), // class_index, name_and_type_index
[INFO] [stdout]    |     ^^^^^^^^^^^^^^^^^^
[INFO] [stdout] 16 |     NameAndType(usize, usize),        // name_index, descriptor_index
[INFO] [stdout] 17 |     MethodHandle(u8, usize),          // reference_kind, reference_index
[INFO] [stdout]    |     ^^^^^^^^^^^^
[INFO] [stdout] 18 |     MethodType(usize),                // descriptor_index
[INFO] [stdout]    |     ^^^^^^^^^^
[INFO] [stdout] 19 |     InvokeDynamic(usize, usize),      // bootstrap_method_attr_index, name_and_type_index
[INFO] [stdout]    |     ^^^^^^^^^^^^^
[INFO] [stdout]    |
[INFO] [stdout]    = note: `ConstantPoolEntry` has derived impls for the traits `Clone` and `Debug`, but these are intentionally ignored during dead code analysis
[INFO] [stdout] 
[INFO] [stdout] 
[INFO] [stdout] warning: multiple variants are never constructed
[INFO] [stdout]    --> src/java_class.rs:234:5
[INFO] [stdout]     |
[INFO] [stdout] 233 | pub enum ClassFlags {
[INFO] [stdout]     |          ---------- variants in this enum
[INFO] [stdout] 234 |     Public = 0x0001,
[INFO] [stdout]     |     ^^^^^^
[INFO] [stdout] 235 |     Final = 0x0010,
[INFO] [stdout]     |     ^^^^^
[INFO] [stdout] 236 |     Super = 0x0020,
[INFO] [stdout]     |     ^^^^^
[INFO] [stdout] 237 |     Interface = 0x0200,
[INFO] [stdout]     |     ^^^^^^^^^
[INFO] [stdout] 238 |     Abstract = 0x0400,
[INFO] [stdout]     |     ^^^^^^^^
[INFO] [stdout] 239 |     Synthetic = 0x1000,
[INFO] [stdout]     |     ^^^^^^^^^
[INFO] [stdout] 240 |     Annotation = 0x2000,
[INFO] [stdout]     |     ^^^^^^^^^^
[INFO] [stdout] 241 |     Enum = 0x4000,
[INFO] [stdout]     |     ^^^^
[INFO] [stdout] 242 |     Module = 0x8000,
[INFO] [stdout]     |     ^^^^^^
[INFO] [stdout]     |
[INFO] [stdout]     = note: `ClassFlags` has a derived impl for the trait `Debug`, but this is intentionally ignored during dead code analysis
[INFO] [stdout] 
[INFO] [stdout] 
[INFO] [stdout] warning: associated function `parse` is never used
[INFO] [stdout]    --> src/java_class.rs:246:12
[INFO] [stdout]     |
[INFO] [stdout] 245 | impl ClassFlags {
[INFO] [stdout]     | --------------- associated function in this implementation
[INFO] [stdout] 246 |     pub fn parse(flags: u16) -> Vec<ClassFlags> {
[INFO] [stdout]     |            ^^^^^
[INFO] [stdout] 
[INFO] [stdout] 
[INFO] [stdout] warning: multiple variants are never constructed
[INFO] [stdout]    --> src/java_class.rs:305:5
[INFO] [stdout]     |
[INFO] [stdout] 304 | pub enum Attribute {
[INFO] [stdout]     |          --------- variants in this enum
[INFO] [stdout] 305 |     ConstantValue(ConstantValueAttribute),
[INFO] [stdout]     |     ^^^^^^^^^^^^^
[INFO] [stdout] 306 |     Code(CodeAttribute),
[INFO] [stdout]     |     ^^^^
[INFO] [stdout] 307 |     StackMapTable(StackMapTableAttribute),
[INFO] [stdout]     |     ^^^^^^^^^^^^^
[INFO] [stdout] 308 |     Exceptions(ExceptionsAttribute),
[INFO] [stdout]     |     ^^^^^^^^^^
[INFO] [stdout] 309 |     InnerClasses(InnerClassesAttribute),
[INFO] [stdout]     |     ^^^^^^^^^^^^
[INFO] [stdout] 310 |     EnclosingMethod(EnclosingMethodAttribute),
[INFO] [stdout]     |     ^^^^^^^^^^^^^^^
[INFO] [stdout] 311 |     Synthetic(SyntheticAttribute),
[INFO] [stdout]     |     ^^^^^^^^^
[INFO] [stdout] 312 |     Signature(SignatureAttribute),
[INFO] [stdout]     |     ^^^^^^^^^
[INFO] [stdout] 313 |     SourceFile(SourceFileAttribute),
[INFO] [stdout]     |     ^^^^^^^^^^
[INFO] [stdout] 314 |     LineNumberTable(LineNumberTableAttribute),
[INFO] [stdout]     |     ^^^^^^^^^^^^^^^
[INFO] [stdout] 315 |     LocalVariableTable(LocalVariableTableAttribute),
[INFO] [stdout]     |     ^^^^^^^^^^^^^^^^^^
[INFO] [stdout] 316 |     LocalVariableTypeTable(LocalVariableTypeTableAttribute),
[INFO] [stdout]     |     ^^^^^^^^^^^^^^^^^^^^^^
[INFO] [stdout] 317 |     Deprecated(DeprecatedAttribute),
[INFO] [stdout]     |     ^^^^^^^^^^
[INFO] [stdout]     |
[INFO] [stdout]     = note: `Attribute` has a derived impl for the trait `Debug`, but this is intentionally ignored during dead code analysis
[INFO] [stdout] 
[INFO] [stdout] 
[INFO] [stdout] warning: field `name` is never read
[INFO] [stdout]    --> src/javac.rs:128:9
[INFO] [stdout]     |
[INFO] [stdout] 127 | struct MethodInfo {
[INFO] [stdout]     |        ---------- field in this struct
[INFO] [stdout] 128 |     pub name: String,
[INFO] [stdout]     |         ^^^^
[INFO] [stdout]     |
[INFO] [stdout]     = note: `MethodInfo` has a derived impl for the trait `Debug`, but this is intentionally ignored during dead code analysis
[INFO] [stdout] 
[INFO] [stdout] 
[INFO] [stdout] warning: field `super_class` is never read
[INFO] [stdout]    --> src/javac.rs:138:9
[INFO] [stdout]     |
[INFO] [stdout] 136 | struct ClassInfo {
[INFO] [stdout]     |        --------- field in this struct
[INFO] [stdout] 137 |     pub name: String,
[INFO] [stdout] 138 |     pub super_class: String,
[INFO] [stdout]     |         ^^^^^^^^^^^
[INFO] [stdout]     |
[INFO] [stdout]     = note: `ClassInfo` has a derived impl for the trait `Debug`, but this is intentionally ignored during dead code analysis
[INFO] [stdout] 
[INFO] [stdout] 
[INFO] [stdout] warning: methods `start_index` and `pretty_print_tree` are never used
[INFO] [stdout]    --> src/javac.rs:862:12
[INFO] [stdout]     |
[INFO] [stdout] 860 | impl BlockType {
[INFO] [stdout]     | -------------- methods in this implementation
[INFO] [stdout] 861 |     /// Get the start_index of the block
[INFO] [stdout] 862 |     pub fn start_index(&self) -> usize {
[INFO] [stdout]     |            ^^^^^^^^^^^
[INFO] [stdout] ...
[INFO] [stdout] 882 |     pub fn pretty_print_tree(&self, depth: usize) {
[INFO] [stdout]     |            ^^^^^^^^^^^^^^^^^
[INFO] [stdout] 
[INFO] [stdout] 
[INFO] [stdout] warning: struct `Reader` is never constructed
[INFO] [stdout]  --> src/reader.rs:7:12
[INFO] [stdout]   |
[INFO] [stdout] 7 | pub struct Reader {
[INFO] [stdout]   |            ^^^^^^
[INFO] [stdout] 
[INFO] [stdout] 
[INFO] [stdout] warning: multiple associated items are never used
[INFO] [stdout]   --> src/reader.rs:14:12
[INFO] [stdout]    |
[INFO] [stdout] 12 | impl Reader {
[INFO] [stdout]    | ----------- associated items in this implementation
[INFO] [stdout] 13 |     /// Make a new reader for a passed file.
[INFO] [stdout] 14 |     pub fn new(filename: String) -> Self {
[INFO] [stdout]    |            ^^^
[INFO] [stdout] ...
[INFO] [stdout] 28 |     pub fn g1(&mut self) -> u8 {
[INFO] [stdout]    |            ^^
[INFO] [stdout] ...
[INFO] [stdout] 34 |     pub fn g2(&mut self) -> u16 {
[INFO] [stdout]    |            ^^
[INFO] [stdout] ...
[INFO] [stdout] 39 |     pub fn g2u(&mut self) -> usize {
[INFO] [stdout]    |            ^^^
[INFO] [stdout] ...
[INFO] [stdout] 44 |     pub fn g4(&mut self) -> u32 {
[INFO] [stdout]    |            ^^
[INFO] [stdout] ...
[INFO] [stdout] 52 |     pub fn g(&mut self, size: usize) -> Vec<u8> {
[INFO] [stdout]    |            ^
[INFO] [stdout] ...
[INFO] [stdout] 58 |     pub fn g4_array(&mut self) -> [u8; 4] {
[INFO] [stdout]    |            ^^^^^^^^
[INFO] [stdout] ...
[INFO] [stdout] 65 |     pub fn g8_array(&mut self) -> [u8; 8] {
[INFO] [stdout]    |            ^^^^^^^^
[INFO] [stdout] ...
[INFO] [stdout] 72 |     pub fn pos(&self) -> usize {
[INFO] [stdout]    |            ^^^
[INFO] [stdout] ...
[INFO] [stdout] 77 |     pub fn set_pos(&mut self, pos: usize) {
[INFO] [stdout]    |            ^^^^^^^
[INFO] [stdout] 
[INFO] [stdout] 
[INFO] [stdout] warning: 24 warnings emitted
[INFO] [stdout] 
[INFO] [stdout] 
[INFO] [stderr]     Finished dev [unoptimized + debuginfo] target(s) in 4.36s
[INFO] running `Command { std: "docker" "inspect" "52bc9227e1e8e94c21df413ebeda59f44183a51ddbf6a6db6da45c06745add80", kill_on_drop: false }`
[INFO] running `Command { std: "docker" "rm" "-f" "52bc9227e1e8e94c21df413ebeda59f44183a51ddbf6a6db6da45c06745add80", kill_on_drop: false }`
[INFO] [stdout] 52bc9227e1e8e94c21df413ebeda59f44183a51ddbf6a6db6da45c06745add80
[INFO] running `Command { std: "docker" "create" "-v" "/var/lib/crater-agent-workspace/builds/worker-4-tc2/target:/opt/rustwide/target:rw,Z" "-v" "/var/lib/crater-agent-workspace/builds/worker-4-tc2/source:/opt/rustwide/workdir:ro,Z" "-v" "/var/lib/crater-agent-workspace/cargo-home:/opt/rustwide/cargo-home:ro,Z" "-v" "/var/lib/crater-agent-workspace/rustup-home:/opt/rustwide/rustup-home:ro,Z" "-e" "SOURCE_DIR=/opt/rustwide/workdir" "-e" "CARGO_TARGET_DIR=/opt/rustwide/target" "-e" "CARGO_INCREMENTAL=0" "-e" "RUST_BACKTRACE=full" "-e" "RUSTFLAGS=--cap-lints=warn" "-e" "RUSTDOCFLAGS=--cap-lints=warn" "-e" "CARGO_HOME=/opt/rustwide/cargo-home" "-e" "RUSTUP_HOME=/opt/rustwide/rustup-home" "-w" "/opt/rustwide/workdir" "-m" "1610612736" "--user" "0:0" "--network" "none" "ghcr.io/rust-lang/crates-build-env/linux@sha256:2788e3201cd34a07e3172128adcd8b3090168a8e3bcc40d7c032b9dda1df7d1c" "/opt/rustwide/cargo-home/bin/cargo" "+beta-2023-12-22" "test" "--frozen" "--no-run" "--message-format=json", kill_on_drop: false }`
[INFO] [stdout] ca67e34f669e37468ecbfcef52611a4d2dc8d7ddb1a7144b41c7e57c74220383
[INFO] running `Command { std: "docker" "start" "-a" "ca67e34f669e37468ecbfcef52611a4d2dc8d7ddb1a7144b41c7e57c74220383", kill_on_drop: false }`
[INFO] [stderr]    Compiling rustjava v0.1.0 (/opt/rustwide/workdir)
[INFO] [stdout] warning: unused import: `std::any::Any`
[INFO] [stdout]  --> src/javac.rs:1:5
[INFO] [stdout]   |
[INFO] [stdout] 1 | use std::any::Any;
[INFO] [stdout]   |     ^^^^^^^^^^^^^
[INFO] [stdout]   |
[INFO] [stdout]   = note: `#[warn(unused_imports)]` on by default
[INFO] [stdout] 
[INFO] [stdout] 
[INFO] [stdout] warning: unused variable: `left_type`
[INFO] [stdout]     --> src/javac.rs:1149:33
[INFO] [stdout]      |
[INFO] [stdout] 1149 |         let (left_instructions, left_type) = parse_expression(
[INFO] [stdout]      |                                 ^^^^^^^^^ help: if this is intentional, prefix it with an underscore: `_left_type`
[INFO] [stdout]      |
[INFO] [stdout]      = note: `#[warn(unused_variables)]` on by default
[INFO] [stdout] 
[INFO] [stdout] 
[INFO] [stdout] warning: unused variable: `right_type`
[INFO] [stdout]     --> src/javac.rs:1158:34
[INFO] [stdout]      |
[INFO] [stdout] 1158 |         let (right_instructions, right_type) = parse_expression(
[INFO] [stdout]      |                                  ^^^^^^^^^^ help: if this is intentional, prefix it with an underscore: `_right_type`
[INFO] [stdout] 
[INFO] [stdout] 
[INFO] [stdout] warning: field `name` is never read
[INFO] [stdout]    --> src/javac.rs:128:9
[INFO] [stdout]     |
[INFO] [stdout] 127 | struct MethodInfo {
[INFO] [stdout]     |        ---------- field in this struct
[INFO] [stdout] 128 |     pub name: String,
[INFO] [stdout]     |         ^^^^
[INFO] [stdout]     |
[INFO] [stdout]     = note: `MethodInfo` has a derived impl for the trait `Debug`, but this is intentionally ignored during dead code analysis
[INFO] [stdout]     = note: `#[warn(dead_code)]` on by default
[INFO] [stdout] 
[INFO] [stdout] 
[INFO] [stdout] warning: field `super_class` is never read
[INFO] [stdout]    --> src/javac.rs:138:9
[INFO] [stdout]     |
[INFO] [stdout] 136 | struct ClassInfo {
[INFO] [stdout]     |        --------- field in this struct
[INFO] [stdout] 137 |     pub name: String,
[INFO] [stdout] 138 |     pub super_class: String,
[INFO] [stdout]     |         ^^^^^^^^^^^
[INFO] [stdout]     |
[INFO] [stdout]     = note: `ClassInfo` has a derived impl for the trait `Debug`, but this is intentionally ignored during dead code analysis
[INFO] [stdout] 
[INFO] [stdout] 
[INFO] [stdout] warning: methods `start_index` and `pretty_print_tree` are never used
[INFO] [stdout]    --> src/javac.rs:862:12
[INFO] [stdout]     |
[INFO] [stdout] 860 | impl BlockType {
[INFO] [stdout]     | -------------- methods in this implementation
[INFO] [stdout] 861 |     /// Get the start_index of the block
[INFO] [stdout] 862 |     pub fn start_index(&self) -> usize {
[INFO] [stdout]     |            ^^^^^^^^^^^
[INFO] [stdout] ...
[INFO] [stdout] 882 |     pub fn pretty_print_tree(&self, depth: usize) {
[INFO] [stdout]     |            ^^^^^^^^^^^^^^^^^
[INFO] [stdout] 
[INFO] [stdout] 
[INFO] [stdout] warning: 6 warnings emitted
[INFO] [stdout] 
[INFO] [stdout] 
[INFO] [stderr]     Finished test [unoptimized + debuginfo] target(s) in 0.96s
[INFO] running `Command { std: "docker" "inspect" "ca67e34f669e37468ecbfcef52611a4d2dc8d7ddb1a7144b41c7e57c74220383", kill_on_drop: false }`
[INFO] running `Command { std: "docker" "rm" "-f" "ca67e34f669e37468ecbfcef52611a4d2dc8d7ddb1a7144b41c7e57c74220383", kill_on_drop: false }`
[INFO] [stdout] ca67e34f669e37468ecbfcef52611a4d2dc8d7ddb1a7144b41c7e57c74220383
[INFO] running `Command { std: "docker" "create" "-v" "/var/lib/crater-agent-workspace/builds/worker-4-tc2/target:/opt/rustwide/target:rw,Z" "-v" "/var/lib/crater-agent-workspace/builds/worker-4-tc2/source:/opt/rustwide/workdir:ro,Z" "-v" "/var/lib/crater-agent-workspace/cargo-home:/opt/rustwide/cargo-home:ro,Z" "-v" "/var/lib/crater-agent-workspace/rustup-home:/opt/rustwide/rustup-home:ro,Z" "-e" "SOURCE_DIR=/opt/rustwide/workdir" "-e" "CARGO_TARGET_DIR=/opt/rustwide/target" "-e" "CARGO_INCREMENTAL=0" "-e" "RUST_BACKTRACE=full" "-e" "RUSTFLAGS=--cap-lints=warn" "-e" "RUSTDOCFLAGS=--cap-lints=warn" "-e" "CARGO_HOME=/opt/rustwide/cargo-home" "-e" "RUSTUP_HOME=/opt/rustwide/rustup-home" "-w" "/opt/rustwide/workdir" "-m" "1610612736" "--user" "0:0" "--network" "none" "ghcr.io/rust-lang/crates-build-env/linux@sha256:2788e3201cd34a07e3172128adcd8b3090168a8e3bcc40d7c032b9dda1df7d1c" "/opt/rustwide/cargo-home/bin/cargo" "+beta-2023-12-22" "test" "--frozen", kill_on_drop: false }`
[INFO] [stdout] 3e5ebc3eccdd84fdd6393cefe6703611440e3df95bb9c988c43f8c2cf7e21b2b
[INFO] running `Command { std: "docker" "start" "-a" "3e5ebc3eccdd84fdd6393cefe6703611440e3df95bb9c988c43f8c2cf7e21b2b", kill_on_drop: false }`
[INFO] [stderr] warning: unused import: `std::any::Any`
[INFO] [stderr]  --> src/javac.rs:1:5
[INFO] [stderr]   |
[INFO] [stderr] 1 | use std::any::Any;
[INFO] [stderr]   |     ^^^^^^^^^^^^^
[INFO] [stderr]   |
[INFO] [stderr]   = note: `#[warn(unused_imports)]` on by default
[INFO] [stderr] 
[INFO] [stderr] warning: unused variable: `left_type`
[INFO] [stderr]     --> src/javac.rs:1149:33
[INFO] [stderr]      |
[INFO] [stderr] 1149 |         let (left_instructions, left_type) = parse_expression(
[INFO] [stderr]      |                                 ^^^^^^^^^ help: if this is intentional, prefix it with an underscore: `_left_type`
[INFO] [stderr]      |
[INFO] [stderr]      = note: `#[warn(unused_variables)]` on by default
[INFO] [stderr] 
[INFO] [stderr] warning: unused variable: `right_type`
[INFO] [stderr]     --> src/javac.rs:1158:34
[INFO] [stderr]      |
[INFO] [stderr] 1158 |         let (right_instructions, right_type) = parse_expression(
[INFO] [stderr]      |                                  ^^^^^^^^^^ help: if this is intentional, prefix it with an underscore: `_right_type`
[INFO] [stderr] 
[INFO] [stderr] warning: field `name` is never read
[INFO] [stderr]    --> src/javac.rs:128:9
[INFO] [stderr]     |
[INFO] [stderr] 127 | struct MethodInfo {
[INFO] [stderr]     |        ---------- field in this struct
[INFO] [stderr] 128 |     pub name: String,
[INFO] [stderr]     |         ^^^^
[INFO] [stderr]     |
[INFO] [stderr]     = note: `MethodInfo` has a derived impl for the trait `Debug`, but this is intentionally ignored during dead code analysis
[INFO] [stderr]     = note: `#[warn(dead_code)]` on by default
[INFO] [stderr] 
[INFO] [stderr] warning: field `super_class` is never read
[INFO] [stderr]    --> src/javac.rs:138:9
[INFO] [stderr]     |
[INFO] [stderr] 136 | struct ClassInfo {
[INFO] [stderr]     |        --------- field in this struct
[INFO] [stderr] 137 |     pub name: String,
[INFO] [stderr] 138 |     pub super_class: String,
[INFO] [stderr]     |         ^^^^^^^^^^^
[INFO] [stderr]     |
[INFO] [stderr]     = note: `ClassInfo` has a derived impl for the trait `Debug`, but this is intentionally ignored during dead code analysis
[INFO] [stderr] 
[INFO] [stderr] warning: methods `start_index` and `pretty_print_tree` are never used
[INFO] [stderr]    --> src/javac.rs:862:12
[INFO] [stderr]     |
[INFO] [stderr] 860 | impl BlockType {
[INFO] [stderr]     | -------------- methods in this implementation
[INFO] [stderr] 861 |     /// Get the start_index of the block
[INFO] [stderr] 862 |     pub fn start_index(&self) -> usize {
[INFO] [stderr]     |            ^^^^^^^^^^^
[INFO] [stderr] ...
[INFO] [stderr] 882 |     pub fn pretty_print_tree(&self, depth: usize) {
[INFO] [stderr]     |            ^^^^^^^^^^^^^^^^^
[INFO] [stderr] 
[INFO] [stderr] warning: `rustjava` (bin "rustjava" test) generated 6 warnings (run `cargo fix --bin "rustjava" --tests` to apply 3 suggestions)
[INFO] [stderr]     Finished test [unoptimized + debuginfo] target(s) in 0.01s
[INFO] [stderr]      Running unittests src/main.rs (/opt/rustwide/target/debug/deps/rustjava-8f68e68274235a51)
[INFO] [stdout] 
[INFO] [stdout] running 13 tests
[INFO] [stdout] test tests::array_class_file_test ... ok
[INFO] [stdout] test tests::advanced_if_class_file_test ... ok
[INFO] [stdout] test tests::add_class_file_test ... ok
[INFO] [stdout] test tests::class_class_file_test ... ok
[INFO] [stdout] test tests::hello_world_class_file_test ... ok
[INFO] [stdout] test tests::if_class_file_test ... ok
[INFO] [stdout] test tests::main_class_file_test ... ok
[INFO] [stdout] test tests::add_test ... ok
[INFO] [stdout] test tests::hello_world_test ... ok
[INFO] [stdout] test tests::main_test ... ok
[INFO] [stdout] test tests::if_test ... ok
[INFO] [stdout] test tests::advanced_if_test ... ok
[INFO] [stdout] test tests::array_test ... FAILED
[INFO] [stdout] 
[INFO] [stdout] failures:
[INFO] [stdout] 
[INFO] [stdout] ---- tests::array_test stdout ----
[INFO] [stdout] Running Array.java | Expected 10 and got: program [0..223]
[INFO] [stdout]   class_declaration [0..223]
[INFO] [stdout]     modifiers [0..6]
[INFO] [stdout]       public [0..6]
[INFO] [stdout]     class [7..12]
[INFO] [stdout]     identifier [13..17]
[INFO] [stdout]     class_body [18..223]
[INFO] [stdout]       { [18..19]
[INFO] [stdout]       method_declaration [24..221]
[INFO] [stdout]         modifiers [24..37]
[INFO] [stdout]           public [24..30]
[INFO] [stdout]           static [31..37]
[INFO] [stdout]         void_type [38..42]
[INFO] [stdout]         identifier [43..47]
[INFO] [stdout]         formal_parameters [47..62]
[INFO] [stdout]           ( [47..48]
[INFO] [stdout]           formal_parameter [48..61]
[INFO] [stdout]             array_type [48..56]
[INFO] [stdout]               type_identifier [48..54]
[INFO] [stdout]               dimensions [54..56]
[INFO] [stdout]                 [ [54..55]
[INFO] [stdout]                 ] [55..56]
[INFO] [stdout]             identifier [57..61]
[INFO] [stdout]           ) [61..62]
[INFO] [stdout]         block [63..221]
[INFO] [stdout]           { [63..64]
[INFO] [stdout]           local_variable_declaration [73..101]
[INFO] [stdout]             array_type [73..78]
[INFO] [stdout]               integral_type [73..76]
[INFO] [stdout]                 int [73..76]
[INFO] [stdout]               dimensions [76..78]
[INFO] [stdout]                 [ [76..77]
[INFO] [stdout]                 ] [77..78]
[INFO] [stdout]             variable_declarator [79..100]
[INFO] [stdout]               identifier [79..82]
[INFO] [stdout]               = [83..84]
[INFO] [stdout]               array_initializer [85..100]
[INFO] [stdout]                 { [85..86]
[INFO] [stdout]                 decimal_integer_literal [86..87]
[INFO] [stdout]                 , [87..88]
[INFO] [stdout]                 decimal_integer_literal [89..90]
[INFO] [stdout]                 , [90..91]
[INFO] [stdout]                 decimal_integer_literal [92..93]
[INFO] [stdout]                 , [93..94]
[INFO] [stdout]                 decimal_integer_literal [95..96]
[INFO] [stdout]                 , [96..97]
[INFO] [stdout]                 decimal_integer_literal [98..99]
[INFO] [stdout]                 } [99..100]
[INFO] [stdout]             ; [100..101]
[INFO] [stdout]           local_variable_declaration [110..156]
[INFO] [stdout]             array_type [110..117]
[INFO] [stdout]               floating_point_type [110..115]
[INFO] [stdout]                 float [110..115]
[INFO] [stdout]               dimensions [115..117]
[INFO] [stdout]                 [ [115..116]
[INFO] [stdout]                 ] [116..117]
[INFO] [stdout]             variable_declarator [118..155]
[INFO] [stdout]               identifier [118..122]
[INFO] [stdout]               = [123..124]
[INFO] [stdout]               array_initializer [125..155]
[INFO] [stdout]                 { [125..126]
[INFO] [stdout]                 decimal_floating_point_literal [126..130]
[INFO] [stdout]                 , [130..131]
[INFO] [stdout]                 decimal_floating_point_literal [132..136]
[INFO] [stdout]                 , [136..137]
[INFO] [stdout]                 decimal_floating_point_literal [138..142]
[INFO] [stdout]                 , [142..143]
[INFO] [stdout]                 decimal_floating_point_literal [144..148]
[INFO] [stdout]                 , [148..149]
[INFO] [stdout]                 decimal_floating_point_literal [150..154]
[INFO] [stdout]                 } [154..155]
[INFO] [stdout]             ; [155..156]
[INFO] [stdout]           expression_statement [166..178]
[INFO] [stdout]             assignment_expression [166..177]
[INFO] [stdout]               array_access [166..172]
[INFO] [stdout]                 identifier [166..169]
[INFO] [stdout]                 [ [169..170]
[INFO] [stdout]                 decimal_integer_literal [170..171]
[INFO] [stdout]                 ] [171..172]
[INFO] [stdout]               = [173..174]
[INFO] [stdout]               decimal_integer_literal [175..177]
[INFO] [stdout]             ; [177..178]
[INFO] [stdout]           expression_statement [188..215]
[INFO] [stdout]             method_invocation [188..214]
[INFO] [stdout]               field_access [188..198]
[INFO] [stdout]                 identifier [188..194]
[INFO] [stdout]                 . [194..195]
[INFO] [stdout]                 identifier [195..198]
[INFO] [stdout]               . [198..199]
[INFO] [stdout]               identifier [199..206]
[INFO] [stdout]               argument_list [206..214]
[INFO] [stdout]                 ( [206..207]
[INFO] [stdout]                 array_access [207..213]
[INFO] [stdout]                   identifier [207..210]
[INFO] [stdout]                   [ [210..211]
[INFO] [stdout]                   decimal_integer_literal [211..212]
[INFO] [stdout]                   ] [212..213]
[INFO] [stdout]                 ) [213..214]
[INFO] [stdout]             ; [214..215]
[INFO] [stdout]           } [220..221]
[INFO] [stdout]       } [222..223]
[INFO] [stdout] 
[INFO] [stdout] Methods: Ok([MethodInfo { name: "main", signature: "main([Ljava/lang/String;)V", variables: SuperLocals { local_names: ["args"], local_types: [Reference], reference_classes: {} }, return_type: Null }])
[INFO] [stdout] thread 'tests::array_test' panicked at src/tests.rs:138:13:
[INFO] [stdout] 
[INFO] [stdout] [31massignment_expression has no children with kind identifier[0m
[INFO] [stdout] stack backtrace:
[INFO] [stdout]    0:     0x55fa80c21e16 - std::backtrace_rs::backtrace::libunwind::trace::h261606ad26a499c1
[INFO] [stdout]                                at /rustc/0e09125c6c3c2fd70d7de961bcf0e51575235fad/library/std/src/../../backtrace/src/backtrace/libunwind.rs:104:5
[INFO] [stdout]    1:     0x55fa80c21e16 - std::backtrace_rs::backtrace::trace_unsynchronized::hd183f0625477fb28
[INFO] [stdout]                                at /rustc/0e09125c6c3c2fd70d7de961bcf0e51575235fad/library/std/src/../../backtrace/src/backtrace/mod.rs:66:5
[INFO] [stdout]    2:     0x55fa80c21e16 - std::sys_common::backtrace::_print_fmt::hd7f8fef21b4eda67
[INFO] [stdout]                                at /rustc/0e09125c6c3c2fd70d7de961bcf0e51575235fad/library/std/src/sys_common/backtrace.rs:68:5
[INFO] [stdout]    3:     0x55fa80c21e16 - <std::sys_common::backtrace::_print::DisplayBacktrace as core::fmt::Display>::fmt::h623d9b51f2f453f1
[INFO] [stdout]                                at /rustc/0e09125c6c3c2fd70d7de961bcf0e51575235fad/library/std/src/sys_common/backtrace.rs:44:22
[INFO] [stdout]    4:     0x55fa80c4cdd0 - core::fmt::rt::Argument::fmt::h9f417ac76a86f368
[INFO] [stdout]                                at /rustc/0e09125c6c3c2fd70d7de961bcf0e51575235fad/library/core/src/fmt/rt.rs:142:9
[INFO] [stdout]    5:     0x55fa80c4cdd0 - core::fmt::write::hc9b6faf4ac2aeff7
[INFO] [stdout]                                at /rustc/0e09125c6c3c2fd70d7de961bcf0e51575235fad/library/core/src/fmt/mod.rs:1120:17
[INFO] [stdout]    6:     0x55fa80c1f87f - std::io::Write::write_fmt::he04625a3a989fec3
[INFO] [stdout]                                at /rustc/0e09125c6c3c2fd70d7de961bcf0e51575235fad/library/std/src/io/mod.rs:1810:15
[INFO] [stdout]    7:     0x55fa80c21bf4 - std::sys_common::backtrace::_print::hd5d66399c7df88a2
[INFO] [stdout]                                at /rustc/0e09125c6c3c2fd70d7de961bcf0e51575235fad/library/std/src/sys_common/backtrace.rs:47:5
[INFO] [stdout]    8:     0x55fa80c21bf4 - std::sys_common::backtrace::print::he81ed2da642d37e5
[INFO] [stdout]                                at /rustc/0e09125c6c3c2fd70d7de961bcf0e51575235fad/library/std/src/sys_common/backtrace.rs:34:9
[INFO] [stdout]    9:     0x55fa80c23967 - std::panicking::default_hook::{{closure}}::h85773f4fa117163d
[INFO] [stdout]   10:     0x55fa80c2364d - std::panicking::default_hook::h6a1694a91d09b278
[INFO] [stdout]                                at /rustc/0e09125c6c3c2fd70d7de961bcf0e51575235fad/library/std/src/panicking.rs:289:9
[INFO] [stdout]   11:     0x55fa80bd21b7 - <alloc::boxed::Box<F,A> as core::ops::function::Fn<Args>>::call::h616ac37fa3cd6c8f
[INFO] [stdout]                                at /rustc/0e09125c6c3c2fd70d7de961bcf0e51575235fad/library/alloc/src/boxed.rs:2029:9
[INFO] [stdout]   12:     0x55fa80bd21b7 - test::test_main::{{closure}}::h00d84697cefdcbb6
[INFO] [stdout]                                at /rustc/0e09125c6c3c2fd70d7de961bcf0e51575235fad/library/test/src/lib.rs:138:21
[INFO] [stdout]   13:     0x55fa80c23f86 - <alloc::boxed::Box<F,A> as core::ops::function::Fn<Args>>::call::hcb3fe3b9bb537ba8
[INFO] [stdout]                                at /rustc/0e09125c6c3c2fd70d7de961bcf0e51575235fad/library/alloc/src/boxed.rs:2029:9
[INFO] [stdout]   14:     0x55fa80c23f86 - std::panicking::rust_panic_with_hook::h0a7ad96e90f7145b
[INFO] [stdout]                                at /rustc/0e09125c6c3c2fd70d7de961bcf0e51575235fad/library/std/src/panicking.rs:783:13
[INFO] [stdout]   15:     0x55fa80c23cd2 - std::panicking::begin_panic_handler::{{closure}}::h7919090525c6485e
[INFO] [stdout]                                at /rustc/0e09125c6c3c2fd70d7de961bcf0e51575235fad/library/std/src/panicking.rs:657:13
[INFO] [stdout]   16:     0x55fa80c22316 - std::sys_common::backtrace::__rust_end_short_backtrace::hf3289479464f7dfe
[INFO] [stdout]                                at /rustc/0e09125c6c3c2fd70d7de961bcf0e51575235fad/library/std/src/sys_common/backtrace.rs:171:18
[INFO] [stdout]   17:     0x55fa80c23a30 - rust_begin_unwind
[INFO] [stdout]                                at /rustc/0e09125c6c3c2fd70d7de961bcf0e51575235fad/library/std/src/panicking.rs:645:5
[INFO] [stdout]   18:     0x55fa80b40e25 - core::panicking::panic_fmt::hcc9f77c5c132af55
[INFO] [stdout]                                at /rustc/0e09125c6c3c2fd70d7de961bcf0e51575235fad/library/core/src/panicking.rs:72:14
[INFO] [stdout]   19:     0x55fa80b8b86b - rustjava::tests::compile_and_run_test::h589a92ef34e2938b
[INFO] [stdout]                                at /opt/rustwide/workdir/src/tests.rs:138:13
[INFO] [stdout]   20:     0x55fa80b8bd7e - rustjava::tests::array_test::h29e5244af1e9eeea
[INFO] [stdout]                                at /opt/rustwide/workdir/src/tests.rs:12:5
[INFO] [stdout]   21:     0x55fa80b8bd47 - rustjava::tests::array_test::{{closure}}::h5022420cf9a3974b
[INFO] [stdout]                                at /opt/rustwide/workdir/src/tests.rs:11:16
[INFO] [stdout]   22:     0x55fa80b82316 - core::ops::function::FnOnce::call_once::h735b15ea4b7c9898
[INFO] [stdout]                                at /rustc/0e09125c6c3c2fd70d7de961bcf0e51575235fad/library/core/src/ops/function.rs:250:5
[INFO] [stdout]   23:     0x55fa80bd7a8f - core::ops::function::FnOnce::call_once::hd64d26f405258157
[INFO] [stdout]                                at /rustc/0e09125c6c3c2fd70d7de961bcf0e51575235fad/library/core/src/ops/function.rs:250:5
[INFO] [stdout]   24:     0x55fa80bd7a8f - test::__rust_begin_short_backtrace::he21b0b7a6d731bf9
[INFO] [stdout]                                at /rustc/0e09125c6c3c2fd70d7de961bcf0e51575235fad/library/test/src/lib.rs:627:18
[INFO] [stdout]   25:     0x55fa80bd6811 - test::run_test_in_process::{{closure}}::hf5c73986d7bdfde2
[INFO] [stdout]                                at /rustc/0e09125c6c3c2fd70d7de961bcf0e51575235fad/library/test/src/lib.rs:650:60
[INFO] [stdout]   26:     0x55fa80bd6811 - <core::panic::unwind_safe::AssertUnwindSafe<F> as core::ops::function::FnOnce<()>>::call_once::h330011ad032aadc0
[INFO] [stdout]                                at /rustc/0e09125c6c3c2fd70d7de961bcf0e51575235fad/library/core/src/panic/unwind_safe.rs:272:9
[INFO] [stdout]   27:     0x55fa80bd6811 - std::panicking::try::do_call::he61b0a958b795a41
[INFO] [stdout]                                at /rustc/0e09125c6c3c2fd70d7de961bcf0e51575235fad/library/std/src/panicking.rs:552:40
[INFO] [stdout]   28:     0x55fa80bd6811 - std::panicking::try::h7309da130f906eb7
[INFO] [stdout]                                at /rustc/0e09125c6c3c2fd70d7de961bcf0e51575235fad/library/std/src/panicking.rs:516:19
[INFO] [stdout]   29:     0x55fa80bd6811 - std::panic::catch_unwind::hc5c3a06fdaf0a92a
[INFO] [stdout]                                at /rustc/0e09125c6c3c2fd70d7de961bcf0e51575235fad/library/std/src/panic.rs:142:14
[INFO] [stdout]   30:     0x55fa80bd6811 - test::run_test_in_process::h7e7b7c71c3324e0f
[INFO] [stdout]                                at /rustc/0e09125c6c3c2fd70d7de961bcf0e51575235fad/library/test/src/lib.rs:650:27
[INFO] [stdout]   31:     0x55fa80bd6811 - test::run_test::{{closure}}::h1f509f28f5cf20b1
[INFO] [stdout]                                at /rustc/0e09125c6c3c2fd70d7de961bcf0e51575235fad/library/test/src/lib.rs:573:43
[INFO] [stdout]   32:     0x55fa80b9db46 - test::run_test::{{closure}}::h1754218abf443f6d
[INFO] [stdout]                                at /rustc/0e09125c6c3c2fd70d7de961bcf0e51575235fad/library/test/src/lib.rs:601:41
[INFO] [stdout]   33:     0x55fa80b9db46 - std::sys_common::backtrace::__rust_begin_short_backtrace::h2ee174b9d5954948
[INFO] [stdout]                                at /rustc/0e09125c6c3c2fd70d7de961bcf0e51575235fad/library/std/src/sys_common/backtrace.rs:155:18
[INFO] [stdout]   34:     0x55fa80ba2ba7 - std::thread::Builder::spawn_unchecked_::{{closure}}::{{closure}}::hf60bee9c1a17ef09
[INFO] [stdout]                                at /rustc/0e09125c6c3c2fd70d7de961bcf0e51575235fad/library/std/src/thread/mod.rs:529:17
[INFO] [stdout]   35:     0x55fa80ba2ba7 - <core::panic::unwind_safe::AssertUnwindSafe<F> as core::ops::function::FnOnce<()>>::call_once::h33d0dddec5216160
[INFO] [stdout]                                at /rustc/0e09125c6c3c2fd70d7de961bcf0e51575235fad/library/core/src/panic/unwind_safe.rs:272:9
[INFO] [stdout]   36:     0x55fa80ba2ba7 - std::panicking::try::do_call::h144b3048b546f835
[INFO] [stdout]                                at /rustc/0e09125c6c3c2fd70d7de961bcf0e51575235fad/library/std/src/panicking.rs:552:40
[INFO] [stdout]   37:     0x55fa80ba2ba7 - std::panicking::try::h978244d04646189f
[INFO] [stdout]                                at /rustc/0e09125c6c3c2fd70d7de961bcf0e51575235fad/library/std/src/panicking.rs:516:19
[INFO] [stdout]   38:     0x55fa80ba2ba7 - std::panic::catch_unwind::hdf436369d188fe86
[INFO] [stdout]                                at /rustc/0e09125c6c3c2fd70d7de961bcf0e51575235fad/library/std/src/panic.rs:142:14
[INFO] [stdout]   39:     0x55fa80ba2ba7 - std::thread::Builder::spawn_unchecked_::{{closure}}::h87329cbdd33c79ec
[INFO] [stdout]                                at /rustc/0e09125c6c3c2fd70d7de961bcf0e51575235fad/library/std/src/thread/mod.rs:528:30
[INFO] [stdout]   40:     0x55fa80ba2ba7 - core::ops::function::FnOnce::call_once{{vtable.shim}}::h401abbe67897d450
[INFO] [stdout]                                at /rustc/0e09125c6c3c2fd70d7de961bcf0e51575235fad/library/core/src/ops/function.rs:250:5
[INFO] [stdout]   41:     0x55fa80c28a35 - <alloc::boxed::Box<F,A> as core::ops::function::FnOnce<Args>>::call_once::h5d7c8f150ab9c84c
[INFO] [stdout]                                at /rustc/0e09125c6c3c2fd70d7de961bcf0e51575235fad/library/alloc/src/boxed.rs:2015:9
[INFO] [stdout]   42:     0x55fa80c28a35 - <alloc::boxed::Box<F,A> as core::ops::function::FnOnce<Args>>::call_once::h570d5b005c242c15
[INFO] [stdout]                                at /rustc/0e09125c6c3c2fd70d7de961bcf0e51575235fad/library/alloc/src/boxed.rs:2015:9
[INFO] [stdout]   43:     0x55fa80c28a35 - std::sys::unix::thread::Thread::new::thread_start::h36b0a20c0b2361ad
[INFO] [stdout]                                at /rustc/0e09125c6c3c2fd70d7de961bcf0e51575235fad/library/std/src/sys/unix/thread.rs:108:17
[INFO] [stdout]   44:     0x7f25b7037ac3 - <unknown>
[INFO] [stdout]   45:     0x7f25b70c8bf4 - __clone
[INFO] [stdout]   46:                0x0 - <unknown>
[INFO] [stdout] 
[INFO] [stdout] 
[INFO] [stdout] failures:
[INFO] [stdout]     tests::array_test
[INFO] [stdout] 
[INFO] [stdout] test result: FAILED. 12 passed; 1 failed; 0 ignored; 0 measured; 0 filtered out; finished in 0.02s
[INFO] [stdout] 
[INFO] [stderr] error: test failed, to rerun pass `--bin rustjava`
[INFO] running `Command { std: "docker" "inspect" "3e5ebc3eccdd84fdd6393cefe6703611440e3df95bb9c988c43f8c2cf7e21b2b", kill_on_drop: false }`
[INFO] running `Command { std: "docker" "rm" "-f" "3e5ebc3eccdd84fdd6393cefe6703611440e3df95bb9c988c43f8c2cf7e21b2b", kill_on_drop: false }`
[INFO] [stdout] 3e5ebc3eccdd84fdd6393cefe6703611440e3df95bb9c988c43f8c2cf7e21b2b
