[INFO] cloning repository https://github.com/MPult/Rexit
[INFO] running `Command { std: "git" "-c" "credential.helper=" "-c" "credential.helper=/workspace/cargo-home/bin/git-credential-null" "clone" "--bare" "https://github.com/MPult/Rexit" "/workspace/cache/git-repos/https%3A%2F%2Fgithub.com%2FMPult%2FRexit", kill_on_drop: false }`
[INFO] [stderr] Cloning into bare repository '/workspace/cache/git-repos/https%3A%2F%2Fgithub.com%2FMPult%2FRexit'...
[INFO] running `Command { std: "git" "rev-parse" "HEAD", kill_on_drop: false }`
[INFO] [stdout] 8a2c03702cac2722923b6d314d137fc10cab429f
[INFO] testing MPult/Rexit against 1.75.0 for beta-1.76-1
[INFO] running `Command { std: "git" "clone" "/workspace/cache/git-repos/https%3A%2F%2Fgithub.com%2FMPult%2FRexit" "/workspace/builds/worker-4-tc1/source", kill_on_drop: false }`
[INFO] [stderr] Cloning into '/workspace/builds/worker-4-tc1/source'...
[INFO] [stderr] done.
[INFO] validating manifest of git repo https://github.com/MPult/Rexit on toolchain 1.75.0
[INFO] running `Command { std: CARGO_HOME="/workspace/cargo-home" RUSTUP_HOME="/workspace/rustup-home" "/workspace/cargo-home/bin/cargo" "+1.75.0" "metadata" "--manifest-path" "Cargo.toml" "--no-deps", kill_on_drop: false }`
[INFO] started tweaking git repo https://github.com/MPult/Rexit
[INFO] finished tweaking git repo https://github.com/MPult/Rexit
[INFO] tweaked toml for git repo https://github.com/MPult/Rexit written to /workspace/builds/worker-4-tc1/source/Cargo.toml
[INFO] crate git repo https://github.com/MPult/Rexit already has a lockfile, it will not be regenerated
[INFO] running `Command { std: CARGO_HOME="/workspace/cargo-home" RUSTUP_HOME="/workspace/rustup-home" "/workspace/cargo-home/bin/cargo" "+1.75.0" "fetch" "--manifest-path" "Cargo.toml", kill_on_drop: false }`
[INFO] [stderr]  Downloading crates ...
[INFO] [stderr]   Downloaded thread-id v4.2.0
[INFO] [stderr]   Downloaded dyn-clone v1.0.13
[INFO] [stderr]   Downloaded clap_builder v4.3.24
[INFO] [stderr]   Downloaded clap v4.3.24
[INFO] running `Command { std: "docker" "create" "-v" "/var/lib/crater-agent-workspace/builds/worker-4-tc1/target:/opt/rustwide/target:rw,Z" "-v" "/var/lib/crater-agent-workspace/builds/worker-4-tc1/source:/opt/rustwide/workdir:ro,Z" "-v" "/var/lib/crater-agent-workspace/cargo-home:/opt/rustwide/cargo-home:ro,Z" "-v" "/var/lib/crater-agent-workspace/rustup-home:/opt/rustwide/rustup-home:ro,Z" "-e" "SOURCE_DIR=/opt/rustwide/workdir" "-e" "CARGO_TARGET_DIR=/opt/rustwide/target" "-e" "CARGO_HOME=/opt/rustwide/cargo-home" "-e" "RUSTUP_HOME=/opt/rustwide/rustup-home" "-w" "/opt/rustwide/workdir" "-m" "1610612736" "--user" "0:0" "--network" "none" "ghcr.io/rust-lang/crates-build-env/linux@sha256:2788e3201cd34a07e3172128adcd8b3090168a8e3bcc40d7c032b9dda1df7d1c" "/opt/rustwide/cargo-home/bin/cargo" "+1.75.0" "metadata" "--no-deps" "--format-version=1", kill_on_drop: false }`
[INFO] [stdout] f74a8d11fa3c1918ebc88c7b08861beb3b3a74923bfcd6529cf8a94663b4ef74
[INFO] running `Command { std: "docker" "start" "-a" "f74a8d11fa3c1918ebc88c7b08861beb3b3a74923bfcd6529cf8a94663b4ef74", kill_on_drop: false }`
[INFO] running `Command { std: "docker" "inspect" "f74a8d11fa3c1918ebc88c7b08861beb3b3a74923bfcd6529cf8a94663b4ef74", kill_on_drop: false }`
[INFO] running `Command { std: "docker" "rm" "-f" "f74a8d11fa3c1918ebc88c7b08861beb3b3a74923bfcd6529cf8a94663b4ef74", kill_on_drop: false }`
[INFO] [stdout] f74a8d11fa3c1918ebc88c7b08861beb3b3a74923bfcd6529cf8a94663b4ef74
[INFO] running `Command { std: "docker" "create" "-v" "/var/lib/crater-agent-workspace/builds/worker-4-tc1/target:/opt/rustwide/target:rw,Z" "-v" "/var/lib/crater-agent-workspace/builds/worker-4-tc1/source:/opt/rustwide/workdir:ro,Z" "-v" "/var/lib/crater-agent-workspace/cargo-home:/opt/rustwide/cargo-home:ro,Z" "-v" "/var/lib/crater-agent-workspace/rustup-home:/opt/rustwide/rustup-home:ro,Z" "-e" "SOURCE_DIR=/opt/rustwide/workdir" "-e" "CARGO_TARGET_DIR=/opt/rustwide/target" "-e" "CARGO_INCREMENTAL=0" "-e" "RUST_BACKTRACE=full" "-e" "RUSTFLAGS=--cap-lints=warn" "-e" "RUSTDOCFLAGS=--cap-lints=warn" "-e" "CARGO_HOME=/opt/rustwide/cargo-home" "-e" "RUSTUP_HOME=/opt/rustwide/rustup-home" "-w" "/opt/rustwide/workdir" "-m" "1610612736" "--user" "0:0" "--network" "none" "ghcr.io/rust-lang/crates-build-env/linux@sha256:2788e3201cd34a07e3172128adcd8b3090168a8e3bcc40d7c032b9dda1df7d1c" "/opt/rustwide/cargo-home/bin/cargo" "+1.75.0" "build" "--frozen" "--message-format=json", kill_on_drop: false }`
[INFO] [stdout] d2a2f59302d39ef9150ba623c8f0f41e4bb0e1ad4003bf99d4801f3ba9583d42
[INFO] running `Command { std: "docker" "start" "-a" "d2a2f59302d39ef9150ba623c8f0f41e4bb0e1ad4003bf99d4801f3ba9583d42", kill_on_drop: false }`
[INFO] [stderr]    Compiling proc-macro2 v1.0.67
[INFO] [stderr]    Compiling unicode-ident v1.0.12
[INFO] [stderr]    Compiling serde v1.0.188
[INFO] [stderr]    Compiling parking_lot_core v0.9.8
[INFO] [stderr]    Compiling scopeguard v1.2.0
[INFO] [stderr]    Compiling lock_api v0.4.10
[INFO] [stderr]    Compiling smallvec v1.11.0
[INFO] [stderr]    Compiling signal-hook-registry v1.4.1
[INFO] [stderr]    Compiling pin-project-lite v0.2.13
[INFO] [stderr]    Compiling bitflags v2.4.0
[INFO] [stderr]    Compiling memchr v2.6.3
[INFO] [stderr]    Compiling libc v0.2.148
[INFO] [stderr]    Compiling futures-core v0.3.28
[INFO] [stderr]    Compiling itoa v1.0.9
[INFO] [stderr]    Compiling fnv v1.0.7
[INFO] [stderr]    Compiling once_cell v1.18.0
[INFO] [stderr]    Compiling parking_lot v0.12.1
[INFO] [stderr]    Compiling bytes v1.5.0
[INFO] [stderr]    Compiling vcpkg v0.2.15
[INFO] [stderr]    Compiling pkg-config v0.3.27
[INFO] [stderr]    Compiling socket2 v0.5.4
[INFO] [stderr]    Compiling quote v1.0.33
[INFO] [stderr]    Compiling num_cpus v1.16.0
[INFO] [stderr]    Compiling slab v0.4.9
[INFO] [stderr]    Compiling syn v2.0.37
[INFO] [stderr]    Compiling cc v1.0.83
[INFO] [stderr]    Compiling futures-task v0.3.28
[INFO] [stderr]    Compiling rustix v0.38.13
[INFO] [stderr]    Compiling futures-sink v0.3.28
[INFO] [stderr]    Compiling tinyvec_macros v0.1.1
[INFO] [stderr]    Compiling syn v1.0.109
[INFO] [stderr]    Compiling tinyvec v1.6.0
[INFO] [stderr]    Compiling indexmap v1.9.3
[INFO] [stderr]    Compiling linux-raw-sys v0.4.7
[INFO] [stderr]    Compiling futures-util v0.3.28
[INFO] [stderr]    Compiling pin-utils v0.1.0
[INFO] [stderr]    Compiling futures-channel v0.3.28
[INFO] [stderr]    Compiling futures-io v0.3.28
[INFO] [stderr]    Compiling unicode-bidi v0.3.13
[INFO] [stderr]    Compiling unicode-normalization v0.1.22
[INFO] [stderr]    Compiling openssl-sys v0.9.93
[INFO] [stderr]    Compiling tracing-core v0.1.31
[INFO] [stderr]    Compiling unicase v2.7.0
[INFO] [stderr]    Compiling num-traits v0.2.16
[INFO] [stderr]    Compiling ryu v1.0.15
[INFO] [stderr]    Compiling percent-encoding v2.3.0
[INFO] [stderr]    Compiling foreign-types-shared v0.1.1
[INFO] [stderr]    Compiling openssl v0.10.57
[INFO] [stderr]    Compiling foreign-types v0.3.2
[INFO] [stderr]    Compiling tracing v0.1.37
[INFO] [stderr]    Compiling http v0.2.9
[INFO] [stderr]    Compiling httparse v1.8.0
[INFO] [stderr]    Compiling ident_case v1.0.1
[INFO] [stderr]    Compiling native-tls v0.2.11
[INFO] [stderr]    Compiling serde_json v1.0.107
[INFO] [stderr]    Compiling time-core v0.1.1
[INFO] [stderr]    Compiling signal-hook v0.3.17
[INFO] [stderr]    Compiling thiserror v1.0.48
[INFO] [stderr]    Compiling is-terminal v0.4.9
[INFO] [stderr]    Compiling time-macros v0.2.14
[INFO] [stderr]    Compiling form_urlencoded v1.2.0
[INFO] [stderr]    Compiling aho-corasick v1.0.5
[INFO] [stderr]    Compiling cookie v0.16.2
[INFO] [stderr]    Compiling regex-syntax v0.7.5
[INFO] [stderr]    Compiling utf8parse v0.2.1
[INFO] [stderr]    Compiling openssl-probe v0.1.5
[INFO] [stderr]    Compiling darling_core v0.14.4
[INFO] [stderr]    Compiling deranged v0.3.8
[INFO] [stderr]    Compiling try-lock v0.2.4
[INFO] [stderr]    Compiling want v0.3.1
[INFO] [stderr]    Compiling anstyle-parse v0.2.1
[INFO] [stderr]    Compiling miniz_oxide v0.7.1
[INFO] [stderr]    Compiling mime_guess v2.0.4
[INFO] [stderr]    Compiling time v0.3.28
[INFO] [stderr]    Compiling serde_derive v1.0.188
[INFO] [stderr]    Compiling tokio-macros v2.1.0
[INFO] [stderr]    Compiling openssl-macros v0.1.1
[INFO] [stderr]    Compiling thiserror-impl v1.0.48
[INFO] [stderr]    Compiling regex-automata v0.3.8
[INFO] [stderr]    Compiling darling_macro v0.14.4
[INFO] [stderr]    Compiling http-body v0.4.5
[INFO] [stderr]    Compiling idna v0.4.0
[INFO] [stderr]    Compiling idna v0.3.0
[INFO] [stderr]    Compiling socket2 v0.4.9
[INFO] [stderr]    Compiling anstyle v1.0.3
[INFO] [stderr]    Compiling colorchoice v1.0.0
[INFO] [stderr]    Compiling matches v0.1.10
[INFO] [stderr]    Compiling humantime v2.1.0
[INFO] [stderr]    Compiling linked-hash-map v0.5.6
[INFO] [stderr]    Compiling psl-types v2.0.11
[INFO] [stderr]    Compiling anstyle-query v1.0.0
[INFO] [stderr]    Compiling anyhow v1.0.75
[INFO] [stderr]    Compiling httpdate v1.0.3
[INFO] [stderr]    Compiling destructure_traitobject v0.2.0
[INFO] [stderr]    Compiling async-trait v0.1.73
[INFO] [stderr]    Compiling tower-service v0.3.2
[INFO] [stderr]    Compiling regex v1.9.5
[INFO] [stderr]    Compiling unsafe-any-ors v1.0.0
[INFO] [stderr]    Compiling publicsuffix v2.2.3
[INFO] [stderr]    Compiling anstream v0.3.2
[INFO] [stderr]    Compiling yaml-rust v0.4.5
[INFO] [stderr]    Compiling url v2.4.1
[INFO] [stderr]    Compiling idna v0.2.3
[INFO] [stderr]    Compiling darling v0.14.4
[INFO] [stderr]    Compiling flate2 v1.0.27
[INFO] [stderr]    Compiling ordered-float v2.10.0
[INFO] [stderr]    Compiling cached_proc_macro_types v0.1.0
[INFO] [stderr]    Compiling clap_lex v0.5.1
[INFO] [stderr]    Compiling unicode-segmentation v1.10.1
[INFO] [stderr]    Compiling heck v0.4.1
[INFO] [stderr]    Compiling termcolor v1.2.0
[INFO] [stderr]    Compiling iana-time-zone v0.1.57
[INFO] [stderr]    Compiling mime v0.3.17
[INFO] [stderr]    Compiling unicode-width v0.1.10
[INFO] [stderr]    Compiling newline-converter v0.2.2
[INFO] [stderr]    Compiling clap_derive v4.3.12
[INFO] [stderr]    Compiling clap_builder v4.3.24
[INFO] [stderr]    Compiling cached_proc_macro v0.16.0
[INFO] [stderr]    Compiling typemap-ors v1.0.0
[INFO] [stderr]    Compiling derivative v2.2.0
[INFO] [stderr]    Compiling futures v0.3.28
[INFO] [stderr]    Compiling thread-id v4.2.0
[INFO] [stderr]    Compiling encoding_rs v0.8.33
[INFO] [stderr]    Compiling instant v0.1.12
[INFO] [stderr]    Compiling base64 v0.21.4
[INFO] [stderr]    Compiling hashbrown v0.13.2
[INFO] [stderr]    Compiling utf8-width v0.1.6
[INFO] [stderr]    Compiling arc-swap v1.6.0
[INFO] [stderr]    Compiling dyn-clone v1.0.13
[INFO] [stderr]    Compiling async_once v0.2.6
[INFO] [stderr]    Compiling log v0.4.20
[INFO] [stderr]    Compiling serde-value v0.7.0
[INFO] [stderr]    Compiling chrono v0.4.31
[INFO] [stderr]    Compiling mio v0.8.8
[INFO] [stderr]    Compiling tokio v1.32.0
[INFO] [stderr]    Compiling signal-hook-mio v0.2.3
[INFO] [stderr]    Compiling crossterm v0.25.0
[INFO] [stderr]    Compiling cookie_store v0.16.2
[INFO] [stderr]    Compiling env_logger v0.10.0
[INFO] [stderr]    Compiling serde_urlencoded v0.7.1
[INFO] [stderr]    Compiling serde_yaml v0.8.26
[INFO] [stderr]    Compiling log-mdc v0.1.0
[INFO] [stderr]    Compiling ipnet v2.8.0
[INFO] [stderr]    Compiling fastrand v2.0.0
[INFO] [stderr]    Compiling tempfile v3.8.0
[INFO] [stderr]    Compiling inquire v0.6.2
[INFO] [stderr]    Compiling pretty_env_logger v0.5.0
[INFO] [stderr]    Compiling log4rs v1.2.0
[INFO] [stderr]    Compiling clap v4.3.24
[INFO] [stderr]    Compiling html-escape v0.2.13
[INFO] [stderr]    Compiling console v0.15.7
[INFO] [stderr]    Compiling urlencoding v2.1.3
[INFO] [stderr]    Compiling tokio-util v0.7.8
[INFO] [stderr]    Compiling tokio-native-tls v0.3.1
[INFO] [stderr]    Compiling async-compression v0.4.3
[INFO] [stderr]    Compiling cached v0.43.0
[INFO] [stderr]    Compiling h2 v0.3.21
[INFO] [stderr]    Compiling hyper v0.14.27
[INFO] [stderr]    Compiling hyper-tls v0.5.0
[INFO] [stderr]    Compiling reqwest v0.11.20
[INFO] [stderr]    Compiling rexit v1.2.1 (/opt/rustwide/workdir)
[INFO] [stdout] warning: unused import: `debug`
[INFO] [stdout]  --> src/ReAPI/users.rs:3:11
[INFO] [stdout]   |
[INFO] [stdout] 3 | use log::{debug, info};
[INFO] [stdout]   |           ^^^^^
[INFO] [stdout]   |
[INFO] [stdout]   = note: `#[warn(unused_imports)]` on by default
[INFO] [stdout] 
[INFO] [stdout] 
[INFO] [stdout] warning: unused import: `images::Image`
[INFO] [stdout]   --> src/ReAPI/mod.rs:12:9
[INFO] [stdout]    |
[INFO] [stdout] 12 | pub use images::Image;
[INFO] [stdout]    |         ^^^^^^^^^^^^^
[INFO] [stdout] 
[INFO] [stdout] 
[INFO] [stdout] warning: unused import: `saved_posts::SavedPost`
[INFO] [stdout]   --> src/ReAPI/mod.rs:18:9
[INFO] [stdout]    |
[INFO] [stdout] 18 | pub use saved_posts::SavedPost;
[INFO] [stdout]    |         ^^^^^^^^^^^^^^^^^^^^^^
[INFO] [stdout] 
[INFO] [stdout] 
[INFO] [stdout] warning: unused import: `subreddit::Post`
[INFO] [stdout]   --> src/ReAPI/mod.rs:21:9
[INFO] [stdout]    |
[INFO] [stdout] 21 | pub use subreddit::Post;
[INFO] [stdout]    |         ^^^^^^^^^^^^^^^
[INFO] [stdout] 
[INFO] [stdout] 
[INFO] [stdout] warning: unused import: `users::User`
[INFO] [stdout]   --> src/ReAPI/mod.rs:27:9
[INFO] [stdout]    |
[INFO] [stdout] 27 | pub use users::User;
[INFO] [stdout]    |         ^^^^^^^^^^^
[INFO] [stdout] 
[INFO] [stdout] 
[INFO] [stdout] warning: unused import: `Args`
[INFO] [stdout]  --> src/cli.rs:5:16
[INFO] [stdout]   |
[INFO] [stdout] 5 | pub use clap::{Args, Parser, Subcommand};
[INFO] [stdout]   |                ^^^^
[INFO] [stdout] 
[INFO] [stdout] 
[INFO] [stdout] warning: unused import: `std::hash`
[INFO] [stdout]  --> src/image_log.rs:6:5
[INFO] [stdout]   |
[INFO] [stdout] 6 | use std::hash;
[INFO] [stdout]   |     ^^^^^^^^^
[INFO] [stdout] 
[INFO] [stdout] 
[INFO] [stdout] warning: unused variable: `images`
[INFO] [stdout]    --> src/main.rs:139:41
[INFO] [stdout]     |
[INFO] [stdout] 139 | async fn init(debug: bool, token: bool, images: bool, out: PathBuf, auth: bool, redact: bool) -> Client {
[INFO] [stdout]     |                                         ^^^^^^ help: if this is intentional, prefix it with an underscore: `_images`
[INFO] [stdout]     |
[INFO] [stdout]     = note: `#[warn(unused_variables)]` on by default
[INFO] [stdout] 
[INFO] [stdout] 
[INFO] [stdout] warning: value assigned to `id` is never read
[INFO] [stdout]   --> src/ReAPI/images.rs:40:13
[INFO] [stdout]    |
[INFO] [stdout] 40 |     let mut id: Option<String> = None;
[INFO] [stdout]    |             ^^
[INFO] [stdout]    |
[INFO] [stdout]    = help: maybe it is overwritten before being read?
[INFO] [stdout]    = note: `#[warn(unused_assignments)]` on by default
[INFO] [stdout] 
[INFO] [stdout] 
[INFO] [stdout] warning: irrefutable `if let` pattern
[INFO] [stdout]   --> src/export.rs:13:12
[INFO] [stdout]    |
[INFO] [stdout] 13 |         if let ReAPI::Content::Message(text) = message.content {
[INFO] [stdout]    |            ^^^^^^^^^^^^^^^^^^^^^^^^^^^^^^^^^^^^^^^^^^^^^^^^^^^
[INFO] [stdout]    |
[INFO] [stdout]    = note: this pattern will always match, so the `if let` is useless
[INFO] [stdout]    = help: consider replacing the `if let` with a `let`
[INFO] [stdout]    = note: `#[warn(irrefutable_let_patterns)]` on by default
[INFO] [stdout] 
[INFO] [stdout] 
[INFO] [stdout] warning: irrefutable `if let` pattern
[INFO] [stdout]   --> src/export.rs:52:12
[INFO] [stdout]    |
[INFO] [stdout] 52 |         if let ReAPI::Content::Message(text) = message.content {
[INFO] [stdout]    |            ^^^^^^^^^^^^^^^^^^^^^^^^^^^^^^^^^^^^^^^^^^^^^^^^^^^
[INFO] [stdout]    |
[INFO] [stdout]    = note: this pattern will always match, so the `if let` is useless
[INFO] [stdout]    = help: consider replacing the `if let` with a `let`
[INFO] [stdout] 
[INFO] [stdout] 
[INFO] [stdout] warning: unused variable: `noUsernames`
[INFO] [stdout]   --> src/main.rs:83:9
[INFO] [stdout]    |
[INFO] [stdout] 83 |         noUsernames,
[INFO] [stdout]    |         ^^^^^^^^^^^ help: try ignoring the field: `noUsernames: _`
[INFO] [stdout] 
[INFO] [stdout] 
[INFO] [stdout] warning: unused variable: `noUsernames`
[INFO] [stdout]    --> src/main.rs:113:9
[INFO] [stdout]     |
[INFO] [stdout] 113 |         noUsernames,
[INFO] [stdout]     |         ^^^^^^^^^^^ help: try ignoring the field: `noUsernames: _`
[INFO] [stdout] 
[INFO] [stdout] 
[INFO] [stdout] warning: call to `.clone()` on a reference in this situation does nothing
[INFO] [stdout]   --> src/ReAPI/login.rs:58:53
[INFO] [stdout]    |
[INFO] [stdout] 58 |                 csrf_token = String::from(i.as_str().clone());
[INFO] [stdout]    |                                                     ^^^^^^^^ help: remove this redundant call
[INFO] [stdout]    |
[INFO] [stdout]    = note: the type `str` does not implement `Clone`, so calling `clone` on `&str` copies the reference, which does not do anything and can be removed
[INFO] [stdout]    = note: `#[warn(noop_method_call)]` on by default
[INFO] [stdout] 
[INFO] [stdout] 
[INFO] [stdout] warning: call to `.clone()` on a reference in this situation does nothing
[INFO] [stdout]    --> src/ReAPI/login.rs:111:55
[INFO] [stdout]     |
[INFO] [stdout] 111 |                 bearer_token = String::from(i.as_str().clone());
[INFO] [stdout]     |                                                       ^^^^^^^^ help: remove this redundant call
[INFO] [stdout]     |
[INFO] [stdout]     = note: the type `str` does not implement `Clone`, so calling `clone` on `&str` copies the reference, which does not do anything and can be removed
[INFO] [stdout] 
[INFO] [stdout] 
[INFO] [stdout] warning: structure field `noUsernames` should have a snake case name
[INFO] [stdout]   --> src/cli.rs:42:9
[INFO] [stdout]    |
[INFO] [stdout] 42 |         noUsernames: bool,
[INFO] [stdout]    |         ^^^^^^^^^^^ help: convert the identifier to snake case: `no_usernames`
[INFO] [stdout]    |
[INFO] [stdout]    = note: `#[warn(non_snake_case)]` on by default
[INFO] [stdout] 
[INFO] [stdout] 
[INFO] [stdout] warning: structure field `noUsernames` should have a snake case name
[INFO] [stdout]   --> src/cli.rs:71:9
[INFO] [stdout]    |
[INFO] [stdout] 71 |         noUsernames: bool,
[INFO] [stdout]    |         ^^^^^^^^^^^ help: convert the identifier to snake case: `no_usernames`
[INFO] [stdout] 
[INFO] [stdout] 
[INFO] [stdout] warning: structure field `noUsernames` should have a snake case name
[INFO] [stdout]    --> src/cli.rs:103:9
[INFO] [stdout]     |
[INFO] [stdout] 103 |         noUsernames: bool,
[INFO] [stdout]     |         ^^^^^^^^^^^ help: convert the identifier to snake case: `no_usernames`
[INFO] [stdout] 
[INFO] [stdout] 
[INFO] [stdout] warning: 18 warnings emitted
[INFO] [stdout] 
[INFO] [stdout] 
[INFO] [stderr]     Finished dev [unoptimized + debuginfo] target(s) in 39.75s
[INFO] running `Command { std: "docker" "inspect" "d2a2f59302d39ef9150ba623c8f0f41e4bb0e1ad4003bf99d4801f3ba9583d42", kill_on_drop: false }`
[INFO] running `Command { std: "docker" "rm" "-f" "d2a2f59302d39ef9150ba623c8f0f41e4bb0e1ad4003bf99d4801f3ba9583d42", kill_on_drop: false }`
[INFO] [stdout] d2a2f59302d39ef9150ba623c8f0f41e4bb0e1ad4003bf99d4801f3ba9583d42
[INFO] running `Command { std: "docker" "create" "-v" "/var/lib/crater-agent-workspace/builds/worker-4-tc1/target:/opt/rustwide/target:rw,Z" "-v" "/var/lib/crater-agent-workspace/builds/worker-4-tc1/source:/opt/rustwide/workdir:ro,Z" "-v" "/var/lib/crater-agent-workspace/cargo-home:/opt/rustwide/cargo-home:ro,Z" "-v" "/var/lib/crater-agent-workspace/rustup-home:/opt/rustwide/rustup-home:ro,Z" "-e" "SOURCE_DIR=/opt/rustwide/workdir" "-e" "CARGO_TARGET_DIR=/opt/rustwide/target" "-e" "CARGO_INCREMENTAL=0" "-e" "RUST_BACKTRACE=full" "-e" "RUSTFLAGS=--cap-lints=warn" "-e" "RUSTDOCFLAGS=--cap-lints=warn" "-e" "CARGO_HOME=/opt/rustwide/cargo-home" "-e" "RUSTUP_HOME=/opt/rustwide/rustup-home" "-w" "/opt/rustwide/workdir" "-m" "1610612736" "--user" "0:0" "--network" "none" "ghcr.io/rust-lang/crates-build-env/linux@sha256:2788e3201cd34a07e3172128adcd8b3090168a8e3bcc40d7c032b9dda1df7d1c" "/opt/rustwide/cargo-home/bin/cargo" "+1.75.0" "test" "--frozen" "--no-run" "--message-format=json", kill_on_drop: false }`
[INFO] [stdout] 35c3e4a77a2056f3bdc4bdc7792bef5a8099fd2c1c837d1aa581e815282856e1
[INFO] running `Command { std: "docker" "start" "-a" "35c3e4a77a2056f3bdc4bdc7792bef5a8099fd2c1c837d1aa581e815282856e1", kill_on_drop: false }`
[INFO] [stderr]    Compiling rexit v1.2.1 (/opt/rustwide/workdir)
[INFO] [stdout] warning: unused import: `debug`
[INFO] [stdout]  --> src/ReAPI/users.rs:3:11
[INFO] [stdout]   |
[INFO] [stdout] 3 | use log::{debug, info};
[INFO] [stdout]   |           ^^^^^
[INFO] [stdout]   |
[INFO] [stdout]   = note: `#[warn(unused_imports)]` on by default
[INFO] [stdout] 
[INFO] [stdout] 
[INFO] [stdout] warning: unused import: `images::Image`
[INFO] [stdout]   --> src/ReAPI/mod.rs:12:9
[INFO] [stdout]    |
[INFO] [stdout] 12 | pub use images::Image;
[INFO] [stdout]    |         ^^^^^^^^^^^^^
[INFO] [stdout] 
[INFO] [stdout] 
[INFO] [stdout] warning: unused import: `subreddit::Post`
[INFO] [stdout]   --> src/ReAPI/mod.rs:21:9
[INFO] [stdout]    |
[INFO] [stdout] 21 | pub use subreddit::Post;
[INFO] [stdout]    |         ^^^^^^^^^^^^^^^
[INFO] [stdout] 
[INFO] [stdout] 
[INFO] [stdout] warning: unused import: `users::User`
[INFO] [stdout]   --> src/ReAPI/mod.rs:27:9
[INFO] [stdout]    |
[INFO] [stdout] 27 | pub use users::User;
[INFO] [stdout]    |         ^^^^^^^^^^^
[INFO] [stdout] 
[INFO] [stdout] 
[INFO] [stdout] warning: unused import: `Args`
[INFO] [stdout]  --> src/cli.rs:5:16
[INFO] [stdout]   |
[INFO] [stdout] 5 | pub use clap::{Args, Parser, Subcommand};
[INFO] [stdout]   |                ^^^^
[INFO] [stdout] 
[INFO] [stdout] 
[INFO] [stdout] warning: unused import: `std::hash`
[INFO] [stdout]  --> src/image_log.rs:6:5
[INFO] [stdout]   |
[INFO] [stdout] 6 | use std::hash;
[INFO] [stdout]   |     ^^^^^^^^^
[INFO] [stdout] 
[INFO] [stdout] 
[INFO] [stdout] warning: unused variable: `images`
[INFO] [stdout]    --> src/main.rs:139:41
[INFO] [stdout]     |
[INFO] [stdout] 139 | async fn init(debug: bool, token: bool, images: bool, out: PathBuf, auth: bool, redact: bool) -> Client {
[INFO] [stdout]     |                                         ^^^^^^ help: if this is intentional, prefix it with an underscore: `_images`
[INFO] [stdout]     |
[INFO] [stdout]     = note: `#[warn(unused_variables)]` on by default
[INFO] [stdout] 
[INFO] [stdout] 
[INFO] [stdout] warning: value assigned to `id` is never read
[INFO] [stdout]   --> src/ReAPI/images.rs:40:13
[INFO] [stdout]    |
[INFO] [stdout] 40 |     let mut id: Option<String> = None;
[INFO] [stdout]    |             ^^
[INFO] [stdout]    |
[INFO] [stdout]    = help: maybe it is overwritten before being read?
[INFO] [stdout]    = note: `#[warn(unused_assignments)]` on by default
[INFO] [stdout] 
[INFO] [stdout] 
[INFO] [stdout] warning: irrefutable `if let` pattern
[INFO] [stdout]   --> src/export.rs:13:12
[INFO] [stdout]    |
[INFO] [stdout] 13 |         if let ReAPI::Content::Message(text) = message.content {
[INFO] [stdout]    |            ^^^^^^^^^^^^^^^^^^^^^^^^^^^^^^^^^^^^^^^^^^^^^^^^^^^
[INFO] [stdout]    |
[INFO] [stdout]    = note: this pattern will always match, so the `if let` is useless
[INFO] [stdout]    = help: consider replacing the `if let` with a `let`
[INFO] [stdout]    = note: `#[warn(irrefutable_let_patterns)]` on by default
[INFO] [stdout] 
[INFO] [stdout] 
[INFO] [stdout] warning: irrefutable `if let` pattern
[INFO] [stdout]   --> src/export.rs:52:12
[INFO] [stdout]    |
[INFO] [stdout] 52 |         if let ReAPI::Content::Message(text) = message.content {
[INFO] [stdout]    |            ^^^^^^^^^^^^^^^^^^^^^^^^^^^^^^^^^^^^^^^^^^^^^^^^^^^
[INFO] [stdout]    |
[INFO] [stdout]    = note: this pattern will always match, so the `if let` is useless
[INFO] [stdout]    = help: consider replacing the `if let` with a `let`
[INFO] [stdout] 
[INFO] [stdout] 
[INFO] [stdout] warning: unused variable: `noUsernames`
[INFO] [stdout]   --> src/main.rs:83:9
[INFO] [stdout]    |
[INFO] [stdout] 83 |         noUsernames,
[INFO] [stdout]    |         ^^^^^^^^^^^ help: try ignoring the field: `noUsernames: _`
[INFO] [stdout] 
[INFO] [stdout] 
[INFO] [stdout] warning: unused variable: `noUsernames`
[INFO] [stdout]    --> src/main.rs:113:9
[INFO] [stdout]     |
[INFO] [stdout] 113 |         noUsernames,
[INFO] [stdout]     |         ^^^^^^^^^^^ help: try ignoring the field: `noUsernames: _`
[INFO] [stdout] 
[INFO] [stdout] 
[INFO] [stdout] warning: call to `.clone()` on a reference in this situation does nothing
[INFO] [stdout]   --> src/ReAPI/login.rs:58:53
[INFO] [stdout]    |
[INFO] [stdout] 58 |                 csrf_token = String::from(i.as_str().clone());
[INFO] [stdout]    |                                                     ^^^^^^^^ help: remove this redundant call
[INFO] [stdout]    |
[INFO] [stdout]    = note: the type `str` does not implement `Clone`, so calling `clone` on `&str` copies the reference, which does not do anything and can be removed
[INFO] [stdout]    = note: `#[warn(noop_method_call)]` on by default
[INFO] [stdout] 
[INFO] [stdout] 
[INFO] [stdout] warning: call to `.clone()` on a reference in this situation does nothing
[INFO] [stdout]    --> src/ReAPI/login.rs:111:55
[INFO] [stdout]     |
[INFO] [stdout] 111 |                 bearer_token = String::from(i.as_str().clone());
[INFO] [stdout]     |                                                       ^^^^^^^^ help: remove this redundant call
[INFO] [stdout]     |
[INFO] [stdout]     = note: the type `str` does not implement `Clone`, so calling `clone` on `&str` copies the reference, which does not do anything and can be removed
[INFO] [stdout] 
[INFO] [stdout] 
[INFO] [stdout] warning: structure field `noUsernames` should have a snake case name
[INFO] [stdout]   --> src/cli.rs:42:9
[INFO] [stdout]    |
[INFO] [stdout] 42 |         noUsernames: bool,
[INFO] [stdout]    |         ^^^^^^^^^^^ help: convert the identifier to snake case: `no_usernames`
[INFO] [stdout]    |
[INFO] [stdout]    = note: `#[warn(non_snake_case)]` on by default
[INFO] [stdout] 
[INFO] [stdout] 
[INFO] [stdout] warning: structure field `noUsernames` should have a snake case name
[INFO] [stdout]   --> src/cli.rs:71:9
[INFO] [stdout]    |
[INFO] [stdout] 71 |         noUsernames: bool,
[INFO] [stdout]    |         ^^^^^^^^^^^ help: convert the identifier to snake case: `no_usernames`
[INFO] [stdout] 
[INFO] [stdout] 
[INFO] [stdout] warning: structure field `noUsernames` should have a snake case name
[INFO] [stdout]    --> src/cli.rs:103:9
[INFO] [stdout]     |
[INFO] [stdout] 103 |         noUsernames: bool,
[INFO] [stdout]     |         ^^^^^^^^^^^ help: convert the identifier to snake case: `no_usernames`
[INFO] [stdout] 
[INFO] [stdout] 
[INFO] [stdout] warning: 17 warnings emitted
[INFO] [stdout] 
[INFO] [stdout] 
[INFO] [stderr]     Finished test [unoptimized + debuginfo] target(s) in 6.44s
[INFO] running `Command { std: "docker" "inspect" "35c3e4a77a2056f3bdc4bdc7792bef5a8099fd2c1c837d1aa581e815282856e1", kill_on_drop: false }`
[INFO] running `Command { std: "docker" "rm" "-f" "35c3e4a77a2056f3bdc4bdc7792bef5a8099fd2c1c837d1aa581e815282856e1", kill_on_drop: false }`
[INFO] [stdout] 35c3e4a77a2056f3bdc4bdc7792bef5a8099fd2c1c837d1aa581e815282856e1
[INFO] running `Command { std: "docker" "create" "-v" "/var/lib/crater-agent-workspace/builds/worker-4-tc1/target:/opt/rustwide/target:rw,Z" "-v" "/var/lib/crater-agent-workspace/builds/worker-4-tc1/source:/opt/rustwide/workdir:ro,Z" "-v" "/var/lib/crater-agent-workspace/cargo-home:/opt/rustwide/cargo-home:ro,Z" "-v" "/var/lib/crater-agent-workspace/rustup-home:/opt/rustwide/rustup-home:ro,Z" "-e" "SOURCE_DIR=/opt/rustwide/workdir" "-e" "CARGO_TARGET_DIR=/opt/rustwide/target" "-e" "CARGO_INCREMENTAL=0" "-e" "RUST_BACKTRACE=full" "-e" "RUSTFLAGS=--cap-lints=warn" "-e" "RUSTDOCFLAGS=--cap-lints=warn" "-e" "CARGO_HOME=/opt/rustwide/cargo-home" "-e" "RUSTUP_HOME=/opt/rustwide/rustup-home" "-w" "/opt/rustwide/workdir" "-m" "1610612736" "--user" "0:0" "--network" "none" "ghcr.io/rust-lang/crates-build-env/linux@sha256:2788e3201cd34a07e3172128adcd8b3090168a8e3bcc40d7c032b9dda1df7d1c" "/opt/rustwide/cargo-home/bin/cargo" "+1.75.0" "test" "--frozen", kill_on_drop: false }`
[INFO] [stdout] e1c53ad09d5d232b631d76aa69be99b0f8e74f30d24752cfbb1ec390791594fd
[INFO] running `Command { std: "docker" "start" "-a" "e1c53ad09d5d232b631d76aa69be99b0f8e74f30d24752cfbb1ec390791594fd", kill_on_drop: false }`
[INFO] [stderr] warning: unused import: `debug`
[INFO] [stderr]  --> src/ReAPI/users.rs:3:11
[INFO] [stderr]   |
[INFO] [stderr] 3 | use log::{debug, info};
[INFO] [stderr]   |           ^^^^^
[INFO] [stderr]   |
[INFO] [stderr]   = note: `#[warn(unused_imports)]` on by default
[INFO] [stderr] 
[INFO] [stderr] warning: unused import: `images::Image`
[INFO] [stderr]   --> src/ReAPI/mod.rs:12:9
[INFO] [stderr]    |
[INFO] [stderr] 12 | pub use images::Image;
[INFO] [stderr]    |         ^^^^^^^^^^^^^
[INFO] [stderr] 
[INFO] [stderr] warning: unused import: `subreddit::Post`
[INFO] [stderr]   --> src/ReAPI/mod.rs:21:9
[INFO] [stderr]    |
[INFO] [stderr] 21 | pub use subreddit::Post;
[INFO] [stderr]    |         ^^^^^^^^^^^^^^^
[INFO] [stderr] 
[INFO] [stderr] warning: unused import: `users::User`
[INFO] [stderr]   --> src/ReAPI/mod.rs:27:9
[INFO] [stderr]    |
[INFO] [stderr] 27 | pub use users::User;
[INFO] [stderr]    |         ^^^^^^^^^^^
[INFO] [stderr] 
[INFO] [stderr] warning: unused import: `Args`
[INFO] [stderr]  --> src/cli.rs:5:16
[INFO] [stderr]   |
[INFO] [stderr] 5 | pub use clap::{Args, Parser, Subcommand};
[INFO] [stderr]   |                ^^^^
[INFO] [stderr] 
[INFO] [stderr] warning: unused import: `std::hash`
[INFO] [stderr]  --> src/image_log.rs:6:5
[INFO] [stderr]   |
[INFO] [stderr] 6 | use std::hash;
[INFO] [stderr]   |     ^^^^^^^^^
[INFO] [stderr] 
[INFO] [stderr] warning: unused variable: `images`
[INFO] [stderr]    --> src/main.rs:139:41
[INFO] [stderr]     |
[INFO] [stderr] 139 | async fn init(debug: bool, token: bool, images: bool, out: PathBuf, auth: bool, redact: bool) -> Client {
[INFO] [stderr]     |                                         ^^^^^^ help: if this is intentional, prefix it with an underscore: `_images`
[INFO] [stderr]     |
[INFO] [stderr]     = note: `#[warn(unused_variables)]` on by default
[INFO] [stderr] 
[INFO] [stderr] warning: value assigned to `id` is never read
[INFO] [stderr]   --> src/ReAPI/images.rs:40:13
[INFO] [stderr]    |
[INFO] [stderr] 40 |     let mut id: Option<String> = None;
[INFO] [stderr]    |             ^^
[INFO] [stderr]    |
[INFO] [stderr]    = help: maybe it is overwritten before being read?
[INFO] [stderr]    = note: `#[warn(unused_assignments)]` on by default
[INFO] [stderr] 
[INFO] [stderr] warning: irrefutable `if let` pattern
[INFO] [stderr]   --> src/export.rs:13:12
[INFO] [stderr]    |
[INFO] [stderr] 13 |         if let ReAPI::Content::Message(text) = message.content {
[INFO] [stderr]    |            ^^^^^^^^^^^^^^^^^^^^^^^^^^^^^^^^^^^^^^^^^^^^^^^^^^^
[INFO] [stderr]    |
[INFO] [stderr]    = note: this pattern will always match, so the `if let` is useless
[INFO] [stderr]    = help: consider replacing the `if let` with a `let`
[INFO] [stderr]    = note: `#[warn(irrefutable_let_patterns)]` on by default
[INFO] [stderr] 
[INFO] [stderr] warning: irrefutable `if let` pattern
[INFO] [stderr]   --> src/export.rs:52:12
[INFO] [stderr]    |
[INFO] [stderr] 52 |         if let ReAPI::Content::Message(text) = message.content {
[INFO] [stderr]    |            ^^^^^^^^^^^^^^^^^^^^^^^^^^^^^^^^^^^^^^^^^^^^^^^^^^^
[INFO] [stderr]    |
[INFO] [stderr]    = note: this pattern will always match, so the `if let` is useless
[INFO] [stderr]    = help: consider replacing the `if let` with a `let`
[INFO] [stderr] 
[INFO] [stderr] warning: unused variable: `noUsernames`
[INFO] [stderr]   --> src/main.rs:83:9
[INFO] [stderr]    |
[INFO] [stderr] 83 |         noUsernames,
[INFO] [stderr]    |         ^^^^^^^^^^^ help: try ignoring the field: `noUsernames: _`
[INFO] [stderr] 
[INFO] [stderr] warning: unused variable: `noUsernames`
[INFO] [stderr]    --> src/main.rs:113:9
[INFO] [stderr]     |
[INFO] [stderr] 113 |         noUsernames,
[INFO] [stderr]     |         ^^^^^^^^^^^ help: try ignoring the field: `noUsernames: _`
[INFO] [stderr] 
[INFO] [stderr] warning: call to `.clone()` on a reference in this situation does nothing
[INFO] [stderr]   --> src/ReAPI/login.rs:58:53
[INFO] [stderr]    |
[INFO] [stderr] 58 |                 csrf_token = String::from(i.as_str().clone());
[INFO] [stderr]    |                                                     ^^^^^^^^ help: remove this redundant call
[INFO] [stderr]    |
[INFO] [stderr]    = note: the type `str` does not implement `Clone`, so calling `clone` on `&str` copies the reference, which does not do anything and can be removed
[INFO] [stderr]    = note: `#[warn(noop_method_call)]` on by default
[INFO] [stderr] 
[INFO] [stderr] warning: call to `.clone()` on a reference in this situation does nothing
[INFO] [stderr]    --> src/ReAPI/login.rs:111:55
[INFO] [stderr]     |
[INFO] [stderr] 111 |                 bearer_token = String::from(i.as_str().clone());
[INFO] [stderr]     |                                                       ^^^^^^^^ help: remove this redundant call
[INFO] [stderr]     |
[INFO] [stderr]     = note: the type `str` does not implement `Clone`, so calling `clone` on `&str` copies the reference, which does not do anything and can be removed
[INFO] [stderr] 
[INFO] [stderr] warning: structure field `noUsernames` should have a snake case name
[INFO] [stderr]   --> src/cli.rs:42:9
[INFO] [stderr]    |
[INFO] [stderr] 42 |         noUsernames: bool,
[INFO] [stderr]    |         ^^^^^^^^^^^ help: convert the identifier to snake case: `no_usernames`
[INFO] [stderr]    |
[INFO] [stderr]    = note: `#[warn(non_snake_case)]` on by default
[INFO] [stderr] 
[INFO] [stderr] warning: structure field `noUsernames` should have a snake case name
[INFO] [stderr]   --> src/cli.rs:71:9
[INFO] [stderr]    |
[INFO] [stderr] 71 |         noUsernames: bool,
[INFO] [stderr]    |         ^^^^^^^^^^^ help: convert the identifier to snake case: `no_usernames`
[INFO] [stderr] 
[INFO] [stderr] warning: structure field `noUsernames` should have a snake case name
[INFO] [stderr]    --> src/cli.rs:103:9
[INFO] [stderr]     |
[INFO] [stderr] 103 |         noUsernames: bool,
[INFO] [stderr]     |         ^^^^^^^^^^^ help: convert the identifier to snake case: `no_usernames`
[INFO] [stderr] 
[INFO] [stderr] warning: `rexit` (bin "rexit" test) generated 17 warnings (run `cargo fix --bin "rexit" --tests` to apply 11 suggestions)
[INFO] [stderr]     Finished test [unoptimized + debuginfo] target(s) in 0.22s
[INFO] [stderr]      Running unittests src/main.rs (/opt/rustwide/target/debug/deps/rexit-aaf759eaa91a8913)
[INFO] [stdout] 
[INFO] [stdout] running 6 tests
[INFO] [stdout] test ReAPI::login::tests::login ... ignored, creds
[INFO] [stdout] test ReAPI::messages::tests::list_messages ... ignored
[INFO] [stdout] test ReAPI::rooms::tests::list_rooms ... ignored, creds
[INFO] [stdout] test export::tests::export_saved_posts ... ok
[INFO] [stdout] test export::tests::export_room_chats ... ok
[INFO] [stdout] test ReAPI::users::tests::get_user ... FAILED
[INFO] [stdout] 
[INFO] [stdout] failures:
[INFO] [stdout] 
[INFO] [stdout] ---- ReAPI::users::tests::get_user stdout ----
[INFO] [stdout] thread 'ReAPI::users::tests::get_user' panicked at src/ReAPI/users.rs:24:10:
[INFO] [stdout] Failed to send HTTP request: reqwest::Error { kind: Request, url: Url { scheme: "https", cannot_be_a_base: false, username: "", password: None, host: Some(Domain("matrix.redditspace.com")), port: None, path: "/_matrix/client/r0/profile/@t2_9b09u6gps:reddit.com/displayname", query: None, fragment: None }, source: hyper::Error(Connect, ConnectError("dns error", Custom { kind: Uncategorized, error: "failed to lookup address information: Temporary failure in name resolution" })) }
[INFO] [stdout] stack backtrace:
[INFO] [stdout]    0:     0x56491edd07ac - std::backtrace_rs::backtrace::libunwind::trace::ha637c64ce894333a
[INFO] [stdout]                                at /rustc/82e1608dfa6e0b5569232559e3d385fea5a93112/library/std/src/../../backtrace/src/backtrace/libunwind.rs:104:5
[INFO] [stdout]    1:     0x56491edd07ac - std::backtrace_rs::backtrace::trace_unsynchronized::h47f62dea28e0c88d
[INFO] [stdout]                                at /rustc/82e1608dfa6e0b5569232559e3d385fea5a93112/library/std/src/../../backtrace/src/backtrace/mod.rs:66:5
[INFO] [stdout]    2:     0x56491edd07ac - std::sys_common::backtrace::_print_fmt::h9eef0abe20ede486
[INFO] [stdout]                                at /rustc/82e1608dfa6e0b5569232559e3d385fea5a93112/library/std/src/sys_common/backtrace.rs:67:5
[INFO] [stdout]    3:     0x56491edd07ac - <std::sys_common::backtrace::_print::DisplayBacktrace as core::fmt::Display>::fmt::hed7f999df88cc644
[INFO] [stdout]                                at /rustc/82e1608dfa6e0b5569232559e3d385fea5a93112/library/std/src/sys_common/backtrace.rs:44:22
[INFO] [stdout]    4:     0x56491edfe4a0 - core::fmt::rt::Argument::fmt::h1539a9308b8d058d
[INFO] [stdout]                                at /rustc/82e1608dfa6e0b5569232559e3d385fea5a93112/library/core/src/fmt/rt.rs:142:9
[INFO] [stdout]    5:     0x56491edfe4a0 - core::fmt::write::h3a39390d8560d9c9
[INFO] [stdout]                                at /rustc/82e1608dfa6e0b5569232559e3d385fea5a93112/library/core/src/fmt/mod.rs:1120:17
[INFO] [stdout]    6:     0x56491edcd4df - std::io::Write::write_fmt::h040b369f3a0f9cbc
[INFO] [stdout]                                at /rustc/82e1608dfa6e0b5569232559e3d385fea5a93112/library/std/src/io/mod.rs:1762:15
[INFO] [stdout]    7:     0x56491edd0594 - std::sys_common::backtrace::_print::h894006fb5c6f3d45
[INFO] [stdout]                                at /rustc/82e1608dfa6e0b5569232559e3d385fea5a93112/library/std/src/sys_common/backtrace.rs:47:5
[INFO] [stdout]    8:     0x56491edd0594 - std::sys_common::backtrace::print::h23a2d212c6fff936
[INFO] [stdout]                                at /rustc/82e1608dfa6e0b5569232559e3d385fea5a93112/library/std/src/sys_common/backtrace.rs:34:9
[INFO] [stdout]    9:     0x56491edd2257 - std::panicking::default_hook::{{closure}}::h8a1d2ee00185001a
[INFO] [stdout]   10:     0x56491edd1f43 - std::panicking::default_hook::h6038f2eba384e475
[INFO] [stdout]                                at /rustc/82e1608dfa6e0b5569232559e3d385fea5a93112/library/std/src/panicking.rs:289:9
[INFO] [stdout]   11:     0x56491e9cb2d7 - <alloc::boxed::Box<F,A> as core::ops::function::Fn<Args>>::call::h0ad024c9bdc6d768
[INFO] [stdout]                                at /rustc/82e1608dfa6e0b5569232559e3d385fea5a93112/library/alloc/src/boxed.rs:2021:9
[INFO] [stdout]   12:     0x56491e9cb2d7 - test::test_main::{{closure}}::h7500b54257359db6
[INFO] [stdout]                                at /rustc/82e1608dfa6e0b5569232559e3d385fea5a93112/library/test/src/lib.rs:138:21
[INFO] [stdout]   13:     0x56491edd2868 - <alloc::boxed::Box<F,A> as core::ops::function::Fn<Args>>::call::h1f8f335eaa9cfaee
[INFO] [stdout]                                at /rustc/82e1608dfa6e0b5569232559e3d385fea5a93112/library/alloc/src/boxed.rs:2021:9
[INFO] [stdout]   14:     0x56491edd2868 - std::panicking::rust_panic_with_hook::h2b5517d590cab22e
[INFO] [stdout]                                at /rustc/82e1608dfa6e0b5569232559e3d385fea5a93112/library/std/src/panicking.rs:783:13
[INFO] [stdout]   15:     0x56491edd25be - std::panicking::begin_panic_handler::{{closure}}::h233112c06e0ef43e
[INFO] [stdout]                                at /rustc/82e1608dfa6e0b5569232559e3d385fea5a93112/library/std/src/panicking.rs:657:13
[INFO] [stdout]   16:     0x56491edd0c76 - std::sys_common::backtrace::__rust_end_short_backtrace::h6e893f24d7ebbff8
[INFO] [stdout]                                at /rustc/82e1608dfa6e0b5569232559e3d385fea5a93112/library/std/src/sys_common/backtrace.rs:170:18
[INFO] [stdout]   17:     0x56491edd2322 - rust_begin_unwind
[INFO] [stdout]                                at /rustc/82e1608dfa6e0b5569232559e3d385fea5a93112/library/std/src/panicking.rs:645:5
[INFO] [stdout]   18:     0x56491e5689e5 - core::panicking::panic_fmt::hbf0e066aabfa482c
[INFO] [stdout]                                at /rustc/82e1608dfa6e0b5569232559e3d385fea5a93112/library/core/src/panicking.rs:72:14
[INFO] [stdout]   19:     0x56491e569013 - core::result::unwrap_failed::hddb4fea594200c52
[INFO] [stdout]                                at /rustc/82e1608dfa6e0b5569232559e3d385fea5a93112/library/core/src/result.rs:1653:5
[INFO] [stdout]   20:     0x56491e58411f - core::result::Result<T,E>::expect::he633c669b8697765
[INFO] [stdout]                                at /rustc/82e1608dfa6e0b5569232559e3d385fea5a93112/library/core/src/result.rs:1034:23
[INFO] [stdout]   21:     0x56491e581121 - rexit::ReAPI::users::get_user::{{closure}}::inner::{{closure}}::h5a8ae1a6e4a06662
[INFO] [stdout]                                at /opt/rustwide/workdir/src/ReAPI/users.rs:19:20
[INFO] [stdout]   22:     0x56491e5808f4 - rexit::ReAPI::users::get_user::{{closure}}::h7a0523f9b997e759
[INFO] [stdout]                                at /opt/rustwide/workdir/src/ReAPI/users.rs:11:1
[INFO] [stdout]   23:     0x56491e5869f0 - rexit::ReAPI::users::tests::get_user::{{closure}}::h2a6a2a18dbf8669c
[INFO] [stdout]                                at /opt/rustwide/workdir/src/ReAPI/users.rs:53:27
[INFO] [stdout]   24:     0x56491e5be198 - <core::pin::Pin<P> as core::future::future::Future>::poll::h1df82e4a42cdad83
[INFO] [stdout]                                at /rustc/82e1608dfa6e0b5569232559e3d385fea5a93112/library/core/src/future/future.rs:125:9
[INFO] [stdout]   25:     0x56491e5be1eb - <core::pin::Pin<P> as core::future::future::Future>::poll::hb9cedf97b827a61a
[INFO] [stdout]                                at /rustc/82e1608dfa6e0b5569232559e3d385fea5a93112/library/core/src/future/future.rs:125:9
[INFO] [stdout]   26:     0x56491e5bdf14 - tokio::runtime::scheduler::current_thread::CoreGuard::block_on::{{closure}}::{{closure}}::{{closure}}::h7f305d7e0716cbc3
[INFO] [stdout]                                at /opt/rustwide/cargo-home/registry/src/index.crates.io-6f17d22bba15001f/tokio-1.32.0/src/runtime/scheduler/current_thread/mod.rs:665:57
[INFO] [stdout]   27:     0x56491e5bde3a - tokio::runtime::coop::with_budget::h97e43d2e4e2549cc
[INFO] [stdout]                                at /opt/rustwide/cargo-home/registry/src/index.crates.io-6f17d22bba15001f/tokio-1.32.0/src/runtime/coop.rs:107:5
[INFO] [stdout]   28:     0x56491e5bde3a - tokio::runtime::coop::budget::h4fc171d25d18ccdc
[INFO] [stdout]                                at /opt/rustwide/cargo-home/registry/src/index.crates.io-6f17d22bba15001f/tokio-1.32.0/src/runtime/coop.rs:73:5
[INFO] [stdout]   29:     0x56491e5bde3a - tokio::runtime::scheduler::current_thread::CoreGuard::block_on::{{closure}}::{{closure}}::h8371702cca59ba92
[INFO] [stdout]                                at /opt/rustwide/cargo-home/registry/src/index.crates.io-6f17d22bba15001f/tokio-1.32.0/src/runtime/scheduler/current_thread/mod.rs:665:25
[INFO] [stdout]   30:     0x56491e5bc7cc - tokio::runtime::scheduler::current_thread::Context::enter::hbb330f07eb78f29e
[INFO] [stdout]                                at /opt/rustwide/cargo-home/registry/src/index.crates.io-6f17d22bba15001f/tokio-1.32.0/src/runtime/scheduler/current_thread/mod.rs:410:19
[INFO] [stdout]   31:     0x56491e5bd63e - tokio::runtime::scheduler::current_thread::CoreGuard::block_on::{{closure}}::he637042e5f18ec38
[INFO] [stdout]                                at /opt/rustwide/cargo-home/registry/src/index.crates.io-6f17d22bba15001f/tokio-1.32.0/src/runtime/scheduler/current_thread/mod.rs:664:36
[INFO] [stdout]   32:     0x56491e5bd34b - tokio::runtime::scheduler::current_thread::CoreGuard::enter::{{closure}}::h875c56b02f1f9906
[INFO] [stdout]                                at /opt/rustwide/cargo-home/registry/src/index.crates.io-6f17d22bba15001f/tokio-1.32.0/src/runtime/scheduler/current_thread/mod.rs:743:68
[INFO] [stdout]   33:     0x56491e58a56b - tokio::runtime::context::scoped::Scoped<T>::set::h528bdf9eba98069b
[INFO] [stdout]                                at /opt/rustwide/cargo-home/registry/src/index.crates.io-6f17d22bba15001f/tokio-1.32.0/src/runtime/context/scoped.rs:40:9
[INFO] [stdout]   34:     0x56491e5b52c9 - tokio::runtime::context::set_scheduler::{{closure}}::h46f300c7d984912e
[INFO] [stdout]                                at /opt/rustwide/cargo-home/registry/src/index.crates.io-6f17d22bba15001f/tokio-1.32.0/src/runtime/context.rs:176:26
[INFO] [stdout]   35:     0x56491e5b4006 - std::thread::local::LocalKey<T>::try_with::h7e860ccb32b712cf
[INFO] [stdout]                                at /rustc/82e1608dfa6e0b5569232559e3d385fea5a93112/library/std/src/thread/local.rs:270:16
[INFO] [stdout]   36:     0x56491e5b362a - std::thread::local::LocalKey<T>::with::he523af262aef94fe
[INFO] [stdout]                                at /rustc/82e1608dfa6e0b5569232559e3d385fea5a93112/library/std/src/thread/local.rs:246:9
[INFO] [stdout]   37:     0x56491e5b527d - tokio::runtime::context::set_scheduler::hdc170934ebe52e4f
[INFO] [stdout]                                at /opt/rustwide/cargo-home/registry/src/index.crates.io-6f17d22bba15001f/tokio-1.32.0/src/runtime/context.rs:176:9
[INFO] [stdout]   38:     0x56491e5bd0e0 - tokio::runtime::scheduler::current_thread::CoreGuard::enter::h9e80f2e832a47db8
[INFO] [stdout]                                at /opt/rustwide/cargo-home/registry/src/index.crates.io-6f17d22bba15001f/tokio-1.32.0/src/runtime/scheduler/current_thread/mod.rs:743:27
[INFO] [stdout]   39:     0x56491e5bd37d - tokio::runtime::scheduler::current_thread::CoreGuard::block_on::hd1c7bbf2281ba761
[INFO] [stdout]                                at /opt/rustwide/cargo-home/registry/src/index.crates.io-6f17d22bba15001f/tokio-1.32.0/src/runtime/scheduler/current_thread/mod.rs:652:19
[INFO] [stdout]   40:     0x56491e5bc2ad - tokio::runtime::scheduler::current_thread::CurrentThread::block_on::{{closure}}::h08554b8bc849399c
[INFO] [stdout]                                at /opt/rustwide/cargo-home/registry/src/index.crates.io-6f17d22bba15001f/tokio-1.32.0/src/runtime/scheduler/current_thread/mod.rs:175:28
[INFO] [stdout]   41:     0x56491e5b565a - tokio::runtime::context::runtime::enter_runtime::h28a7eca61600d1bd
[INFO] [stdout]                                at /opt/rustwide/cargo-home/registry/src/index.crates.io-6f17d22bba15001f/tokio-1.32.0/src/runtime/context/runtime.rs:65:16
[INFO] [stdout]   42:     0x56491e5bc1c0 - tokio::runtime::scheduler::current_thread::CurrentThread::block_on::h5785217e888272cc
[INFO] [stdout]                                at /opt/rustwide/cargo-home/registry/src/index.crates.io-6f17d22bba15001f/tokio-1.32.0/src/runtime/scheduler/current_thread/mod.rs:167:9
[INFO] [stdout]   43:     0x56491e5b5d7d - tokio::runtime::runtime::Runtime::block_on::h879258f0a5d6d3d3
[INFO] [stdout]                                at /opt/rustwide/cargo-home/registry/src/index.crates.io-6f17d22bba15001f/tokio-1.32.0/src/runtime/runtime.rs:347:47
[INFO] [stdout]   44:     0x56491e58678c - rexit::ReAPI::users::tests::get_user::h7347d4a4f0b6fa46
[INFO] [stdout]                                at /opt/rustwide/workdir/src/ReAPI/users.rs:53:9
[INFO] [stdout]   45:     0x56491e586617 - rexit::ReAPI::users::tests::get_user::{{closure}}::he4dabdaa1a43cc77
[INFO] [stdout]                                at /opt/rustwide/workdir/src/ReAPI/users.rs:47:24
[INFO] [stdout]   46:     0x56491e575fe6 - core::ops::function::FnOnce::call_once::hec203c367a3ff8c3
[INFO] [stdout]                                at /rustc/82e1608dfa6e0b5569232559e3d385fea5a93112/library/core/src/ops/function.rs:250:5
[INFO] [stdout]   47:     0x56491e9d092f - core::ops::function::FnOnce::call_once::h2b5d431d5046312d
[INFO] [stdout]                                at /rustc/82e1608dfa6e0b5569232559e3d385fea5a93112/library/core/src/ops/function.rs:250:5
[INFO] [stdout]   48:     0x56491e9d092f - test::__rust_begin_short_backtrace::h7714669af176e207
[INFO] [stdout]                                at /rustc/82e1608dfa6e0b5569232559e3d385fea5a93112/library/test/src/lib.rs:628:18
[INFO] [stdout]   49:     0x56491e9cf945 - test::run_test_in_process::{{closure}}::h85218797dcbcec12
[INFO] [stdout]                                at /rustc/82e1608dfa6e0b5569232559e3d385fea5a93112/library/test/src/lib.rs:651:60
[INFO] [stdout]   50:     0x56491e9cf945 - <core::panic::unwind_safe::AssertUnwindSafe<F> as core::ops::function::FnOnce<()>>::call_once::h76c106ea31c14d7b
[INFO] [stdout]                                at /rustc/82e1608dfa6e0b5569232559e3d385fea5a93112/library/core/src/panic/unwind_safe.rs:272:9
[INFO] [stdout]   51:     0x56491e9cf945 - std::panicking::try::do_call::h3bd5d0f6620ee946
[INFO] [stdout]                                at /rustc/82e1608dfa6e0b5569232559e3d385fea5a93112/library/std/src/panicking.rs:552:40
[INFO] [stdout]   52:     0x56491e9cf945 - std::panicking::try::h232e535e4744fe31
[INFO] [stdout]                                at /rustc/82e1608dfa6e0b5569232559e3d385fea5a93112/library/std/src/panicking.rs:516:19
[INFO] [stdout]   53:     0x56491e9cf945 - std::panic::catch_unwind::h3ce3bd6ca8dbac68
[INFO] [stdout]                                at /rustc/82e1608dfa6e0b5569232559e3d385fea5a93112/library/std/src/panic.rs:142:14
[INFO] [stdout]   54:     0x56491e9cf945 - test::run_test_in_process::hc97b257c9621286a
[INFO] [stdout]                                at /rustc/82e1608dfa6e0b5569232559e3d385fea5a93112/library/test/src/lib.rs:651:27
[INFO] [stdout]   55:     0x56491e9cf945 - test::run_test::{{closure}}::h2aa798823a438d38
[INFO] [stdout]                                at /rustc/82e1608dfa6e0b5569232559e3d385fea5a93112/library/test/src/lib.rs:574:43
[INFO] [stdout]   56:     0x56491e997c06 - test::run_test::{{closure}}::h87d231c78fb59832
[INFO] [stdout]                                at /rustc/82e1608dfa6e0b5569232559e3d385fea5a93112/library/test/src/lib.rs:602:41
[INFO] [stdout]   57:     0x56491e997c06 - std::sys_common::backtrace::__rust_begin_short_backtrace::he6df152596625789
[INFO] [stdout]                                at /rustc/82e1608dfa6e0b5569232559e3d385fea5a93112/library/std/src/sys_common/backtrace.rs:154:18
[INFO] [stdout]   58:     0x56491e99ccb7 - std::thread::Builder::spawn_unchecked_::{{closure}}::{{closure}}::ha94be15d1e0acf36
[INFO] [stdout]                                at /rustc/82e1608dfa6e0b5569232559e3d385fea5a93112/library/std/src/thread/mod.rs:529:17
[INFO] [stdout]   59:     0x56491e99ccb7 - <core::panic::unwind_safe::AssertUnwindSafe<F> as core::ops::function::FnOnce<()>>::call_once::h9dc6bd6372f16606
[INFO] [stdout]                                at /rustc/82e1608dfa6e0b5569232559e3d385fea5a93112/library/core/src/panic/unwind_safe.rs:272:9
[INFO] [stdout]   60:     0x56491e99ccb7 - std::panicking::try::do_call::h9057517f80303cd4
[INFO] [stdout]                                at /rustc/82e1608dfa6e0b5569232559e3d385fea5a93112/library/std/src/panicking.rs:552:40
[INFO] [stdout]   61:     0x56491e99ccb7 - std::panicking::try::he3a30b11ee45340c
[INFO] [stdout]                                at /rustc/82e1608dfa6e0b5569232559e3d385fea5a93112/library/std/src/panicking.rs:516:19
[INFO] [stdout]   62:     0x56491e99ccb7 - std::panic::catch_unwind::h410458cfd3528b8b
[INFO] [stdout]                                at /rustc/82e1608dfa6e0b5569232559e3d385fea5a93112/library/std/src/panic.rs:142:14
[INFO] [stdout]   63:     0x56491e99ccb7 - std::thread::Builder::spawn_unchecked_::{{closure}}::h72ac3bdb567b737b
[INFO] [stdout]                                at /rustc/82e1608dfa6e0b5569232559e3d385fea5a93112/library/std/src/thread/mod.rs:528:30
[INFO] [stdout]   64:     0x56491e99ccb7 - core::ops::function::FnOnce::call_once{{vtable.shim}}::h38f34da3654a8344
[INFO] [stdout]                                at /rustc/82e1608dfa6e0b5569232559e3d385fea5a93112/library/core/src/ops/function.rs:250:5
[INFO] [stdout]   65:     0x56491edd7ef5 - <alloc::boxed::Box<F,A> as core::ops::function::FnOnce<Args>>::call_once::hc7eafaff61e32df9
[INFO] [stdout]                                at /rustc/82e1608dfa6e0b5569232559e3d385fea5a93112/library/alloc/src/boxed.rs:2007:9
[INFO] [stdout]   66:     0x56491edd7ef5 - <alloc::boxed::Box<F,A> as core::ops::function::FnOnce<Args>>::call_once::h6ba4a5de48dd2304
[INFO] [stdout]                                at /rustc/82e1608dfa6e0b5569232559e3d385fea5a93112/library/alloc/src/boxed.rs:2007:9
[INFO] [stdout]   67:     0x56491edd7ef5 - std::sys::unix::thread::Thread::new::thread_start::he469335aef763e45
[INFO] [stdout]                                at /rustc/82e1608dfa6e0b5569232559e3d385fea5a93112/library/std/src/sys/unix/thread.rs:108:17
[INFO] [stdout]   68:     0x7fe8d8ec5ac3 - <unknown>
[INFO] [stdout]   69:     0x7fe8d8f56bf4 - __clone
[INFO] [stdout]   70:                0x0 - <unknown>
[INFO] [stdout] 
[INFO] [stdout] 
[INFO] [stdout] failures:
[INFO] [stdout]     ReAPI::users::tests::get_user
[INFO] [stdout] 
[INFO] [stdout] test result: FAILED. 2 passed; 1 failed; 3 ignored; 0 measured; 0 filtered out; finished in 0.24s
[INFO] [stdout] 
[INFO] [stderr] error: test failed, to rerun pass `--bin rexit`
[INFO] running `Command { std: "docker" "inspect" "e1c53ad09d5d232b631d76aa69be99b0f8e74f30d24752cfbb1ec390791594fd", kill_on_drop: false }`
[INFO] running `Command { std: "docker" "rm" "-f" "e1c53ad09d5d232b631d76aa69be99b0f8e74f30d24752cfbb1ec390791594fd", kill_on_drop: false }`
[INFO] [stdout] e1c53ad09d5d232b631d76aa69be99b0f8e74f30d24752cfbb1ec390791594fd
