[INFO] cloning repository https://github.com/LuckyTurtleDev/embedded-sprites
[INFO] running `Command { std: "git" "-c" "credential.helper=" "-c" "credential.helper=/workspace/cargo-home/bin/git-credential-null" "clone" "--bare" "https://github.com/LuckyTurtleDev/embedded-sprites" "/workspace/cache/git-repos/https%3A%2F%2Fgithub.com%2FLuckyTurtleDev%2Fembedded-sprites", kill_on_drop: false }`
[INFO] [stderr] Cloning into bare repository '/workspace/cache/git-repos/https%3A%2F%2Fgithub.com%2FLuckyTurtleDev%2Fembedded-sprites'...
[INFO] running `Command { std: "git" "rev-parse" "HEAD", kill_on_drop: false }`
[INFO] [stdout] 1f1dc9bcfdc68cd472ac3d693032e1a66137c395
[INFO] testing LuckyTurtleDev/embedded-sprites against 1.75.0 for beta-1.76-1
[INFO] running `Command { std: "git" "clone" "/workspace/cache/git-repos/https%3A%2F%2Fgithub.com%2FLuckyTurtleDev%2Fembedded-sprites" "/workspace/builds/worker-5-tc1/source", kill_on_drop: false }`
[INFO] [stderr] Cloning into '/workspace/builds/worker-5-tc1/source'...
[INFO] [stderr] done.
[INFO] validating manifest of git repo https://github.com/LuckyTurtleDev/embedded-sprites on toolchain 1.75.0
[INFO] running `Command { std: CARGO_HOME="/workspace/cargo-home" RUSTUP_HOME="/workspace/rustup-home" "/workspace/cargo-home/bin/cargo" "+1.75.0" "metadata" "--manifest-path" "Cargo.toml" "--no-deps", kill_on_drop: false }`
[INFO] started tweaking git repo https://github.com/LuckyTurtleDev/embedded-sprites
[INFO] finished tweaking git repo https://github.com/LuckyTurtleDev/embedded-sprites
[INFO] tweaked toml for git repo https://github.com/LuckyTurtleDev/embedded-sprites written to /workspace/builds/worker-5-tc1/source/Cargo.toml
[INFO] crate git repo https://github.com/LuckyTurtleDev/embedded-sprites already has a lockfile, it will not be regenerated
[INFO] running `Command { std: CARGO_HOME="/workspace/cargo-home" RUSTUP_HOME="/workspace/rustup-home" "/workspace/cargo-home/bin/cargo" "+1.75.0" "fetch" "--manifest-path" "Cargo.toml", kill_on_drop: false }`
[INFO] [stderr] warning: virtual workspace defaulting to `resolver = "1"` despite one or more workspace members being on edition 2021 which implies `resolver = "2"`
[INFO] [stderr] note: to keep the current resolver, specify `workspace.resolver = "1"` in the workspace root's manifest
[INFO] [stderr] note: to use the edition 2021 resolver, specify `workspace.resolver = "2"` in the workspace root's manifest
[INFO] [stderr] note: for more details see https://doc.rust-lang.org/cargo/reference/resolver.html#resolver-versions
[INFO] [stderr]     Updating crates.io index
[INFO] [stderr]  Downloading crates ...
[INFO] [stderr]   Downloaded konst_kernel v0.3.5
[INFO] [stderr]   Downloaded embedded-graphics-simulator v0.4.1
[INFO] [stderr]   Downloaded konst_proc_macros v0.3.0
[INFO] [stderr]   Downloaded konst v0.3.5
[INFO] [stderr]   Downloaded typewit v1.2.0
[INFO] running `Command { std: "docker" "create" "-v" "/var/lib/crater-agent-workspace/builds/worker-5-tc1/target:/opt/rustwide/target:rw,Z" "-v" "/var/lib/crater-agent-workspace/builds/worker-5-tc1/source:/opt/rustwide/workdir:ro,Z" "-v" "/var/lib/crater-agent-workspace/cargo-home:/opt/rustwide/cargo-home:ro,Z" "-v" "/var/lib/crater-agent-workspace/rustup-home:/opt/rustwide/rustup-home:ro,Z" "-e" "SOURCE_DIR=/opt/rustwide/workdir" "-e" "CARGO_TARGET_DIR=/opt/rustwide/target" "-e" "CARGO_HOME=/opt/rustwide/cargo-home" "-e" "RUSTUP_HOME=/opt/rustwide/rustup-home" "-w" "/opt/rustwide/workdir" "-m" "1610612736" "--user" "0:0" "--network" "none" "ghcr.io/rust-lang/crates-build-env/linux@sha256:2788e3201cd34a07e3172128adcd8b3090168a8e3bcc40d7c032b9dda1df7d1c" "/opt/rustwide/cargo-home/bin/cargo" "+1.75.0" "metadata" "--no-deps" "--format-version=1", kill_on_drop: false }`
[INFO] [stdout] 4429ebe9d5594b1524f980eb2951aecf61ac30f1b5fa2f83a17e177e3bf76b32
[INFO] running `Command { std: "docker" "start" "-a" "4429ebe9d5594b1524f980eb2951aecf61ac30f1b5fa2f83a17e177e3bf76b32", kill_on_drop: false }`
[INFO] running `Command { std: "docker" "inspect" "4429ebe9d5594b1524f980eb2951aecf61ac30f1b5fa2f83a17e177e3bf76b32", kill_on_drop: false }`
[INFO] running `Command { std: "docker" "rm" "-f" "4429ebe9d5594b1524f980eb2951aecf61ac30f1b5fa2f83a17e177e3bf76b32", kill_on_drop: false }`
[INFO] [stdout] 4429ebe9d5594b1524f980eb2951aecf61ac30f1b5fa2f83a17e177e3bf76b32
[INFO] running `Command { std: "docker" "create" "-v" "/var/lib/crater-agent-workspace/builds/worker-5-tc1/target:/opt/rustwide/target:rw,Z" "-v" "/var/lib/crater-agent-workspace/builds/worker-5-tc1/source:/opt/rustwide/workdir:ro,Z" "-v" "/var/lib/crater-agent-workspace/cargo-home:/opt/rustwide/cargo-home:ro,Z" "-v" "/var/lib/crater-agent-workspace/rustup-home:/opt/rustwide/rustup-home:ro,Z" "-e" "SOURCE_DIR=/opt/rustwide/workdir" "-e" "CARGO_TARGET_DIR=/opt/rustwide/target" "-e" "CARGO_INCREMENTAL=0" "-e" "RUST_BACKTRACE=full" "-e" "RUSTFLAGS=--cap-lints=warn" "-e" "RUSTDOCFLAGS=--cap-lints=warn" "-e" "CARGO_HOME=/opt/rustwide/cargo-home" "-e" "RUSTUP_HOME=/opt/rustwide/rustup-home" "-w" "/opt/rustwide/workdir" "-m" "1610612736" "--user" "0:0" "--network" "none" "ghcr.io/rust-lang/crates-build-env/linux@sha256:2788e3201cd34a07e3172128adcd8b3090168a8e3bcc40d7c032b9dda1df7d1c" "/opt/rustwide/cargo-home/bin/cargo" "+1.75.0" "build" "--frozen" "--message-format=json", kill_on_drop: false }`
[INFO] [stdout] df4885d472b7168369b0941a60387659d8995ac37010158f89a05755cebca778
[INFO] running `Command { std: "docker" "start" "-a" "df4885d472b7168369b0941a60387659d8995ac37010158f89a05755cebca778", kill_on_drop: false }`
[INFO] [stderr] warning: virtual workspace defaulting to `resolver = "1"` despite one or more workspace members being on edition 2021 which implies `resolver = "2"`
[INFO] [stderr] note: to keep the current resolver, specify `workspace.resolver = "1"` in the workspace root's manifest
[INFO] [stderr] note: to use the edition 2021 resolver, specify `workspace.resolver = "2"` in the workspace root's manifest
[INFO] [stderr] note: for more details see https://doc.rust-lang.org/cargo/reference/resolver.html#resolver-versions
[INFO] [stderr]    Compiling autocfg v1.1.0
[INFO] [stderr]    Compiling cfg-if v1.0.0
[INFO] [stderr]    Compiling libc v0.2.144
[INFO] [stderr]    Compiling proc-macro2 v1.0.58
[INFO] [stderr]    Compiling scopeguard v1.1.0
[INFO] [stderr]    Compiling crossbeam-utils v0.8.15
[INFO] [stderr]    Compiling quote v1.0.27
[INFO] [stderr]    Compiling unicode-ident v1.0.8
[INFO] [stderr]    Compiling adler v1.0.2
[INFO] [stderr]    Compiling rayon-core v1.11.0
[INFO] [stderr]    Compiling crc32fast v1.3.2
[INFO] [stderr]    Compiling simd-adler32 v0.3.5
[INFO] [stderr]    Compiling either v1.8.1
[INFO] [stderr]    Compiling version_check v0.9.4
[INFO] [stderr]    Compiling byteorder v1.4.3
[INFO] [stderr]    Compiling memoffset v0.8.0
[INFO] [stderr]    Compiling crossbeam-epoch v0.9.14
[INFO] [stderr]    Compiling num-traits v0.2.15
[INFO] [stderr]    Compiling num-integer v0.1.45
[INFO] [stderr]    Compiling weezl v0.1.7
[INFO] [stderr]    Compiling lock_api v0.4.9
[INFO] [stderr]    Compiling crossbeam-channel v0.5.8
[INFO] [stderr]    Compiling bitflags v1.3.2
[INFO] [stderr]    Compiling num_cpus v1.15.0
[INFO] [stderr]    Compiling syn v1.0.109
[INFO] [stderr]    Compiling syn v2.0.16
[INFO] [stderr]    Compiling crossbeam-deque v0.8.3
[INFO] [stderr]    Compiling futures-core v0.3.28
[INFO] [stderr]    Compiling az v1.2.1
[INFO] [stderr]    Compiling color_quant v1.1.0
[INFO] [stderr]    Compiling getrandom v0.2.9
[INFO] [stderr]    Compiling proc-macro-error-attr v1.0.4
[INFO] [stderr]    Compiling miniz_oxide v0.7.1
[INFO] [stderr]    Compiling version-compare v0.1.1
[INFO] [stderr]    Compiling bytemuck v1.13.1
[INFO] [stderr]    Compiling spin v0.9.8
[INFO] [stderr]    Compiling sdl2-sys v0.35.2
[INFO] [stderr]    Compiling rayon v1.7.0
[INFO] [stderr]    Compiling flate2 v1.0.26
[INFO] [stderr]    Compiling nanorand v0.7.0
[INFO] [stderr]    Compiling proc-macro-error v1.0.4
[INFO] [stderr]    Compiling miniz_oxide v0.4.4
[INFO] [stderr]    Compiling num-rational v0.4.1
[INFO] [stderr]    Compiling futures-sink v0.3.28
[INFO] [stderr]    Compiling adler32 v1.2.0
[INFO] [stderr]    Compiling float-cmp v0.8.0
[INFO] [stderr]    Compiling num-rational v0.3.2
[INFO] [stderr]    Compiling num-iter v0.1.43
[INFO] [stderr]    Compiling embedded-graphics-core v0.3.3
[INFO] [stderr]    Compiling zune-inflate v0.2.54
[INFO] [stderr]    Compiling fdeflate v0.3.0
[INFO] [stderr]    Compiling miniz_oxide v0.6.2
[INFO] [stderr]    Compiling bit_field v0.10.2
[INFO] [stderr]    Compiling smallvec v1.10.0
[INFO] [stderr]    Compiling lebe v0.5.2
[INFO] [stderr]    Compiling micromath v1.1.1
[INFO] [stderr]    Compiling half v2.2.1
[INFO] [stderr]    Compiling embedded-graphics v0.7.1
[INFO] [stderr]    Compiling png v0.17.8
[INFO] [stderr]    Compiling deflate v0.8.6
[INFO] [stderr]    Compiling jpeg-decoder v0.3.0
[INFO] [stderr]    Compiling jpeg-decoder v0.1.22
[INFO] [stderr]    Compiling miniz_oxide v0.3.7
[INFO] [stderr]    Compiling qoi v0.4.1
[INFO] [stderr]    Compiling gif v0.12.0
[INFO] [stderr]    Compiling Inflector v0.11.4
[INFO] [stderr]    Compiling tiff v0.8.1
[INFO] [stderr]    Compiling sdl2 v0.35.2
[INFO] [stderr]    Compiling tiff v0.6.1
[INFO] [stderr]    Compiling png v0.16.8
[INFO] [stderr]    Compiling pin-project-internal v1.1.0
[INFO] [stderr]    Compiling gif v0.11.4
[INFO] [stderr]    Compiling ouroboros_macro v0.15.6
[INFO] [stderr]    Compiling lazy_static v1.4.0
[INFO] [stderr]    Compiling aliasable v0.1.3
[INFO] [stderr]    Compiling scoped_threadpool v0.1.9
[INFO] [stderr]    Compiling base64 v0.13.1
[INFO] [stderr]    Compiling typewit v1.2.0
[INFO] [stderr]    Compiling konst_proc_macros v0.3.0
[INFO] [stderr]    Compiling konst_kernel v0.3.5
[INFO] [stderr]    Compiling image v0.23.14
[INFO] [stderr]    Compiling const_panic v0.2.8
[INFO] [stderr]    Compiling konst v0.3.5
[INFO] [stderr]    Compiling pin-project v1.1.0
[INFO] [stderr]    Compiling flume v0.10.14
[INFO] [stderr]    Compiling ouroboros v0.15.6
[INFO] [stderr]    Compiling exr v1.6.3
[INFO] [stderr]    Compiling embedded-graphics-simulator v0.4.1
[INFO] [stderr]    Compiling image v0.24.6
[INFO] [stderr]    Compiling embedded-sprites-proc-macro v0.1.1 (/opt/rustwide/workdir/proc-macro)
[INFO] [stderr]    Compiling embedded-sprites v0.1.2 (/opt/rustwide/workdir/embedded-sprites)
[INFO] [stderr]    Compiling simple-png v0.1.0 (/opt/rustwide/workdir/example/simple-png)
[INFO] [stderr]    Compiling simple v0.1.0 (/opt/rustwide/workdir/example/simple)
[INFO] [stderr]     Finished dev [unoptimized + debuginfo] target(s) in 57.83s
[INFO] running `Command { std: "docker" "inspect" "df4885d472b7168369b0941a60387659d8995ac37010158f89a05755cebca778", kill_on_drop: false }`
[INFO] running `Command { std: "docker" "rm" "-f" "df4885d472b7168369b0941a60387659d8995ac37010158f89a05755cebca778", kill_on_drop: false }`
[INFO] [stdout] df4885d472b7168369b0941a60387659d8995ac37010158f89a05755cebca778
[INFO] running `Command { std: "docker" "create" "-v" "/var/lib/crater-agent-workspace/builds/worker-5-tc1/target:/opt/rustwide/target:rw,Z" "-v" "/var/lib/crater-agent-workspace/builds/worker-5-tc1/source:/opt/rustwide/workdir:ro,Z" "-v" "/var/lib/crater-agent-workspace/cargo-home:/opt/rustwide/cargo-home:ro,Z" "-v" "/var/lib/crater-agent-workspace/rustup-home:/opt/rustwide/rustup-home:ro,Z" "-e" "SOURCE_DIR=/opt/rustwide/workdir" "-e" "CARGO_TARGET_DIR=/opt/rustwide/target" "-e" "CARGO_INCREMENTAL=0" "-e" "RUST_BACKTRACE=full" "-e" "RUSTFLAGS=--cap-lints=warn" "-e" "RUSTDOCFLAGS=--cap-lints=warn" "-e" "CARGO_HOME=/opt/rustwide/cargo-home" "-e" "RUSTUP_HOME=/opt/rustwide/rustup-home" "-w" "/opt/rustwide/workdir" "-m" "1610612736" "--user" "0:0" "--network" "none" "ghcr.io/rust-lang/crates-build-env/linux@sha256:2788e3201cd34a07e3172128adcd8b3090168a8e3bcc40d7c032b9dda1df7d1c" "/opt/rustwide/cargo-home/bin/cargo" "+1.75.0" "test" "--frozen" "--no-run" "--message-format=json", kill_on_drop: false }`
[INFO] [stdout] 3b3759af7945622a6a8157a012a5966a6e02f6fde206a9caa3a19fc45052e946
[INFO] running `Command { std: "docker" "start" "-a" "3b3759af7945622a6a8157a012a5966a6e02f6fde206a9caa3a19fc45052e946", kill_on_drop: false }`
[INFO] [stderr] warning: virtual workspace defaulting to `resolver = "1"` despite one or more workspace members being on edition 2021 which implies `resolver = "2"`
[INFO] [stderr] note: to keep the current resolver, specify `workspace.resolver = "1"` in the workspace root's manifest
[INFO] [stderr] note: to use the edition 2021 resolver, specify `workspace.resolver = "2"` in the workspace root's manifest
[INFO] [stderr] note: for more details see https://doc.rust-lang.org/cargo/reference/resolver.html#resolver-versions
[INFO] [stderr]    Compiling embedded-sprites-proc-macro v0.1.1 (/opt/rustwide/workdir/proc-macro)
[INFO] [stderr]    Compiling embedded-sprites v0.1.2 (/opt/rustwide/workdir/embedded-sprites)
[INFO] [stderr]    Compiling simple-png v0.1.0 (/opt/rustwide/workdir/example/simple-png)
[INFO] [stderr]    Compiling simple v0.1.0 (/opt/rustwide/workdir/example/simple)
[INFO] [stderr]     Finished test [unoptimized + debuginfo] target(s) in 6.75s
[INFO] running `Command { std: "docker" "inspect" "3b3759af7945622a6a8157a012a5966a6e02f6fde206a9caa3a19fc45052e946", kill_on_drop: false }`
[INFO] running `Command { std: "docker" "rm" "-f" "3b3759af7945622a6a8157a012a5966a6e02f6fde206a9caa3a19fc45052e946", kill_on_drop: false }`
[INFO] [stdout] 3b3759af7945622a6a8157a012a5966a6e02f6fde206a9caa3a19fc45052e946
[INFO] running `Command { std: "docker" "create" "-v" "/var/lib/crater-agent-workspace/builds/worker-5-tc1/target:/opt/rustwide/target:rw,Z" "-v" "/var/lib/crater-agent-workspace/builds/worker-5-tc1/source:/opt/rustwide/workdir:ro,Z" "-v" "/var/lib/crater-agent-workspace/cargo-home:/opt/rustwide/cargo-home:ro,Z" "-v" "/var/lib/crater-agent-workspace/rustup-home:/opt/rustwide/rustup-home:ro,Z" "-e" "SOURCE_DIR=/opt/rustwide/workdir" "-e" "CARGO_TARGET_DIR=/opt/rustwide/target" "-e" "CARGO_INCREMENTAL=0" "-e" "RUST_BACKTRACE=full" "-e" "RUSTFLAGS=--cap-lints=warn" "-e" "RUSTDOCFLAGS=--cap-lints=warn" "-e" "CARGO_HOME=/opt/rustwide/cargo-home" "-e" "RUSTUP_HOME=/opt/rustwide/rustup-home" "-w" "/opt/rustwide/workdir" "-m" "1610612736" "--user" "0:0" "--network" "none" "ghcr.io/rust-lang/crates-build-env/linux@sha256:2788e3201cd34a07e3172128adcd8b3090168a8e3bcc40d7c032b9dda1df7d1c" "/opt/rustwide/cargo-home/bin/cargo" "+1.75.0" "test" "--frozen", kill_on_drop: false }`
[INFO] [stdout] 6f9adb042048561fd6c84b46c94388e96fc5fc43c6546ad3e361b3d597a16531
[INFO] running `Command { std: "docker" "start" "-a" "6f9adb042048561fd6c84b46c94388e96fc5fc43c6546ad3e361b3d597a16531", kill_on_drop: false }`
[INFO] [stderr] warning: virtual workspace defaulting to `resolver = "1"` despite one or more workspace members being on edition 2021 which implies `resolver = "2"`
[INFO] [stderr] note: to keep the current resolver, specify `workspace.resolver = "1"` in the workspace root's manifest
[INFO] [stderr] note: to use the edition 2021 resolver, specify `workspace.resolver = "2"` in the workspace root's manifest
[INFO] [stderr] note: for more details see https://doc.rust-lang.org/cargo/reference/resolver.html#resolver-versions
[INFO] [stderr]     Finished test [unoptimized + debuginfo] target(s) in 0.11s
[INFO] [stderr]      Running unittests src/lib.rs (/opt/rustwide/target/debug/deps/embedded_sprites-9eab1a8978672f4b)
[INFO] [stdout] 
[INFO] [stdout] running 3 tests
[INFO] [stdout] test image::tests::create_const_image ... ok
[INFO] [stdout] test image::tests::create_image_wrong_hight ... ok
[INFO] [stdout] test image::tests::create_image_wrong_widht ... ok
[INFO] [stdout] 
[INFO] [stdout] test result: ok. 3 passed; 0 failed; 0 ignored; 0 measured; 0 filtered out; finished in 0.01s
[INFO] [stdout] 
[INFO] [stderr]      Running unittests src/lib.rs (/opt/rustwide/target/debug/deps/embedded_sprites_proc_macro-e77ba750d959f162)
[INFO] [stdout] 
[INFO] [stdout] running 0 tests
[INFO] [stdout] 
[INFO] [stdout] test result: ok. 0 passed; 0 failed; 0 ignored; 0 measured; 0 filtered out; finished in 0.00s
[INFO] [stdout] 
[INFO] [stderr]      Running unittests src/main.rs (/opt/rustwide/target/debug/deps/simple-29665d460578b783)
[INFO] [stdout] 
[INFO] [stdout] running 0 tests
[INFO] [stdout] 
[INFO] [stdout] test result: ok. 0 passed; 0 failed; 0 ignored; 0 measured; 0 filtered out; finished in 0.00s
[INFO] [stdout] 
[INFO] [stderr]      Running unittests src/main.rs (/opt/rustwide/target/debug/deps/simple_png-e80487a7519d1ef3)
[INFO] [stdout] 
[INFO] [stdout] running 0 tests
[INFO] [stdout] 
[INFO] [stderr]    Doc-tests embedded-sprites
[INFO] [stdout] test result: ok. 0 passed; 0 failed; 0 ignored; 0 measured; 0 filtered out; finished in 0.00s
[INFO] [stdout] 
[INFO] [stdout] 
[INFO] [stdout] running 4 tests
[INFO] [stdout] test embedded-sprites/src/lib.rs - (line 9) ... FAILED
[INFO] [stdout] test embedded-sprites/src/lib.rs - (line 18) ... FAILED
[INFO] [stdout] test embedded-sprites/src/image.rs - image::Image<'a,C>::new (line 62) ... ok
[INFO] [stdout] test embedded-sprites/src/image.rs - image::transparency (line 99) ... ok
[INFO] [stdout] 
[INFO] [stdout] failures:
[INFO] [stdout] 
[INFO] [stdout] ---- embedded-sprites/src/lib.rs - (line 9) stdout ----
[INFO] [stdout] error: Failed to open image "grass.png": No such file or directory (os error 2)
[INFO] [stdout]  --> embedded-sprites/src/lib.rs:14:30
[INFO] [stdout]   |
[INFO] [stdout] 8 | const IMAGE: Image<Bgr565> = "grass.png";
[INFO] [stdout]   |                              ^^^^^^^^^^^
[INFO] [stdout] 
[INFO] [stdout] error: aborting due to previous error
[INFO] [stdout] 
[INFO] [stdout] Couldn't compile the test.
[INFO] [stdout] ---- embedded-sprites/src/lib.rs - (line 18) stdout ----
[INFO] [stdout] error: Failed to open image "grass.png": No such file or directory (os error 2)
[INFO] [stdout]   --> embedded-sprites/src/lib.rs:27:30
[INFO] [stdout]    |
[INFO] [stdout] 12 | const IMAGE: Image<Bgr565> = "grass.png";
[INFO] [stdout]    |                              ^^^^^^^^^^^
[INFO] [stdout] 
[INFO] [stdout] error[E0425]: cannot find value `IMAGE` in this scope
[INFO] [stdout]   --> embedded-sprites/src/lib.rs:28:64
[INFO] [stdout]    |
[INFO] [stdout] 13 | const SPRITE1: Sprite<Bgr565> = Sprite::new(Point::new(0, 0), &IMAGE);
[INFO] [stdout]    |                                                                ^^^^^ not found in this scope
[INFO] [stdout] 
[INFO] [stdout] error[E0425]: cannot find value `IMAGE` in this scope
[INFO] [stdout]   --> embedded-sprites/src/lib.rs:29:66
[INFO] [stdout]    |
[INFO] [stdout] 14 | const SPRITE2: Sprite<Bgr565> = Sprite::new(Point::new(32, 32), &IMAGE);
[INFO] [stdout]    |                                                                  ^^^^^ not found in this scope
[INFO] [stdout] 
[INFO] [stdout] error: aborting due to 3 previous errors
[INFO] [stdout] 
[INFO] [stdout] For more information about this error, try `rustc --explain E0425`.
[INFO] [stdout] Couldn't compile the test.
[INFO] [stdout] 
[INFO] [stdout] failures:
[INFO] [stdout]     embedded-sprites/src/lib.rs - (line 18)
[INFO] [stdout]     embedded-sprites/src/lib.rs - (line 9)
[INFO] [stdout] 
[INFO] [stdout] test result: FAILED. 2 passed; 2 failed; 0 ignored; 0 measured; 0 filtered out; finished in 0.35s
[INFO] [stdout] 
[INFO] [stderr] error: doctest failed, to rerun pass `-p embedded-sprites --doc`
[INFO] running `Command { std: "docker" "inspect" "6f9adb042048561fd6c84b46c94388e96fc5fc43c6546ad3e361b3d597a16531", kill_on_drop: false }`
[INFO] running `Command { std: "docker" "rm" "-f" "6f9adb042048561fd6c84b46c94388e96fc5fc43c6546ad3e361b3d597a16531", kill_on_drop: false }`
[INFO] [stdout] 6f9adb042048561fd6c84b46c94388e96fc5fc43c6546ad3e361b3d597a16531
[INFO] testing LuckyTurtleDev/embedded-sprites against beta-2023-12-22 for beta-1.76-1
[INFO] running `Command { std: "git" "clone" "/workspace/cache/git-repos/https%3A%2F%2Fgithub.com%2FLuckyTurtleDev%2Fembedded-sprites" "/workspace/builds/worker-5-tc2/source", kill_on_drop: false }`
[INFO] [stderr] Cloning into '/workspace/builds/worker-5-tc2/source'...
[INFO] [stderr] done.
[INFO] validating manifest of git repo https://github.com/LuckyTurtleDev/embedded-sprites on toolchain beta-2023-12-22
[INFO] running `Command { std: CARGO_HOME="/workspace/cargo-home" RUSTUP_HOME="/workspace/rustup-home" "/workspace/cargo-home/bin/cargo" "+beta-2023-12-22" "metadata" "--manifest-path" "Cargo.toml" "--no-deps", kill_on_drop: false }`
[INFO] started tweaking git repo https://github.com/LuckyTurtleDev/embedded-sprites
[INFO] finished tweaking git repo https://github.com/LuckyTurtleDev/embedded-sprites
[INFO] tweaked toml for git repo https://github.com/LuckyTurtleDev/embedded-sprites written to /workspace/builds/worker-5-tc2/source/Cargo.toml
[INFO] crate git repo https://github.com/LuckyTurtleDev/embedded-sprites already has a lockfile, it will not be regenerated
[INFO] running `Command { std: CARGO_HOME="/workspace/cargo-home" RUSTUP_HOME="/workspace/rustup-home" "/workspace/cargo-home/bin/cargo" "+beta-2023-12-22" "fetch" "--manifest-path" "Cargo.toml", kill_on_drop: false }`
[INFO] [stderr] warning: virtual workspace defaulting to `resolver = "1"` despite one or more workspace members being on edition 2021 which implies `resolver = "2"`
[INFO] [stderr] note: to keep the current resolver, specify `workspace.resolver = "1"` in the workspace root's manifest
[INFO] [stderr] note: to use the edition 2021 resolver, specify `workspace.resolver = "2"` in the workspace root's manifest
[INFO] [stderr] note: for more details see https://doc.rust-lang.org/cargo/reference/resolver.html#resolver-versions
[INFO] running `Command { std: "docker" "create" "-v" "/var/lib/crater-agent-workspace/builds/worker-5-tc2/target:/opt/rustwide/target:rw,Z" "-v" "/var/lib/crater-agent-workspace/builds/worker-5-tc2/source:/opt/rustwide/workdir:ro,Z" "-v" "/var/lib/crater-agent-workspace/cargo-home:/opt/rustwide/cargo-home:ro,Z" "-v" "/var/lib/crater-agent-workspace/rustup-home:/opt/rustwide/rustup-home:ro,Z" "-e" "SOURCE_DIR=/opt/rustwide/workdir" "-e" "CARGO_TARGET_DIR=/opt/rustwide/target" "-e" "CARGO_HOME=/opt/rustwide/cargo-home" "-e" "RUSTUP_HOME=/opt/rustwide/rustup-home" "-w" "/opt/rustwide/workdir" "-m" "1610612736" "--user" "0:0" "--network" "none" "ghcr.io/rust-lang/crates-build-env/linux@sha256:2788e3201cd34a07e3172128adcd8b3090168a8e3bcc40d7c032b9dda1df7d1c" "/opt/rustwide/cargo-home/bin/cargo" "+beta-2023-12-22" "metadata" "--no-deps" "--format-version=1", kill_on_drop: false }`
[INFO] [stdout] c64b1172e3a1d5d1b67ceb33ed936120f9b974e004b4aebb9ad49c113fee46d8
[INFO] running `Command { std: "docker" "start" "-a" "c64b1172e3a1d5d1b67ceb33ed936120f9b974e004b4aebb9ad49c113fee46d8", kill_on_drop: false }`
[INFO] running `Command { std: "docker" "inspect" "c64b1172e3a1d5d1b67ceb33ed936120f9b974e004b4aebb9ad49c113fee46d8", kill_on_drop: false }`
[INFO] running `Command { std: "docker" "rm" "-f" "c64b1172e3a1d5d1b67ceb33ed936120f9b974e004b4aebb9ad49c113fee46d8", kill_on_drop: false }`
[INFO] [stdout] c64b1172e3a1d5d1b67ceb33ed936120f9b974e004b4aebb9ad49c113fee46d8
[INFO] running `Command { std: "docker" "create" "-v" "/var/lib/crater-agent-workspace/builds/worker-5-tc2/target:/opt/rustwide/target:rw,Z" "-v" "/var/lib/crater-agent-workspace/builds/worker-5-tc2/source:/opt/rustwide/workdir:ro,Z" "-v" "/var/lib/crater-agent-workspace/cargo-home:/opt/rustwide/cargo-home:ro,Z" "-v" "/var/lib/crater-agent-workspace/rustup-home:/opt/rustwide/rustup-home:ro,Z" "-e" "SOURCE_DIR=/opt/rustwide/workdir" "-e" "CARGO_TARGET_DIR=/opt/rustwide/target" "-e" "CARGO_INCREMENTAL=0" "-e" "RUST_BACKTRACE=full" "-e" "RUSTFLAGS=--cap-lints=warn" "-e" "RUSTDOCFLAGS=--cap-lints=warn" "-e" "CARGO_HOME=/opt/rustwide/cargo-home" "-e" "RUSTUP_HOME=/opt/rustwide/rustup-home" "-w" "/opt/rustwide/workdir" "-m" "1610612736" "--user" "0:0" "--network" "none" "ghcr.io/rust-lang/crates-build-env/linux@sha256:2788e3201cd34a07e3172128adcd8b3090168a8e3bcc40d7c032b9dda1df7d1c" "/opt/rustwide/cargo-home/bin/cargo" "+beta-2023-12-22" "build" "--frozen" "--message-format=json", kill_on_drop: false }`
[INFO] [stdout] 93f2caaaa22af1f23c97dae2318706d5fcfb4eba24f68398b208903e70b94072
[INFO] running `Command { std: "docker" "start" "-a" "93f2caaaa22af1f23c97dae2318706d5fcfb4eba24f68398b208903e70b94072", kill_on_drop: false }`
[INFO] [stderr] warning: virtual workspace defaulting to `resolver = "1"` despite one or more workspace members being on edition 2021 which implies `resolver = "2"`
[INFO] [stderr] note: to keep the current resolver, specify `workspace.resolver = "1"` in the workspace root's manifest
[INFO] [stderr] note: to use the edition 2021 resolver, specify `workspace.resolver = "2"` in the workspace root's manifest
[INFO] [stderr] note: for more details see https://doc.rust-lang.org/cargo/reference/resolver.html#resolver-versions
[INFO] [stderr]    Compiling autocfg v1.1.0
[INFO] [stderr]    Compiling cfg-if v1.0.0
[INFO] [stderr]    Compiling libc v0.2.144
[INFO] [stderr]    Compiling proc-macro2 v1.0.58
[INFO] [stderr]    Compiling crossbeam-utils v0.8.15
[INFO] [stderr]    Compiling scopeguard v1.1.0
[INFO] [stderr]    Compiling unicode-ident v1.0.8
[INFO] [stderr]    Compiling quote v1.0.27
[INFO] [stderr]    Compiling rayon-core v1.11.0
[INFO] [stderr]    Compiling adler v1.0.2
[INFO] [stderr]    Compiling crc32fast v1.3.2
[INFO] [stderr]    Compiling simd-adler32 v0.3.5
[INFO] [stderr]    Compiling either v1.8.1
[INFO] [stderr]    Compiling byteorder v1.4.3
[INFO] [stderr]    Compiling memoffset v0.8.0
[INFO] [stderr]    Compiling crossbeam-epoch v0.9.14
[INFO] [stderr]    Compiling num-traits v0.2.15
[INFO] [stderr]    Compiling num-integer v0.1.45
[INFO] [stderr]    Compiling weezl v0.1.7
[INFO] [stderr]    Compiling version_check v0.9.4
[INFO] [stderr]    Compiling crossbeam-channel v0.5.8
[INFO] [stderr]    Compiling lock_api v0.4.9
[INFO] [stderr]    Compiling crossbeam-deque v0.8.3
[INFO] [stderr]    Compiling bitflags v1.3.2
[INFO] [stderr]    Compiling num_cpus v1.15.0
[INFO] [stderr]    Compiling syn v1.0.109
[INFO] [stderr]    Compiling syn v2.0.16
[INFO] [stderr]    Compiling futures-core v0.3.28
[INFO] [stderr]    Compiling color_quant v1.1.0
[INFO] [stderr]    Compiling az v1.2.1
[INFO] [stderr]    Compiling getrandom v0.2.9
[INFO] [stderr]    Compiling proc-macro-error-attr v1.0.4
[INFO] [stderr]    Compiling miniz_oxide v0.7.1
[INFO] [stderr]    Compiling bytemuck v1.13.1
[INFO] [stderr]    Compiling version-compare v0.1.1
[INFO] [stderr]    Compiling rayon v1.7.0
[INFO] [stderr]    Compiling sdl2-sys v0.35.2
[INFO] [stderr]    Compiling nanorand v0.7.0
[INFO] [stderr]    Compiling flate2 v1.0.26
[INFO] [stderr]    Compiling spin v0.9.8
[INFO] [stderr]    Compiling proc-macro-error v1.0.4
[INFO] [stderr]    Compiling miniz_oxide v0.4.4
[INFO] [stderr]    Compiling num-rational v0.4.1
[INFO] [stderr]    Compiling futures-sink v0.3.28
[INFO] [stderr]    Compiling adler32 v1.2.0
[INFO] [stderr]    Compiling embedded-graphics-core v0.3.3
[INFO] [stderr]    Compiling float-cmp v0.8.0
[INFO] [stderr]    Compiling num-iter v0.1.43
[INFO] [stderr]    Compiling num-rational v0.3.2
[INFO] [stderr]    Compiling fdeflate v0.3.0
[INFO] [stderr]    Compiling zune-inflate v0.2.54
[INFO] [stderr]    Compiling miniz_oxide v0.6.2
[INFO] [stderr]    Compiling lebe v0.5.2
[INFO] [stderr]    Compiling half v2.2.1
[INFO] [stderr]    Compiling bit_field v0.10.2
[INFO] [stderr]    Compiling micromath v1.1.1
[INFO] [stderr]    Compiling smallvec v1.10.0
[INFO] [stderr]    Compiling embedded-graphics v0.7.1
[INFO] [stderr]    Compiling png v0.17.8
[INFO] [stderr]    Compiling miniz_oxide v0.3.7
[INFO] [stderr]    Compiling jpeg-decoder v0.3.0
[INFO] [stderr]    Compiling jpeg-decoder v0.1.22
[INFO] [stderr]    Compiling deflate v0.8.6
[INFO] [stderr]    Compiling qoi v0.4.1
[INFO] [stderr]    Compiling tiff v0.8.1
[INFO] [stderr]    Compiling gif v0.12.0
[INFO] [stderr]    Compiling sdl2 v0.35.2
[INFO] [stderr]    Compiling Inflector v0.11.4
[INFO] [stderr]    Compiling png v0.16.8
[INFO] [stderr]    Compiling tiff v0.6.1
[INFO] [stderr]    Compiling gif v0.11.4
[INFO] [stderr]    Compiling lazy_static v1.4.0
[INFO] [stderr]    Compiling scoped_threadpool v0.1.9
[INFO] [stderr]    Compiling aliasable v0.1.3
[INFO] [stderr]    Compiling image v0.23.14
[INFO] [stderr]    Compiling typewit v1.2.0
[INFO] [stderr]    Compiling base64 v0.13.1
[INFO] [stderr]    Compiling pin-project-internal v1.1.0
[INFO] [stderr]    Compiling konst_kernel v0.3.5
[INFO] [stderr]    Compiling const_panic v0.2.8
[INFO] [stderr]    Compiling konst_proc_macros v0.3.0
[INFO] [stderr]    Compiling ouroboros_macro v0.15.6
[INFO] [stderr]    Compiling konst v0.3.5
[INFO] [stderr]    Compiling pin-project v1.1.0
[INFO] [stderr]    Compiling flume v0.10.14
[INFO] [stderr]    Compiling exr v1.6.3
[INFO] [stderr]    Compiling ouroboros v0.15.6
[INFO] [stderr]    Compiling embedded-graphics-simulator v0.4.1
[INFO] [stderr]    Compiling image v0.24.6
[INFO] [stderr]    Compiling embedded-sprites-proc-macro v0.1.1 (/opt/rustwide/workdir/proc-macro)
[INFO] [stderr]    Compiling embedded-sprites v0.1.2 (/opt/rustwide/workdir/embedded-sprites)
[INFO] [stderr]    Compiling simple-png v0.1.0 (/opt/rustwide/workdir/example/simple-png)
[INFO] [stderr]    Compiling simple v0.1.0 (/opt/rustwide/workdir/example/simple)
[INFO] [stderr]     Finished dev [unoptimized + debuginfo] target(s) in 52.09s
[INFO] running `Command { std: "docker" "inspect" "93f2caaaa22af1f23c97dae2318706d5fcfb4eba24f68398b208903e70b94072", kill_on_drop: false }`
[INFO] running `Command { std: "docker" "rm" "-f" "93f2caaaa22af1f23c97dae2318706d5fcfb4eba24f68398b208903e70b94072", kill_on_drop: false }`
[INFO] [stdout] 93f2caaaa22af1f23c97dae2318706d5fcfb4eba24f68398b208903e70b94072
[INFO] running `Command { std: "docker" "create" "-v" "/var/lib/crater-agent-workspace/builds/worker-5-tc2/target:/opt/rustwide/target:rw,Z" "-v" "/var/lib/crater-agent-workspace/builds/worker-5-tc2/source:/opt/rustwide/workdir:ro,Z" "-v" "/var/lib/crater-agent-workspace/cargo-home:/opt/rustwide/cargo-home:ro,Z" "-v" "/var/lib/crater-agent-workspace/rustup-home:/opt/rustwide/rustup-home:ro,Z" "-e" "SOURCE_DIR=/opt/rustwide/workdir" "-e" "CARGO_TARGET_DIR=/opt/rustwide/target" "-e" "CARGO_INCREMENTAL=0" "-e" "RUST_BACKTRACE=full" "-e" "RUSTFLAGS=--cap-lints=warn" "-e" "RUSTDOCFLAGS=--cap-lints=warn" "-e" "CARGO_HOME=/opt/rustwide/cargo-home" "-e" "RUSTUP_HOME=/opt/rustwide/rustup-home" "-w" "/opt/rustwide/workdir" "-m" "1610612736" "--user" "0:0" "--network" "none" "ghcr.io/rust-lang/crates-build-env/linux@sha256:2788e3201cd34a07e3172128adcd8b3090168a8e3bcc40d7c032b9dda1df7d1c" "/opt/rustwide/cargo-home/bin/cargo" "+beta-2023-12-22" "test" "--frozen" "--no-run" "--message-format=json", kill_on_drop: false }`
[INFO] [stdout] 08ed4000912b04184efcdac993c71d884beb14248572d6c9ca4ab53c699be46e
[INFO] running `Command { std: "docker" "start" "-a" "08ed4000912b04184efcdac993c71d884beb14248572d6c9ca4ab53c699be46e", kill_on_drop: false }`
[INFO] [stderr] warning: virtual workspace defaulting to `resolver = "1"` despite one or more workspace members being on edition 2021 which implies `resolver = "2"`
[INFO] [stderr] note: to keep the current resolver, specify `workspace.resolver = "1"` in the workspace root's manifest
[INFO] [stderr] note: to use the edition 2021 resolver, specify `workspace.resolver = "2"` in the workspace root's manifest
[INFO] [stderr] note: for more details see https://doc.rust-lang.org/cargo/reference/resolver.html#resolver-versions
[INFO] [stderr]    Compiling embedded-sprites-proc-macro v0.1.1 (/opt/rustwide/workdir/proc-macro)
[INFO] [stderr]    Compiling embedded-sprites v0.1.2 (/opt/rustwide/workdir/embedded-sprites)
[INFO] [stderr]    Compiling simple-png v0.1.0 (/opt/rustwide/workdir/example/simple-png)
[INFO] [stderr]    Compiling simple v0.1.0 (/opt/rustwide/workdir/example/simple)
[INFO] [stderr]     Finished test [unoptimized + debuginfo] target(s) in 7.29s
[INFO] running `Command { std: "docker" "inspect" "08ed4000912b04184efcdac993c71d884beb14248572d6c9ca4ab53c699be46e", kill_on_drop: false }`
[INFO] running `Command { std: "docker" "rm" "-f" "08ed4000912b04184efcdac993c71d884beb14248572d6c9ca4ab53c699be46e", kill_on_drop: false }`
[INFO] [stdout] 08ed4000912b04184efcdac993c71d884beb14248572d6c9ca4ab53c699be46e
[INFO] running `Command { std: "docker" "create" "-v" "/var/lib/crater-agent-workspace/builds/worker-5-tc2/target:/opt/rustwide/target:rw,Z" "-v" "/var/lib/crater-agent-workspace/builds/worker-5-tc2/source:/opt/rustwide/workdir:ro,Z" "-v" "/var/lib/crater-agent-workspace/cargo-home:/opt/rustwide/cargo-home:ro,Z" "-v" "/var/lib/crater-agent-workspace/rustup-home:/opt/rustwide/rustup-home:ro,Z" "-e" "SOURCE_DIR=/opt/rustwide/workdir" "-e" "CARGO_TARGET_DIR=/opt/rustwide/target" "-e" "CARGO_INCREMENTAL=0" "-e" "RUST_BACKTRACE=full" "-e" "RUSTFLAGS=--cap-lints=warn" "-e" "RUSTDOCFLAGS=--cap-lints=warn" "-e" "CARGO_HOME=/opt/rustwide/cargo-home" "-e" "RUSTUP_HOME=/opt/rustwide/rustup-home" "-w" "/opt/rustwide/workdir" "-m" "1610612736" "--user" "0:0" "--network" "none" "ghcr.io/rust-lang/crates-build-env/linux@sha256:2788e3201cd34a07e3172128adcd8b3090168a8e3bcc40d7c032b9dda1df7d1c" "/opt/rustwide/cargo-home/bin/cargo" "+beta-2023-12-22" "test" "--frozen", kill_on_drop: false }`
[INFO] [stdout] 675c19f7994fbf226645bd695d93cd0d2a5f54158e389321d199f3141c139ce1
[INFO] running `Command { std: "docker" "start" "-a" "675c19f7994fbf226645bd695d93cd0d2a5f54158e389321d199f3141c139ce1", kill_on_drop: false }`
[INFO] [stderr] warning: virtual workspace defaulting to `resolver = "1"` despite one or more workspace members being on edition 2021 which implies `resolver = "2"`
[INFO] [stderr] note: to keep the current resolver, specify `workspace.resolver = "1"` in the workspace root's manifest
[INFO] [stderr] note: to use the edition 2021 resolver, specify `workspace.resolver = "2"` in the workspace root's manifest
[INFO] [stderr] note: for more details see https://doc.rust-lang.org/cargo/reference/resolver.html#resolver-versions
[INFO] [stderr]     Finished test [unoptimized + debuginfo] target(s) in 0.08s
[INFO] [stderr]      Running unittests src/lib.rs (/opt/rustwide/target/debug/deps/embedded_sprites-48e53ab031b9476a)
[INFO] [stdout] 
[INFO] [stdout] running 3 tests
[INFO] [stdout] test image::tests::create_image_wrong_hight ... ok
[INFO] [stdout] test image::tests::create_image_wrong_widht ... ok
[INFO] [stdout] test image::tests::create_const_image ... ok
[INFO] [stderr]      Running unittests src/lib.rs (/opt/rustwide/target/debug/deps/embedded_sprites_proc_macro-353182826b342519)
[INFO] [stdout] 
[INFO] [stdout] test result: ok. 3 passed; 0 failed; 0 ignored; 0 measured; 0 filtered out; finished in 0.01s
[INFO] [stdout] 
[INFO] [stdout] 
[INFO] [stdout] running 0 tests
[INFO] [stdout] 
[INFO] [stdout] test result: ok. 0 passed; 0 failed; 0 ignored; 0 measured; 0 filtered out; finished in 0.00s
[INFO] [stdout] 
[INFO] [stderr]      Running unittests src/main.rs (/opt/rustwide/target/debug/deps/simple-86915a306fcc91c8)
[INFO] [stdout] 
[INFO] [stdout] running 0 tests
[INFO] [stdout] 
[INFO] [stdout] test result: ok. 0 passed; 0 failed; 0 ignored; 0 measured; 0 filtered out; finished in 0.00s
[INFO] [stdout] 
[INFO] [stderr]      Running unittests src/main.rs (/opt/rustwide/target/debug/deps/simple_png-f1e3bf6200ea5a26)
[INFO] [stdout] 
[INFO] [stderr]    Doc-tests embedded-sprites
[INFO] [stdout] running 0 tests
[INFO] [stdout] 
[INFO] [stdout] test result: ok. 0 passed; 0 failed; 0 ignored; 0 measured; 0 filtered out; finished in 0.00s
[INFO] [stdout] 
[INFO] [stdout] 
[INFO] [stdout] running 4 tests
[INFO] [stdout] test embedded-sprites/src/lib.rs - (line 9) ... FAILED
[INFO] [stdout] test embedded-sprites/src/lib.rs - (line 18) ... FAILED
[INFO] [stdout] test embedded-sprites/src/image.rs - image::Image<'a,C>::new (line 62) ... ok
[INFO] [stdout] test embedded-sprites/src/image.rs - image::transparency (line 99) ... ok
[INFO] [stdout] 
[INFO] [stdout] failures:
[INFO] [stdout] 
[INFO] [stdout] ---- embedded-sprites/src/lib.rs - (line 9) stdout ----
[INFO] [stdout] error: Failed to open image "grass.png": No such file or directory (os error 2)
[INFO] [stdout]  --> embedded-sprites/src/lib.rs:14:30
[INFO] [stdout]   |
[INFO] [stdout] 8 | const IMAGE: Image<Bgr565> = "grass.png";
[INFO] [stdout]   |                              ^^^^^^^^^^^
[INFO] [stdout] 
[INFO] [stdout] error: aborting due to 1 previous error
[INFO] [stdout] 
[INFO] [stdout] Couldn't compile the test.
[INFO] [stdout] ---- embedded-sprites/src/lib.rs - (line 18) stdout ----
[INFO] [stdout] error: Failed to open image "grass.png": No such file or directory (os error 2)
[INFO] [stdout]   --> embedded-sprites/src/lib.rs:27:30
[INFO] [stdout]    |
[INFO] [stdout] 12 | const IMAGE: Image<Bgr565> = "grass.png";
[INFO] [stdout]    |                              ^^^^^^^^^^^
[INFO] [stdout] 
[INFO] [stdout] error[E0425]: cannot find value `IMAGE` in this scope
[INFO] [stdout]   --> embedded-sprites/src/lib.rs:28:64
[INFO] [stdout]    |
[INFO] [stdout] 13 | const SPRITE1: Sprite<Bgr565> = Sprite::new(Point::new(0, 0), &IMAGE);
[INFO] [stdout]    |                                                                ^^^^^ not found in this scope
[INFO] [stdout] 
[INFO] [stdout] error[E0425]: cannot find value `IMAGE` in this scope
[INFO] [stdout]   --> embedded-sprites/src/lib.rs:29:66
[INFO] [stdout]    |
[INFO] [stdout] 14 | const SPRITE2: Sprite<Bgr565> = Sprite::new(Point::new(32, 32), &IMAGE);
[INFO] [stdout]    |                                                                  ^^^^^ not found in this scope
[INFO] [stdout] 
[INFO] [stdout] error: aborting due to 3 previous errors
[INFO] [stdout] 
[INFO] [stdout] For more information about this error, try `rustc --explain E0425`.
[INFO] [stdout] Couldn't compile the test.
[INFO] [stdout] 
[INFO] [stdout] failures:
[INFO] [stdout]     embedded-sprites/src/lib.rs - (line 18)
[INFO] [stdout]     embedded-sprites/src/lib.rs - (line 9)
[INFO] [stdout] 
[INFO] [stdout] test result: FAILED. 2 passed; 2 failed; 0 ignored; 0 measured; 0 filtered out; finished in 0.41s
[INFO] [stdout] 
[INFO] [stderr] error: doctest failed, to rerun pass `-p embedded-sprites --doc`
[INFO] running `Command { std: "docker" "inspect" "675c19f7994fbf226645bd695d93cd0d2a5f54158e389321d199f3141c139ce1", kill_on_drop: false }`
[INFO] running `Command { std: "docker" "rm" "-f" "675c19f7994fbf226645bd695d93cd0d2a5f54158e389321d199f3141c139ce1", kill_on_drop: false }`
[INFO] [stdout] 675c19f7994fbf226645bd695d93cd0d2a5f54158e389321d199f3141c139ce1
