[INFO] cloning repository https://github.com/LowLevelVirtualMan/emphasis-trainer
[INFO] running `Command { std: "git" "-c" "credential.helper=" "-c" "credential.helper=/workspace/cargo-home/bin/git-credential-null" "clone" "--bare" "https://github.com/LowLevelVirtualMan/emphasis-trainer" "/workspace/cache/git-repos/https%3A%2F%2Fgithub.com%2FLowLevelVirtualMan%2Femphasis-trainer", kill_on_drop: false }`
[INFO] [stderr] Cloning into bare repository '/workspace/cache/git-repos/https%3A%2F%2Fgithub.com%2FLowLevelVirtualMan%2Femphasis-trainer'...
[INFO] running `Command { std: "git" "rev-parse" "HEAD", kill_on_drop: false }`
[INFO] [stdout] a3ad68ad093308b0bfd740ade92d9b5884db4525
[INFO] testing LowLevelVirtualMan/emphasis-trainer against 1.75.0 for beta-1.76-1
[INFO] running `Command { std: "git" "clone" "/workspace/cache/git-repos/https%3A%2F%2Fgithub.com%2FLowLevelVirtualMan%2Femphasis-trainer" "/workspace/builds/worker-1-tc1/source", kill_on_drop: false }`
[INFO] [stderr] Cloning into '/workspace/builds/worker-1-tc1/source'...
[INFO] [stderr] done.
[INFO] validating manifest of git repo https://github.com/LowLevelVirtualMan/emphasis-trainer on toolchain 1.75.0
[INFO] running `Command { std: CARGO_HOME="/workspace/cargo-home" RUSTUP_HOME="/workspace/rustup-home" "/workspace/cargo-home/bin/cargo" "+1.75.0" "metadata" "--manifest-path" "Cargo.toml" "--no-deps", kill_on_drop: false }`
[INFO] started tweaking git repo https://github.com/LowLevelVirtualMan/emphasis-trainer
[INFO] finished tweaking git repo https://github.com/LowLevelVirtualMan/emphasis-trainer
[INFO] tweaked toml for git repo https://github.com/LowLevelVirtualMan/emphasis-trainer written to /workspace/builds/worker-1-tc1/source/Cargo.toml
[INFO] crate git repo https://github.com/LowLevelVirtualMan/emphasis-trainer already has a lockfile, it will not be regenerated
[INFO] running `Command { std: CARGO_HOME="/workspace/cargo-home" RUSTUP_HOME="/workspace/rustup-home" "/workspace/cargo-home/bin/cargo" "+1.75.0" "fetch" "--manifest-path" "Cargo.toml", kill_on_drop: false }`
[INFO] [stderr]  Downloading crates ...
[INFO] [stderr]   Downloaded gloo-net v0.1.0
[INFO] [stderr]   Downloaded gloo v0.6.1
[INFO] running `Command { std: "docker" "create" "-v" "/var/lib/crater-agent-workspace/builds/worker-1-tc1/target:/opt/rustwide/target:rw,Z" "-v" "/var/lib/crater-agent-workspace/builds/worker-1-tc1/source:/opt/rustwide/workdir:ro,Z" "-v" "/var/lib/crater-agent-workspace/cargo-home:/opt/rustwide/cargo-home:ro,Z" "-v" "/var/lib/crater-agent-workspace/rustup-home:/opt/rustwide/rustup-home:ro,Z" "-e" "SOURCE_DIR=/opt/rustwide/workdir" "-e" "CARGO_TARGET_DIR=/opt/rustwide/target" "-e" "CARGO_HOME=/opt/rustwide/cargo-home" "-e" "RUSTUP_HOME=/opt/rustwide/rustup-home" "-w" "/opt/rustwide/workdir" "-m" "1610612736" "--user" "0:0" "--network" "none" "ghcr.io/rust-lang/crates-build-env/linux@sha256:2788e3201cd34a07e3172128adcd8b3090168a8e3bcc40d7c032b9dda1df7d1c" "/opt/rustwide/cargo-home/bin/cargo" "+1.75.0" "metadata" "--no-deps" "--format-version=1", kill_on_drop: false }`
[INFO] [stdout] 9cafab4100b68e9636dd92eb661b99076eb08c9ef4bbf74280b7528083b8384b
[INFO] running `Command { std: "docker" "start" "-a" "9cafab4100b68e9636dd92eb661b99076eb08c9ef4bbf74280b7528083b8384b", kill_on_drop: false }`
[INFO] running `Command { std: "docker" "inspect" "9cafab4100b68e9636dd92eb661b99076eb08c9ef4bbf74280b7528083b8384b", kill_on_drop: false }`
[INFO] running `Command { std: "docker" "rm" "-f" "9cafab4100b68e9636dd92eb661b99076eb08c9ef4bbf74280b7528083b8384b", kill_on_drop: false }`
[INFO] [stdout] 9cafab4100b68e9636dd92eb661b99076eb08c9ef4bbf74280b7528083b8384b
[INFO] running `Command { std: "docker" "create" "-v" "/var/lib/crater-agent-workspace/builds/worker-1-tc1/target:/opt/rustwide/target:rw,Z" "-v" "/var/lib/crater-agent-workspace/builds/worker-1-tc1/source:/opt/rustwide/workdir:ro,Z" "-v" "/var/lib/crater-agent-workspace/cargo-home:/opt/rustwide/cargo-home:ro,Z" "-v" "/var/lib/crater-agent-workspace/rustup-home:/opt/rustwide/rustup-home:ro,Z" "-e" "SOURCE_DIR=/opt/rustwide/workdir" "-e" "CARGO_TARGET_DIR=/opt/rustwide/target" "-e" "CARGO_INCREMENTAL=0" "-e" "RUST_BACKTRACE=full" "-e" "RUSTFLAGS=--cap-lints=warn" "-e" "RUSTDOCFLAGS=--cap-lints=warn" "-e" "CARGO_HOME=/opt/rustwide/cargo-home" "-e" "RUSTUP_HOME=/opt/rustwide/rustup-home" "-w" "/opt/rustwide/workdir" "-m" "1610612736" "--user" "0:0" "--network" "none" "ghcr.io/rust-lang/crates-build-env/linux@sha256:2788e3201cd34a07e3172128adcd8b3090168a8e3bcc40d7c032b9dda1df7d1c" "/opt/rustwide/cargo-home/bin/cargo" "+1.75.0" "build" "--frozen" "--message-format=json", kill_on_drop: false }`
[INFO] [stdout] 7649095b19d935088d5617d261c4c31fcfe510017906c98e4342b82119d3f8e3
[INFO] running `Command { std: "docker" "start" "-a" "7649095b19d935088d5617d261c4c31fcfe510017906c98e4342b82119d3f8e3", kill_on_drop: false }`
[INFO] [stderr]    Compiling proc-macro2 v1.0.36
[INFO] [stderr]    Compiling unicode-xid v0.2.2
[INFO] [stderr]    Compiling syn v1.0.94
[INFO] [stderr]    Compiling serde_derive v1.0.137
[INFO] [stderr]    Compiling itoa v1.0.1
[INFO] [stderr]    Compiling serde v1.0.137
[INFO] [stderr]    Compiling wasm-bindgen-shared v0.2.79
[INFO] [stderr]    Compiling log v0.4.14
[INFO] [stderr]    Compiling bumpalo v3.9.1
[INFO] [stderr]    Compiling serde_json v1.0.81
[INFO] [stderr]    Compiling ryu v1.0.9
[INFO] [stderr]    Compiling wasm-bindgen v0.2.79
[INFO] [stderr]    Compiling libc v0.2.119
[INFO] [stderr]    Compiling version_check v0.9.4
[INFO] [stderr]    Compiling autocfg v1.1.0
[INFO] [stderr]    Compiling anyhow v1.0.56
[INFO] [stderr]    Compiling rustversion v1.0.6
[INFO] [stderr]    Compiling num_threads v0.1.6
[INFO] [stderr]    Compiling futures-core v0.3.21
[INFO] [stderr]    Compiling futures-channel v0.3.21
[INFO] [stderr]    Compiling matches v0.1.9
[INFO] [stderr]    Compiling percent-encoding v2.1.0
[INFO] [stderr]    Compiling fnv v1.0.7
[INFO] [stderr]    Compiling slab v0.4.5
[INFO] [stderr]    Compiling anymap2 v0.13.0
[INFO] [stderr]    Compiling form_urlencoded v1.0.1
[INFO] [stderr]    Compiling hashbrown v0.11.2
[INFO] [stderr]    Compiling proc-macro-error-attr v1.0.4
[INFO] [stderr]    Compiling proc-macro-error v1.0.4
[INFO] [stderr]    Compiling num-traits v0.2.15
[INFO] [stderr]    Compiling num-integer v0.1.45
[INFO] [stderr]    Compiling indexmap v1.8.1
[INFO] [stderr]    Compiling boolinator v2.4.0
[INFO] [stderr]    Compiling ppv-lite86 v0.2.16
[INFO] [stderr]    Compiling futures-sink v0.3.21
[INFO] [stderr]    Compiling scoped-tls-hkt v0.1.2
[INFO] [stderr]    Compiling byteorder v1.4.3
[INFO] [stderr]    Compiling fxhash v0.2.1
[INFO] [stderr]    Compiling quote v1.0.15
[INFO] [stderr]    Compiling time v0.3.9
[INFO] [stderr]    Compiling getrandom v0.2.5
[INFO] [stderr]    Compiling time v0.1.44
[INFO] [stderr]    Compiling rand_core v0.6.3
[INFO] [stderr]    Compiling rand_chacha v0.3.1
[INFO] [stderr]    Compiling rand v0.8.5
[INFO] [stderr]    Compiling vergen v7.0.0
[INFO] [stderr]    Compiling wasm-bindgen-backend v0.2.79
[INFO] [stderr]    Compiling wasm-bindgen-macro-support v0.2.79
[INFO] [stderr]    Compiling thiserror-impl v1.0.31
[INFO] [stderr]    Compiling enum-iterator-derive v0.7.0
[INFO] [stderr]    Compiling getset v0.1.2
[INFO] [stderr]    Compiling pin-project-internal v1.0.10
[INFO] [stderr]    Compiling yew-macro v0.19.3
[INFO] [stderr]    Compiling wasm-bindgen-macro v0.2.79
[INFO] [stderr]    Compiling enum-iterator v0.7.0
[INFO] [stderr]    Compiling thiserror v1.0.31
[INFO] [stderr]    Compiling pin-project v1.0.10
[INFO] [stderr]    Compiling rus-emphasis v0.1.0 (/opt/rustwide/workdir)
[INFO] [stderr]    Compiling bincode v1.3.3
[INFO] [stderr]    Compiling serde_urlencoded v0.7.1
[INFO] [stderr]    Compiling chrono v0.4.19
[INFO] [stderr]    Compiling js-sys v0.3.56
[INFO] [stderr]    Compiling console_error_panic_hook v0.1.7
[INFO] [stderr]    Compiling web-sys v0.3.56
[INFO] [stderr]    Compiling wasm-bindgen-futures v0.4.29
[INFO] [stderr]    Compiling gloo-timers v0.2.3
[INFO] [stderr]    Compiling serde-wasm-bindgen v0.3.1
[INFO] [stderr]    Compiling gloo-utils v0.1.2
[INFO] [stderr]    Compiling gloo-events v0.1.1
[INFO] [stderr]    Compiling gloo-console v0.2.1
[INFO] [stderr]    Compiling gloo-render v0.1.0
[INFO] [stderr]    Compiling gloo-dialogs v0.1.0
[INFO] [stderr]    Compiling gloo-storage v0.2.0
[INFO] [stderr]    Compiling gloo-net v0.1.0
[INFO] [stderr]    Compiling gloo-worker v0.1.0
[INFO] [stderr]    Compiling gloo-file v0.2.1
[INFO] [stderr]    Compiling gloo-history v0.1.0
[INFO] [stderr]    Compiling gloo v0.4.2
[INFO] [stderr]    Compiling yew v0.19.3
[INFO] [stderr]    Compiling gloo v0.6.1
[INFO] [stdout] warning: variants `NoExplanationTag` and `ExplanationEmpty` are never constructed
[INFO] [stdout]    --> src/model/parse.rs:162:5
[INFO] [stdout]     |
[INFO] [stdout] 152 | pub enum WordParseError {
[INFO] [stdout]     |          -------------- variants in this enum
[INFO] [stdout] ...
[INFO] [stdout] 162 |     NoExplanationTag,
[INFO] [stdout]     |     ^^^^^^^^^^^^^^^^
[INFO] [stdout] 163 |     #[error("Explanation can't be empty.")]
[INFO] [stdout] 164 |     ExplanationEmpty,
[INFO] [stdout]     |     ^^^^^^^^^^^^^^^^
[INFO] [stdout]     |
[INFO] [stdout]     = note: `WordParseError` has a derived impl for the trait `Debug`, but this is intentionally ignored during dead code analysis
[INFO] [stdout]     = note: `#[warn(dead_code)]` on by default
[INFO] [stdout] 
[INFO] [stdout] 
[INFO] [stdout] warning: variants `NoEntries` and `Invalid` are never constructed
[INFO] [stdout]   --> src/model/statistics.rs:92:5
[INFO] [stdout]    |
[INFO] [stdout] 90 | pub enum StatisticsError {
[INFO] [stdout]    |          --------------- variants in this enum
[INFO] [stdout] 91 |     #[error("No entries stored in statistics.")]
[INFO] [stdout] 92 |     NoEntries,
[INFO] [stdout]    |     ^^^^^^^^^
[INFO] [stdout] 93 |     #[error("Statistics data is in invalid state.")]
[INFO] [stdout] 94 |     Invalid,
[INFO] [stdout]    |     ^^^^^^^
[INFO] [stdout]    |
[INFO] [stdout]    = note: `StatisticsError` has derived impls for the traits `Clone` and `Debug`, but these are intentionally ignored during dead code analysis
[INFO] [stdout] 
[INFO] [stdout] 
[INFO] [stdout] warning: associated items `new` and `should_repeat` are never used
[INFO] [stdout]    --> src/model/statistics.rs:107:12
[INFO] [stdout]     |
[INFO] [stdout] 105 | impl Record {
[INFO] [stdout]     | ----------- associated items in this implementation
[INFO] [stdout] 106 |     /// Create new record.
[INFO] [stdout] 107 |     pub fn new() -> Self {
[INFO] [stdout]     |            ^^^
[INFO] [stdout] ...
[INFO] [stdout] 119 |     pub fn should_repeat(&self) -> bool {
[INFO] [stdout]     |            ^^^^^^^^^^^^^
[INFO] [stdout] 
[INFO] [stdout] 
[INFO] [stdout] warning: associated items `new` and `repetition_days` are never used
[INFO] [stdout]    --> src/model/statistics.rs:139:12
[INFO] [stdout]     |
[INFO] [stdout] 138 | impl Group {
[INFO] [stdout]     | ---------- associated items in this implementation
[INFO] [stdout] 139 |     pub fn new() -> Self {
[INFO] [stdout]     |            ^^^
[INFO] [stdout] ...
[INFO] [stdout] 153 |     pub fn repetition_days(&self) -> u32 {
[INFO] [stdout]     |            ^^^^^^^^^^^^^^^
[INFO] [stdout] 
[INFO] [stdout] 
[INFO] [stdout] warning: 4 warnings emitted
[INFO] [stdout] 
[INFO] [stdout] 
[INFO] [stderr]     Finished dev [unoptimized + debuginfo] target(s) in 23.58s
[INFO] running `Command { std: "docker" "inspect" "7649095b19d935088d5617d261c4c31fcfe510017906c98e4342b82119d3f8e3", kill_on_drop: false }`
[INFO] running `Command { std: "docker" "rm" "-f" "7649095b19d935088d5617d261c4c31fcfe510017906c98e4342b82119d3f8e3", kill_on_drop: false }`
[INFO] [stdout] 7649095b19d935088d5617d261c4c31fcfe510017906c98e4342b82119d3f8e3
[INFO] running `Command { std: "docker" "create" "-v" "/var/lib/crater-agent-workspace/builds/worker-1-tc1/target:/opt/rustwide/target:rw,Z" "-v" "/var/lib/crater-agent-workspace/builds/worker-1-tc1/source:/opt/rustwide/workdir:ro,Z" "-v" "/var/lib/crater-agent-workspace/cargo-home:/opt/rustwide/cargo-home:ro,Z" "-v" "/var/lib/crater-agent-workspace/rustup-home:/opt/rustwide/rustup-home:ro,Z" "-e" "SOURCE_DIR=/opt/rustwide/workdir" "-e" "CARGO_TARGET_DIR=/opt/rustwide/target" "-e" "CARGO_INCREMENTAL=0" "-e" "RUST_BACKTRACE=full" "-e" "RUSTFLAGS=--cap-lints=warn" "-e" "RUSTDOCFLAGS=--cap-lints=warn" "-e" "CARGO_HOME=/opt/rustwide/cargo-home" "-e" "RUSTUP_HOME=/opt/rustwide/rustup-home" "-w" "/opt/rustwide/workdir" "-m" "1610612736" "--user" "0:0" "--network" "none" "ghcr.io/rust-lang/crates-build-env/linux@sha256:2788e3201cd34a07e3172128adcd8b3090168a8e3bcc40d7c032b9dda1df7d1c" "/opt/rustwide/cargo-home/bin/cargo" "+1.75.0" "test" "--frozen" "--no-run" "--message-format=json", kill_on_drop: false }`
[INFO] [stdout] c89e93158d0e65fd1d28634334f9eb133d5dbd99587ca7d6ae605b6708a7495e
[INFO] running `Command { std: "docker" "start" "-a" "c89e93158d0e65fd1d28634334f9eb133d5dbd99587ca7d6ae605b6708a7495e", kill_on_drop: false }`
[INFO] [stderr]    Compiling rus-emphasis v0.1.0 (/opt/rustwide/workdir)
[INFO] [stdout] warning: variants `NoExplanationTag` and `ExplanationEmpty` are never constructed
[INFO] [stdout]    --> src/model/parse.rs:162:5
[INFO] [stdout]     |
[INFO] [stdout] 152 | pub enum WordParseError {
[INFO] [stdout]     |          -------------- variants in this enum
[INFO] [stdout] ...
[INFO] [stdout] 162 |     NoExplanationTag,
[INFO] [stdout]     |     ^^^^^^^^^^^^^^^^
[INFO] [stdout] 163 |     #[error("Explanation can't be empty.")]
[INFO] [stdout] 164 |     ExplanationEmpty,
[INFO] [stdout]     |     ^^^^^^^^^^^^^^^^
[INFO] [stdout]     |
[INFO] [stdout]     = note: `WordParseError` has a derived impl for the trait `Debug`, but this is intentionally ignored during dead code analysis
[INFO] [stdout]     = note: `#[warn(dead_code)]` on by default
[INFO] [stdout] 
[INFO] [stdout] 
[INFO] [stdout] warning: variants `NoEntries` and `Invalid` are never constructed
[INFO] [stdout]   --> src/model/statistics.rs:92:5
[INFO] [stdout]    |
[INFO] [stdout] 90 | pub enum StatisticsError {
[INFO] [stdout]    |          --------------- variants in this enum
[INFO] [stdout] 91 |     #[error("No entries stored in statistics.")]
[INFO] [stdout] 92 |     NoEntries,
[INFO] [stdout]    |     ^^^^^^^^^
[INFO] [stdout] 93 |     #[error("Statistics data is in invalid state.")]
[INFO] [stdout] 94 |     Invalid,
[INFO] [stdout]    |     ^^^^^^^
[INFO] [stdout]    |
[INFO] [stdout]    = note: `StatisticsError` has derived impls for the traits `Clone` and `Debug`, but these are intentionally ignored during dead code analysis
[INFO] [stdout] 
[INFO] [stdout] 
[INFO] [stdout] warning: associated items `new` and `should_repeat` are never used
[INFO] [stdout]    --> src/model/statistics.rs:107:12
[INFO] [stdout]     |
[INFO] [stdout] 105 | impl Record {
[INFO] [stdout]     | ----------- associated items in this implementation
[INFO] [stdout] 106 |     /// Create new record.
[INFO] [stdout] 107 |     pub fn new() -> Self {
[INFO] [stdout]     |            ^^^
[INFO] [stdout] ...
[INFO] [stdout] 119 |     pub fn should_repeat(&self) -> bool {
[INFO] [stdout]     |            ^^^^^^^^^^^^^
[INFO] [stdout] 
[INFO] [stdout] 
[INFO] [stdout] warning: associated items `new` and `repetition_days` are never used
[INFO] [stdout]    --> src/model/statistics.rs:139:12
[INFO] [stdout]     |
[INFO] [stdout] 138 | impl Group {
[INFO] [stdout]     | ---------- associated items in this implementation
[INFO] [stdout] 139 |     pub fn new() -> Self {
[INFO] [stdout]     |            ^^^
[INFO] [stdout] ...
[INFO] [stdout] 153 |     pub fn repetition_days(&self) -> u32 {
[INFO] [stdout]     |            ^^^^^^^^^^^^^^^
[INFO] [stdout] 
[INFO] [stdout] 
[INFO] [stdout] warning: 4 warnings emitted
[INFO] [stdout] 
[INFO] [stdout] 
[INFO] [stderr]     Finished test [unoptimized + debuginfo] target(s) in 2.08s
[INFO] running `Command { std: "docker" "inspect" "c89e93158d0e65fd1d28634334f9eb133d5dbd99587ca7d6ae605b6708a7495e", kill_on_drop: false }`
[INFO] running `Command { std: "docker" "rm" "-f" "c89e93158d0e65fd1d28634334f9eb133d5dbd99587ca7d6ae605b6708a7495e", kill_on_drop: false }`
[INFO] [stdout] c89e93158d0e65fd1d28634334f9eb133d5dbd99587ca7d6ae605b6708a7495e
[INFO] running `Command { std: "docker" "create" "-v" "/var/lib/crater-agent-workspace/builds/worker-1-tc1/target:/opt/rustwide/target:rw,Z" "-v" "/var/lib/crater-agent-workspace/builds/worker-1-tc1/source:/opt/rustwide/workdir:ro,Z" "-v" "/var/lib/crater-agent-workspace/cargo-home:/opt/rustwide/cargo-home:ro,Z" "-v" "/var/lib/crater-agent-workspace/rustup-home:/opt/rustwide/rustup-home:ro,Z" "-e" "SOURCE_DIR=/opt/rustwide/workdir" "-e" "CARGO_TARGET_DIR=/opt/rustwide/target" "-e" "CARGO_INCREMENTAL=0" "-e" "RUST_BACKTRACE=full" "-e" "RUSTFLAGS=--cap-lints=warn" "-e" "RUSTDOCFLAGS=--cap-lints=warn" "-e" "CARGO_HOME=/opt/rustwide/cargo-home" "-e" "RUSTUP_HOME=/opt/rustwide/rustup-home" "-w" "/opt/rustwide/workdir" "-m" "1610612736" "--user" "0:0" "--network" "none" "ghcr.io/rust-lang/crates-build-env/linux@sha256:2788e3201cd34a07e3172128adcd8b3090168a8e3bcc40d7c032b9dda1df7d1c" "/opt/rustwide/cargo-home/bin/cargo" "+1.75.0" "test" "--frozen", kill_on_drop: false }`
[INFO] [stdout] 2413f88b27091889de522a61971eebb124aefbc1d0f3745329fb9897373af805
[INFO] running `Command { std: "docker" "start" "-a" "2413f88b27091889de522a61971eebb124aefbc1d0f3745329fb9897373af805", kill_on_drop: false }`
[INFO] [stderr] warning: variants `NoExplanationTag` and `ExplanationEmpty` are never constructed
[INFO] [stderr]    --> src/model/parse.rs:162:5
[INFO] [stderr]     |
[INFO] [stderr] 152 | pub enum WordParseError {
[INFO] [stderr]     |          -------------- variants in this enum
[INFO] [stderr] ...
[INFO] [stderr] 162 |     NoExplanationTag,
[INFO] [stderr]     |     ^^^^^^^^^^^^^^^^
[INFO] [stderr] 163 |     #[error("Explanation can't be empty.")]
[INFO] [stderr] 164 |     ExplanationEmpty,
[INFO] [stderr]     |     ^^^^^^^^^^^^^^^^
[INFO] [stderr]     |
[INFO] [stderr]     = note: `WordParseError` has a derived impl for the trait `Debug`, but this is intentionally ignored during dead code analysis
[INFO] [stderr]     = note: `#[warn(dead_code)]` on by default
[INFO] [stderr] 
[INFO] [stderr] warning: variants `NoEntries` and `Invalid` are never constructed
[INFO] [stderr]   --> src/model/statistics.rs:92:5
[INFO] [stderr]    |
[INFO] [stderr] 90 | pub enum StatisticsError {
[INFO] [stderr]    |          --------------- variants in this enum
[INFO] [stderr] 91 |     #[error("No entries stored in statistics.")]
[INFO] [stderr] 92 |     NoEntries,
[INFO] [stderr]    |     ^^^^^^^^^
[INFO] [stderr] 93 |     #[error("Statistics data is in invalid state.")]
[INFO] [stderr] 94 |     Invalid,
[INFO] [stderr]    |     ^^^^^^^
[INFO] [stderr]    |
[INFO] [stderr]    = note: `StatisticsError` has derived impls for the traits `Clone` and `Debug`, but these are intentionally ignored during dead code analysis
[INFO] [stderr] 
[INFO] [stderr] warning: associated items `new` and `should_repeat` are never used
[INFO] [stderr]    --> src/model/statistics.rs:107:12
[INFO] [stderr]     |
[INFO] [stderr] 105 | impl Record {
[INFO] [stderr]     | ----------- associated items in this implementation
[INFO] [stderr] 106 |     /// Create new record.
[INFO] [stderr] 107 |     pub fn new() -> Self {
[INFO] [stderr]     |            ^^^
[INFO] [stderr] ...
[INFO] [stderr] 119 |     pub fn should_repeat(&self) -> bool {
[INFO] [stderr]     |            ^^^^^^^^^^^^^
[INFO] [stderr] 
[INFO] [stderr] warning: associated items `new` and `repetition_days` are never used
[INFO] [stderr]    --> src/model/statistics.rs:139:12
[INFO] [stderr]     |
[INFO] [stderr] 138 | impl Group {
[INFO] [stderr]     | ---------- associated items in this implementation
[INFO] [stderr] 139 |     pub fn new() -> Self {
[INFO] [stderr]     |            ^^^
[INFO] [stderr] ...
[INFO] [stderr] 153 |     pub fn repetition_days(&self) -> u32 {
[INFO] [stderr]     |            ^^^^^^^^^^^^^^^
[INFO] [stderr] 
[INFO] [stderr] warning: `rus-emphasis` (bin "rus-emphasis" test) generated 4 warnings
[INFO] [stderr]     Finished test [unoptimized + debuginfo] target(s) in 0.10s
[INFO] [stderr]      Running unittests src/main.rs (/opt/rustwide/target/debug/deps/rus_emphasis-82b3c2c55d3191fb)
[INFO] [stdout] 
[INFO] [stdout] running 6 tests
[INFO] [stdout] test model::parse::test::test_detail ... ok
[INFO] [stdout] test util::test::test_subslice_tags ... ok
[INFO] [stdout] test model::parse::test::test_group ... ok
[INFO] [stdout] test model::parse::test::test_explanation ... ok
[INFO] [stdout] test model::test::test_words_dont_repeat ... FAILED
[INFO] [stdout] test model::test::test_all_data_loaded_correctly ... FAILED
[INFO] [stdout] 
[INFO] [stdout] failures:
[INFO] [stdout] 
[INFO] [stdout] ---- model::test::test_words_dont_repeat stdout ----
[INFO] [stdout] thread 'model::test::test_words_dont_repeat' panicked at /opt/rustwide/cargo-home/registry/src/index.crates.io-6f17d22bba15001f/js-sys-0.3.56/src/lib.rs:5412:9:
[INFO] [stdout] cannot call wasm-bindgen imported functions on non-wasm targets
[INFO] [stdout] stack backtrace:
[INFO] [stdout]    0:     0x55ccf3f9eacc - std::backtrace_rs::backtrace::libunwind::trace::ha637c64ce894333a
[INFO] [stdout]                                at /rustc/82e1608dfa6e0b5569232559e3d385fea5a93112/library/std/src/../../backtrace/src/backtrace/libunwind.rs:104:5
[INFO] [stdout]    1:     0x55ccf3f9eacc - std::backtrace_rs::backtrace::trace_unsynchronized::h47f62dea28e0c88d
[INFO] [stdout]                                at /rustc/82e1608dfa6e0b5569232559e3d385fea5a93112/library/std/src/../../backtrace/src/backtrace/mod.rs:66:5
[INFO] [stdout]    2:     0x55ccf3f9eacc - std::sys_common::backtrace::_print_fmt::h9eef0abe20ede486
[INFO] [stdout]                                at /rustc/82e1608dfa6e0b5569232559e3d385fea5a93112/library/std/src/sys_common/backtrace.rs:67:5
[INFO] [stdout]    3:     0x55ccf3f9eacc - <std::sys_common::backtrace::_print::DisplayBacktrace as core::fmt::Display>::fmt::hed7f999df88cc644
[INFO] [stdout]                                at /rustc/82e1608dfa6e0b5569232559e3d385fea5a93112/library/std/src/sys_common/backtrace.rs:44:22
[INFO] [stdout]    4:     0x55ccf3fc8e10 - core::fmt::rt::Argument::fmt::h1539a9308b8d058d
[INFO] [stdout]                                at /rustc/82e1608dfa6e0b5569232559e3d385fea5a93112/library/core/src/fmt/rt.rs:142:9
[INFO] [stdout]    5:     0x55ccf3fc8e10 - core::fmt::write::h3a39390d8560d9c9
[INFO] [stdout]                                at /rustc/82e1608dfa6e0b5569232559e3d385fea5a93112/library/core/src/fmt/mod.rs:1120:17
[INFO] [stdout]    6:     0x55ccf3f9c47f - std::io::Write::write_fmt::h040b369f3a0f9cbc
[INFO] [stdout]                                at /rustc/82e1608dfa6e0b5569232559e3d385fea5a93112/library/std/src/io/mod.rs:1762:15
[INFO] [stdout]    7:     0x55ccf3f9e8b4 - std::sys_common::backtrace::_print::h894006fb5c6f3d45
[INFO] [stdout]                                at /rustc/82e1608dfa6e0b5569232559e3d385fea5a93112/library/std/src/sys_common/backtrace.rs:47:5
[INFO] [stdout]    8:     0x55ccf3f9e8b4 - std::sys_common::backtrace::print::h23a2d212c6fff936
[INFO] [stdout]                                at /rustc/82e1608dfa6e0b5569232559e3d385fea5a93112/library/std/src/sys_common/backtrace.rs:34:9
[INFO] [stdout]    9:     0x55ccf3fa0577 - std::panicking::default_hook::{{closure}}::h8a1d2ee00185001a
[INFO] [stdout]   10:     0x55ccf3fa0263 - std::panicking::default_hook::h6038f2eba384e475
[INFO] [stdout]                                at /rustc/82e1608dfa6e0b5569232559e3d385fea5a93112/library/std/src/panicking.rs:289:9
[INFO] [stdout]   11:     0x55ccf3ef2977 - <alloc::boxed::Box<F,A> as core::ops::function::Fn<Args>>::call::h0ad024c9bdc6d768
[INFO] [stdout]                                at /rustc/82e1608dfa6e0b5569232559e3d385fea5a93112/library/alloc/src/boxed.rs:2021:9
[INFO] [stdout]   12:     0x55ccf3ef2977 - test::test_main::{{closure}}::h7500b54257359db6
[INFO] [stdout]                                at /rustc/82e1608dfa6e0b5569232559e3d385fea5a93112/library/test/src/lib.rs:138:21
[INFO] [stdout]   13:     0x55ccf3fa0b88 - <alloc::boxed::Box<F,A> as core::ops::function::Fn<Args>>::call::h1f8f335eaa9cfaee
[INFO] [stdout]                                at /rustc/82e1608dfa6e0b5569232559e3d385fea5a93112/library/alloc/src/boxed.rs:2021:9
[INFO] [stdout]   14:     0x55ccf3fa0b88 - std::panicking::rust_panic_with_hook::h2b5517d590cab22e
[INFO] [stdout]                                at /rustc/82e1608dfa6e0b5569232559e3d385fea5a93112/library/std/src/panicking.rs:783:13
[INFO] [stdout]   15:     0x55ccf3f79678 - std::panicking::begin_panic::{{closure}}::he584dbe0d68577d0
[INFO] [stdout]                                at /rustc/82e1608dfa6e0b5569232559e3d385fea5a93112/library/std/src/panicking.rs:687:9
[INFO] [stdout]   16:     0x55ccf3f795aa - std::sys_common::backtrace::__rust_end_short_backtrace::h16529529a2c5fc3c
[INFO] [stdout]                                at /rustc/82e1608dfa6e0b5569232559e3d385fea5a93112/library/std/src/sys_common/backtrace.rs:170:18
[INFO] [stdout]   17:     0x55ccf3f795e7 - std::panicking::begin_panic::h3945d0c971300afd
[INFO] [stdout]                                at /rustc/82e1608dfa6e0b5569232559e3d385fea5a93112/library/std/src/panicking.rs:686:12
[INFO] [stdout]   18:     0x55ccf3f67bbd - js_sys::global::get_global_object::Global::get_self::__wbg_self_e23d74ae45fb17d1::hd2a530ce287f666c
[INFO] [stdout]                                at /opt/rustwide/cargo-home/registry/src/index.crates.io-6f17d22bba15001f/js-sys-0.3.56/src/lib.rs:5412:9
[INFO] [stdout]   19:     0x55ccf3f67b29 - js_sys::global::get_global_object::Global::get_self::hb760280c1bb33ab3
[INFO] [stdout]                                at /opt/rustwide/cargo-home/registry/src/index.crates.io-6f17d22bba15001f/js-sys-0.3.56/src/lib.rs:5412:9
[INFO] [stdout]   20:     0x55ccf3f67083 - js_sys::global::get_global_object::h777f79bc95ba7829
[INFO] [stdout]                                at /opt/rustwide/cargo-home/registry/src/index.crates.io-6f17d22bba15001f/js-sys-0.3.56/src/lib.rs:5431:29
[INFO] [stdout]   21:     0x55ccf3f67936 - js_sys::global::GLOBAL::__init::h8393e4d200d61c72
[INFO] [stdout]                                at /opt/rustwide/cargo-home/registry/src/index.crates.io-6f17d22bba15001f/js-sys-0.3.56/src/lib.rs:5390:43
[INFO] [stdout]   22:     0x55ccf3f679cf - js_sys::global::GLOBAL::__getit::{{closure}}::hd507d1d52b1e108d
[INFO] [stdout]                                at /rustc/82e1608dfa6e0b5569232559e3d385fea5a93112/library/std/src/sys/common/thread_local/fast_local.rs:99:25
[INFO] [stdout]   23:     0x55ccf3f69045 - std::sys::common::thread_local::lazy::LazyKeyInner<T>::initialize::h09beafcdb24410d4
[INFO] [stdout]                                at /rustc/82e1608dfa6e0b5569232559e3d385fea5a93112/library/std/src/sys/common/thread_local/mod.rs:54:25
[INFO] [stdout]   24:     0x55ccf3f680f1 - std::sys::common::thread_local::fast_local::Key<T>::try_initialize::hac7720f8f2296779
[INFO] [stdout]                                at /rustc/82e1608dfa6e0b5569232559e3d385fea5a93112/library/std/src/sys/common/thread_local/fast_local.rs:190:27
[INFO] [stdout]   25:     0x55ccf3f682cb - std::sys::common::thread_local::fast_local::Key<T>::get::h814b0403af2d4f1d
[INFO] [stdout]                                at /rustc/82e1608dfa6e0b5569232559e3d385fea5a93112/library/std/src/sys/common/thread_local/fast_local.rs:173:25
[INFO] [stdout]   26:     0x55ccf3f67977 - js_sys::global::GLOBAL::__getit::h6ed7f1c4b8b45587
[INFO] [stdout]                                at /rustc/82e1608dfa6e0b5569232559e3d385fea5a93112/library/std/src/sys/common/thread_local/fast_local.rs:91:21
[INFO] [stdout]   27:     0x55ccf3f68574 - std::thread::local::LocalKey<T>::try_with::h819055c1f726cd59
[INFO] [stdout]                                at /rustc/82e1608dfa6e0b5569232559e3d385fea5a93112/library/std/src/thread/local.rs:269:32
[INFO] [stdout]   28:     0x55ccf3f6851f - std::thread::local::LocalKey<T>::with::h012cd3e3fc6fe838
[INFO] [stdout]                                at /rustc/82e1608dfa6e0b5569232559e3d385fea5a93112/library/std/src/thread/local.rs:246:9
[INFO] [stdout]   29:     0x55ccf3f6704e - js_sys::global::hfc55f6ec3ec74339
[INFO] [stdout]                                at /opt/rustwide/cargo-home/registry/src/index.crates.io-6f17d22bba15001f/js-sys-0.3.56/src/lib.rs:5392:12
[INFO] [stdout]   30:     0x55ccf3f6694a - web_sys::window::hd7f426b53bbb3d0d
[INFO] [stdout]                                at /opt/rustwide/cargo-home/registry/src/index.crates.io-6f17d22bba15001f/web-sys-0.3.56/src/lib.rs:31:5
[INFO] [stdout]   31:     0x55ccf3f5facd - <gloo_storage::local_storage::LocalStorage as gloo_storage::Storage>::raw::h8ad538a103ece80b
[INFO] [stdout]                                at /opt/rustwide/cargo-home/registry/src/index.crates.io-6f17d22bba15001f/gloo-storage-0.2.0/src/local_storage.rs:11:9
[INFO] [stdout]   32:     0x55ccf3ea0043 - gloo_storage::Storage::get::h29b22b66540c6df7
[INFO] [stdout]                                at /opt/rustwide/cargo-home/registry/src/index.crates.io-6f17d22bba15001f/gloo-storage-0.2.0/src/lib.rs:36:20
[INFO] [stdout]   33:     0x55ccf3ea8872 - rus_emphasis::model::statistics::Stats::load::h597aae90cbab1a42
[INFO] [stdout]                                at /opt/rustwide/workdir/src/model/statistics.rs:26:28
[INFO] [stdout]   34:     0x55ccf3ea8fee - rus_emphasis::model::statistics::Stats::sync::h1389f4d8365b0ee0
[INFO] [stdout]                                at /opt/rustwide/workdir/src/model/statistics.rs:72:26
[INFO] [stdout]   35:     0x55ccf3ea8764 - rus_emphasis::model::statistics::Stats::new::h08eead91c0be9f34
[INFO] [stdout]                                at /opt/rustwide/workdir/src/model/statistics.rs:20:9
[INFO] [stdout]   36:     0x55ccf3eb63fc - rus_emphasis::model::Model::new::h722120910a1201e9
[INFO] [stdout]                                at /opt/rustwide/workdir/src/model/mod.rs:28:21
[INFO] [stdout]   37:     0x55ccf3ebb4b1 - rus_emphasis::model::test::test_words_dont_repeat::he4fda61c8b0088c3
[INFO] [stdout]                                at /opt/rustwide/workdir/src/model/mod.rs:109:30
[INFO] [stdout]   38:     0x55ccf3ebb477 - rus_emphasis::model::test::test_words_dont_repeat::{{closure}}::hecfbc19f90503cf9
[INFO] [stdout]                                at /opt/rustwide/workdir/src/model/mod.rs:108:32
[INFO] [stdout]   39:     0x55ccf3eb3106 - core::ops::function::FnOnce::call_once::hcb0ce0477bb87a42
[INFO] [stdout]                                at /rustc/82e1608dfa6e0b5569232559e3d385fea5a93112/library/core/src/ops/function.rs:250:5
[INFO] [stdout]   40:     0x55ccf3ef7fcf - core::ops::function::FnOnce::call_once::h2b5d431d5046312d
[INFO] [stdout]                                at /rustc/82e1608dfa6e0b5569232559e3d385fea5a93112/library/core/src/ops/function.rs:250:5
[INFO] [stdout]   41:     0x55ccf3ef7fcf - test::__rust_begin_short_backtrace::h7714669af176e207
[INFO] [stdout]                                at /rustc/82e1608dfa6e0b5569232559e3d385fea5a93112/library/test/src/lib.rs:628:18
[INFO] [stdout]   42:     0x55ccf3ef6fe5 - test::run_test_in_process::{{closure}}::h85218797dcbcec12
[INFO] [stdout]                                at /rustc/82e1608dfa6e0b5569232559e3d385fea5a93112/library/test/src/lib.rs:651:60
[INFO] [stdout]   43:     0x55ccf3ef6fe5 - <core::panic::unwind_safe::AssertUnwindSafe<F> as core::ops::function::FnOnce<()>>::call_once::h76c106ea31c14d7b
[INFO] [stdout]                                at /rustc/82e1608dfa6e0b5569232559e3d385fea5a93112/library/core/src/panic/unwind_safe.rs:272:9
[INFO] [stdout]   44:     0x55ccf3ef6fe5 - std::panicking::try::do_call::h3bd5d0f6620ee946
[INFO] [stdout]                                at /rustc/82e1608dfa6e0b5569232559e3d385fea5a93112/library/std/src/panicking.rs:552:40
[INFO] [stdout]   45:     0x55ccf3ef6fe5 - std::panicking::try::h232e535e4744fe31
[INFO] [stdout]                                at /rustc/82e1608dfa6e0b5569232559e3d385fea5a93112/library/std/src/panicking.rs:516:19
[INFO] [stdout]   46:     0x55ccf3ef6fe5 - std::panic::catch_unwind::h3ce3bd6ca8dbac68
[INFO] [stdout]                                at /rustc/82e1608dfa6e0b5569232559e3d385fea5a93112/library/std/src/panic.rs:142:14
[INFO] [stdout]   47:     0x55ccf3ef6fe5 - test::run_test_in_process::hc97b257c9621286a
[INFO] [stdout]                                at /rustc/82e1608dfa6e0b5569232559e3d385fea5a93112/library/test/src/lib.rs:651:27
[INFO] [stdout]   48:     0x55ccf3ef6fe5 - test::run_test::{{closure}}::h2aa798823a438d38
[INFO] [stdout]                                at /rustc/82e1608dfa6e0b5569232559e3d385fea5a93112/library/test/src/lib.rs:574:43
[INFO] [stdout]   49:     0x55ccf3ebf2a6 - test::run_test::{{closure}}::h87d231c78fb59832
[INFO] [stdout]                                at /rustc/82e1608dfa6e0b5569232559e3d385fea5a93112/library/test/src/lib.rs:602:41
[INFO] [stdout]   50:     0x55ccf3ebf2a6 - std::sys_common::backtrace::__rust_begin_short_backtrace::he6df152596625789
[INFO] [stdout]                                at /rustc/82e1608dfa6e0b5569232559e3d385fea5a93112/library/std/src/sys_common/backtrace.rs:154:18
[INFO] [stdout]   51:     0x55ccf3ec4357 - std::thread::Builder::spawn_unchecked_::{{closure}}::{{closure}}::ha94be15d1e0acf36
[INFO] [stdout]                                at /rustc/82e1608dfa6e0b5569232559e3d385fea5a93112/library/std/src/thread/mod.rs:529:17
[INFO] [stdout]   52:     0x55ccf3ec4357 - <core::panic::unwind_safe::AssertUnwindSafe<F> as core::ops::function::FnOnce<()>>::call_once::h9dc6bd6372f16606
[INFO] [stdout]                                at /rustc/82e1608dfa6e0b5569232559e3d385fea5a93112/library/core/src/panic/unwind_safe.rs:272:9
[INFO] [stdout]   53:     0x55ccf3ec4357 - std::panicking::try::do_call::h9057517f80303cd4
[INFO] [stdout]                                at /rustc/82e1608dfa6e0b5569232559e3d385fea5a93112/library/std/src/panicking.rs:552:40
[INFO] [stdout]   54:     0x55ccf3ec4357 - std::panicking::try::he3a30b11ee45340c
[INFO] [stdout]                                at /rustc/82e1608dfa6e0b5569232559e3d385fea5a93112/library/std/src/panicking.rs:516:19
[INFO] [stdout]   55:     0x55ccf3ec4357 - std::panic::catch_unwind::h410458cfd3528b8b
[INFO] [stdout]                                at /rustc/82e1608dfa6e0b5569232559e3d385fea5a93112/library/std/src/panic.rs:142:14
[INFO] [stdout]   56:     0x55ccf3ec4357 - std::thread::Builder::spawn_unchecked_::{{closure}}::h72ac3bdb567b737b
[INFO] [stdout]                                at /rustc/82e1608dfa6e0b5569232559e3d385fea5a93112/library/std/src/thread/mod.rs:528:30
[INFO] [stdout]   57:     0x55ccf3ec4357 - core::ops::function::FnOnce::call_once{{vtable.shim}}::h38f34da3654a8344
[INFO] [stdout]                                at /rustc/82e1608dfa6e0b5569232559e3d385fea5a93112/library/core/src/ops/function.rs:250:5
[INFO] [stdout]   58:     0x55ccf3fa5615 - <alloc::boxed::Box<F,A> as core::ops::function::FnOnce<Args>>::call_once::hc7eafaff61e32df9
[INFO] [stdout]                                at /rustc/82e1608dfa6e0b5569232559e3d385fea5a93112/library/alloc/src/boxed.rs:2007:9
[INFO] [stdout]   59:     0x55ccf3fa5615 - <alloc::boxed::Box<F,A> as core::ops::function::FnOnce<Args>>::call_once::h6ba4a5de48dd2304
[INFO] [stdout]                                at /rustc/82e1608dfa6e0b5569232559e3d385fea5a93112/library/alloc/src/boxed.rs:2007:9
[INFO] [stdout]   60:     0x55ccf3fa5615 - std::sys::unix::thread::Thread::new::thread_start::he469335aef763e45
[INFO] [stdout]                                at /rustc/82e1608dfa6e0b5569232559e3d385fea5a93112/library/std/src/sys/unix/thread.rs:108:17
[INFO] [stdout]   61:     0x7f9b5fe12ac3 - <unknown>
[INFO] [stdout]   62:     0x7f9b5fea3bf4 - __clone
[INFO] [stdout]   63:                0x0 - <unknown>
[INFO] [stdout] 
[INFO] [stdout] ---- model::test::test_all_data_loaded_correctly stdout ----
[INFO] [stdout] thread 'model::test::test_all_data_loaded_correctly' panicked at /opt/rustwide/cargo-home/registry/src/index.crates.io-6f17d22bba15001f/js-sys-0.3.56/src/lib.rs:5412:9:
[INFO] [stdout] cannot call wasm-bindgen imported functions on non-wasm targets
[INFO] [stdout] stack backtrace:
[INFO] [stdout]    0:     0x55ccf3f9eacc - std::backtrace_rs::backtrace::libunwind::trace::ha637c64ce894333a
[INFO] [stdout]                                at /rustc/82e1608dfa6e0b5569232559e3d385fea5a93112/library/std/src/../../backtrace/src/backtrace/libunwind.rs:104:5
[INFO] [stdout]    1:     0x55ccf3f9eacc - std::backtrace_rs::backtrace::trace_unsynchronized::h47f62dea28e0c88d
[INFO] [stdout]                                at /rustc/82e1608dfa6e0b5569232559e3d385fea5a93112/library/std/src/../../backtrace/src/backtrace/mod.rs:66:5
[INFO] [stdout]    2:     0x55ccf3f9eacc - std::sys_common::backtrace::_print_fmt::h9eef0abe20ede486
[INFO] [stdout]                                at /rustc/82e1608dfa6e0b5569232559e3d385fea5a93112/library/std/src/sys_common/backtrace.rs:67:5
[INFO] [stdout]    3:     0x55ccf3f9eacc - <std::sys_common::backtrace::_print::DisplayBacktrace as core::fmt::Display>::fmt::hed7f999df88cc644
[INFO] [stdout]                                at /rustc/82e1608dfa6e0b5569232559e3d385fea5a93112/library/std/src/sys_common/backtrace.rs:44:22
[INFO] [stdout]    4:     0x55ccf3fc8e10 - core::fmt::rt::Argument::fmt::h1539a9308b8d058d
[INFO] [stdout]                                at /rustc/82e1608dfa6e0b5569232559e3d385fea5a93112/library/core/src/fmt/rt.rs:142:9
[INFO] [stdout]    5:     0x55ccf3fc8e10 - core::fmt::write::h3a39390d8560d9c9
[INFO] [stdout]                                at /rustc/82e1608dfa6e0b5569232559e3d385fea5a93112/library/core/src/fmt/mod.rs:1120:17
[INFO] [stdout]    6:     0x55ccf3f9c47f - std::io::Write::write_fmt::h040b369f3a0f9cbc
[INFO] [stdout]                                at /rustc/82e1608dfa6e0b5569232559e3d385fea5a93112/library/std/src/io/mod.rs:1762:15
[INFO] [stdout]    7:     0x55ccf3f9e8b4 - std::sys_common::backtrace::_print::h894006fb5c6f3d45
[INFO] [stdout]                                at /rustc/82e1608dfa6e0b5569232559e3d385fea5a93112/library/std/src/sys_common/backtrace.rs:47:5
[INFO] [stdout]    8:     0x55ccf3f9e8b4 - std::sys_common::backtrace::print::h23a2d212c6fff936
[INFO] [stdout]                                at /rustc/82e1608dfa6e0b5569232559e3d385fea5a93112/library/std/src/sys_common/backtrace.rs:34:9
[INFO] [stdout]    9:     0x55ccf3fa0577 - std::panicking::default_hook::{{closure}}::h8a1d2ee00185001a
[INFO] [stdout]   10:     0x55ccf3fa0263 - std::panicking::default_hook::h6038f2eba384e475
[INFO] [stdout]                                at /rustc/82e1608dfa6e0b5569232559e3d385fea5a93112/library/std/src/panicking.rs:289:9
[INFO] [stdout]   11:     0x55ccf3ef2977 - <alloc::boxed::Box<F,A> as core::ops::function::Fn<Args>>::call::h0ad024c9bdc6d768
[INFO] [stdout]                                at /rustc/82e1608dfa6e0b5569232559e3d385fea5a93112/library/alloc/src/boxed.rs:2021:9
[INFO] [stdout]   12:     0x55ccf3ef2977 - test::test_main::{{closure}}::h7500b54257359db6
[INFO] [stdout]                                at /rustc/82e1608dfa6e0b5569232559e3d385fea5a93112/library/test/src/lib.rs:138:21
[INFO] [stdout]   13:     0x55ccf3fa0b88 - <alloc::boxed::Box<F,A> as core::ops::function::Fn<Args>>::call::h1f8f335eaa9cfaee
[INFO] [stdout]                                at /rustc/82e1608dfa6e0b5569232559e3d385fea5a93112/library/alloc/src/boxed.rs:2021:9
[INFO] [stdout]   14:     0x55ccf3fa0b88 - std::panicking::rust_panic_with_hook::h2b5517d590cab22e
[INFO] [stdout]                                at /rustc/82e1608dfa6e0b5569232559e3d385fea5a93112/library/std/src/panicking.rs:783:13
[INFO] [stdout]   15:     0x55ccf3f79678 - std::panicking::begin_panic::{{closure}}::he584dbe0d68577d0
[INFO] [stdout]                                at /rustc/82e1608dfa6e0b5569232559e3d385fea5a93112/library/std/src/panicking.rs:687:9
[INFO] [stdout]   16:     0x55ccf3f795aa - std::sys_common::backtrace::__rust_end_short_backtrace::h16529529a2c5fc3c
[INFO] [stdout]                                at /rustc/82e1608dfa6e0b5569232559e3d385fea5a93112/library/std/src/sys_common/backtrace.rs:170:18
[INFO] [stdout]   17:     0x55ccf3f795e7 - std::panicking::begin_panic::h3945d0c971300afd
[INFO] [stdout]                                at /rustc/82e1608dfa6e0b5569232559e3d385fea5a93112/library/std/src/panicking.rs:686:12
[INFO] [stdout]   18:     0x55ccf3f67bbd - js_sys::global::get_global_object::Global::get_self::__wbg_self_e23d74ae45fb17d1::hd2a530ce287f666c
[INFO] [stdout]                                at /opt/rustwide/cargo-home/registry/src/index.crates.io-6f17d22bba15001f/js-sys-0.3.56/src/lib.rs:5412:9
[INFO] [stdout]   19:     0x55ccf3f67b29 - js_sys::global::get_global_object::Global::get_self::hb760280c1bb33ab3
[INFO] [stdout]                                at /opt/rustwide/cargo-home/registry/src/index.crates.io-6f17d22bba15001f/js-sys-0.3.56/src/lib.rs:5412:9
[INFO] [stdout]   20:     0x55ccf3f67083 - js_sys::global::get_global_object::h777f79bc95ba7829
[INFO] [stdout]                                at /opt/rustwide/cargo-home/registry/src/index.crates.io-6f17d22bba15001f/js-sys-0.3.56/src/lib.rs:5431:29
[INFO] [stdout]   21:     0x55ccf3f67936 - js_sys::global::GLOBAL::__init::h8393e4d200d61c72
[INFO] [stdout]                                at /opt/rustwide/cargo-home/registry/src/index.crates.io-6f17d22bba15001f/js-sys-0.3.56/src/lib.rs:5390:43
[INFO] [stdout]   22:     0x55ccf3f679cf - js_sys::global::GLOBAL::__getit::{{closure}}::hd507d1d52b1e108d
[INFO] [stdout]                                at /rustc/82e1608dfa6e0b5569232559e3d385fea5a93112/library/std/src/sys/common/thread_local/fast_local.rs:99:25
[INFO] [stdout]   23:     0x55ccf3f69045 - std::sys::common::thread_local::lazy::LazyKeyInner<T>::initialize::h09beafcdb24410d4
[INFO] [stdout]                                at /rustc/82e1608dfa6e0b5569232559e3d385fea5a93112/library/std/src/sys/common/thread_local/mod.rs:54:25
[INFO] [stdout]   24:     0x55ccf3f680f1 - std::sys::common::thread_local::fast_local::Key<T>::try_initialize::hac7720f8f2296779
[INFO] [stdout]                                at /rustc/82e1608dfa6e0b5569232559e3d385fea5a93112/library/std/src/sys/common/thread_local/fast_local.rs:190:27
[INFO] [stdout]   25:     0x55ccf3f682cb - std::sys::common::thread_local::fast_local::Key<T>::get::h814b0403af2d4f1d
[INFO] [stdout]                                at /rustc/82e1608dfa6e0b5569232559e3d385fea5a93112/library/std/src/sys/common/thread_local/fast_local.rs:173:25
[INFO] [stdout]   26:     0x55ccf3f67977 - js_sys::global::GLOBAL::__getit::h6ed7f1c4b8b45587
[INFO] [stdout]                                at /rustc/82e1608dfa6e0b5569232559e3d385fea5a93112/library/std/src/sys/common/thread_local/fast_local.rs:91:21
[INFO] [stdout]   27:     0x55ccf3f68574 - std::thread::local::LocalKey<T>::try_with::h819055c1f726cd59
[INFO] [stdout]                                at /rustc/82e1608dfa6e0b5569232559e3d385fea5a93112/library/std/src/thread/local.rs:269:32
[INFO] [stdout]   28:     0x55ccf3f6851f - std::thread::local::LocalKey<T>::with::h012cd3e3fc6fe838
[INFO] [stdout]                                at /rustc/82e1608dfa6e0b5569232559e3d385fea5a93112/library/std/src/thread/local.rs:246:9
[INFO] [stdout]   29:     0x55ccf3f6704e - js_sys::global::hfc55f6ec3ec74339
[INFO] [stdout]                                at /opt/rustwide/cargo-home/registry/src/index.crates.io-6f17d22bba15001f/js-sys-0.3.56/src/lib.rs:5392:12
[INFO] [stdout]   30:     0x55ccf3f6694a - web_sys::window::hd7f426b53bbb3d0d
[INFO] [stdout]                                at /opt/rustwide/cargo-home/registry/src/index.crates.io-6f17d22bba15001f/web-sys-0.3.56/src/lib.rs:31:5
[INFO] [stdout]   31:     0x55ccf3f5facd - <gloo_storage::local_storage::LocalStorage as gloo_storage::Storage>::raw::h8ad538a103ece80b
[INFO] [stdout]                                at /opt/rustwide/cargo-home/registry/src/index.crates.io-6f17d22bba15001f/gloo-storage-0.2.0/src/local_storage.rs:11:9
[INFO] [stdout]   32:     0x55ccf3ea0043 - gloo_storage::Storage::get::h29b22b66540c6df7
[INFO] [stdout]                                at /opt/rustwide/cargo-home/registry/src/index.crates.io-6f17d22bba15001f/gloo-storage-0.2.0/src/lib.rs:36:20
[INFO] [stdout]   33:     0x55ccf3ea8872 - rus_emphasis::model::statistics::Stats::load::h597aae90cbab1a42
[INFO] [stdout]                                at /opt/rustwide/workdir/src/model/statistics.rs:26:28
[INFO] [stdout]   34:     0x55ccf3ea8fee - rus_emphasis::model::statistics::Stats::sync::h1389f4d8365b0ee0
[INFO] [stdout]                                at /opt/rustwide/workdir/src/model/statistics.rs:72:26
[INFO] [stdout]   35:     0x55ccf3ea8764 - rus_emphasis::model::statistics::Stats::new::h08eead91c0be9f34
[INFO] [stdout]                                at /opt/rustwide/workdir/src/model/statistics.rs:20:9
[INFO] [stdout]   36:     0x55ccf3eb63fc - rus_emphasis::model::Model::new::h722120910a1201e9
[INFO] [stdout]                                at /opt/rustwide/workdir/src/model/mod.rs:28:21
[INFO] [stdout]   37:     0x55ccf3ebb3a6 - rus_emphasis::model::test::test_all_data_loaded_correctly::h1ba9ee76a88966dc
[INFO] [stdout]                                at /opt/rustwide/workdir/src/model/mod.rs:102:27
[INFO] [stdout]   38:     0x55ccf3ebb377 - rus_emphasis::model::test::test_all_data_loaded_correctly::{{closure}}::h2ba4fd9c571d880e
[INFO] [stdout]                                at /opt/rustwide/workdir/src/model/mod.rs:101:40
[INFO] [stdout]   39:     0x55ccf3eb3056 - core::ops::function::FnOnce::call_once::h9ab5d74c907d0795
[INFO] [stdout]                                at /rustc/82e1608dfa6e0b5569232559e3d385fea5a93112/library/core/src/ops/function.rs:250:5
[INFO] [stdout]   40:     0x55ccf3ef7fcf - core::ops::function::FnOnce::call_once::h2b5d431d5046312d
[INFO] [stdout]                                at /rustc/82e1608dfa6e0b5569232559e3d385fea5a93112/library/core/src/ops/function.rs:250:5
[INFO] [stdout]   41:     0x55ccf3ef7fcf - test::__rust_begin_short_backtrace::h7714669af176e207
[INFO] [stdout]                                at /rustc/82e1608dfa6e0b5569232559e3d385fea5a93112/library/test/src/lib.rs:628:18
[INFO] [stdout]   42:     0x55ccf3ef6fe5 - test::run_test_in_process::{{closure}}::h85218797dcbcec12
[INFO] [stdout]                                at /rustc/82e1608dfa6e0b5569232559e3d385fea5a93112/library/test/src/lib.rs:651:60
[INFO] [stdout]   43:     0x55ccf3ef6fe5 - <core::panic::unwind_safe::AssertUnwindSafe<F> as core::ops::function::FnOnce<()>>::call_once::h76c106ea31c14d7b
[INFO] [stdout]                                at /rustc/82e1608dfa6e0b5569232559e3d385fea5a93112/library/core/src/panic/unwind_safe.rs:272:9
[INFO] [stdout]   44:     0x55ccf3ef6fe5 - std::panicking::try::do_call::h3bd5d0f6620ee946
[INFO] [stdout]                                at /rustc/82e1608dfa6e0b5569232559e3d385fea5a93112/library/std/src/panicking.rs:552:40
[INFO] [stdout]   45:     0x55ccf3ef6fe5 - std::panicking::try::h232e535e4744fe31
[INFO] [stdout]                                at /rustc/82e1608dfa6e0b5569232559e3d385fea5a93112/library/std/src/panicking.rs:516:19
[INFO] [stdout]   46:     0x55ccf3ef6fe5 - std::panic::catch_unwind::h3ce3bd6ca8dbac68
[INFO] [stdout]                                at /rustc/82e1608dfa6e0b5569232559e3d385fea5a93112/library/std/src/panic.rs:142:14
[INFO] [stdout]   47:     0x55ccf3ef6fe5 - test::run_test_in_process::hc97b257c9621286a
[INFO] [stdout]                                at /rustc/82e1608dfa6e0b5569232559e3d385fea5a93112/library/test/src/lib.rs:651:27
[INFO] [stdout]   48:     0x55ccf3ef6fe5 - test::run_test::{{closure}}::h2aa798823a438d38
[INFO] [stdout]                                at /rustc/82e1608dfa6e0b5569232559e3d385fea5a93112/library/test/src/lib.rs:574:43
[INFO] [stdout]   49:     0x55ccf3ebf2a6 - test::run_test::{{closure}}::h87d231c78fb59832
[INFO] [stdout]                                at /rustc/82e1608dfa6e0b5569232559e3d385fea5a93112/library/test/src/lib.rs:602:41
[INFO] [stdout]   50:     0x55ccf3ebf2a6 - std::sys_common::backtrace::__rust_begin_short_backtrace::he6df152596625789
[INFO] [stdout]                                at /rustc/82e1608dfa6e0b5569232559e3d385fea5a93112/library/std/src/sys_common/backtrace.rs:154:18
[INFO] [stdout]   51:     0x55ccf3ec4357 - std::thread::Builder::spawn_unchecked_::{{closure}}::{{closure}}::ha94be15d1e0acf36
[INFO] [stdout]                                at /rustc/82e1608dfa6e0b5569232559e3d385fea5a93112/library/std/src/thread/mod.rs:529:17
[INFO] [stdout]   52:     0x55ccf3ec4357 - <core::panic::unwind_safe::AssertUnwindSafe<F> as core::ops::function::FnOnce<()>>::call_once::h9dc6bd6372f16606
[INFO] [stdout]                                at /rustc/82e1608dfa6e0b5569232559e3d385fea5a93112/library/core/src/panic/unwind_safe.rs:272:9
[INFO] [stdout]   53:     0x55ccf3ec4357 - std::panicking::try::do_call::h9057517f80303cd4
[INFO] [stdout]                                at /rustc/82e1608dfa6e0b5569232559e3d385fea5a93112/library/std/src/panicking.rs:552:40
[INFO] [stdout]   54:     0x55ccf3ec4357 - std::panicking::try::he3a30b11ee45340c
[INFO] [stdout]                                at /rustc/82e1608dfa6e0b5569232559e3d385fea5a93112/library/std/src/panicking.rs:516:19
[INFO] [stdout]   55:     0x55ccf3ec4357 - std::panic::catch_unwind::h410458cfd3528b8b
[INFO] [stdout]                                at /rustc/82e1608dfa6e0b5569232559e3d385fea5a93112/library/std/src/panic.rs:142:14
[INFO] [stdout]   56:     0x55ccf3ec4357 - std::thread::Builder::spawn_unchecked_::{{closure}}::h72ac3bdb567b737b
[INFO] [stdout]                                at /rustc/82e1608dfa6e0b5569232559e3d385fea5a93112/library/std/src/thread/mod.rs:528:30
[INFO] [stdout]   57:     0x55ccf3ec4357 - core::ops::function::FnOnce::call_once{{vtable.shim}}::h38f34da3654a8344
[INFO] [stdout]                                at /rustc/82e1608dfa6e0b5569232559e3d385fea5a93112/library/core/src/ops/function.rs:250:5
[INFO] [stdout]   58:     0x55ccf3fa5615 - <alloc::boxed::Box<F,A> as core::ops::function::FnOnce<Args>>::call_once::hc7eafaff61e32df9
[INFO] [stdout]                                at /rustc/82e1608dfa6e0b5569232559e3d385fea5a93112/library/alloc/src/boxed.rs:2007:9
[INFO] [stdout]   59:     0x55ccf3fa5615 - <alloc::boxed::Box<F,A> as core::ops::function::FnOnce<Args>>::call_once::h6ba4a5de48dd2304
[INFO] [stdout]                                at /rustc/82e1608dfa6e0b5569232559e3d385fea5a93112/library/alloc/src/boxed.rs:2007:9
[INFO] [stdout]   60:     0x55ccf3fa5615 - std::sys::unix::thread::Thread::new::thread_start::he469335aef763e45
[INFO] [stdout]                                at /rustc/82e1608dfa6e0b5569232559e3d385fea5a93112/library/std/src/sys/unix/thread.rs:108:17
[INFO] [stdout]   61:     0x7f9b5fe12ac3 - <unknown>
[INFO] [stdout]   62:     0x7f9b5fea3bf4 - __clone
[INFO] [stdout]   63:                0x0 - <unknown>
[INFO] [stdout] 
[INFO] [stdout] 
[INFO] [stdout] failures:
[INFO] [stdout]     model::test::test_all_data_loaded_correctly
[INFO] [stdout]     model::test::test_words_dont_repeat
[INFO] [stdout] 
[INFO] [stdout] test result: FAILED. 4 passed; 2 failed; 0 ignored; 0 measured; 0 filtered out; finished in 0.05s
[INFO] [stdout] 
[INFO] [stderr] error: test failed, to rerun pass `--bin rus-emphasis`
[INFO] running `Command { std: "docker" "inspect" "2413f88b27091889de522a61971eebb124aefbc1d0f3745329fb9897373af805", kill_on_drop: false }`
[INFO] running `Command { std: "docker" "rm" "-f" "2413f88b27091889de522a61971eebb124aefbc1d0f3745329fb9897373af805", kill_on_drop: false }`
[INFO] [stdout] 2413f88b27091889de522a61971eebb124aefbc1d0f3745329fb9897373af805
[INFO] testing LowLevelVirtualMan/emphasis-trainer against beta-2023-12-22 for beta-1.76-1
[INFO] running `Command { std: "git" "clone" "/workspace/cache/git-repos/https%3A%2F%2Fgithub.com%2FLowLevelVirtualMan%2Femphasis-trainer" "/workspace/builds/worker-1-tc2/source", kill_on_drop: false }`
[INFO] [stderr] Cloning into '/workspace/builds/worker-1-tc2/source'...
[INFO] [stderr] done.
[INFO] validating manifest of git repo https://github.com/LowLevelVirtualMan/emphasis-trainer on toolchain beta-2023-12-22
[INFO] running `Command { std: CARGO_HOME="/workspace/cargo-home" RUSTUP_HOME="/workspace/rustup-home" "/workspace/cargo-home/bin/cargo" "+beta-2023-12-22" "metadata" "--manifest-path" "Cargo.toml" "--no-deps", kill_on_drop: false }`
[INFO] started tweaking git repo https://github.com/LowLevelVirtualMan/emphasis-trainer
[INFO] finished tweaking git repo https://github.com/LowLevelVirtualMan/emphasis-trainer
[INFO] tweaked toml for git repo https://github.com/LowLevelVirtualMan/emphasis-trainer written to /workspace/builds/worker-1-tc2/source/Cargo.toml
[INFO] crate git repo https://github.com/LowLevelVirtualMan/emphasis-trainer already has a lockfile, it will not be regenerated
[INFO] running `Command { std: CARGO_HOME="/workspace/cargo-home" RUSTUP_HOME="/workspace/rustup-home" "/workspace/cargo-home/bin/cargo" "+beta-2023-12-22" "fetch" "--manifest-path" "Cargo.toml", kill_on_drop: false }`
[INFO] running `Command { std: "docker" "create" "-v" "/var/lib/crater-agent-workspace/builds/worker-1-tc2/target:/opt/rustwide/target:rw,Z" "-v" "/var/lib/crater-agent-workspace/builds/worker-1-tc2/source:/opt/rustwide/workdir:ro,Z" "-v" "/var/lib/crater-agent-workspace/cargo-home:/opt/rustwide/cargo-home:ro,Z" "-v" "/var/lib/crater-agent-workspace/rustup-home:/opt/rustwide/rustup-home:ro,Z" "-e" "SOURCE_DIR=/opt/rustwide/workdir" "-e" "CARGO_TARGET_DIR=/opt/rustwide/target" "-e" "CARGO_HOME=/opt/rustwide/cargo-home" "-e" "RUSTUP_HOME=/opt/rustwide/rustup-home" "-w" "/opt/rustwide/workdir" "-m" "1610612736" "--user" "0:0" "--network" "none" "ghcr.io/rust-lang/crates-build-env/linux@sha256:2788e3201cd34a07e3172128adcd8b3090168a8e3bcc40d7c032b9dda1df7d1c" "/opt/rustwide/cargo-home/bin/cargo" "+beta-2023-12-22" "metadata" "--no-deps" "--format-version=1", kill_on_drop: false }`
[INFO] [stdout] bac24b6ff85761056847509d08e2a3777bd42293897666253f66f8ca5d7d69ea
[INFO] running `Command { std: "docker" "start" "-a" "bac24b6ff85761056847509d08e2a3777bd42293897666253f66f8ca5d7d69ea", kill_on_drop: false }`
[INFO] running `Command { std: "docker" "inspect" "bac24b6ff85761056847509d08e2a3777bd42293897666253f66f8ca5d7d69ea", kill_on_drop: false }`
[INFO] running `Command { std: "docker" "rm" "-f" "bac24b6ff85761056847509d08e2a3777bd42293897666253f66f8ca5d7d69ea", kill_on_drop: false }`
[INFO] [stdout] bac24b6ff85761056847509d08e2a3777bd42293897666253f66f8ca5d7d69ea
[INFO] running `Command { std: "docker" "create" "-v" "/var/lib/crater-agent-workspace/builds/worker-1-tc2/target:/opt/rustwide/target:rw,Z" "-v" "/var/lib/crater-agent-workspace/builds/worker-1-tc2/source:/opt/rustwide/workdir:ro,Z" "-v" "/var/lib/crater-agent-workspace/cargo-home:/opt/rustwide/cargo-home:ro,Z" "-v" "/var/lib/crater-agent-workspace/rustup-home:/opt/rustwide/rustup-home:ro,Z" "-e" "SOURCE_DIR=/opt/rustwide/workdir" "-e" "CARGO_TARGET_DIR=/opt/rustwide/target" "-e" "CARGO_INCREMENTAL=0" "-e" "RUST_BACKTRACE=full" "-e" "RUSTFLAGS=--cap-lints=warn" "-e" "RUSTDOCFLAGS=--cap-lints=warn" "-e" "CARGO_HOME=/opt/rustwide/cargo-home" "-e" "RUSTUP_HOME=/opt/rustwide/rustup-home" "-w" "/opt/rustwide/workdir" "-m" "1610612736" "--user" "0:0" "--network" "none" "ghcr.io/rust-lang/crates-build-env/linux@sha256:2788e3201cd34a07e3172128adcd8b3090168a8e3bcc40d7c032b9dda1df7d1c" "/opt/rustwide/cargo-home/bin/cargo" "+beta-2023-12-22" "build" "--frozen" "--message-format=json", kill_on_drop: false }`
[INFO] [stdout] 584519936daa66c6b4522108da51eebbcd6450b3d03b8d890f2818a206813105
[INFO] running `Command { std: "docker" "start" "-a" "584519936daa66c6b4522108da51eebbcd6450b3d03b8d890f2818a206813105", kill_on_drop: false }`
[INFO] [stderr]    Compiling proc-macro2 v1.0.36
[INFO] [stderr]    Compiling unicode-xid v0.2.2
[INFO] [stderr]    Compiling syn v1.0.94
[INFO] [stderr]    Compiling itoa v1.0.1
[INFO] [stderr]    Compiling serde_derive v1.0.137
[INFO] [stderr]    Compiling serde v1.0.137
[INFO] [stderr]    Compiling log v0.4.14
[INFO] [stderr]    Compiling wasm-bindgen-shared v0.2.79
[INFO] [stderr]    Compiling bumpalo v3.9.1
[INFO] [stderr]    Compiling ryu v1.0.9
[INFO] [stderr]    Compiling serde_json v1.0.81
[INFO] [stderr]    Compiling wasm-bindgen v0.2.79
[INFO] [stderr]    Compiling libc v0.2.119
[INFO] [stderr]    Compiling version_check v0.9.4
[INFO] [stderr]    Compiling autocfg v1.1.0
[INFO] [stderr]    Compiling anyhow v1.0.56
[INFO] [stderr]    Compiling rustversion v1.0.6
[INFO] [stderr]    Compiling num_threads v0.1.6
[INFO] [stderr]    Compiling futures-core v0.3.21
[INFO] [stderr]    Compiling percent-encoding v2.1.0
[INFO] [stderr]    Compiling matches v0.1.9
[INFO] [stderr]    Compiling futures-channel v0.3.21
[INFO] [stderr]    Compiling slab v0.4.5
[INFO] [stderr]    Compiling fnv v1.0.7
[INFO] [stderr]    Compiling boolinator v2.4.0
[INFO] [stderr]    Compiling ppv-lite86 v0.2.16
[INFO] [stderr]    Compiling proc-macro-error-attr v1.0.4
[INFO] [stderr]    Compiling proc-macro-error v1.0.4
[INFO] [stderr]    Compiling form_urlencoded v1.0.1
[INFO] [stderr]    Compiling num-traits v0.2.15
[INFO] [stderr]    Compiling indexmap v1.8.1
[INFO] [stderr]    Compiling num-integer v0.1.45
[INFO] [stderr]    Compiling hashbrown v0.11.2
[INFO] [stderr]    Compiling anymap2 v0.13.0
[INFO] [stderr]    Compiling futures-sink v0.3.21
[INFO] [stderr]    Compiling scoped-tls-hkt v0.1.2
[INFO] [stderr]    Compiling byteorder v1.4.3
[INFO] [stderr]    Compiling fxhash v0.2.1
[INFO] [stderr]    Compiling quote v1.0.15
[INFO] [stderr]    Compiling time v0.3.9
[INFO] [stderr]    Compiling getrandom v0.2.5
[INFO] [stderr]    Compiling time v0.1.44
[INFO] [stderr]    Compiling rand_core v0.6.3
[INFO] [stderr]    Compiling rand_chacha v0.3.1
[INFO] [stderr]    Compiling rand v0.8.5
[INFO] [stderr]    Compiling vergen v7.0.0
[INFO] [stderr]    Compiling wasm-bindgen-backend v0.2.79
[INFO] [stderr]    Compiling wasm-bindgen-macro-support v0.2.79
[INFO] [stderr]    Compiling thiserror-impl v1.0.31
[INFO] [stderr]    Compiling enum-iterator-derive v0.7.0
[INFO] [stderr]    Compiling pin-project-internal v1.0.10
[INFO] [stderr]    Compiling getset v0.1.2
[INFO] [stderr]    Compiling yew-macro v0.19.3
[INFO] [stderr]    Compiling wasm-bindgen-macro v0.2.79
[INFO] [stderr]    Compiling enum-iterator v0.7.0
[INFO] [stderr]    Compiling pin-project v1.0.10
[INFO] [stderr]    Compiling thiserror v1.0.31
[INFO] [stderr]    Compiling rus-emphasis v0.1.0 (/opt/rustwide/workdir)
[INFO] [stderr]    Compiling bincode v1.3.3
[INFO] [stderr]    Compiling serde_urlencoded v0.7.1
[INFO] [stderr]    Compiling chrono v0.4.19
[INFO] [stderr]    Compiling js-sys v0.3.56
[INFO] [stderr]    Compiling console_error_panic_hook v0.1.7
[INFO] [stderr]    Compiling web-sys v0.3.56
[INFO] [stderr]    Compiling gloo-timers v0.2.3
[INFO] [stderr]    Compiling wasm-bindgen-futures v0.4.29
[INFO] [stderr]    Compiling serde-wasm-bindgen v0.3.1
[INFO] [stderr]    Compiling gloo-utils v0.1.2
[INFO] [stderr]    Compiling gloo-events v0.1.1
[INFO] [stderr]    Compiling gloo-console v0.2.1
[INFO] [stderr]    Compiling gloo-dialogs v0.1.0
[INFO] [stderr]    Compiling gloo-render v0.1.0
[INFO] [stderr]    Compiling gloo-file v0.2.1
[INFO] [stderr]    Compiling gloo-storage v0.2.0
[INFO] [stderr]    Compiling gloo-worker v0.1.0
[INFO] [stderr]    Compiling gloo-history v0.1.0
[INFO] [stderr]    Compiling gloo-net v0.1.0
[INFO] [stderr]    Compiling gloo v0.4.2
[INFO] [stderr]    Compiling yew v0.19.3
[INFO] [stderr]    Compiling gloo v0.6.1
[INFO] [stdout] warning: variants `NoExplanationTag` and `ExplanationEmpty` are never constructed
[INFO] [stdout]    --> src/model/parse.rs:162:5
[INFO] [stdout]     |
[INFO] [stdout] 152 | pub enum WordParseError {
[INFO] [stdout]     |          -------------- variants in this enum
[INFO] [stdout] ...
[INFO] [stdout] 162 |     NoExplanationTag,
[INFO] [stdout]     |     ^^^^^^^^^^^^^^^^
[INFO] [stdout] 163 |     #[error("Explanation can't be empty.")]
[INFO] [stdout] 164 |     ExplanationEmpty,
[INFO] [stdout]     |     ^^^^^^^^^^^^^^^^
[INFO] [stdout]     |
[INFO] [stdout]     = note: `WordParseError` has a derived impl for the trait `Debug`, but this is intentionally ignored during dead code analysis
[INFO] [stdout]     = note: `#[warn(dead_code)]` on by default
[INFO] [stdout] 
[INFO] [stdout] 
[INFO] [stdout] warning: variants `NoEntries` and `Invalid` are never constructed
[INFO] [stdout]   --> src/model/statistics.rs:92:5
[INFO] [stdout]    |
[INFO] [stdout] 90 | pub enum StatisticsError {
[INFO] [stdout]    |          --------------- variants in this enum
[INFO] [stdout] 91 |     #[error("No entries stored in statistics.")]
[INFO] [stdout] 92 |     NoEntries,
[INFO] [stdout]    |     ^^^^^^^^^
[INFO] [stdout] 93 |     #[error("Statistics data is in invalid state.")]
[INFO] [stdout] 94 |     Invalid,
[INFO] [stdout]    |     ^^^^^^^
[INFO] [stdout]    |
[INFO] [stdout]    = note: `StatisticsError` has derived impls for the traits `Clone` and `Debug`, but these are intentionally ignored during dead code analysis
[INFO] [stdout] 
[INFO] [stdout] 
[INFO] [stdout] warning: associated items `new` and `should_repeat` are never used
[INFO] [stdout]    --> src/model/statistics.rs:107:12
[INFO] [stdout]     |
[INFO] [stdout] 105 | impl Record {
[INFO] [stdout]     | ----------- associated items in this implementation
[INFO] [stdout] 106 |     /// Create new record.
[INFO] [stdout] 107 |     pub fn new() -> Self {
[INFO] [stdout]     |            ^^^
[INFO] [stdout] ...
[INFO] [stdout] 119 |     pub fn should_repeat(&self) -> bool {
[INFO] [stdout]     |            ^^^^^^^^^^^^^
[INFO] [stdout] 
[INFO] [stdout] 
[INFO] [stdout] warning: associated items `new` and `repetition_days` are never used
[INFO] [stdout]    --> src/model/statistics.rs:139:12
[INFO] [stdout]     |
[INFO] [stdout] 138 | impl Group {
[INFO] [stdout]     | ---------- associated items in this implementation
[INFO] [stdout] 139 |     pub fn new() -> Self {
[INFO] [stdout]     |            ^^^
[INFO] [stdout] ...
[INFO] [stdout] 153 |     pub fn repetition_days(&self) -> u32 {
[INFO] [stdout]     |            ^^^^^^^^^^^^^^^
[INFO] [stdout] 
[INFO] [stdout] 
[INFO] [stdout] warning: 4 warnings emitted
[INFO] [stdout] 
[INFO] [stdout] 
[INFO] [stderr]     Finished dev [unoptimized + debuginfo] target(s) in 32.70s
[INFO] running `Command { std: "docker" "inspect" "584519936daa66c6b4522108da51eebbcd6450b3d03b8d890f2818a206813105", kill_on_drop: false }`
[INFO] running `Command { std: "docker" "rm" "-f" "584519936daa66c6b4522108da51eebbcd6450b3d03b8d890f2818a206813105", kill_on_drop: false }`
[INFO] [stdout] 584519936daa66c6b4522108da51eebbcd6450b3d03b8d890f2818a206813105
[INFO] running `Command { std: "docker" "create" "-v" "/var/lib/crater-agent-workspace/builds/worker-1-tc2/target:/opt/rustwide/target:rw,Z" "-v" "/var/lib/crater-agent-workspace/builds/worker-1-tc2/source:/opt/rustwide/workdir:ro,Z" "-v" "/var/lib/crater-agent-workspace/cargo-home:/opt/rustwide/cargo-home:ro,Z" "-v" "/var/lib/crater-agent-workspace/rustup-home:/opt/rustwide/rustup-home:ro,Z" "-e" "SOURCE_DIR=/opt/rustwide/workdir" "-e" "CARGO_TARGET_DIR=/opt/rustwide/target" "-e" "CARGO_INCREMENTAL=0" "-e" "RUST_BACKTRACE=full" "-e" "RUSTFLAGS=--cap-lints=warn" "-e" "RUSTDOCFLAGS=--cap-lints=warn" "-e" "CARGO_HOME=/opt/rustwide/cargo-home" "-e" "RUSTUP_HOME=/opt/rustwide/rustup-home" "-w" "/opt/rustwide/workdir" "-m" "1610612736" "--user" "0:0" "--network" "none" "ghcr.io/rust-lang/crates-build-env/linux@sha256:2788e3201cd34a07e3172128adcd8b3090168a8e3bcc40d7c032b9dda1df7d1c" "/opt/rustwide/cargo-home/bin/cargo" "+beta-2023-12-22" "test" "--frozen" "--no-run" "--message-format=json", kill_on_drop: false }`
[INFO] [stdout] 04b1d76c947e7e683a8cfcec820a7945a0a2702784afac9517282a647ec993a5
[INFO] running `Command { std: "docker" "start" "-a" "04b1d76c947e7e683a8cfcec820a7945a0a2702784afac9517282a647ec993a5", kill_on_drop: false }`
[INFO] [stderr]    Compiling rus-emphasis v0.1.0 (/opt/rustwide/workdir)
[INFO] [stdout] warning: variants `NoExplanationTag` and `ExplanationEmpty` are never constructed
[INFO] [stdout]    --> src/model/parse.rs:162:5
[INFO] [stdout]     |
[INFO] [stdout] 152 | pub enum WordParseError {
[INFO] [stdout]     |          -------------- variants in this enum
[INFO] [stdout] ...
[INFO] [stdout] 162 |     NoExplanationTag,
[INFO] [stdout]     |     ^^^^^^^^^^^^^^^^
[INFO] [stdout] 163 |     #[error("Explanation can't be empty.")]
[INFO] [stdout] 164 |     ExplanationEmpty,
[INFO] [stdout]     |     ^^^^^^^^^^^^^^^^
[INFO] [stdout]     |
[INFO] [stdout]     = note: `WordParseError` has a derived impl for the trait `Debug`, but this is intentionally ignored during dead code analysis
[INFO] [stdout]     = note: `#[warn(dead_code)]` on by default
[INFO] [stdout] 
[INFO] [stdout] 
[INFO] [stdout] warning: variants `NoEntries` and `Invalid` are never constructed
[INFO] [stdout]   --> src/model/statistics.rs:92:5
[INFO] [stdout]    |
[INFO] [stdout] 90 | pub enum StatisticsError {
[INFO] [stdout]    |          --------------- variants in this enum
[INFO] [stdout] 91 |     #[error("No entries stored in statistics.")]
[INFO] [stdout] 92 |     NoEntries,
[INFO] [stdout]    |     ^^^^^^^^^
[INFO] [stdout] 93 |     #[error("Statistics data is in invalid state.")]
[INFO] [stdout] 94 |     Invalid,
[INFO] [stdout]    |     ^^^^^^^
[INFO] [stdout]    |
[INFO] [stdout]    = note: `StatisticsError` has derived impls for the traits `Clone` and `Debug`, but these are intentionally ignored during dead code analysis
[INFO] [stdout] 
[INFO] [stdout] 
[INFO] [stdout] warning: associated items `new` and `should_repeat` are never used
[INFO] [stdout]    --> src/model/statistics.rs:107:12
[INFO] [stdout]     |
[INFO] [stdout] 105 | impl Record {
[INFO] [stdout]     | ----------- associated items in this implementation
[INFO] [stdout] 106 |     /// Create new record.
[INFO] [stdout] 107 |     pub fn new() -> Self {
[INFO] [stdout]     |            ^^^
[INFO] [stdout] ...
[INFO] [stdout] 119 |     pub fn should_repeat(&self) -> bool {
[INFO] [stdout]     |            ^^^^^^^^^^^^^
[INFO] [stdout] 
[INFO] [stdout] 
[INFO] [stdout] warning: associated items `new` and `repetition_days` are never used
[INFO] [stdout]    --> src/model/statistics.rs:139:12
[INFO] [stdout]     |
[INFO] [stdout] 138 | impl Group {
[INFO] [stdout]     | ---------- associated items in this implementation
[INFO] [stdout] 139 |     pub fn new() -> Self {
[INFO] [stdout]     |            ^^^
[INFO] [stdout] ...
[INFO] [stdout] 153 |     pub fn repetition_days(&self) -> u32 {
[INFO] [stdout]     |            ^^^^^^^^^^^^^^^
[INFO] [stdout] 
[INFO] [stdout] 
[INFO] [stdout] warning: 4 warnings emitted
[INFO] [stdout] 
[INFO] [stdout] 
[INFO] [stderr]     Finished test [unoptimized + debuginfo] target(s) in 1.98s
[INFO] running `Command { std: "docker" "inspect" "04b1d76c947e7e683a8cfcec820a7945a0a2702784afac9517282a647ec993a5", kill_on_drop: false }`
[INFO] running `Command { std: "docker" "rm" "-f" "04b1d76c947e7e683a8cfcec820a7945a0a2702784afac9517282a647ec993a5", kill_on_drop: false }`
[INFO] [stdout] 04b1d76c947e7e683a8cfcec820a7945a0a2702784afac9517282a647ec993a5
[INFO] running `Command { std: "docker" "create" "-v" "/var/lib/crater-agent-workspace/builds/worker-1-tc2/target:/opt/rustwide/target:rw,Z" "-v" "/var/lib/crater-agent-workspace/builds/worker-1-tc2/source:/opt/rustwide/workdir:ro,Z" "-v" "/var/lib/crater-agent-workspace/cargo-home:/opt/rustwide/cargo-home:ro,Z" "-v" "/var/lib/crater-agent-workspace/rustup-home:/opt/rustwide/rustup-home:ro,Z" "-e" "SOURCE_DIR=/opt/rustwide/workdir" "-e" "CARGO_TARGET_DIR=/opt/rustwide/target" "-e" "CARGO_INCREMENTAL=0" "-e" "RUST_BACKTRACE=full" "-e" "RUSTFLAGS=--cap-lints=warn" "-e" "RUSTDOCFLAGS=--cap-lints=warn" "-e" "CARGO_HOME=/opt/rustwide/cargo-home" "-e" "RUSTUP_HOME=/opt/rustwide/rustup-home" "-w" "/opt/rustwide/workdir" "-m" "1610612736" "--user" "0:0" "--network" "none" "ghcr.io/rust-lang/crates-build-env/linux@sha256:2788e3201cd34a07e3172128adcd8b3090168a8e3bcc40d7c032b9dda1df7d1c" "/opt/rustwide/cargo-home/bin/cargo" "+beta-2023-12-22" "test" "--frozen", kill_on_drop: false }`
[INFO] [stdout] e248579ae809be4e5eb70d3303828d9d42b2e55f991c511c50ea4c514f598fc8
[INFO] running `Command { std: "docker" "start" "-a" "e248579ae809be4e5eb70d3303828d9d42b2e55f991c511c50ea4c514f598fc8", kill_on_drop: false }`
[INFO] [stderr] warning: variants `NoExplanationTag` and `ExplanationEmpty` are never constructed
[INFO] [stderr]    --> src/model/parse.rs:162:5
[INFO] [stderr]     |
[INFO] [stderr] 152 | pub enum WordParseError {
[INFO] [stderr]     |          -------------- variants in this enum
[INFO] [stderr] ...
[INFO] [stderr] 162 |     NoExplanationTag,
[INFO] [stderr]     |     ^^^^^^^^^^^^^^^^
[INFO] [stderr] 163 |     #[error("Explanation can't be empty.")]
[INFO] [stderr] 164 |     ExplanationEmpty,
[INFO] [stderr]     |     ^^^^^^^^^^^^^^^^
[INFO] [stderr]     |
[INFO] [stderr]     = note: `WordParseError` has a derived impl for the trait `Debug`, but this is intentionally ignored during dead code analysis
[INFO] [stderr]     = note: `#[warn(dead_code)]` on by default
[INFO] [stderr] 
[INFO] [stderr] warning: variants `NoEntries` and `Invalid` are never constructed
[INFO] [stderr]   --> src/model/statistics.rs:92:5
[INFO] [stderr]    |
[INFO] [stderr] 90 | pub enum StatisticsError {
[INFO] [stderr]    |          --------------- variants in this enum
[INFO] [stderr] 91 |     #[error("No entries stored in statistics.")]
[INFO] [stderr] 92 |     NoEntries,
[INFO] [stderr]    |     ^^^^^^^^^
[INFO] [stderr] 93 |     #[error("Statistics data is in invalid state.")]
[INFO] [stderr] 94 |     Invalid,
[INFO] [stderr]    |     ^^^^^^^
[INFO] [stderr]    |
[INFO] [stderr]    = note: `StatisticsError` has derived impls for the traits `Clone` and `Debug`, but these are intentionally ignored during dead code analysis
[INFO] [stderr] 
[INFO] [stderr] warning: associated items `new` and `should_repeat` are never used
[INFO] [stderr]    --> src/model/statistics.rs:107:12
[INFO] [stderr]     |
[INFO] [stderr] 105 | impl Record {
[INFO] [stderr]     | ----------- associated items in this implementation
[INFO] [stderr] 106 |     /// Create new record.
[INFO] [stderr] 107 |     pub fn new() -> Self {
[INFO] [stderr]     |            ^^^
[INFO] [stderr] ...
[INFO] [stderr] 119 |     pub fn should_repeat(&self) -> bool {
[INFO] [stderr]     |            ^^^^^^^^^^^^^
[INFO] [stderr] 
[INFO] [stderr] warning: associated items `new` and `repetition_days` are never used
[INFO] [stderr]    --> src/model/statistics.rs:139:12
[INFO] [stderr]     |
[INFO] [stderr] 138 | impl Group {
[INFO] [stderr]     | ---------- associated items in this implementation
[INFO] [stderr] 139 |     pub fn new() -> Self {
[INFO] [stderr]     |            ^^^
[INFO] [stderr] ...
[INFO] [stderr] 153 |     pub fn repetition_days(&self) -> u32 {
[INFO] [stderr]     |            ^^^^^^^^^^^^^^^
[INFO] [stderr] 
[INFO] [stderr] warning: `rus-emphasis` (bin "rus-emphasis" test) generated 4 warnings
[INFO] [stderr]     Finished test [unoptimized + debuginfo] target(s) in 0.10s
[INFO] [stderr]      Running unittests src/main.rs (/opt/rustwide/target/debug/deps/rus_emphasis-92098397bfaeaa05)
[INFO] [stdout] 
[INFO] [stdout] running 6 tests
[INFO] [stdout] test model::parse::test::test_group ... ok
[INFO] [stdout] test model::parse::test::test_explanation ... ok
[INFO] [stdout] test util::test::test_subslice_tags ... ok
[INFO] [stdout] test model::parse::test::test_detail ... ok
[INFO] [stdout] test model::test::test_words_dont_repeat ... FAILED
[INFO] [stdout] test model::test::test_all_data_loaded_correctly ... FAILED
[INFO] [stdout] 
[INFO] [stdout] failures:
[INFO] [stdout] 
[INFO] [stdout] ---- model::test::test_words_dont_repeat stdout ----
[INFO] [stdout] thread 'model::test::test_words_dont_repeat' panicked at /opt/rustwide/cargo-home/registry/src/index.crates.io-6f17d22bba15001f/js-sys-0.3.56/src/lib.rs:5412:9:
[INFO] [stdout] cannot call wasm-bindgen imported functions on non-wasm targets
[INFO] [stdout] stack backtrace:
[INFO] [stdout]    0:     0x55b6734ffab6 - std::backtrace_rs::backtrace::libunwind::trace::h261606ad26a499c1
[INFO] [stdout]                                at /rustc/0e09125c6c3c2fd70d7de961bcf0e51575235fad/library/std/src/../../backtrace/src/backtrace/libunwind.rs:104:5
[INFO] [stdout]    1:     0x55b6734ffab6 - std::backtrace_rs::backtrace::trace_unsynchronized::hd183f0625477fb28
[INFO] [stdout]                                at /rustc/0e09125c6c3c2fd70d7de961bcf0e51575235fad/library/std/src/../../backtrace/src/backtrace/mod.rs:66:5
[INFO] [stdout]    2:     0x55b6734ffab6 - std::sys_common::backtrace::_print_fmt::hd7f8fef21b4eda67
[INFO] [stdout]                                at /rustc/0e09125c6c3c2fd70d7de961bcf0e51575235fad/library/std/src/sys_common/backtrace.rs:68:5
[INFO] [stdout]    3:     0x55b6734ffab6 - <std::sys_common::backtrace::_print::DisplayBacktrace as core::fmt::Display>::fmt::h623d9b51f2f453f1
[INFO] [stdout]                                at /rustc/0e09125c6c3c2fd70d7de961bcf0e51575235fad/library/std/src/sys_common/backtrace.rs:44:22
[INFO] [stdout]    4:     0x55b673529100 - core::fmt::rt::Argument::fmt::h9f417ac76a86f368
[INFO] [stdout]                                at /rustc/0e09125c6c3c2fd70d7de961bcf0e51575235fad/library/core/src/fmt/rt.rs:142:9
[INFO] [stdout]    5:     0x55b673529100 - core::fmt::write::hc9b6faf4ac2aeff7
[INFO] [stdout]                                at /rustc/0e09125c6c3c2fd70d7de961bcf0e51575235fad/library/core/src/fmt/mod.rs:1120:17
[INFO] [stdout]    6:     0x55b6734fd51f - std::io::Write::write_fmt::he04625a3a989fec3
[INFO] [stdout]                                at /rustc/0e09125c6c3c2fd70d7de961bcf0e51575235fad/library/std/src/io/mod.rs:1810:15
[INFO] [stdout]    7:     0x55b6734ff894 - std::sys_common::backtrace::_print::hd5d66399c7df88a2
[INFO] [stdout]                                at /rustc/0e09125c6c3c2fd70d7de961bcf0e51575235fad/library/std/src/sys_common/backtrace.rs:47:5
[INFO] [stdout]    8:     0x55b6734ff894 - std::sys_common::backtrace::print::he81ed2da642d37e5
[INFO] [stdout]                                at /rustc/0e09125c6c3c2fd70d7de961bcf0e51575235fad/library/std/src/sys_common/backtrace.rs:34:9
[INFO] [stdout]    9:     0x55b673501607 - std::panicking::default_hook::{{closure}}::h85773f4fa117163d
[INFO] [stdout]   10:     0x55b6735012ed - std::panicking::default_hook::h6a1694a91d09b278
[INFO] [stdout]                                at /rustc/0e09125c6c3c2fd70d7de961bcf0e51575235fad/library/std/src/panicking.rs:289:9
[INFO] [stdout]   11:     0x55b673457be7 - <alloc::boxed::Box<F,A> as core::ops::function::Fn<Args>>::call::h616ac37fa3cd6c8f
[INFO] [stdout]                                at /rustc/0e09125c6c3c2fd70d7de961bcf0e51575235fad/library/alloc/src/boxed.rs:2029:9
[INFO] [stdout]   12:     0x55b673457be7 - test::test_main::{{closure}}::h00d84697cefdcbb6
[INFO] [stdout]                                at /rustc/0e09125c6c3c2fd70d7de961bcf0e51575235fad/library/test/src/lib.rs:138:21
[INFO] [stdout]   13:     0x55b673501c26 - <alloc::boxed::Box<F,A> as core::ops::function::Fn<Args>>::call::hcb3fe3b9bb537ba8
[INFO] [stdout]                                at /rustc/0e09125c6c3c2fd70d7de961bcf0e51575235fad/library/alloc/src/boxed.rs:2029:9
[INFO] [stdout]   14:     0x55b673501c26 - std::panicking::rust_panic_with_hook::h0a7ad96e90f7145b
[INFO] [stdout]                                at /rustc/0e09125c6c3c2fd70d7de961bcf0e51575235fad/library/std/src/panicking.rs:783:13
[INFO] [stdout]   15:     0x55b6734da158 - std::panicking::begin_panic::{{closure}}::h23471fb69c9fcefc
[INFO] [stdout]                                at /rustc/0e09125c6c3c2fd70d7de961bcf0e51575235fad/library/std/src/panicking.rs:687:9
[INFO] [stdout]   16:     0x55b6734da09a - std::sys_common::backtrace::__rust_end_short_backtrace::h2e614f979e1efaab
[INFO] [stdout]                                at /rustc/0e09125c6c3c2fd70d7de961bcf0e51575235fad/library/std/src/sys_common/backtrace.rs:171:18
[INFO] [stdout]   17:     0x55b6734da0d7 - std::panicking::begin_panic::h8f24d55d178ca662
[INFO] [stdout]                                at /rustc/0e09125c6c3c2fd70d7de961bcf0e51575235fad/library/std/src/panicking.rs:686:12
[INFO] [stdout]   18:     0x55b6734c929d - js_sys::global::get_global_object::Global::get_self::__wbg_self_e23d74ae45fb17d1::h4cbcb3a2481b965f
[INFO] [stdout]                                at /opt/rustwide/cargo-home/registry/src/index.crates.io-6f17d22bba15001f/js-sys-0.3.56/src/lib.rs:5412:9
[INFO] [stdout]   19:     0x55b6734c9209 - js_sys::global::get_global_object::Global::get_self::had1ce3fc2189eea2
[INFO] [stdout]                                at /opt/rustwide/cargo-home/registry/src/index.crates.io-6f17d22bba15001f/js-sys-0.3.56/src/lib.rs:5412:9
[INFO] [stdout]   20:     0x55b6734c8773 - js_sys::global::get_global_object::h1dc514f6ffd3c307
[INFO] [stdout]                                at /opt/rustwide/cargo-home/registry/src/index.crates.io-6f17d22bba15001f/js-sys-0.3.56/src/lib.rs:5431:29
[INFO] [stdout]   21:     0x55b6734c9016 - js_sys::global::GLOBAL::__init::h6ae073aa8375eb9f
[INFO] [stdout]                                at /opt/rustwide/cargo-home/registry/src/index.crates.io-6f17d22bba15001f/js-sys-0.3.56/src/lib.rs:5390:43
[INFO] [stdout]   22:     0x55b6734c90af - js_sys::global::GLOBAL::__getit::{{closure}}::h80ff6bbdb0475ea5
[INFO] [stdout]                                at /rustc/0e09125c6c3c2fd70d7de961bcf0e51575235fad/library/std/src/sys/common/thread_local/fast_local.rs:99:25
[INFO] [stdout]   23:     0x55b6734ca5f5 - std::sys::common::thread_local::lazy::LazyKeyInner<T>::initialize::h5dc90f52fbd1a953
[INFO] [stdout]                                at /rustc/0e09125c6c3c2fd70d7de961bcf0e51575235fad/library/std/src/sys/common/thread_local/mod.rs:54:25
[INFO] [stdout]   24:     0x55b6734c9711 - std::sys::common::thread_local::fast_local::Key<T>::try_initialize::ha5757b30832be440
[INFO] [stdout]                                at /rustc/0e09125c6c3c2fd70d7de961bcf0e51575235fad/library/std/src/sys/common/thread_local/fast_local.rs:190:27
[INFO] [stdout]   25:     0x55b6734c98eb - std::sys::common::thread_local::fast_local::Key<T>::get::h0cbe9dd04ea19fd6
[INFO] [stdout]                                at /rustc/0e09125c6c3c2fd70d7de961bcf0e51575235fad/library/std/src/sys/common/thread_local/fast_local.rs:173:25
[INFO] [stdout]   26:     0x55b6734c9057 - js_sys::global::GLOBAL::__getit::h696f4c02786ff6dd
[INFO] [stdout]                                at /rustc/0e09125c6c3c2fd70d7de961bcf0e51575235fad/library/std/src/sys/common/thread_local/fast_local.rs:91:21
[INFO] [stdout]   27:     0x55b6734c9b94 - std::thread::local::LocalKey<T>::try_with::h48221ddeb9715888
[INFO] [stdout]                                at /rustc/0e09125c6c3c2fd70d7de961bcf0e51575235fad/library/std/src/thread/local.rs:269:32
[INFO] [stdout]   28:     0x55b6734c9b3f - std::thread::local::LocalKey<T>::with::ha51514b778fbf4d8
[INFO] [stdout]                                at /rustc/0e09125c6c3c2fd70d7de961bcf0e51575235fad/library/std/src/thread/local.rs:246:9
[INFO] [stdout]   29:     0x55b6734c873e - js_sys::global::haceae1cdde0d69c9
[INFO] [stdout]                                at /opt/rustwide/cargo-home/registry/src/index.crates.io-6f17d22bba15001f/js-sys-0.3.56/src/lib.rs:5392:12
[INFO] [stdout]   30:     0x55b6734c803a - web_sys::window::hc53be539054046c9
[INFO] [stdout]                                at /opt/rustwide/cargo-home/registry/src/index.crates.io-6f17d22bba15001f/web-sys-0.3.56/src/lib.rs:31:5
[INFO] [stdout]   31:     0x55b6734c320d - <gloo_storage::local_storage::LocalStorage as gloo_storage::Storage>::raw::h251125816634a7ac
[INFO] [stdout]                                at /opt/rustwide/cargo-home/registry/src/index.crates.io-6f17d22bba15001f/gloo-storage-0.2.0/src/local_storage.rs:11:9
[INFO] [stdout]   32:     0x55b6734050e1 - gloo_storage::Storage::get::h4228b38bd30c400b
[INFO] [stdout]                                at /opt/rustwide/cargo-home/registry/src/index.crates.io-6f17d22bba15001f/gloo-storage-0.2.0/src/lib.rs:36:20
[INFO] [stdout]   33:     0x55b673402ff2 - rus_emphasis::model::statistics::Stats::load::h6d8bf8e9c7360604
[INFO] [stdout]                                at /opt/rustwide/workdir/src/model/statistics.rs:26:28
[INFO] [stdout]   34:     0x55b6734037ee - rus_emphasis::model::statistics::Stats::sync::h30581da1a172367b
[INFO] [stdout]                                at /opt/rustwide/workdir/src/model/statistics.rs:72:26
[INFO] [stdout]   35:     0x55b673402ee4 - rus_emphasis::model::statistics::Stats::new::h9c31fbc37fae40c1
[INFO] [stdout]                                at /opt/rustwide/workdir/src/model/statistics.rs:20:9
[INFO] [stdout]   36:     0x55b67340bbfc - rus_emphasis::model::Model::new::hd7ecab8c11b192b4
[INFO] [stdout]                                at /opt/rustwide/workdir/src/model/mod.rs:28:21
[INFO] [stdout]   37:     0x55b673404a71 - rus_emphasis::model::test::test_words_dont_repeat::h6abc9a43c2ac95c2
[INFO] [stdout]                                at /opt/rustwide/workdir/src/model/mod.rs:109:30
[INFO] [stdout]   38:     0x55b673404a37 - rus_emphasis::model::test::test_words_dont_repeat::{{closure}}::h6995982e2f129783
[INFO] [stdout]                                at /opt/rustwide/workdir/src/model/mod.rs:108:32
[INFO] [stdout]   39:     0x55b673415c86 - core::ops::function::FnOnce::call_once::h203ae0ff8732bfbb
[INFO] [stdout]                                at /rustc/0e09125c6c3c2fd70d7de961bcf0e51575235fad/library/core/src/ops/function.rs:250:5
[INFO] [stdout]   40:     0x55b67345d4bf - core::ops::function::FnOnce::call_once::hd64d26f405258157
[INFO] [stdout]                                at /rustc/0e09125c6c3c2fd70d7de961bcf0e51575235fad/library/core/src/ops/function.rs:250:5
[INFO] [stdout]   41:     0x55b67345d4bf - test::__rust_begin_short_backtrace::he21b0b7a6d731bf9
[INFO] [stdout]                                at /rustc/0e09125c6c3c2fd70d7de961bcf0e51575235fad/library/test/src/lib.rs:627:18
[INFO] [stdout]   42:     0x55b67345c241 - test::run_test_in_process::{{closure}}::hf5c73986d7bdfde2
[INFO] [stdout]                                at /rustc/0e09125c6c3c2fd70d7de961bcf0e51575235fad/library/test/src/lib.rs:650:60
[INFO] [stdout]   43:     0x55b67345c241 - <core::panic::unwind_safe::AssertUnwindSafe<F> as core::ops::function::FnOnce<()>>::call_once::h330011ad032aadc0
[INFO] [stdout]                                at /rustc/0e09125c6c3c2fd70d7de961bcf0e51575235fad/library/core/src/panic/unwind_safe.rs:272:9
[INFO] [stdout]   44:     0x55b67345c241 - std::panicking::try::do_call::he61b0a958b795a41
[INFO] [stdout]                                at /rustc/0e09125c6c3c2fd70d7de961bcf0e51575235fad/library/std/src/panicking.rs:552:40
[INFO] [stdout]   45:     0x55b67345c241 - std::panicking::try::h7309da130f906eb7
[INFO] [stdout]                                at /rustc/0e09125c6c3c2fd70d7de961bcf0e51575235fad/library/std/src/panicking.rs:516:19
[INFO] [stdout]   46:     0x55b67345c241 - std::panic::catch_unwind::hc5c3a06fdaf0a92a
[INFO] [stdout]                                at /rustc/0e09125c6c3c2fd70d7de961bcf0e51575235fad/library/std/src/panic.rs:142:14
[INFO] [stdout]   47:     0x55b67345c241 - test::run_test_in_process::h7e7b7c71c3324e0f
[INFO] [stdout]                                at /rustc/0e09125c6c3c2fd70d7de961bcf0e51575235fad/library/test/src/lib.rs:650:27
[INFO] [stdout]   48:     0x55b67345c241 - test::run_test::{{closure}}::h1f509f28f5cf20b1
[INFO] [stdout]                                at /rustc/0e09125c6c3c2fd70d7de961bcf0e51575235fad/library/test/src/lib.rs:573:43
[INFO] [stdout]   49:     0x55b673423576 - test::run_test::{{closure}}::h1754218abf443f6d
[INFO] [stdout]                                at /rustc/0e09125c6c3c2fd70d7de961bcf0e51575235fad/library/test/src/lib.rs:601:41
[INFO] [stdout]   50:     0x55b673423576 - std::sys_common::backtrace::__rust_begin_short_backtrace::h2ee174b9d5954948
[INFO] [stdout]                                at /rustc/0e09125c6c3c2fd70d7de961bcf0e51575235fad/library/std/src/sys_common/backtrace.rs:155:18
[INFO] [stdout]   51:     0x55b6734285d7 - std::thread::Builder::spawn_unchecked_::{{closure}}::{{closure}}::hf60bee9c1a17ef09
[INFO] [stdout]                                at /rustc/0e09125c6c3c2fd70d7de961bcf0e51575235fad/library/std/src/thread/mod.rs:529:17
[INFO] [stdout]   52:     0x55b6734285d7 - <core::panic::unwind_safe::AssertUnwindSafe<F> as core::ops::function::FnOnce<()>>::call_once::h33d0dddec5216160
[INFO] [stdout]                                at /rustc/0e09125c6c3c2fd70d7de961bcf0e51575235fad/library/core/src/panic/unwind_safe.rs:272:9
[INFO] [stdout]   53:     0x55b6734285d7 - std::panicking::try::do_call::h144b3048b546f835
[INFO] [stdout]                                at /rustc/0e09125c6c3c2fd70d7de961bcf0e51575235fad/library/std/src/panicking.rs:552:40
[INFO] [stdout]   54:     0x55b6734285d7 - std::panicking::try::h978244d04646189f
[INFO] [stdout]                                at /rustc/0e09125c6c3c2fd70d7de961bcf0e51575235fad/library/std/src/panicking.rs:516:19
[INFO] [stdout]   55:     0x55b6734285d7 - std::panic::catch_unwind::hdf436369d188fe86
[INFO] [stdout]                                at /rustc/0e09125c6c3c2fd70d7de961bcf0e51575235fad/library/std/src/panic.rs:142:14
[INFO] [stdout]   56:     0x55b6734285d7 - std::thread::Builder::spawn_unchecked_::{{closure}}::h87329cbdd33c79ec
[INFO] [stdout]                                at /rustc/0e09125c6c3c2fd70d7de961bcf0e51575235fad/library/std/src/thread/mod.rs:528:30
[INFO] [stdout]   57:     0x55b6734285d7 - core::ops::function::FnOnce::call_once{{vtable.shim}}::h401abbe67897d450
[INFO] [stdout]                                at /rustc/0e09125c6c3c2fd70d7de961bcf0e51575235fad/library/core/src/ops/function.rs:250:5
[INFO] [stdout]   58:     0x55b6735066d5 - <alloc::boxed::Box<F,A> as core::ops::function::FnOnce<Args>>::call_once::h5d7c8f150ab9c84c
[INFO] [stdout]                                at /rustc/0e09125c6c3c2fd70d7de961bcf0e51575235fad/library/alloc/src/boxed.rs:2015:9
[INFO] [stdout]   59:     0x55b6735066d5 - <alloc::boxed::Box<F,A> as core::ops::function::FnOnce<Args>>::call_once::h570d5b005c242c15
[INFO] [stdout]                                at /rustc/0e09125c6c3c2fd70d7de961bcf0e51575235fad/library/alloc/src/boxed.rs:2015:9
[INFO] [stdout]   60:     0x55b6735066d5 - std::sys::unix::thread::Thread::new::thread_start::h36b0a20c0b2361ad
[INFO] [stdout]                                at /rustc/0e09125c6c3c2fd70d7de961bcf0e51575235fad/library/std/src/sys/unix/thread.rs:108:17
[INFO] [stdout]   61:     0x7f9d91474ac3 - <unknown>
[INFO] [stdout]   62:     0x7f9d91505bf4 - __clone
[INFO] [stdout]   63:                0x0 - <unknown>
[INFO] [stdout] 
[INFO] [stdout] ---- model::test::test_all_data_loaded_correctly stdout ----
[INFO] [stdout] thread 'model::test::test_all_data_loaded_correctly' panicked at /opt/rustwide/cargo-home/registry/src/index.crates.io-6f17d22bba15001f/js-sys-0.3.56/src/lib.rs:5412:9:
[INFO] [stdout] cannot call wasm-bindgen imported functions on non-wasm targets
[INFO] [stdout] stack backtrace:
[INFO] [stdout]    0:     0x55b6734ffab6 - std::backtrace_rs::backtrace::libunwind::trace::h261606ad26a499c1
[INFO] [stdout]                                at /rustc/0e09125c6c3c2fd70d7de961bcf0e51575235fad/library/std/src/../../backtrace/src/backtrace/libunwind.rs:104:5
[INFO] [stdout]    1:     0x55b6734ffab6 - std::backtrace_rs::backtrace::trace_unsynchronized::hd183f0625477fb28
[INFO] [stdout]                                at /rustc/0e09125c6c3c2fd70d7de961bcf0e51575235fad/library/std/src/../../backtrace/src/backtrace/mod.rs:66:5
[INFO] [stdout]    2:     0x55b6734ffab6 - std::sys_common::backtrace::_print_fmt::hd7f8fef21b4eda67
[INFO] [stdout]                                at /rustc/0e09125c6c3c2fd70d7de961bcf0e51575235fad/library/std/src/sys_common/backtrace.rs:68:5
[INFO] [stdout]    3:     0x55b6734ffab6 - <std::sys_common::backtrace::_print::DisplayBacktrace as core::fmt::Display>::fmt::h623d9b51f2f453f1
[INFO] [stdout]                                at /rustc/0e09125c6c3c2fd70d7de961bcf0e51575235fad/library/std/src/sys_common/backtrace.rs:44:22
[INFO] [stdout]    4:     0x55b673529100 - core::fmt::rt::Argument::fmt::h9f417ac76a86f368
[INFO] [stdout]                                at /rustc/0e09125c6c3c2fd70d7de961bcf0e51575235fad/library/core/src/fmt/rt.rs:142:9
[INFO] [stdout]    5:     0x55b673529100 - core::fmt::write::hc9b6faf4ac2aeff7
[INFO] [stdout]                                at /rustc/0e09125c6c3c2fd70d7de961bcf0e51575235fad/library/core/src/fmt/mod.rs:1120:17
[INFO] [stdout]    6:     0x55b6734fd51f - std::io::Write::write_fmt::he04625a3a989fec3
[INFO] [stdout]                                at /rustc/0e09125c6c3c2fd70d7de961bcf0e51575235fad/library/std/src/io/mod.rs:1810:15
[INFO] [stdout]    7:     0x55b6734ff894 - std::sys_common::backtrace::_print::hd5d66399c7df88a2
[INFO] [stdout]                                at /rustc/0e09125c6c3c2fd70d7de961bcf0e51575235fad/library/std/src/sys_common/backtrace.rs:47:5
[INFO] [stdout]    8:     0x55b6734ff894 - std::sys_common::backtrace::print::he81ed2da642d37e5
[INFO] [stdout]                                at /rustc/0e09125c6c3c2fd70d7de961bcf0e51575235fad/library/std/src/sys_common/backtrace.rs:34:9
[INFO] [stdout]    9:     0x55b673501607 - std::panicking::default_hook::{{closure}}::h85773f4fa117163d
[INFO] [stdout]   10:     0x55b6735012ed - std::panicking::default_hook::h6a1694a91d09b278
[INFO] [stdout]                                at /rustc/0e09125c6c3c2fd70d7de961bcf0e51575235fad/library/std/src/panicking.rs:289:9
[INFO] [stdout]   11:     0x55b673457be7 - <alloc::boxed::Box<F,A> as core::ops::function::Fn<Args>>::call::h616ac37fa3cd6c8f
[INFO] [stdout]                                at /rustc/0e09125c6c3c2fd70d7de961bcf0e51575235fad/library/alloc/src/boxed.rs:2029:9
[INFO] [stdout]   12:     0x55b673457be7 - test::test_main::{{closure}}::h00d84697cefdcbb6
[INFO] [stdout]                                at /rustc/0e09125c6c3c2fd70d7de961bcf0e51575235fad/library/test/src/lib.rs:138:21
[INFO] [stdout]   13:     0x55b673501c26 - <alloc::boxed::Box<F,A> as core::ops::function::Fn<Args>>::call::hcb3fe3b9bb537ba8
[INFO] [stdout]                                at /rustc/0e09125c6c3c2fd70d7de961bcf0e51575235fad/library/alloc/src/boxed.rs:2029:9
[INFO] [stdout]   14:     0x55b673501c26 - std::panicking::rust_panic_with_hook::h0a7ad96e90f7145b
[INFO] [stdout]                                at /rustc/0e09125c6c3c2fd70d7de961bcf0e51575235fad/library/std/src/panicking.rs:783:13
[INFO] [stdout]   15:     0x55b6734da158 - std::panicking::begin_panic::{{closure}}::h23471fb69c9fcefc
[INFO] [stdout]                                at /rustc/0e09125c6c3c2fd70d7de961bcf0e51575235fad/library/std/src/panicking.rs:687:9
[INFO] [stdout]   16:     0x55b6734da09a - std::sys_common::backtrace::__rust_end_short_backtrace::h2e614f979e1efaab
[INFO] [stdout]                                at /rustc/0e09125c6c3c2fd70d7de961bcf0e51575235fad/library/std/src/sys_common/backtrace.rs:171:18
[INFO] [stdout]   17:     0x55b6734da0d7 - std::panicking::begin_panic::h8f24d55d178ca662
[INFO] [stdout]                                at /rustc/0e09125c6c3c2fd70d7de961bcf0e51575235fad/library/std/src/panicking.rs:686:12
[INFO] [stdout]   18:     0x55b6734c929d - js_sys::global::get_global_object::Global::get_self::__wbg_self_e23d74ae45fb17d1::h4cbcb3a2481b965f
[INFO] [stdout]                                at /opt/rustwide/cargo-home/registry/src/index.crates.io-6f17d22bba15001f/js-sys-0.3.56/src/lib.rs:5412:9
[INFO] [stdout]   19:     0x55b6734c9209 - js_sys::global::get_global_object::Global::get_self::had1ce3fc2189eea2
[INFO] [stdout]                                at /opt/rustwide/cargo-home/registry/src/index.crates.io-6f17d22bba15001f/js-sys-0.3.56/src/lib.rs:5412:9
[INFO] [stdout]   20:     0x55b6734c8773 - js_sys::global::get_global_object::h1dc514f6ffd3c307
[INFO] [stdout]                                at /opt/rustwide/cargo-home/registry/src/index.crates.io-6f17d22bba15001f/js-sys-0.3.56/src/lib.rs:5431:29
[INFO] [stdout]   21:     0x55b6734c9016 - js_sys::global::GLOBAL::__init::h6ae073aa8375eb9f
[INFO] [stdout]                                at /opt/rustwide/cargo-home/registry/src/index.crates.io-6f17d22bba15001f/js-sys-0.3.56/src/lib.rs:5390:43
[INFO] [stdout]   22:     0x55b6734c90af - js_sys::global::GLOBAL::__getit::{{closure}}::h80ff6bbdb0475ea5
[INFO] [stdout]                                at /rustc/0e09125c6c3c2fd70d7de961bcf0e51575235fad/library/std/src/sys/common/thread_local/fast_local.rs:99:25
[INFO] [stdout]   23:     0x55b6734ca5f5 - std::sys::common::thread_local::lazy::LazyKeyInner<T>::initialize::h5dc90f52fbd1a953
[INFO] [stdout]                                at /rustc/0e09125c6c3c2fd70d7de961bcf0e51575235fad/library/std/src/sys/common/thread_local/mod.rs:54:25
[INFO] [stdout]   24:     0x55b6734c9711 - std::sys::common::thread_local::fast_local::Key<T>::try_initialize::ha5757b30832be440
[INFO] [stdout]                                at /rustc/0e09125c6c3c2fd70d7de961bcf0e51575235fad/library/std/src/sys/common/thread_local/fast_local.rs:190:27
[INFO] [stdout]   25:     0x55b6734c98eb - std::sys::common::thread_local::fast_local::Key<T>::get::h0cbe9dd04ea19fd6
[INFO] [stdout]                                at /rustc/0e09125c6c3c2fd70d7de961bcf0e51575235fad/library/std/src/sys/common/thread_local/fast_local.rs:173:25
[INFO] [stdout]   26:     0x55b6734c9057 - js_sys::global::GLOBAL::__getit::h696f4c02786ff6dd
[INFO] [stdout]                                at /rustc/0e09125c6c3c2fd70d7de961bcf0e51575235fad/library/std/src/sys/common/thread_local/fast_local.rs:91:21
[INFO] [stdout]   27:     0x55b6734c9b94 - std::thread::local::LocalKey<T>::try_with::h48221ddeb9715888
[INFO] [stdout]                                at /rustc/0e09125c6c3c2fd70d7de961bcf0e51575235fad/library/std/src/thread/local.rs:269:32
[INFO] [stdout]   28:     0x55b6734c9b3f - std::thread::local::LocalKey<T>::with::ha51514b778fbf4d8
[INFO] [stdout]                                at /rustc/0e09125c6c3c2fd70d7de961bcf0e51575235fad/library/std/src/thread/local.rs:246:9
[INFO] [stdout]   29:     0x55b6734c873e - js_sys::global::haceae1cdde0d69c9
[INFO] [stdout]                                at /opt/rustwide/cargo-home/registry/src/index.crates.io-6f17d22bba15001f/js-sys-0.3.56/src/lib.rs:5392:12
[INFO] [stdout]   30:     0x55b6734c803a - web_sys::window::hc53be539054046c9
[INFO] [stdout]                                at /opt/rustwide/cargo-home/registry/src/index.crates.io-6f17d22bba15001f/web-sys-0.3.56/src/lib.rs:31:5
[INFO] [stdout]   31:     0x55b6734c320d - <gloo_storage::local_storage::LocalStorage as gloo_storage::Storage>::raw::h251125816634a7ac
[INFO] [stdout]                                at /opt/rustwide/cargo-home/registry/src/index.crates.io-6f17d22bba15001f/gloo-storage-0.2.0/src/local_storage.rs:11:9
[INFO] [stdout]   32:     0x55b6734050e1 - gloo_storage::Storage::get::h4228b38bd30c400b
[INFO] [stdout]                                at /opt/rustwide/cargo-home/registry/src/index.crates.io-6f17d22bba15001f/gloo-storage-0.2.0/src/lib.rs:36:20
[INFO] [stdout]   33:     0x55b673402ff2 - rus_emphasis::model::statistics::Stats::load::h6d8bf8e9c7360604
[INFO] [stdout]                                at /opt/rustwide/workdir/src/model/statistics.rs:26:28
[INFO] [stdout]   34:     0x55b6734037ee - rus_emphasis::model::statistics::Stats::sync::h30581da1a172367b
[INFO] [stdout]                                at /opt/rustwide/workdir/src/model/statistics.rs:72:26
[INFO] [stdout]   35:     0x55b673402ee4 - rus_emphasis::model::statistics::Stats::new::h9c31fbc37fae40c1
[INFO] [stdout]                                at /opt/rustwide/workdir/src/model/statistics.rs:20:9
[INFO] [stdout]   36:     0x55b67340bbfc - rus_emphasis::model::Model::new::hd7ecab8c11b192b4
[INFO] [stdout]                                at /opt/rustwide/workdir/src/model/mod.rs:28:21
[INFO] [stdout]   37:     0x55b673404976 - rus_emphasis::model::test::test_all_data_loaded_correctly::h71174cdd9419bba6
[INFO] [stdout]                                at /opt/rustwide/workdir/src/model/mod.rs:102:27
[INFO] [stdout]   38:     0x55b673404947 - rus_emphasis::model::test::test_all_data_loaded_correctly::{{closure}}::h1d3e10d6a8e35b12
[INFO] [stdout]                                at /opt/rustwide/workdir/src/model/mod.rs:101:40
[INFO] [stdout]   39:     0x55b673415d36 - core::ops::function::FnOnce::call_once::h56c6989ecd46d1eb
[INFO] [stdout]                                at /rustc/0e09125c6c3c2fd70d7de961bcf0e51575235fad/library/core/src/ops/function.rs:250:5
[INFO] [stdout]   40:     0x55b67345d4bf - core::ops::function::FnOnce::call_once::hd64d26f405258157
[INFO] [stdout]                                at /rustc/0e09125c6c3c2fd70d7de961bcf0e51575235fad/library/core/src/ops/function.rs:250:5
[INFO] [stdout]   41:     0x55b67345d4bf - test::__rust_begin_short_backtrace::he21b0b7a6d731bf9
[INFO] [stdout]                                at /rustc/0e09125c6c3c2fd70d7de961bcf0e51575235fad/library/test/src/lib.rs:627:18
[INFO] [stdout]   42:     0x55b67345c241 - test::run_test_in_process::{{closure}}::hf5c73986d7bdfde2
[INFO] [stdout]                                at /rustc/0e09125c6c3c2fd70d7de961bcf0e51575235fad/library/test/src/lib.rs:650:60
[INFO] [stdout]   43:     0x55b67345c241 - <core::panic::unwind_safe::AssertUnwindSafe<F> as core::ops::function::FnOnce<()>>::call_once::h330011ad032aadc0
[INFO] [stdout]                                at /rustc/0e09125c6c3c2fd70d7de961bcf0e51575235fad/library/core/src/panic/unwind_safe.rs:272:9
[INFO] [stdout]   44:     0x55b67345c241 - std::panicking::try::do_call::he61b0a958b795a41
[INFO] [stdout]                                at /rustc/0e09125c6c3c2fd70d7de961bcf0e51575235fad/library/std/src/panicking.rs:552:40
[INFO] [stdout]   45:     0x55b67345c241 - std::panicking::try::h7309da130f906eb7
[INFO] [stdout]                                at /rustc/0e09125c6c3c2fd70d7de961bcf0e51575235fad/library/std/src/panicking.rs:516:19
[INFO] [stdout]   46:     0x55b67345c241 - std::panic::catch_unwind::hc5c3a06fdaf0a92a
[INFO] [stdout]                                at /rustc/0e09125c6c3c2fd70d7de961bcf0e51575235fad/library/std/src/panic.rs:142:14
[INFO] [stdout]   47:     0x55b67345c241 - test::run_test_in_process::h7e7b7c71c3324e0f
[INFO] [stdout]                                at /rustc/0e09125c6c3c2fd70d7de961bcf0e51575235fad/library/test/src/lib.rs:650:27
[INFO] [stdout]   48:     0x55b67345c241 - test::run_test::{{closure}}::h1f509f28f5cf20b1
[INFO] [stdout]                                at /rustc/0e09125c6c3c2fd70d7de961bcf0e51575235fad/library/test/src/lib.rs:573:43
[INFO] [stdout]   49:     0x55b673423576 - test::run_test::{{closure}}::h1754218abf443f6d
[INFO] [stdout]                                at /rustc/0e09125c6c3c2fd70d7de961bcf0e51575235fad/library/test/src/lib.rs:601:41
[INFO] [stdout]   50:     0x55b673423576 - std::sys_common::backtrace::__rust_begin_short_backtrace::h2ee174b9d5954948
[INFO] [stdout]                                at /rustc/0e09125c6c3c2fd70d7de961bcf0e51575235fad/library/std/src/sys_common/backtrace.rs:155:18
[INFO] [stdout]   51:     0x55b6734285d7 - std::thread::Builder::spawn_unchecked_::{{closure}}::{{closure}}::hf60bee9c1a17ef09
[INFO] [stdout]                                at /rustc/0e09125c6c3c2fd70d7de961bcf0e51575235fad/library/std/src/thread/mod.rs:529:17
[INFO] [stdout]   52:     0x55b6734285d7 - <core::panic::unwind_safe::AssertUnwindSafe<F> as core::ops::function::FnOnce<()>>::call_once::h33d0dddec5216160
[INFO] [stdout]                                at /rustc/0e09125c6c3c2fd70d7de961bcf0e51575235fad/library/core/src/panic/unwind_safe.rs:272:9
[INFO] [stdout]   53:     0x55b6734285d7 - std::panicking::try::do_call::h144b3048b546f835
[INFO] [stdout]                                at /rustc/0e09125c6c3c2fd70d7de961bcf0e51575235fad/library/std/src/panicking.rs:552:40
[INFO] [stdout]   54:     0x55b6734285d7 - std::panicking::try::h978244d04646189f
[INFO] [stdout]                                at /rustc/0e09125c6c3c2fd70d7de961bcf0e51575235fad/library/std/src/panicking.rs:516:19
[INFO] [stdout]   55:     0x55b6734285d7 - std::panic::catch_unwind::hdf436369d188fe86
[INFO] [stdout]                                at /rustc/0e09125c6c3c2fd70d7de961bcf0e51575235fad/library/std/src/panic.rs:142:14
[INFO] [stdout]   56:     0x55b6734285d7 - std::thread::Builder::spawn_unchecked_::{{closure}}::h87329cbdd33c79ec
[INFO] [stdout]                                at /rustc/0e09125c6c3c2fd70d7de961bcf0e51575235fad/library/std/src/thread/mod.rs:528:30
[INFO] [stdout]   57:     0x55b6734285d7 - core::ops::function::FnOnce::call_once{{vtable.shim}}::h401abbe67897d450
[INFO] [stdout]                                at /rustc/0e09125c6c3c2fd70d7de961bcf0e51575235fad/library/core/src/ops/function.rs:250:5
[INFO] [stdout]   58:     0x55b6735066d5 - <alloc::boxed::Box<F,A> as core::ops::function::FnOnce<Args>>::call_once::h5d7c8f150ab9c84c
[INFO] [stdout]                                at /rustc/0e09125c6c3c2fd70d7de961bcf0e51575235fad/library/alloc/src/boxed.rs:2015:9
[INFO] [stdout]   59:     0x55b6735066d5 - <alloc::boxed::Box<F,A> as core::ops::function::FnOnce<Args>>::call_once::h570d5b005c242c15
[INFO] [stdout]                                at /rustc/0e09125c6c3c2fd70d7de961bcf0e51575235fad/library/alloc/src/boxed.rs:2015:9
[INFO] [stdout]   60:     0x55b6735066d5 - std::sys::unix::thread::Thread::new::thread_start::h36b0a20c0b2361ad
[INFO] [stdout]                                at /rustc/0e09125c6c3c2fd70d7de961bcf0e51575235fad/library/std/src/sys/unix/thread.rs:108:17
[INFO] [stdout]   61:     0x7f9d91474ac3 - <unknown>
[INFO] [stdout]   62:     0x7f9d91505bf4 - __clone
[INFO] [stdout]   63:                0x0 - <unknown>
[INFO] [stdout] 
[INFO] [stdout] 
[INFO] [stdout] failures:
[INFO] [stdout]     model::test::test_all_data_loaded_correctly
[INFO] [stdout]     model::test::test_words_dont_repeat
[INFO] [stdout] 
[INFO] [stdout] test result: FAILED. 4 passed; 2 failed; 0 ignored; 0 measured; 0 filtered out; finished in 0.04s
[INFO] [stdout] 
[INFO] [stderr] error: test failed, to rerun pass `--bin rus-emphasis`
[INFO] running `Command { std: "docker" "inspect" "e248579ae809be4e5eb70d3303828d9d42b2e55f991c511c50ea4c514f598fc8", kill_on_drop: false }`
[INFO] running `Command { std: "docker" "rm" "-f" "e248579ae809be4e5eb70d3303828d9d42b2e55f991c511c50ea4c514f598fc8", kill_on_drop: false }`
[INFO] [stdout] e248579ae809be4e5eb70d3303828d9d42b2e55f991c511c50ea4c514f598fc8
