[INFO] cloning repository https://github.com/Lolikarbuzik/gd-rs
[INFO] running `Command { std: "git" "-c" "credential.helper=" "-c" "credential.helper=/workspace/cargo-home/bin/git-credential-null" "clone" "--bare" "https://github.com/Lolikarbuzik/gd-rs" "/workspace/cache/git-repos/https%3A%2F%2Fgithub.com%2FLolikarbuzik%2Fgd-rs", kill_on_drop: false }`
[INFO] [stderr] Cloning into bare repository '/workspace/cache/git-repos/https%3A%2F%2Fgithub.com%2FLolikarbuzik%2Fgd-rs'...
[INFO] running `Command { std: "git" "rev-parse" "HEAD", kill_on_drop: false }`
[INFO] [stdout] 655a47888e3809956809926748bc026707d50367
[INFO] testing Lolikarbuzik/gd-rs against 1.75.0 for beta-1.76-1
[INFO] running `Command { std: "git" "clone" "/workspace/cache/git-repos/https%3A%2F%2Fgithub.com%2FLolikarbuzik%2Fgd-rs" "/workspace/builds/worker-0-tc1/source", kill_on_drop: false }`
[INFO] [stderr] Cloning into '/workspace/builds/worker-0-tc1/source'...
[INFO] [stderr] done.
[INFO] validating manifest of git repo https://github.com/Lolikarbuzik/gd-rs on toolchain 1.75.0
[INFO] running `Command { std: CARGO_HOME="/workspace/cargo-home" RUSTUP_HOME="/workspace/rustup-home" "/workspace/cargo-home/bin/cargo" "+1.75.0" "metadata" "--manifest-path" "Cargo.toml" "--no-deps", kill_on_drop: false }`
[INFO] started tweaking git repo https://github.com/Lolikarbuzik/gd-rs
[INFO] finished tweaking git repo https://github.com/Lolikarbuzik/gd-rs
[INFO] tweaked toml for git repo https://github.com/Lolikarbuzik/gd-rs written to /workspace/builds/worker-0-tc1/source/Cargo.toml
[INFO] crate git repo https://github.com/Lolikarbuzik/gd-rs already has a lockfile, it will not be regenerated
[INFO] running `Command { std: CARGO_HOME="/workspace/cargo-home" RUSTUP_HOME="/workspace/rustup-home" "/workspace/cargo-home/bin/cargo" "+1.75.0" "fetch" "--manifest-path" "Cargo.toml", kill_on_drop: false }`
[INFO] [stderr]     Blocking waiting for file lock on package cache
[INFO] [stderr]     Updating crates.io index
[INFO] [stderr]     Blocking waiting for file lock on package cache
[INFO] [stderr]  Downloading crates ...
[INFO] [stderr]   Downloaded libflate_lz77 v2.0.0
[INFO] [stderr]   Downloaded thiserror v1.0.53
[INFO] [stderr]   Downloaded plist v1.6.0
[INFO] [stderr]   Downloaded quote v1.0.34
[INFO] [stderr]   Downloaded dary_heap v0.3.6
[INFO] [stderr]   Downloaded proc-macro2 v1.0.73
[INFO] [stderr]   Downloaded libflate v2.0.0
[INFO] [stderr]   Downloaded syn v2.0.44
[INFO] [stderr]   Downloaded thiserror-impl v1.0.53
[INFO] running `Command { std: "docker" "create" "-v" "/var/lib/crater-agent-workspace/builds/worker-0-tc1/target:/opt/rustwide/target:rw,Z" "-v" "/var/lib/crater-agent-workspace/builds/worker-0-tc1/source:/opt/rustwide/workdir:ro,Z" "-v" "/var/lib/crater-agent-workspace/cargo-home:/opt/rustwide/cargo-home:ro,Z" "-v" "/var/lib/crater-agent-workspace/rustup-home:/opt/rustwide/rustup-home:ro,Z" "-e" "SOURCE_DIR=/opt/rustwide/workdir" "-e" "CARGO_TARGET_DIR=/opt/rustwide/target" "-e" "CARGO_HOME=/opt/rustwide/cargo-home" "-e" "RUSTUP_HOME=/opt/rustwide/rustup-home" "-w" "/opt/rustwide/workdir" "-m" "1610612736" "--user" "0:0" "--network" "none" "ghcr.io/rust-lang/crates-build-env/linux@sha256:2788e3201cd34a07e3172128adcd8b3090168a8e3bcc40d7c032b9dda1df7d1c" "/opt/rustwide/cargo-home/bin/cargo" "+1.75.0" "metadata" "--no-deps" "--format-version=1", kill_on_drop: false }`
[INFO] [stdout] bff3bdabfbbc41afdcad94a3ffbfce2b8528d34581b7c2ab15f77d7d5eafdb1e
[INFO] running `Command { std: "docker" "start" "-a" "bff3bdabfbbc41afdcad94a3ffbfce2b8528d34581b7c2ab15f77d7d5eafdb1e", kill_on_drop: false }`
[INFO] running `Command { std: "docker" "inspect" "bff3bdabfbbc41afdcad94a3ffbfce2b8528d34581b7c2ab15f77d7d5eafdb1e", kill_on_drop: false }`
[INFO] running `Command { std: "docker" "rm" "-f" "bff3bdabfbbc41afdcad94a3ffbfce2b8528d34581b7c2ab15f77d7d5eafdb1e", kill_on_drop: false }`
[INFO] [stdout] bff3bdabfbbc41afdcad94a3ffbfce2b8528d34581b7c2ab15f77d7d5eafdb1e
[INFO] running `Command { std: "docker" "create" "-v" "/var/lib/crater-agent-workspace/builds/worker-0-tc1/target:/opt/rustwide/target:rw,Z" "-v" "/var/lib/crater-agent-workspace/builds/worker-0-tc1/source:/opt/rustwide/workdir:ro,Z" "-v" "/var/lib/crater-agent-workspace/cargo-home:/opt/rustwide/cargo-home:ro,Z" "-v" "/var/lib/crater-agent-workspace/rustup-home:/opt/rustwide/rustup-home:ro,Z" "-e" "SOURCE_DIR=/opt/rustwide/workdir" "-e" "CARGO_TARGET_DIR=/opt/rustwide/target" "-e" "CARGO_INCREMENTAL=0" "-e" "RUST_BACKTRACE=full" "-e" "RUSTFLAGS=--cap-lints=warn" "-e" "RUSTDOCFLAGS=--cap-lints=warn" "-e" "CARGO_HOME=/opt/rustwide/cargo-home" "-e" "RUSTUP_HOME=/opt/rustwide/rustup-home" "-w" "/opt/rustwide/workdir" "-m" "1610612736" "--user" "0:0" "--network" "none" "ghcr.io/rust-lang/crates-build-env/linux@sha256:2788e3201cd34a07e3172128adcd8b3090168a8e3bcc40d7c032b9dda1df7d1c" "/opt/rustwide/cargo-home/bin/cargo" "+1.75.0" "build" "--frozen" "--message-format=json", kill_on_drop: false }`
[INFO] [stdout] 773c2a7fc66ce30983e194c8587a16452f63699f9bf488f481d922c3af42acde
[INFO] running `Command { std: "docker" "start" "-a" "773c2a7fc66ce30983e194c8587a16452f63699f9bf488f481d922c3af42acde", kill_on_drop: false }`
[INFO] [stderr]    Compiling version_check v0.9.4
[INFO] [stderr]    Compiling proc-macro2 v1.0.73
[INFO] [stderr]    Compiling memchr v2.7.1
[INFO] [stderr]    Compiling zerocopy v0.7.32
[INFO] [stderr]    Compiling libc v0.2.151
[INFO] [stderr]    Compiling unicode-ident v1.0.12
[INFO] [stderr]    Compiling once_cell v1.19.0
[INFO] [stderr]    Compiling powerfmt v0.2.0
[INFO] [stderr]    Compiling serde v1.0.193
[INFO] [stderr]    Compiling crc32fast v1.3.2
[INFO] [stderr]    Compiling deranged v0.3.11
[INFO] [stderr]    Compiling ahash v0.8.7
[INFO] [stderr]    Compiling safemem v0.3.3
[INFO] [stderr]    Compiling option-ext v0.2.0
[INFO] [stderr]    Compiling equivalent v1.0.1
[INFO] [stderr]    Compiling itoa v1.0.10
[INFO] [stderr]    Compiling rle-decode-fast v1.0.3
[INFO] [stderr]    Compiling hashbrown v0.14.3
[INFO] [stderr]    Compiling time-core v0.1.2
[INFO] [stderr]    Compiling line-wrap v0.1.1
[INFO] [stderr]    Compiling core2 v0.4.0
[INFO] [stderr]    Compiling quick-xml v0.31.0
[INFO] [stderr]    Compiling hashbrown v0.13.2
[INFO] [stderr]    Compiling quote v1.0.34
[INFO] [stderr]    Compiling indexmap v2.1.0
[INFO] [stderr]    Compiling dirs-sys v0.4.1
[INFO] [stderr]    Compiling syn v2.0.44
[INFO] [stderr]    Compiling time v0.3.31
[INFO] [stderr]    Compiling adler32 v1.2.0
[INFO] [stderr]    Compiling dary_heap v0.3.6
[INFO] [stderr]    Compiling base64 v0.21.5
[INFO] [stderr]    Compiling directories v5.0.1
[INFO] [stderr]    Compiling libflate_lz77 v2.0.0
[INFO] [stderr]    Compiling libflate v2.0.0
[INFO] [stderr]    Compiling serde_derive v1.0.193
[INFO] [stderr]    Compiling plist v1.6.0
[INFO] [stderr]    Compiling gd-rs v0.0.1 (/opt/rustwide/workdir)
[INFO] [stdout] warning: unnecessary parentheses around assigned value
[INFO] [stdout]    --> src/lib.rs:231:52
[INFO] [stdout]     |
[INFO] [stdout] 231 | ...                   let fraction = (delta / duration);
[INFO] [stdout]     |                                      ^                ^
[INFO] [stdout]     |
[INFO] [stdout]     = note: `#[warn(unused_parens)]` on by default
[INFO] [stdout] help: remove these parentheses
[INFO] [stdout]     |
[INFO] [stdout] 231 -                                     let fraction = (delta / duration);
[INFO] [stdout] 231 +                                     let fraction = delta / duration;
[INFO] [stdout]     |
[INFO] [stdout] 
[INFO] [stdout] 
[INFO] [stdout] warning: unused variable: `easing`
[INFO] [stdout]    --> src/lib.rs:224:37
[INFO] [stdout]     |
[INFO] [stdout] 224 | ...                   let easing = GDEasingStyle::from(
[INFO] [stdout]     |                           ^^^^^^ help: if this is intentional, prefix it with an underscore: `_easing`
[INFO] [stdout]     |
[INFO] [stdout]     = note: `#[warn(unused_variables)]` on by default
[INFO] [stdout] 
[INFO] [stdout] 
[INFO] [stdout] warning: 2 warnings emitted
[INFO] [stdout] 
[INFO] [stdout] 
[INFO] [stderr]     Finished dev [unoptimized + debuginfo] target(s) in 15.05s
[INFO] running `Command { std: "docker" "inspect" "773c2a7fc66ce30983e194c8587a16452f63699f9bf488f481d922c3af42acde", kill_on_drop: false }`
[INFO] running `Command { std: "docker" "rm" "-f" "773c2a7fc66ce30983e194c8587a16452f63699f9bf488f481d922c3af42acde", kill_on_drop: false }`
[INFO] [stdout] 773c2a7fc66ce30983e194c8587a16452f63699f9bf488f481d922c3af42acde
[INFO] running `Command { std: "docker" "create" "-v" "/var/lib/crater-agent-workspace/builds/worker-0-tc1/target:/opt/rustwide/target:rw,Z" "-v" "/var/lib/crater-agent-workspace/builds/worker-0-tc1/source:/opt/rustwide/workdir:ro,Z" "-v" "/var/lib/crater-agent-workspace/cargo-home:/opt/rustwide/cargo-home:ro,Z" "-v" "/var/lib/crater-agent-workspace/rustup-home:/opt/rustwide/rustup-home:ro,Z" "-e" "SOURCE_DIR=/opt/rustwide/workdir" "-e" "CARGO_TARGET_DIR=/opt/rustwide/target" "-e" "CARGO_INCREMENTAL=0" "-e" "RUST_BACKTRACE=full" "-e" "RUSTFLAGS=--cap-lints=warn" "-e" "RUSTDOCFLAGS=--cap-lints=warn" "-e" "CARGO_HOME=/opt/rustwide/cargo-home" "-e" "RUSTUP_HOME=/opt/rustwide/rustup-home" "-w" "/opt/rustwide/workdir" "-m" "1610612736" "--user" "0:0" "--network" "none" "ghcr.io/rust-lang/crates-build-env/linux@sha256:2788e3201cd34a07e3172128adcd8b3090168a8e3bcc40d7c032b9dda1df7d1c" "/opt/rustwide/cargo-home/bin/cargo" "+1.75.0" "test" "--frozen" "--no-run" "--message-format=json", kill_on_drop: false }`
[INFO] [stdout] a4b1df47f39c12f14349552edf3cf26f8d277d368718bce05b792b0e7593b688
[INFO] running `Command { std: "docker" "start" "-a" "a4b1df47f39c12f14349552edf3cf26f8d277d368718bce05b792b0e7593b688", kill_on_drop: false }`
[INFO] [stdout] warning: unnecessary parentheses around assigned value
[INFO] [stdout]    --> src/lib.rs:231:52
[INFO] [stdout]     |
[INFO] [stdout] 231 | ...                   let fraction = (delta / duration);
[INFO] [stdout]     |                                      ^                ^
[INFO] [stdout]     |
[INFO] [stdout]     = note: `#[warn(unused_parens)]` on by default
[INFO] [stdout] help: remove these parentheses
[INFO] [stdout]     |
[INFO] [stdout] 231 -                                     let fraction = (delta / duration);
[INFO] [stdout] 231 +                                     let fraction = delta / duration;
[INFO] [stdout]     |
[INFO] [stdout] 
[INFO] [stdout] 
[INFO] [stdout] warning: unused variable: `easing`
[INFO] [stdout]    --> src/lib.rs:224:37
[INFO] [stdout]     |
[INFO] [stdout] 224 | ...                   let easing = GDEasingStyle::from(
[INFO] [stdout]     |                           ^^^^^^ help: if this is intentional, prefix it with an underscore: `_easing`
[INFO] [stdout]     |
[INFO] [stdout]     = note: `#[warn(unused_variables)]` on by default
[INFO] [stdout] 
[INFO] [stdout] 
[INFO] [stdout] warning: 2 warnings emitted
[INFO] [stdout] 
[INFO] [stdout] 
[INFO] [stderr]    Compiling gd-rs v0.0.1 (/opt/rustwide/workdir)
[INFO] [stdout] warning: unnecessary parentheses around assigned value
[INFO] [stdout]    --> src/lib.rs:231:52
[INFO] [stdout]     |
[INFO] [stdout] 231 | ...                   let fraction = (delta / duration);
[INFO] [stdout]     |                                      ^                ^
[INFO] [stdout]     |
[INFO] [stdout]     = note: `#[warn(unused_parens)]` on by default
[INFO] [stdout] help: remove these parentheses
[INFO] [stdout]     |
[INFO] [stdout] 231 -                                     let fraction = (delta / duration);
[INFO] [stdout] 231 +                                     let fraction = delta / duration;
[INFO] [stdout]     |
[INFO] [stdout] 
[INFO] [stdout] 
[INFO] [stdout] warning: unused variable: `easing`
[INFO] [stdout]    --> src/lib.rs:224:37
[INFO] [stdout]     |
[INFO] [stdout] 224 | ...                   let easing = GDEasingStyle::from(
[INFO] [stdout]     |                           ^^^^^^ help: if this is intentional, prefix it with an underscore: `_easing`
[INFO] [stdout]     |
[INFO] [stdout]     = note: `#[warn(unused_variables)]` on by default
[INFO] [stdout] 
[INFO] [stdout] 
[INFO] [stdout] warning: 2 warnings emitted
[INFO] [stdout] 
[INFO] [stdout] 
[INFO] [stderr]     Finished test [unoptimized + debuginfo] target(s) in 1.82s
[INFO] running `Command { std: "docker" "inspect" "a4b1df47f39c12f14349552edf3cf26f8d277d368718bce05b792b0e7593b688", kill_on_drop: false }`
[INFO] running `Command { std: "docker" "rm" "-f" "a4b1df47f39c12f14349552edf3cf26f8d277d368718bce05b792b0e7593b688", kill_on_drop: false }`
[INFO] [stdout] a4b1df47f39c12f14349552edf3cf26f8d277d368718bce05b792b0e7593b688
[INFO] running `Command { std: "docker" "create" "-v" "/var/lib/crater-agent-workspace/builds/worker-0-tc1/target:/opt/rustwide/target:rw,Z" "-v" "/var/lib/crater-agent-workspace/builds/worker-0-tc1/source:/opt/rustwide/workdir:ro,Z" "-v" "/var/lib/crater-agent-workspace/cargo-home:/opt/rustwide/cargo-home:ro,Z" "-v" "/var/lib/crater-agent-workspace/rustup-home:/opt/rustwide/rustup-home:ro,Z" "-e" "SOURCE_DIR=/opt/rustwide/workdir" "-e" "CARGO_TARGET_DIR=/opt/rustwide/target" "-e" "CARGO_INCREMENTAL=0" "-e" "RUST_BACKTRACE=full" "-e" "RUSTFLAGS=--cap-lints=warn" "-e" "RUSTDOCFLAGS=--cap-lints=warn" "-e" "CARGO_HOME=/opt/rustwide/cargo-home" "-e" "RUSTUP_HOME=/opt/rustwide/rustup-home" "-w" "/opt/rustwide/workdir" "-m" "1610612736" "--user" "0:0" "--network" "none" "ghcr.io/rust-lang/crates-build-env/linux@sha256:2788e3201cd34a07e3172128adcd8b3090168a8e3bcc40d7c032b9dda1df7d1c" "/opt/rustwide/cargo-home/bin/cargo" "+1.75.0" "test" "--frozen", kill_on_drop: false }`
[INFO] [stdout] 4cd786b326d7e1630757f17b59ae788a60fb0ddc1fa7835378e997d3b33389d5
[INFO] running `Command { std: "docker" "start" "-a" "4cd786b326d7e1630757f17b59ae788a60fb0ddc1fa7835378e997d3b33389d5", kill_on_drop: false }`
[INFO] [stderr] warning: unnecessary parentheses around assigned value
[INFO] [stderr]    --> src/lib.rs:231:52
[INFO] [stderr]     |
[INFO] [stderr] 231 | ...                   let fraction = (delta / duration);
[INFO] [stderr]     |                                      ^                ^
[INFO] [stderr]     |
[INFO] [stderr]     = note: `#[warn(unused_parens)]` on by default
[INFO] [stderr] help: remove these parentheses
[INFO] [stderr]     |
[INFO] [stderr] 231 -                                     let fraction = (delta / duration);
[INFO] [stderr] 231 +                                     let fraction = delta / duration;
[INFO] [stderr]     |
[INFO] [stderr] 
[INFO] [stderr] warning: unused variable: `easing`
[INFO] [stderr]    --> src/lib.rs:224:37
[INFO] [stderr]     |
[INFO] [stderr] 224 | ...                   let easing = GDEasingStyle::from(
[INFO] [stderr]     |                           ^^^^^^ help: if this is intentional, prefix it with an underscore: `_easing`
[INFO] [stderr]     |
[INFO] [stderr]     = note: `#[warn(unused_variables)]` on by default
[INFO] [stderr] 
[INFO] [stderr] warning: `gd-rs` (lib) generated 2 warnings (run `cargo fix --lib -p gd-rs` to apply 2 suggestions)
[INFO] [stderr] warning: `gd-rs` (lib test) generated 2 warnings (2 duplicates)
[INFO] [stderr]     Finished test [unoptimized + debuginfo] target(s) in 0.04s
[INFO] [stderr]      Running unittests src/lib.rs (/opt/rustwide/target/debug/deps/gd_rs-ee987d36a551bf9d)
[INFO] [stderr] error: test failed, to rerun pass `--lib`
[INFO] [stdout] 
[INFO] [stdout] running 1 test
[INFO] [stdout] test update_test ... FAILED
[INFO] [stdout] 
[INFO] [stdout] failures:
[INFO] [stdout] 
[INFO] [stdout] ---- update_test stdout ----
[INFO] [stdout] Error: Os { code: 2, kind: NotFound, message: "No such file or directory" }
[INFO] [stdout] 
[INFO] [stdout] 
[INFO] [stdout] failures:
[INFO] [stdout]     update_test
[INFO] [stdout] 
[INFO] [stdout] test result: FAILED. 0 passed; 1 failed; 0 ignored; 0 measured; 0 filtered out; finished in 0.00s
[INFO] [stdout] 
[INFO] running `Command { std: "docker" "inspect" "4cd786b326d7e1630757f17b59ae788a60fb0ddc1fa7835378e997d3b33389d5", kill_on_drop: false }`
[INFO] running `Command { std: "docker" "rm" "-f" "4cd786b326d7e1630757f17b59ae788a60fb0ddc1fa7835378e997d3b33389d5", kill_on_drop: false }`
[INFO] [stdout] 4cd786b326d7e1630757f17b59ae788a60fb0ddc1fa7835378e997d3b33389d5
[INFO] testing Lolikarbuzik/gd-rs against beta-2023-12-22 for beta-1.76-1
[INFO] running `Command { std: "git" "clone" "/workspace/cache/git-repos/https%3A%2F%2Fgithub.com%2FLolikarbuzik%2Fgd-rs" "/workspace/builds/worker-0-tc2/source", kill_on_drop: false }`
[INFO] [stderr] Cloning into '/workspace/builds/worker-0-tc2/source'...
[INFO] [stderr] done.
[INFO] validating manifest of git repo https://github.com/Lolikarbuzik/gd-rs on toolchain beta-2023-12-22
[INFO] running `Command { std: CARGO_HOME="/workspace/cargo-home" RUSTUP_HOME="/workspace/rustup-home" "/workspace/cargo-home/bin/cargo" "+beta-2023-12-22" "metadata" "--manifest-path" "Cargo.toml" "--no-deps", kill_on_drop: false }`
[INFO] started tweaking git repo https://github.com/Lolikarbuzik/gd-rs
[INFO] finished tweaking git repo https://github.com/Lolikarbuzik/gd-rs
[INFO] tweaked toml for git repo https://github.com/Lolikarbuzik/gd-rs written to /workspace/builds/worker-0-tc2/source/Cargo.toml
[INFO] crate git repo https://github.com/Lolikarbuzik/gd-rs already has a lockfile, it will not be regenerated
[INFO] running `Command { std: CARGO_HOME="/workspace/cargo-home" RUSTUP_HOME="/workspace/rustup-home" "/workspace/cargo-home/bin/cargo" "+beta-2023-12-22" "fetch" "--manifest-path" "Cargo.toml", kill_on_drop: false }`
[INFO] running `Command { std: "docker" "create" "-v" "/var/lib/crater-agent-workspace/builds/worker-0-tc2/target:/opt/rustwide/target:rw,Z" "-v" "/var/lib/crater-agent-workspace/builds/worker-0-tc2/source:/opt/rustwide/workdir:ro,Z" "-v" "/var/lib/crater-agent-workspace/cargo-home:/opt/rustwide/cargo-home:ro,Z" "-v" "/var/lib/crater-agent-workspace/rustup-home:/opt/rustwide/rustup-home:ro,Z" "-e" "SOURCE_DIR=/opt/rustwide/workdir" "-e" "CARGO_TARGET_DIR=/opt/rustwide/target" "-e" "CARGO_HOME=/opt/rustwide/cargo-home" "-e" "RUSTUP_HOME=/opt/rustwide/rustup-home" "-w" "/opt/rustwide/workdir" "-m" "1610612736" "--user" "0:0" "--network" "none" "ghcr.io/rust-lang/crates-build-env/linux@sha256:2788e3201cd34a07e3172128adcd8b3090168a8e3bcc40d7c032b9dda1df7d1c" "/opt/rustwide/cargo-home/bin/cargo" "+beta-2023-12-22" "metadata" "--no-deps" "--format-version=1", kill_on_drop: false }`
[INFO] [stdout] 19ce9ae4eac458d3dfd0ee4461931de89620e1a012909364246dd44505e80529
[INFO] running `Command { std: "docker" "start" "-a" "19ce9ae4eac458d3dfd0ee4461931de89620e1a012909364246dd44505e80529", kill_on_drop: false }`
[INFO] running `Command { std: "docker" "inspect" "19ce9ae4eac458d3dfd0ee4461931de89620e1a012909364246dd44505e80529", kill_on_drop: false }`
[INFO] running `Command { std: "docker" "rm" "-f" "19ce9ae4eac458d3dfd0ee4461931de89620e1a012909364246dd44505e80529", kill_on_drop: false }`
[INFO] [stdout] 19ce9ae4eac458d3dfd0ee4461931de89620e1a012909364246dd44505e80529
[INFO] running `Command { std: "docker" "create" "-v" "/var/lib/crater-agent-workspace/builds/worker-0-tc2/target:/opt/rustwide/target:rw,Z" "-v" "/var/lib/crater-agent-workspace/builds/worker-0-tc2/source:/opt/rustwide/workdir:ro,Z" "-v" "/var/lib/crater-agent-workspace/cargo-home:/opt/rustwide/cargo-home:ro,Z" "-v" "/var/lib/crater-agent-workspace/rustup-home:/opt/rustwide/rustup-home:ro,Z" "-e" "SOURCE_DIR=/opt/rustwide/workdir" "-e" "CARGO_TARGET_DIR=/opt/rustwide/target" "-e" "CARGO_INCREMENTAL=0" "-e" "RUST_BACKTRACE=full" "-e" "RUSTFLAGS=--cap-lints=warn" "-e" "RUSTDOCFLAGS=--cap-lints=warn" "-e" "CARGO_HOME=/opt/rustwide/cargo-home" "-e" "RUSTUP_HOME=/opt/rustwide/rustup-home" "-w" "/opt/rustwide/workdir" "-m" "1610612736" "--user" "0:0" "--network" "none" "ghcr.io/rust-lang/crates-build-env/linux@sha256:2788e3201cd34a07e3172128adcd8b3090168a8e3bcc40d7c032b9dda1df7d1c" "/opt/rustwide/cargo-home/bin/cargo" "+beta-2023-12-22" "build" "--frozen" "--message-format=json", kill_on_drop: false }`
[INFO] [stdout] dc06c5fa12d51cc4b89f96f5de7c662c8d815f88ec51dc5d6404af0b140e6fc7
[INFO] running `Command { std: "docker" "start" "-a" "dc06c5fa12d51cc4b89f96f5de7c662c8d815f88ec51dc5d6404af0b140e6fc7", kill_on_drop: false }`
[INFO] [stderr]    Compiling version_check v0.9.4
[INFO] [stderr]    Compiling proc-macro2 v1.0.73
[INFO] [stderr]    Compiling memchr v2.7.1
[INFO] [stderr]    Compiling unicode-ident v1.0.12
[INFO] [stderr]    Compiling libc v0.2.151
[INFO] [stderr]    Compiling zerocopy v0.7.32
[INFO] [stderr]    Compiling once_cell v1.19.0
[INFO] [stderr]    Compiling crc32fast v1.3.2
[INFO] [stderr]    Compiling serde v1.0.193
[INFO] [stderr]    Compiling powerfmt v0.2.0
[INFO] [stderr]    Compiling deranged v0.3.11
[INFO] [stderr]    Compiling ahash v0.8.7
[INFO] [stderr]    Compiling itoa v1.0.10
[INFO] [stderr]    Compiling rle-decode-fast v1.0.3
[INFO] [stderr]    Compiling equivalent v1.0.1
[INFO] [stderr]    Compiling safemem v0.3.3
[INFO] [stderr]    Compiling option-ext v0.2.0
[INFO] [stderr]    Compiling hashbrown v0.14.3
[INFO] [stderr]    Compiling time-core v0.1.2
[INFO] [stderr]    Compiling line-wrap v0.1.1
[INFO] [stderr]    Compiling core2 v0.4.0
[INFO] [stderr]    Compiling quick-xml v0.31.0
[INFO] [stderr]    Compiling hashbrown v0.13.2
[INFO] [stderr]    Compiling quote v1.0.34
[INFO] [stderr]    Compiling dirs-sys v0.4.1
[INFO] [stderr]    Compiling time v0.3.31
[INFO] [stderr]    Compiling indexmap v2.1.0
[INFO] [stderr]    Compiling syn v2.0.44
[INFO] [stderr]    Compiling adler32 v1.2.0
[INFO] [stderr]    Compiling base64 v0.21.5
[INFO] [stderr]    Compiling dary_heap v0.3.6
[INFO] [stderr]    Compiling libflate_lz77 v2.0.0
[INFO] [stderr]    Compiling directories v5.0.1
[INFO] [stderr]    Compiling libflate v2.0.0
[INFO] [stderr]    Compiling plist v1.6.0
[INFO] [stderr]    Compiling serde_derive v1.0.193
[INFO] [stderr]    Compiling gd-rs v0.0.1 (/opt/rustwide/workdir)
[INFO] [stdout] warning: unnecessary parentheses around assigned value
[INFO] [stdout]    --> src/lib.rs:231:52
[INFO] [stdout]     |
[INFO] [stdout] 231 | ...                   let fraction = (delta / duration);
[INFO] [stdout]     |                                      ^                ^
[INFO] [stdout]     |
[INFO] [stdout]     = note: `#[warn(unused_parens)]` on by default
[INFO] [stdout] help: remove these parentheses
[INFO] [stdout]     |
[INFO] [stdout] 231 -                                     let fraction = (delta / duration);
[INFO] [stdout] 231 +                                     let fraction = delta / duration;
[INFO] [stdout]     |
[INFO] [stdout] 
[INFO] [stdout] 
[INFO] [stdout] warning: unused variable: `easing`
[INFO] [stdout]    --> src/lib.rs:224:37
[INFO] [stdout]     |
[INFO] [stdout] 224 | ...                   let easing = GDEasingStyle::from(
[INFO] [stdout]     |                           ^^^^^^ help: if this is intentional, prefix it with an underscore: `_easing`
[INFO] [stdout]     |
[INFO] [stdout]     = note: `#[warn(unused_variables)]` on by default
[INFO] [stdout] 
[INFO] [stdout] 
[INFO] [stdout] warning: 2 warnings emitted
[INFO] [stdout] 
[INFO] [stdout] 
[INFO] [stderr]     Finished dev [unoptimized + debuginfo] target(s) in 16.76s
[INFO] running `Command { std: "docker" "inspect" "dc06c5fa12d51cc4b89f96f5de7c662c8d815f88ec51dc5d6404af0b140e6fc7", kill_on_drop: false }`
[INFO] running `Command { std: "docker" "rm" "-f" "dc06c5fa12d51cc4b89f96f5de7c662c8d815f88ec51dc5d6404af0b140e6fc7", kill_on_drop: false }`
[INFO] [stdout] dc06c5fa12d51cc4b89f96f5de7c662c8d815f88ec51dc5d6404af0b140e6fc7
[INFO] running `Command { std: "docker" "create" "-v" "/var/lib/crater-agent-workspace/builds/worker-0-tc2/target:/opt/rustwide/target:rw,Z" "-v" "/var/lib/crater-agent-workspace/builds/worker-0-tc2/source:/opt/rustwide/workdir:ro,Z" "-v" "/var/lib/crater-agent-workspace/cargo-home:/opt/rustwide/cargo-home:ro,Z" "-v" "/var/lib/crater-agent-workspace/rustup-home:/opt/rustwide/rustup-home:ro,Z" "-e" "SOURCE_DIR=/opt/rustwide/workdir" "-e" "CARGO_TARGET_DIR=/opt/rustwide/target" "-e" "CARGO_INCREMENTAL=0" "-e" "RUST_BACKTRACE=full" "-e" "RUSTFLAGS=--cap-lints=warn" "-e" "RUSTDOCFLAGS=--cap-lints=warn" "-e" "CARGO_HOME=/opt/rustwide/cargo-home" "-e" "RUSTUP_HOME=/opt/rustwide/rustup-home" "-w" "/opt/rustwide/workdir" "-m" "1610612736" "--user" "0:0" "--network" "none" "ghcr.io/rust-lang/crates-build-env/linux@sha256:2788e3201cd34a07e3172128adcd8b3090168a8e3bcc40d7c032b9dda1df7d1c" "/opt/rustwide/cargo-home/bin/cargo" "+beta-2023-12-22" "test" "--frozen" "--no-run" "--message-format=json", kill_on_drop: false }`
[INFO] [stdout] 8176a508ad223d9774fbb73325c67a06045a1742dc3b31fe4af1061f0fdc780a
[INFO] running `Command { std: "docker" "start" "-a" "8176a508ad223d9774fbb73325c67a06045a1742dc3b31fe4af1061f0fdc780a", kill_on_drop: false }`
[INFO] [stdout] warning: unnecessary parentheses around assigned value
[INFO] [stdout]    --> src/lib.rs:231:52
[INFO] [stdout]     |
[INFO] [stdout] 231 | ...                   let fraction = (delta / duration);
[INFO] [stdout]     |                                      ^                ^
[INFO] [stdout]     |
[INFO] [stdout]     = note: `#[warn(unused_parens)]` on by default
[INFO] [stdout] help: remove these parentheses
[INFO] [stdout]     |
[INFO] [stdout] 231 -                                     let fraction = (delta / duration);
[INFO] [stdout] 231 +                                     let fraction = delta / duration;
[INFO] [stdout]     |
[INFO] [stdout] 
[INFO] [stdout] 
[INFO] [stdout] warning: unused variable: `easing`
[INFO] [stdout]    --> src/lib.rs:224:37
[INFO] [stdout]     |
[INFO] [stdout] 224 | ...                   let easing = GDEasingStyle::from(
[INFO] [stdout]     |                           ^^^^^^ help: if this is intentional, prefix it with an underscore: `_easing`
[INFO] [stdout]     |
[INFO] [stdout]     = note: `#[warn(unused_variables)]` on by default
[INFO] [stdout] 
[INFO] [stdout] 
[INFO] [stdout] warning: 2 warnings emitted
[INFO] [stdout] 
[INFO] [stdout] 
[INFO] [stderr]    Compiling gd-rs v0.0.1 (/opt/rustwide/workdir)
[INFO] [stdout] warning: unnecessary parentheses around assigned value
[INFO] [stdout]    --> src/lib.rs:231:52
[INFO] [stdout]     |
[INFO] [stdout] 231 | ...                   let fraction = (delta / duration);
[INFO] [stdout]     |                                      ^                ^
[INFO] [stdout]     |
[INFO] [stdout]     = note: `#[warn(unused_parens)]` on by default
[INFO] [stdout] help: remove these parentheses
[INFO] [stdout]     |
[INFO] [stdout] 231 -                                     let fraction = (delta / duration);
[INFO] [stdout] 231 +                                     let fraction = delta / duration;
[INFO] [stdout]     |
[INFO] [stdout] 
[INFO] [stdout] 
[INFO] [stdout] warning: unused variable: `easing`
[INFO] [stdout]    --> src/lib.rs:224:37
[INFO] [stdout]     |
[INFO] [stdout] 224 | ...                   let easing = GDEasingStyle::from(
[INFO] [stdout]     |                           ^^^^^^ help: if this is intentional, prefix it with an underscore: `_easing`
[INFO] [stdout]     |
[INFO] [stdout]     = note: `#[warn(unused_variables)]` on by default
[INFO] [stdout] 
[INFO] [stdout] 
[INFO] [stdout] warning: 2 warnings emitted
[INFO] [stdout] 
[INFO] [stdout] 
[INFO] [stderr]     Finished test [unoptimized + debuginfo] target(s) in 2.03s
[INFO] running `Command { std: "docker" "inspect" "8176a508ad223d9774fbb73325c67a06045a1742dc3b31fe4af1061f0fdc780a", kill_on_drop: false }`
[INFO] running `Command { std: "docker" "rm" "-f" "8176a508ad223d9774fbb73325c67a06045a1742dc3b31fe4af1061f0fdc780a", kill_on_drop: false }`
[INFO] [stdout] 8176a508ad223d9774fbb73325c67a06045a1742dc3b31fe4af1061f0fdc780a
[INFO] running `Command { std: "docker" "create" "-v" "/var/lib/crater-agent-workspace/builds/worker-0-tc2/target:/opt/rustwide/target:rw,Z" "-v" "/var/lib/crater-agent-workspace/builds/worker-0-tc2/source:/opt/rustwide/workdir:ro,Z" "-v" "/var/lib/crater-agent-workspace/cargo-home:/opt/rustwide/cargo-home:ro,Z" "-v" "/var/lib/crater-agent-workspace/rustup-home:/opt/rustwide/rustup-home:ro,Z" "-e" "SOURCE_DIR=/opt/rustwide/workdir" "-e" "CARGO_TARGET_DIR=/opt/rustwide/target" "-e" "CARGO_INCREMENTAL=0" "-e" "RUST_BACKTRACE=full" "-e" "RUSTFLAGS=--cap-lints=warn" "-e" "RUSTDOCFLAGS=--cap-lints=warn" "-e" "CARGO_HOME=/opt/rustwide/cargo-home" "-e" "RUSTUP_HOME=/opt/rustwide/rustup-home" "-w" "/opt/rustwide/workdir" "-m" "1610612736" "--user" "0:0" "--network" "none" "ghcr.io/rust-lang/crates-build-env/linux@sha256:2788e3201cd34a07e3172128adcd8b3090168a8e3bcc40d7c032b9dda1df7d1c" "/opt/rustwide/cargo-home/bin/cargo" "+beta-2023-12-22" "test" "--frozen", kill_on_drop: false }`
[INFO] [stdout] 3e691d9b12b70e97ed9b4a4efbe3d74c44b91d494b566f5091a5f0734bbe671a
[INFO] running `Command { std: "docker" "start" "-a" "3e691d9b12b70e97ed9b4a4efbe3d74c44b91d494b566f5091a5f0734bbe671a", kill_on_drop: false }`
[INFO] [stderr] warning: unnecessary parentheses around assigned value
[INFO] [stderr]    --> src/lib.rs:231:52
[INFO] [stderr]     |
[INFO] [stderr] 231 | ...                   let fraction = (delta / duration);
[INFO] [stderr]     |                                      ^                ^
[INFO] [stderr]     |
[INFO] [stderr]     = note: `#[warn(unused_parens)]` on by default
[INFO] [stderr] help: remove these parentheses
[INFO] [stderr]     |
[INFO] [stderr] 231 -                                     let fraction = (delta / duration);
[INFO] [stderr] 231 +                                     let fraction = delta / duration;
[INFO] [stderr]     |
[INFO] [stderr] 
[INFO] [stderr] warning: unused variable: `easing`
[INFO] [stderr]    --> src/lib.rs:224:37
[INFO] [stderr]     |
[INFO] [stderr] 224 | ...                   let easing = GDEasingStyle::from(
[INFO] [stderr]     |                           ^^^^^^ help: if this is intentional, prefix it with an underscore: `_easing`
[INFO] [stderr]     |
[INFO] [stderr]     = note: `#[warn(unused_variables)]` on by default
[INFO] [stderr] 
[INFO] [stderr] warning: `gd-rs` (lib) generated 2 warnings (run `cargo fix --lib -p gd-rs` to apply 2 suggestions)
[INFO] [stderr] warning: `gd-rs` (lib test) generated 2 warnings (2 duplicates)
[INFO] [stderr]     Finished test [unoptimized + debuginfo] target(s) in 0.06s
[INFO] [stderr]      Running unittests src/lib.rs (/opt/rustwide/target/debug/deps/gd_rs-c36a72a4ec3c9c3a)
[INFO] [stdout] 
[INFO] [stdout] running 1 test
[INFO] [stdout] test update_test ... FAILED
[INFO] [stdout] 
[INFO] [stdout] failures:
[INFO] [stdout] 
[INFO] [stdout] ---- update_test stdout ----
[INFO] [stdout] Error: Os { code: 2, kind: NotFound, message: "No such file or directory" }
[INFO] [stdout] 
[INFO] [stdout] 
[INFO] [stdout] failures:
[INFO] [stdout]     update_test
[INFO] [stdout] 
[INFO] [stdout] test result: FAILED. 0 passed; 1 failed; 0 ignored; 0 measured; 0 filtered out; finished in 0.00s
[INFO] [stdout] 
[INFO] [stderr] error: test failed, to rerun pass `--lib`
[INFO] running `Command { std: "docker" "inspect" "3e691d9b12b70e97ed9b4a4efbe3d74c44b91d494b566f5091a5f0734bbe671a", kill_on_drop: false }`
[INFO] running `Command { std: "docker" "rm" "-f" "3e691d9b12b70e97ed9b4a4efbe3d74c44b91d494b566f5091a5f0734bbe671a", kill_on_drop: false }`
[INFO] [stdout] 3e691d9b12b70e97ed9b4a4efbe3d74c44b91d494b566f5091a5f0734bbe671a
