[INFO] cloning repository https://github.com/Logickin-Lambda/crate_creation_to_export_and_beyond
[INFO] running `Command { std: "git" "-c" "credential.helper=" "-c" "credential.helper=/workspace/cargo-home/bin/git-credential-null" "clone" "--bare" "https://github.com/Logickin-Lambda/crate_creation_to_export_and_beyond" "/workspace/cache/git-repos/https%3A%2F%2Fgithub.com%2FLogickin-Lambda%2Fcrate_creation_to_export_and_beyond", kill_on_drop: false }`
[INFO] [stderr] Cloning into bare repository '/workspace/cache/git-repos/https%3A%2F%2Fgithub.com%2FLogickin-Lambda%2Fcrate_creation_to_export_and_beyond'...
[INFO] running `Command { std: "git" "rev-parse" "HEAD", kill_on_drop: false }`
[INFO] [stdout] 799608827aaa273b41237e4c5769cf108dc8d4df
[INFO] testing Logickin-Lambda/crate_creation_to_export_and_beyond against 1.75.0 for beta-1.76-1
[INFO] running `Command { std: "git" "clone" "/workspace/cache/git-repos/https%3A%2F%2Fgithub.com%2FLogickin-Lambda%2Fcrate_creation_to_export_and_beyond" "/workspace/builds/worker-4-tc1/source", kill_on_drop: false }`
[INFO] [stderr] Cloning into '/workspace/builds/worker-4-tc1/source'...
[INFO] [stderr] done.
[INFO] validating manifest of git repo https://github.com/Logickin-Lambda/crate_creation_to_export_and_beyond on toolchain 1.75.0
[INFO] running `Command { std: CARGO_HOME="/workspace/cargo-home" RUSTUP_HOME="/workspace/rustup-home" "/workspace/cargo-home/bin/cargo" "+1.75.0" "metadata" "--manifest-path" "Cargo.toml" "--no-deps", kill_on_drop: false }`
[INFO] started tweaking git repo https://github.com/Logickin-Lambda/crate_creation_to_export_and_beyond
[INFO] finished tweaking git repo https://github.com/Logickin-Lambda/crate_creation_to_export_and_beyond
[INFO] tweaked toml for git repo https://github.com/Logickin-Lambda/crate_creation_to_export_and_beyond written to /workspace/builds/worker-4-tc1/source/Cargo.toml
[INFO] crate git repo https://github.com/Logickin-Lambda/crate_creation_to_export_and_beyond already has a lockfile, it will not be regenerated
[INFO] running `Command { std: CARGO_HOME="/workspace/cargo-home" RUSTUP_HOME="/workspace/rustup-home" "/workspace/cargo-home/bin/cargo" "+1.75.0" "fetch" "--manifest-path" "Cargo.toml", kill_on_drop: false }`
[INFO] running `Command { std: "docker" "create" "-v" "/var/lib/crater-agent-workspace/builds/worker-4-tc1/target:/opt/rustwide/target:rw,Z" "-v" "/var/lib/crater-agent-workspace/builds/worker-4-tc1/source:/opt/rustwide/workdir:ro,Z" "-v" "/var/lib/crater-agent-workspace/cargo-home:/opt/rustwide/cargo-home:ro,Z" "-v" "/var/lib/crater-agent-workspace/rustup-home:/opt/rustwide/rustup-home:ro,Z" "-e" "SOURCE_DIR=/opt/rustwide/workdir" "-e" "CARGO_TARGET_DIR=/opt/rustwide/target" "-e" "CARGO_HOME=/opt/rustwide/cargo-home" "-e" "RUSTUP_HOME=/opt/rustwide/rustup-home" "-w" "/opt/rustwide/workdir" "-m" "1610612736" "--user" "0:0" "--network" "none" "ghcr.io/rust-lang/crates-build-env/linux@sha256:2788e3201cd34a07e3172128adcd8b3090168a8e3bcc40d7c032b9dda1df7d1c" "/opt/rustwide/cargo-home/bin/cargo" "+1.75.0" "metadata" "--no-deps" "--format-version=1", kill_on_drop: false }`
[INFO] [stdout] 88199dae32ae11004b83fd9e385ba9a0934a38f3db36fdaebbc9406020b2f091
[INFO] running `Command { std: "docker" "start" "-a" "88199dae32ae11004b83fd9e385ba9a0934a38f3db36fdaebbc9406020b2f091", kill_on_drop: false }`
[INFO] running `Command { std: "docker" "inspect" "88199dae32ae11004b83fd9e385ba9a0934a38f3db36fdaebbc9406020b2f091", kill_on_drop: false }`
[INFO] running `Command { std: "docker" "rm" "-f" "88199dae32ae11004b83fd9e385ba9a0934a38f3db36fdaebbc9406020b2f091", kill_on_drop: false }`
[INFO] [stdout] 88199dae32ae11004b83fd9e385ba9a0934a38f3db36fdaebbc9406020b2f091
[INFO] running `Command { std: "docker" "create" "-v" "/var/lib/crater-agent-workspace/builds/worker-4-tc1/target:/opt/rustwide/target:rw,Z" "-v" "/var/lib/crater-agent-workspace/builds/worker-4-tc1/source:/opt/rustwide/workdir:ro,Z" "-v" "/var/lib/crater-agent-workspace/cargo-home:/opt/rustwide/cargo-home:ro,Z" "-v" "/var/lib/crater-agent-workspace/rustup-home:/opt/rustwide/rustup-home:ro,Z" "-e" "SOURCE_DIR=/opt/rustwide/workdir" "-e" "CARGO_TARGET_DIR=/opt/rustwide/target" "-e" "CARGO_INCREMENTAL=0" "-e" "RUST_BACKTRACE=full" "-e" "RUSTFLAGS=--cap-lints=warn" "-e" "RUSTDOCFLAGS=--cap-lints=warn" "-e" "CARGO_HOME=/opt/rustwide/cargo-home" "-e" "RUSTUP_HOME=/opt/rustwide/rustup-home" "-w" "/opt/rustwide/workdir" "-m" "1610612736" "--user" "0:0" "--network" "none" "ghcr.io/rust-lang/crates-build-env/linux@sha256:2788e3201cd34a07e3172128adcd8b3090168a8e3bcc40d7c032b9dda1df7d1c" "/opt/rustwide/cargo-home/bin/cargo" "+1.75.0" "build" "--frozen" "--message-format=json", kill_on_drop: false }`
[INFO] [stdout] 7fec7767f883b25595521c3b0c03ccd0e5d5f9cd0fe5128e462707285335bd08
[INFO] running `Command { std: "docker" "start" "-a" "7fec7767f883b25595521c3b0c03ccd0e5d5f9cd0fe5128e462707285335bd08", kill_on_drop: false }`
[INFO] [stderr]    Compiling libc v0.2.139
[INFO] [stderr]    Compiling getrandom v0.2.8
[INFO] [stderr]    Compiling rand_core v0.6.4
[INFO] [stderr]    Compiling rand_chacha v0.3.1
[INFO] [stderr]    Compiling rand v0.8.5
[INFO] [stderr]    Compiling crate_creation_to_export_and_beyond v0.1.0 (/opt/rustwide/workdir)
[INFO] [stderr]     Finished dev [unoptimized + debuginfo] target(s) in 3.09s
[INFO] running `Command { std: "docker" "inspect" "7fec7767f883b25595521c3b0c03ccd0e5d5f9cd0fe5128e462707285335bd08", kill_on_drop: false }`
[INFO] running `Command { std: "docker" "rm" "-f" "7fec7767f883b25595521c3b0c03ccd0e5d5f9cd0fe5128e462707285335bd08", kill_on_drop: false }`
[INFO] [stdout] 7fec7767f883b25595521c3b0c03ccd0e5d5f9cd0fe5128e462707285335bd08
[INFO] running `Command { std: "docker" "create" "-v" "/var/lib/crater-agent-workspace/builds/worker-4-tc1/target:/opt/rustwide/target:rw,Z" "-v" "/var/lib/crater-agent-workspace/builds/worker-4-tc1/source:/opt/rustwide/workdir:ro,Z" "-v" "/var/lib/crater-agent-workspace/cargo-home:/opt/rustwide/cargo-home:ro,Z" "-v" "/var/lib/crater-agent-workspace/rustup-home:/opt/rustwide/rustup-home:ro,Z" "-e" "SOURCE_DIR=/opt/rustwide/workdir" "-e" "CARGO_TARGET_DIR=/opt/rustwide/target" "-e" "CARGO_INCREMENTAL=0" "-e" "RUST_BACKTRACE=full" "-e" "RUSTFLAGS=--cap-lints=warn" "-e" "RUSTDOCFLAGS=--cap-lints=warn" "-e" "CARGO_HOME=/opt/rustwide/cargo-home" "-e" "RUSTUP_HOME=/opt/rustwide/rustup-home" "-w" "/opt/rustwide/workdir" "-m" "1610612736" "--user" "0:0" "--network" "none" "ghcr.io/rust-lang/crates-build-env/linux@sha256:2788e3201cd34a07e3172128adcd8b3090168a8e3bcc40d7c032b9dda1df7d1c" "/opt/rustwide/cargo-home/bin/cargo" "+1.75.0" "test" "--frozen" "--no-run" "--message-format=json", kill_on_drop: false }`
[INFO] [stdout] 62cb13f40e721f59f56bde53c68875e0413702966ff4732642042fbbfd2b3603
[INFO] running `Command { std: "docker" "start" "-a" "62cb13f40e721f59f56bde53c68875e0413702966ff4732642042fbbfd2b3603", kill_on_drop: false }`
[INFO] [stderr]    Compiling crate_creation_to_export_and_beyond v0.1.0 (/opt/rustwide/workdir)
[INFO] [stdout] warning: unused imports: `generate_nearly_sort_at_back_n_ctrl`, `generate_random_n_ctrl`
[INFO] [stdout]  --> tests/testing_utils/mod.rs:3:28
[INFO] [stdout]   |
[INFO] [stdout] 3 | pub use array_generators::{generate_random_n_ctrl, generate_nearly_sort_at_back_n_ctrl};
[INFO] [stdout]   |                            ^^^^^^^^^^^^^^^^^^^^^^  ^^^^^^^^^^^^^^^^^^^^^^^^^^^^^^^^^^^
[INFO] [stdout]   |
[INFO] [stdout]   = note: `#[warn(unused_imports)]` on by default
[INFO] [stdout] 
[INFO] [stdout] 
[INFO] [stdout] warning: unused import: `array_generators::DataSet`
[INFO] [stdout]  --> tests/testing_utils/mod.rs:4:9
[INFO] [stdout]   |
[INFO] [stdout] 4 | pub use array_generators::DataSet;
[INFO] [stdout]   |         ^^^^^^^^^^^^^^^^^^^^^^^^^
[INFO] [stdout] 
[INFO] [stdout] 
[INFO] [stdout] warning: unused imports: `generate_nearly_sort_at_back_n_ctrl`, `generate_random_n_ctrl`
[INFO] [stdout]  --> tests/testing_utils/mod.rs:3:28
[INFO] [stdout]   |
[INFO] [stdout] 3 | pub use array_generators::{generate_random_n_ctrl, generate_nearly_sort_at_back_n_ctrl};
[INFO] [stdout]   |                            ^^^^^^^^^^^^^^^^^^^^^^  ^^^^^^^^^^^^^^^^^^^^^^^^^^^^^^^^^^^
[INFO] [stdout]   |
[INFO] [stdout]   = note: `#[warn(unused_imports)]` on by default
[INFO] [stdout] 
[INFO] [stdout] 
[INFO] [stdout] warning: unused import: `array_generators::DataSet`
[INFO] [stdout]  --> tests/testing_utils/mod.rs:4:9
[INFO] [stdout]   |
[INFO] [stdout] 4 | pub use array_generators::DataSet;
[INFO] [stdout]   |         ^^^^^^^^^^^^^^^^^^^^^^^^^
[INFO] [stdout] 
[INFO] [stdout] 
[INFO] [stdout] warning: unused imports: `generate_nearly_sort_at_back_n_ctrl`, `generate_random_n_ctrl`
[INFO] [stdout]  --> tests/testing_utils/mod.rs:3:28
[INFO] [stdout]   |
[INFO] [stdout] 3 | pub use array_generators::{generate_random_n_ctrl, generate_nearly_sort_at_back_n_ctrl};
[INFO] [stdout]   |                            ^^^^^^^^^^^^^^^^^^^^^^  ^^^^^^^^^^^^^^^^^^^^^^^^^^^^^^^^^^^
[INFO] [stdout]   |
[INFO] [stdout]   = note: `#[warn(unused_imports)]` on by default
[INFO] [stdout] 
[INFO] [stdout] 
[INFO] [stdout] warning: unused import: `array_generators::DataSet`
[INFO] [stdout]  --> tests/testing_utils/mod.rs:4:9
[INFO] [stdout]   |
[INFO] [stdout] 4 | pub use array_generators::DataSet;
[INFO] [stdout]   |         ^^^^^^^^^^^^^^^^^^^^^^^^^
[INFO] [stdout] 
[INFO] [stdout] 
[INFO] [stdout] warning: 2 warnings emitted
[INFO] [stdout] 
[INFO] [stdout] 
[INFO] [stdout] warning: 2 warnings emitted
[INFO] [stdout] 
[INFO] [stdout] 
[INFO] [stdout] warning: 2 warnings emitted
[INFO] [stdout] 
[INFO] [stdout] 
[INFO] [stderr]     Finished test [unoptimized + debuginfo] target(s) in 1.12s
[INFO] running `Command { std: "docker" "inspect" "62cb13f40e721f59f56bde53c68875e0413702966ff4732642042fbbfd2b3603", kill_on_drop: false }`
[INFO] running `Command { std: "docker" "rm" "-f" "62cb13f40e721f59f56bde53c68875e0413702966ff4732642042fbbfd2b3603", kill_on_drop: false }`
[INFO] [stdout] 62cb13f40e721f59f56bde53c68875e0413702966ff4732642042fbbfd2b3603
[INFO] running `Command { std: "docker" "create" "-v" "/var/lib/crater-agent-workspace/builds/worker-4-tc1/target:/opt/rustwide/target:rw,Z" "-v" "/var/lib/crater-agent-workspace/builds/worker-4-tc1/source:/opt/rustwide/workdir:ro,Z" "-v" "/var/lib/crater-agent-workspace/cargo-home:/opt/rustwide/cargo-home:ro,Z" "-v" "/var/lib/crater-agent-workspace/rustup-home:/opt/rustwide/rustup-home:ro,Z" "-e" "SOURCE_DIR=/opt/rustwide/workdir" "-e" "CARGO_TARGET_DIR=/opt/rustwide/target" "-e" "CARGO_INCREMENTAL=0" "-e" "RUST_BACKTRACE=full" "-e" "RUSTFLAGS=--cap-lints=warn" "-e" "RUSTDOCFLAGS=--cap-lints=warn" "-e" "CARGO_HOME=/opt/rustwide/cargo-home" "-e" "RUSTUP_HOME=/opt/rustwide/rustup-home" "-w" "/opt/rustwide/workdir" "-m" "1610612736" "--user" "0:0" "--network" "none" "ghcr.io/rust-lang/crates-build-env/linux@sha256:2788e3201cd34a07e3172128adcd8b3090168a8e3bcc40d7c032b9dda1df7d1c" "/opt/rustwide/cargo-home/bin/cargo" "+1.75.0" "test" "--frozen", kill_on_drop: false }`
[INFO] [stdout] abd70b2b3e3258114f8fe824cc926c20c057c1cd6295eb8d9db7e3711d991e7d
[INFO] running `Command { std: "docker" "start" "-a" "abd70b2b3e3258114f8fe824cc926c20c057c1cd6295eb8d9db7e3711d991e7d", kill_on_drop: false }`
[INFO] [stderr] warning: unused imports: `generate_nearly_sort_at_back_n_ctrl`, `generate_random_n_ctrl`
[INFO] [stderr]  --> tests/testing_utils/mod.rs:3:28
[INFO] [stderr]   |
[INFO] [stderr] 3 | pub use array_generators::{generate_random_n_ctrl, generate_nearly_sort_at_back_n_ctrl};
[INFO] [stderr]   |                            ^^^^^^^^^^^^^^^^^^^^^^  ^^^^^^^^^^^^^^^^^^^^^^^^^^^^^^^^^^^
[INFO] [stderr]   |
[INFO] [stderr]   = note: `#[warn(unused_imports)]` on by default
[INFO] [stderr] 
[INFO] [stderr] warning: unused import: `array_generators::DataSet`
[INFO] [stderr]  --> tests/testing_utils/mod.rs:4:9
[INFO] [stderr]   |
[INFO] [stderr] 4 | pub use array_generators::DataSet;
[INFO] [stderr]   |         ^^^^^^^^^^^^^^^^^^^^^^^^^
[INFO] [stderr] 
[INFO] [stderr] warning: `crate_creation_to_export_and_beyond` (test "n_or_smaller_algo_test") generated 2 warnings (run `cargo fix --test "n_or_smaller_algo_test"` to apply 2 suggestions)
[INFO] [stderr] warning: `crate_creation_to_export_and_beyond` (test "n_square_algo_test") generated 2 warnings (2 duplicates)
[INFO] [stderr] warning: `crate_creation_to_export_and_beyond` (test "n_log_n_algo_test") generated 2 warnings (2 duplicates)
[INFO] [stderr]     Finished test [unoptimized + debuginfo] target(s) in 0.02s
[INFO] [stderr]      Running unittests src/lib.rs (/opt/rustwide/target/debug/deps/crate_creation_to_export_and_beyond-61d32ce8832452c7)
[INFO] [stdout] 
[INFO] [stdout] running 1 test
[INFO] [stdout] test n_square::insertion_sort::find_insert_index_by_binary_search_test ... ok
[INFO] [stderr]      Running unittests src/main.rs (/opt/rustwide/target/debug/deps/crate_creation_to_export_and_beyond-26663054638c0734)
[INFO] [stdout] 
[INFO] [stdout] test result: ok. 1 passed; 0 failed; 0 ignored; 0 measured; 0 filtered out; finished in 0.00s
[INFO] [stdout] 
[INFO] [stdout] 
[INFO] [stdout] running 0 tests
[INFO] [stdout] 
[INFO] [stdout] test result: ok. 0 passed; 0 failed; 0 ignored; 0 measured; 0 filtered out; finished in 0.00s
[INFO] [stdout] 
[INFO] [stderr]      Running tests/n_log_n_algo_test.rs (/opt/rustwide/target/debug/deps/n_log_n_algo_test-de61f5b1d5ec5fb3)
[INFO] [stdout] 
[INFO] [stdout] running 2 tests
[INFO] [stdout] test n_log_n_algo_test::test_merge_sort ... ok
[INFO] [stdout] test n_log_n_algo_test::test_quick_sort ... ok
[INFO] [stdout] 
[INFO] [stdout] test result: ok. 2 passed; 0 failed; 0 ignored; 0 measured; 0 filtered out; finished in 0.30s
[INFO] [stdout] 
[INFO] [stderr]      Running tests/n_or_smaller_algo_test.rs (/opt/rustwide/target/debug/deps/n_or_smaller_algo_test-4bce2219f0f900ad)
[INFO] [stdout] 
[INFO] [stdout] running 2 tests
[INFO] [stdout] test n_or_smaller_algo_test::counting_sort_test ... ok
[INFO] [stderr]      Running tests/n_square_algo_test.rs (/opt/rustwide/target/debug/deps/n_square_algo_test-9fc983efa793071c)
[INFO] [stdout] test n_or_smaller_algo_test::radix_sort_test ... ok
[INFO] [stdout] 
[INFO] [stdout] test result: ok. 2 passed; 0 failed; 0 ignored; 0 measured; 0 filtered out; finished in 0.06s
[INFO] [stdout] 
[INFO] [stdout] 
[INFO] [stdout] running 4 tests
[INFO] [stdout] test n_square_algo_test::insertion_sort_unstable_test ... ok
[INFO] [stdout] test n_square_algo_test::insertion_sort_test ... ok
[INFO] [stdout] test n_square_algo_test::selection_sort_test ... ok
[INFO] [stdout] test n_square_algo_test::bubble_sort_test ... ok
[INFO] [stdout] 
[INFO] [stderr]    Doc-tests crate_creation_to_export_and_beyond
[INFO] [stdout] test result: ok. 4 passed; 0 failed; 0 ignored; 0 measured; 0 filtered out; finished in 1.19s
[INFO] [stdout] 
[INFO] [stdout] 
[INFO] [stdout] running 8 tests
[INFO] [stdout] test src/n_or_smaller/radix_sort.rs - n_or_smaller::radix_sort::internal_counting_sort (line 24) ... FAILED
[INFO] [stdout] test src/n_square/insertion_sort.rs - n_square::insertion_sort::insertion_sort (line 5) ... ok
[INFO] [stdout] test src/n_square/bubble_sort.rs - n_square::bubble_sort::bubble_sort (line 4) ... ok
[INFO] [stdout] test src/n_log_n/quick_sort.rs - n_log_n::quick_sort::quick_sort (line 71) ... ok
[INFO] [stdout] test src/n_or_smaller/counting_sort.rs - n_or_smaller::counting_sort::counting_sort (line 9) ... ok
[INFO] [stdout] test src/n_square/selection_sort.rs - n_square::selection_sort::selection_sort (line 4) ... ok
[INFO] [stdout] test src/n_log_n/merge_sort.rs - n_log_n::merge_sort::merge_sort (line 15) ... ok
[INFO] [stdout] test src/n_square/insertion_sort.rs - n_square::insertion_sort::insertion_sort_unstable (line 32) ... ok
[INFO] [stdout] 
[INFO] [stdout] failures:
[INFO] [stdout] 
[INFO] [stdout] ---- src/n_or_smaller/radix_sort.rs - n_or_smaller::radix_sort::internal_counting_sort (line 24) stdout ----
[INFO] [stdout] error: unknown start of token: `
[INFO] [stdout]   --> src/n_or_smaller/radix_sort.rs:33:1
[INFO] [stdout]    |
[INFO] [stdout] 12 | ``
[INFO] [stdout]    | ^^
[INFO] [stdout]    |
[INFO] [stdout]    = note: character appears once more
[INFO] [stdout] help: Unicode character '`' (Grave Accent) looks like ''' (Single Quote), but it is not
[INFO] [stdout]    |
[INFO] [stdout] 12 | ''
[INFO] [stdout]    |
[INFO] [stdout] 
[INFO] [stdout] error: aborting due to previous error
[INFO] [stdout] 
[INFO] [stdout] Couldn't compile the test.
[INFO] [stdout] 
[INFO] [stdout] failures:
[INFO] [stdout]     src/n_or_smaller/radix_sort.rs - n_or_smaller::radix_sort::internal_counting_sort (line 24)
[INFO] [stdout] 
[INFO] [stdout] test result: FAILED. 7 passed; 1 failed; 0 ignored; 0 measured; 0 filtered out; finished in 0.81s
[INFO] [stdout] 
[INFO] [stderr] error: doctest failed, to rerun pass `--doc`
[INFO] running `Command { std: "docker" "inspect" "abd70b2b3e3258114f8fe824cc926c20c057c1cd6295eb8d9db7e3711d991e7d", kill_on_drop: false }`
[INFO] running `Command { std: "docker" "rm" "-f" "abd70b2b3e3258114f8fe824cc926c20c057c1cd6295eb8d9db7e3711d991e7d", kill_on_drop: false }`
[INFO] [stdout] abd70b2b3e3258114f8fe824cc926c20c057c1cd6295eb8d9db7e3711d991e7d
[INFO] testing Logickin-Lambda/crate_creation_to_export_and_beyond against beta-2023-12-22 for beta-1.76-1
[INFO] running `Command { std: "git" "clone" "/workspace/cache/git-repos/https%3A%2F%2Fgithub.com%2FLogickin-Lambda%2Fcrate_creation_to_export_and_beyond" "/workspace/builds/worker-4-tc2/source", kill_on_drop: false }`
[INFO] [stderr] Cloning into '/workspace/builds/worker-4-tc2/source'...
[INFO] [stderr] done.
[INFO] validating manifest of git repo https://github.com/Logickin-Lambda/crate_creation_to_export_and_beyond on toolchain beta-2023-12-22
[INFO] running `Command { std: CARGO_HOME="/workspace/cargo-home" RUSTUP_HOME="/workspace/rustup-home" "/workspace/cargo-home/bin/cargo" "+beta-2023-12-22" "metadata" "--manifest-path" "Cargo.toml" "--no-deps", kill_on_drop: false }`
[INFO] started tweaking git repo https://github.com/Logickin-Lambda/crate_creation_to_export_and_beyond
[INFO] finished tweaking git repo https://github.com/Logickin-Lambda/crate_creation_to_export_and_beyond
[INFO] tweaked toml for git repo https://github.com/Logickin-Lambda/crate_creation_to_export_and_beyond written to /workspace/builds/worker-4-tc2/source/Cargo.toml
[INFO] crate git repo https://github.com/Logickin-Lambda/crate_creation_to_export_and_beyond already has a lockfile, it will not be regenerated
[INFO] running `Command { std: CARGO_HOME="/workspace/cargo-home" RUSTUP_HOME="/workspace/rustup-home" "/workspace/cargo-home/bin/cargo" "+beta-2023-12-22" "fetch" "--manifest-path" "Cargo.toml", kill_on_drop: false }`
[INFO] running `Command { std: "docker" "create" "-v" "/var/lib/crater-agent-workspace/builds/worker-4-tc2/target:/opt/rustwide/target:rw,Z" "-v" "/var/lib/crater-agent-workspace/builds/worker-4-tc2/source:/opt/rustwide/workdir:ro,Z" "-v" "/var/lib/crater-agent-workspace/cargo-home:/opt/rustwide/cargo-home:ro,Z" "-v" "/var/lib/crater-agent-workspace/rustup-home:/opt/rustwide/rustup-home:ro,Z" "-e" "SOURCE_DIR=/opt/rustwide/workdir" "-e" "CARGO_TARGET_DIR=/opt/rustwide/target" "-e" "CARGO_HOME=/opt/rustwide/cargo-home" "-e" "RUSTUP_HOME=/opt/rustwide/rustup-home" "-w" "/opt/rustwide/workdir" "-m" "1610612736" "--user" "0:0" "--network" "none" "ghcr.io/rust-lang/crates-build-env/linux@sha256:2788e3201cd34a07e3172128adcd8b3090168a8e3bcc40d7c032b9dda1df7d1c" "/opt/rustwide/cargo-home/bin/cargo" "+beta-2023-12-22" "metadata" "--no-deps" "--format-version=1", kill_on_drop: false }`
[INFO] [stdout] bec0830051deaa5b60ff3dc4d445d530aaef23d1ef607d7d9fb88abc4fe943cf
[INFO] running `Command { std: "docker" "start" "-a" "bec0830051deaa5b60ff3dc4d445d530aaef23d1ef607d7d9fb88abc4fe943cf", kill_on_drop: false }`
[INFO] running `Command { std: "docker" "inspect" "bec0830051deaa5b60ff3dc4d445d530aaef23d1ef607d7d9fb88abc4fe943cf", kill_on_drop: false }`
[INFO] running `Command { std: "docker" "rm" "-f" "bec0830051deaa5b60ff3dc4d445d530aaef23d1ef607d7d9fb88abc4fe943cf", kill_on_drop: false }`
[INFO] [stdout] bec0830051deaa5b60ff3dc4d445d530aaef23d1ef607d7d9fb88abc4fe943cf
[INFO] running `Command { std: "docker" "create" "-v" "/var/lib/crater-agent-workspace/builds/worker-4-tc2/target:/opt/rustwide/target:rw,Z" "-v" "/var/lib/crater-agent-workspace/builds/worker-4-tc2/source:/opt/rustwide/workdir:ro,Z" "-v" "/var/lib/crater-agent-workspace/cargo-home:/opt/rustwide/cargo-home:ro,Z" "-v" "/var/lib/crater-agent-workspace/rustup-home:/opt/rustwide/rustup-home:ro,Z" "-e" "SOURCE_DIR=/opt/rustwide/workdir" "-e" "CARGO_TARGET_DIR=/opt/rustwide/target" "-e" "CARGO_INCREMENTAL=0" "-e" "RUST_BACKTRACE=full" "-e" "RUSTFLAGS=--cap-lints=warn" "-e" "RUSTDOCFLAGS=--cap-lints=warn" "-e" "CARGO_HOME=/opt/rustwide/cargo-home" "-e" "RUSTUP_HOME=/opt/rustwide/rustup-home" "-w" "/opt/rustwide/workdir" "-m" "1610612736" "--user" "0:0" "--network" "none" "ghcr.io/rust-lang/crates-build-env/linux@sha256:2788e3201cd34a07e3172128adcd8b3090168a8e3bcc40d7c032b9dda1df7d1c" "/opt/rustwide/cargo-home/bin/cargo" "+beta-2023-12-22" "build" "--frozen" "--message-format=json", kill_on_drop: false }`
[INFO] [stdout] e582bf4e35e70951dd16c0924599a038e26dee163a74eb1a3e542a7b385ab98b
[INFO] running `Command { std: "docker" "start" "-a" "e582bf4e35e70951dd16c0924599a038e26dee163a74eb1a3e542a7b385ab98b", kill_on_drop: false }`
[INFO] [stderr]    Compiling libc v0.2.139
[INFO] [stderr]    Compiling getrandom v0.2.8
[INFO] [stderr]    Compiling rand_core v0.6.4
[INFO] [stderr]    Compiling rand_chacha v0.3.1
[INFO] [stderr]    Compiling rand v0.8.5
[INFO] [stderr]    Compiling crate_creation_to_export_and_beyond v0.1.0 (/opt/rustwide/workdir)
[INFO] [stderr]     Finished dev [unoptimized + debuginfo] target(s) in 3.11s
[INFO] running `Command { std: "docker" "inspect" "e582bf4e35e70951dd16c0924599a038e26dee163a74eb1a3e542a7b385ab98b", kill_on_drop: false }`
[INFO] running `Command { std: "docker" "rm" "-f" "e582bf4e35e70951dd16c0924599a038e26dee163a74eb1a3e542a7b385ab98b", kill_on_drop: false }`
[INFO] [stdout] e582bf4e35e70951dd16c0924599a038e26dee163a74eb1a3e542a7b385ab98b
[INFO] running `Command { std: "docker" "create" "-v" "/var/lib/crater-agent-workspace/builds/worker-4-tc2/target:/opt/rustwide/target:rw,Z" "-v" "/var/lib/crater-agent-workspace/builds/worker-4-tc2/source:/opt/rustwide/workdir:ro,Z" "-v" "/var/lib/crater-agent-workspace/cargo-home:/opt/rustwide/cargo-home:ro,Z" "-v" "/var/lib/crater-agent-workspace/rustup-home:/opt/rustwide/rustup-home:ro,Z" "-e" "SOURCE_DIR=/opt/rustwide/workdir" "-e" "CARGO_TARGET_DIR=/opt/rustwide/target" "-e" "CARGO_INCREMENTAL=0" "-e" "RUST_BACKTRACE=full" "-e" "RUSTFLAGS=--cap-lints=warn" "-e" "RUSTDOCFLAGS=--cap-lints=warn" "-e" "CARGO_HOME=/opt/rustwide/cargo-home" "-e" "RUSTUP_HOME=/opt/rustwide/rustup-home" "-w" "/opt/rustwide/workdir" "-m" "1610612736" "--user" "0:0" "--network" "none" "ghcr.io/rust-lang/crates-build-env/linux@sha256:2788e3201cd34a07e3172128adcd8b3090168a8e3bcc40d7c032b9dda1df7d1c" "/opt/rustwide/cargo-home/bin/cargo" "+beta-2023-12-22" "test" "--frozen" "--no-run" "--message-format=json", kill_on_drop: false }`
[INFO] [stdout] 5fd3cb4cb87f617222626de2f8ceba5b6e8666a4ae49679e3821f952433af851
[INFO] running `Command { std: "docker" "start" "-a" "5fd3cb4cb87f617222626de2f8ceba5b6e8666a4ae49679e3821f952433af851", kill_on_drop: false }`
[INFO] [stderr]    Compiling crate_creation_to_export_and_beyond v0.1.0 (/opt/rustwide/workdir)
[INFO] [stdout] warning: unused imports: `generate_nearly_sort_at_back_n_ctrl`, `generate_random_n_ctrl`
[INFO] [stdout]  --> tests/testing_utils/mod.rs:3:28
[INFO] [stdout]   |
[INFO] [stdout] 3 | pub use array_generators::{generate_random_n_ctrl, generate_nearly_sort_at_back_n_ctrl};
[INFO] [stdout]   |                            ^^^^^^^^^^^^^^^^^^^^^^  ^^^^^^^^^^^^^^^^^^^^^^^^^^^^^^^^^^^
[INFO] [stdout]   |
[INFO] [stdout]   = note: `#[warn(unused_imports)]` on by default
[INFO] [stdout] 
[INFO] [stdout] 
[INFO] [stdout] warning: unused import: `array_generators::DataSet`
[INFO] [stdout]  --> tests/testing_utils/mod.rs:4:9
[INFO] [stdout]   |
[INFO] [stdout] 4 | pub use array_generators::DataSet;
[INFO] [stdout]   |         ^^^^^^^^^^^^^^^^^^^^^^^^^
[INFO] [stdout] 
[INFO] [stdout] 
[INFO] [stdout] warning: unused imports: `generate_nearly_sort_at_back_n_ctrl`, `generate_random_n_ctrl`
[INFO] [stdout]  --> tests/testing_utils/mod.rs:3:28
[INFO] [stdout]   |
[INFO] [stdout] 3 | pub use array_generators::{generate_random_n_ctrl, generate_nearly_sort_at_back_n_ctrl};
[INFO] [stdout]   |                            ^^^^^^^^^^^^^^^^^^^^^^  ^^^^^^^^^^^^^^^^^^^^^^^^^^^^^^^^^^^
[INFO] [stdout]   |
[INFO] [stdout]   = note: `#[warn(unused_imports)]` on by default
[INFO] [stdout] 
[INFO] [stdout] 
[INFO] [stdout] warning: unused import: `array_generators::DataSet`
[INFO] [stdout]  --> tests/testing_utils/mod.rs:4:9
[INFO] [stdout]   |
[INFO] [stdout] 4 | pub use array_generators::DataSet;
[INFO] [stdout]   |         ^^^^^^^^^^^^^^^^^^^^^^^^^
[INFO] [stdout] 
[INFO] [stdout] 
[INFO] [stdout] warning: unused imports: `generate_nearly_sort_at_back_n_ctrl`, `generate_random_n_ctrl`
[INFO] [stdout]  --> tests/testing_utils/mod.rs:3:28
[INFO] [stdout]   |
[INFO] [stdout] 3 | pub use array_generators::{generate_random_n_ctrl, generate_nearly_sort_at_back_n_ctrl};
[INFO] [stdout]   |                            ^^^^^^^^^^^^^^^^^^^^^^  ^^^^^^^^^^^^^^^^^^^^^^^^^^^^^^^^^^^
[INFO] [stdout]   |
[INFO] [stdout]   = note: `#[warn(unused_imports)]` on by default
[INFO] [stdout] 
[INFO] [stdout] 
[INFO] [stdout] warning: unused import: `array_generators::DataSet`
[INFO] [stdout]  --> tests/testing_utils/mod.rs:4:9
[INFO] [stdout]   |
[INFO] [stdout] 4 | pub use array_generators::DataSet;
[INFO] [stdout]   |         ^^^^^^^^^^^^^^^^^^^^^^^^^
[INFO] [stdout] 
[INFO] [stdout] 
[INFO] [stdout] warning: 2 warnings emitted
[INFO] [stdout] 
[INFO] [stdout] 
[INFO] [stdout] warning: 2 warnings emitted
[INFO] [stdout] 
[INFO] [stdout] 
[INFO] [stdout] warning: 2 warnings emitted
[INFO] [stdout] 
[INFO] [stdout] 
[INFO] [stderr]     Finished test [unoptimized + debuginfo] target(s) in 0.98s
[INFO] running `Command { std: "docker" "inspect" "5fd3cb4cb87f617222626de2f8ceba5b6e8666a4ae49679e3821f952433af851", kill_on_drop: false }`
[INFO] running `Command { std: "docker" "rm" "-f" "5fd3cb4cb87f617222626de2f8ceba5b6e8666a4ae49679e3821f952433af851", kill_on_drop: false }`
[INFO] [stdout] 5fd3cb4cb87f617222626de2f8ceba5b6e8666a4ae49679e3821f952433af851
[INFO] running `Command { std: "docker" "create" "-v" "/var/lib/crater-agent-workspace/builds/worker-4-tc2/target:/opt/rustwide/target:rw,Z" "-v" "/var/lib/crater-agent-workspace/builds/worker-4-tc2/source:/opt/rustwide/workdir:ro,Z" "-v" "/var/lib/crater-agent-workspace/cargo-home:/opt/rustwide/cargo-home:ro,Z" "-v" "/var/lib/crater-agent-workspace/rustup-home:/opt/rustwide/rustup-home:ro,Z" "-e" "SOURCE_DIR=/opt/rustwide/workdir" "-e" "CARGO_TARGET_DIR=/opt/rustwide/target" "-e" "CARGO_INCREMENTAL=0" "-e" "RUST_BACKTRACE=full" "-e" "RUSTFLAGS=--cap-lints=warn" "-e" "RUSTDOCFLAGS=--cap-lints=warn" "-e" "CARGO_HOME=/opt/rustwide/cargo-home" "-e" "RUSTUP_HOME=/opt/rustwide/rustup-home" "-w" "/opt/rustwide/workdir" "-m" "1610612736" "--user" "0:0" "--network" "none" "ghcr.io/rust-lang/crates-build-env/linux@sha256:2788e3201cd34a07e3172128adcd8b3090168a8e3bcc40d7c032b9dda1df7d1c" "/opt/rustwide/cargo-home/bin/cargo" "+beta-2023-12-22" "test" "--frozen", kill_on_drop: false }`
[INFO] [stdout] 6e1d3d42ffc762215b6ecf8c4838e91f51095b80eb9b0f305a0ae99adca11cca
[INFO] running `Command { std: "docker" "start" "-a" "6e1d3d42ffc762215b6ecf8c4838e91f51095b80eb9b0f305a0ae99adca11cca", kill_on_drop: false }`
[INFO] [stderr] warning: unused imports: `generate_nearly_sort_at_back_n_ctrl`, `generate_random_n_ctrl`
[INFO] [stderr]  --> tests/testing_utils/mod.rs:3:28
[INFO] [stderr]   |
[INFO] [stderr] 3 | pub use array_generators::{generate_random_n_ctrl, generate_nearly_sort_at_back_n_ctrl};
[INFO] [stderr]   |                            ^^^^^^^^^^^^^^^^^^^^^^  ^^^^^^^^^^^^^^^^^^^^^^^^^^^^^^^^^^^
[INFO] [stderr]   |
[INFO] [stderr]   = note: `#[warn(unused_imports)]` on by default
[INFO] [stderr] 
[INFO] [stderr] warning: unused import: `array_generators::DataSet`
[INFO] [stderr]  --> tests/testing_utils/mod.rs:4:9
[INFO] [stderr]   |
[INFO] [stderr] 4 | pub use array_generators::DataSet;
[INFO] [stderr]   |         ^^^^^^^^^^^^^^^^^^^^^^^^^
[INFO] [stderr] 
[INFO] [stderr] warning: `crate_creation_to_export_and_beyond` (test "n_or_smaller_algo_test") generated 2 warnings (run `cargo fix --test "n_or_smaller_algo_test"` to apply 2 suggestions)
[INFO] [stderr] warning: `crate_creation_to_export_and_beyond` (test "n_log_n_algo_test") generated 2 warnings (2 duplicates)
[INFO] [stderr] warning: `crate_creation_to_export_and_beyond` (test "n_square_algo_test") generated 2 warnings (2 duplicates)
[INFO] [stderr]     Finished test [unoptimized + debuginfo] target(s) in 0.02s
[INFO] [stdout] 
[INFO] [stdout] running 1 test
[INFO] [stderr]      Running unittests src/lib.rs (/opt/rustwide/target/debug/deps/crate_creation_to_export_and_beyond-1490cf0c74ba6db1)
[INFO] [stdout] test n_square::insertion_sort::find_insert_index_by_binary_search_test ... ok
[INFO] [stdout] 
[INFO] [stdout] test result: ok. 1 passed; 0 failed; 0 ignored; 0 measured; 0 filtered out; finished in 0.00s
[INFO] [stdout] 
[INFO] [stdout] 
[INFO] [stdout] running 0 tests
[INFO] [stdout] 
[INFO] [stdout] test result: ok. 0 passed; 0 failed; 0 ignored; 0 measured; 0 filtered out; finished in 0.00s
[INFO] [stdout] 
[INFO] [stderr]      Running unittests src/main.rs (/opt/rustwide/target/debug/deps/crate_creation_to_export_and_beyond-ae24bd4ed70cf794)
[INFO] [stderr]      Running tests/n_log_n_algo_test.rs (/opt/rustwide/target/debug/deps/n_log_n_algo_test-7be5e81e1ac430bb)
[INFO] [stdout] 
[INFO] [stdout] running 2 tests
[INFO] [stdout] test n_log_n_algo_test::test_merge_sort ... ok
[INFO] [stdout] test n_log_n_algo_test::test_quick_sort ... ok
[INFO] [stdout] 
[INFO] [stdout] test result: ok. 2 passed; 0 failed; 0 ignored; 0 measured; 0 filtered out; finished in 0.23s
[INFO] [stdout] 
[INFO] [stderr]      Running tests/n_or_smaller_algo_test.rs (/opt/rustwide/target/debug/deps/n_or_smaller_algo_test-85871fef87d9a536)
[INFO] [stdout] 
[INFO] [stdout] running 2 tests
[INFO] [stdout] test n_or_smaller_algo_test::radix_sort_test ... ok
[INFO] [stdout] test n_or_smaller_algo_test::counting_sort_test ... ok
[INFO] [stdout] 
[INFO] [stdout] test result: ok. 2 passed; 0 failed; 0 ignored; 0 measured; 0 filtered out; finished in 0.07s
[INFO] [stdout] 
[INFO] [stderr]      Running tests/n_square_algo_test.rs (/opt/rustwide/target/debug/deps/n_square_algo_test-c1f0b55c51585122)
[INFO] [stdout] 
[INFO] [stdout] running 4 tests
[INFO] [stdout] test n_square_algo_test::insertion_sort_unstable_test ... ok
[INFO] [stdout] test n_square_algo_test::insertion_sort_test ... ok
[INFO] [stdout] test n_square_algo_test::selection_sort_test ... ok
[INFO] [stdout] test n_square_algo_test::bubble_sort_test ... ok
[INFO] [stdout] 
[INFO] [stdout] test result: ok. 4 passed; 0 failed; 0 ignored; 0 measured; 0 filtered out; finished in 0.92s
[INFO] [stdout] 
[INFO] [stderr]    Doc-tests crate_creation_to_export_and_beyond
[INFO] [stdout] 
[INFO] [stdout] running 8 tests
[INFO] [stdout] test src/n_or_smaller/radix_sort.rs - n_or_smaller::radix_sort::internal_counting_sort (line 24) ... FAILED
[INFO] [stdout] test src/n_or_smaller/counting_sort.rs - n_or_smaller::counting_sort::counting_sort (line 9) ... ok
[INFO] [stdout] test src/n_log_n/quick_sort.rs - n_log_n::quick_sort::quick_sort (line 71) ... ok
[INFO] [stdout] test src/n_square/insertion_sort.rs - n_square::insertion_sort::insertion_sort (line 5) ... ok
[INFO] [stdout] test src/n_square/bubble_sort.rs - n_square::bubble_sort::bubble_sort (line 4) ... ok
[INFO] [stdout] test src/n_log_n/merge_sort.rs - n_log_n::merge_sort::merge_sort (line 15) ... ok
[INFO] [stdout] test src/n_square/insertion_sort.rs - n_square::insertion_sort::insertion_sort_unstable (line 32) ... ok
[INFO] [stdout] test src/n_square/selection_sort.rs - n_square::selection_sort::selection_sort (line 4) ... ok
[INFO] [stdout] 
[INFO] [stdout] failures:
[INFO] [stdout] 
[INFO] [stdout] ---- src/n_or_smaller/radix_sort.rs - n_or_smaller::radix_sort::internal_counting_sort (line 24) stdout ----
[INFO] [stdout] error: unknown start of token: `
[INFO] [stdout]   --> src/n_or_smaller/radix_sort.rs:33:1
[INFO] [stdout]    |
[INFO] [stdout] 12 | ``
[INFO] [stdout]    | ^^
[INFO] [stdout]    |
[INFO] [stdout]    = note: character appears once more
[INFO] [stdout] help: Unicode character '`' (Grave Accent) looks like ''' (Single Quote), but it is not
[INFO] [stdout]    |
[INFO] [stdout] 12 | ''
[INFO] [stdout]    |
[INFO] [stdout] 
[INFO] [stdout] error: aborting due to 1 previous error
[INFO] [stdout] 
[INFO] [stdout] Couldn't compile the test.
[INFO] [stdout] 
[INFO] [stdout] failures:
[INFO] [stdout]     src/n_or_smaller/radix_sort.rs - n_or_smaller::radix_sort::internal_counting_sort (line 24)
[INFO] [stdout] 
[INFO] [stdout] test result: FAILED. 7 passed; 1 failed; 0 ignored; 0 measured; 0 filtered out; finished in 0.71s
[INFO] [stdout] 
[INFO] [stderr] error: doctest failed, to rerun pass `--doc`
[INFO] running `Command { std: "docker" "inspect" "6e1d3d42ffc762215b6ecf8c4838e91f51095b80eb9b0f305a0ae99adca11cca", kill_on_drop: false }`
[INFO] running `Command { std: "docker" "rm" "-f" "6e1d3d42ffc762215b6ecf8c4838e91f51095b80eb9b0f305a0ae99adca11cca", kill_on_drop: false }`
[INFO] [stdout] 6e1d3d42ffc762215b6ecf8c4838e91f51095b80eb9b0f305a0ae99adca11cca
