[INFO] cloning repository https://github.com/Lexicality/messagebroker
[INFO] running `Command { std: "git" "-c" "credential.helper=" "-c" "credential.helper=/workspace/cargo-home/bin/git-credential-null" "clone" "--bare" "https://github.com/Lexicality/messagebroker" "/workspace/cache/git-repos/https%3A%2F%2Fgithub.com%2FLexicality%2Fmessagebroker", kill_on_drop: false }`
[INFO] [stderr] Cloning into bare repository '/workspace/cache/git-repos/https%3A%2F%2Fgithub.com%2FLexicality%2Fmessagebroker'...
[INFO] running `Command { std: "git" "rev-parse" "HEAD", kill_on_drop: false }`
[INFO] [stdout] 09916106959e65e4de6641f568642b67c58e97e6
[INFO] testing Lexicality/messagebroker against 1.75.0 for beta-1.76-1
[INFO] running `Command { std: "git" "clone" "/workspace/cache/git-repos/https%3A%2F%2Fgithub.com%2FLexicality%2Fmessagebroker" "/workspace/builds/worker-1-tc1/source", kill_on_drop: false }`
[INFO] [stderr] Cloning into '/workspace/builds/worker-1-tc1/source'...
[INFO] [stderr] done.
[INFO] validating manifest of git repo https://github.com/Lexicality/messagebroker on toolchain 1.75.0
[INFO] running `Command { std: CARGO_HOME="/workspace/cargo-home" RUSTUP_HOME="/workspace/rustup-home" "/workspace/cargo-home/bin/cargo" "+1.75.0" "metadata" "--manifest-path" "Cargo.toml" "--no-deps", kill_on_drop: false }`
[INFO] started tweaking git repo https://github.com/Lexicality/messagebroker
[INFO] finished tweaking git repo https://github.com/Lexicality/messagebroker
[INFO] tweaked toml for git repo https://github.com/Lexicality/messagebroker written to /workspace/builds/worker-1-tc1/source/Cargo.toml
[INFO] crate git repo https://github.com/Lexicality/messagebroker already has a lockfile, it will not be regenerated
[INFO] running `Command { std: CARGO_HOME="/workspace/cargo-home" RUSTUP_HOME="/workspace/rustup-home" "/workspace/cargo-home/bin/cargo" "+1.75.0" "fetch" "--manifest-path" "Cargo.toml", kill_on_drop: false }`
[INFO] [stderr]     Updating crates.io index
[INFO] [stderr]  Downloading crates ...
[INFO] [stderr]   Downloaded security-framework v2.9.0
[INFO] [stderr]   Downloaded sentry-backtrace v0.31.0
[INFO] [stderr]   Downloaded sentry-core v0.31.0
[INFO] [stderr]   Downloaded sentry v0.31.0
[INFO] [stderr]   Downloaded sentry-panic v0.31.0
[INFO] [stderr]   Downloaded wasm-bindgen-futures v0.4.35
[INFO] [stderr]   Downloaded sentry-log v0.31.0
[INFO] [stderr]   Downloaded sentry-contexts v0.31.0
[INFO] [stderr]   Downloaded sentry-debug-images v0.31.0
[INFO] [stderr]   Downloaded redis-test v0.2.0
[INFO] [stderr]   Downloaded sentry-types v0.31.0
[INFO] running `Command { std: "docker" "create" "-v" "/var/lib/crater-agent-workspace/builds/worker-1-tc1/target:/opt/rustwide/target:rw,Z" "-v" "/var/lib/crater-agent-workspace/builds/worker-1-tc1/source:/opt/rustwide/workdir:ro,Z" "-v" "/var/lib/crater-agent-workspace/cargo-home:/opt/rustwide/cargo-home:ro,Z" "-v" "/var/lib/crater-agent-workspace/rustup-home:/opt/rustwide/rustup-home:ro,Z" "-e" "SOURCE_DIR=/opt/rustwide/workdir" "-e" "CARGO_TARGET_DIR=/opt/rustwide/target" "-e" "CARGO_HOME=/opt/rustwide/cargo-home" "-e" "RUSTUP_HOME=/opt/rustwide/rustup-home" "-w" "/opt/rustwide/workdir" "-m" "1610612736" "--user" "0:0" "--network" "none" "ghcr.io/rust-lang/crates-build-env/linux@sha256:2788e3201cd34a07e3172128adcd8b3090168a8e3bcc40d7c032b9dda1df7d1c" "/opt/rustwide/cargo-home/bin/cargo" "+1.75.0" "metadata" "--no-deps" "--format-version=1", kill_on_drop: false }`
[INFO] [stdout] 452e6e4ad84252f6d46df06b6f46e2afb50b291b0869f874ee523cadea6b7cd2
[INFO] running `Command { std: "docker" "start" "-a" "452e6e4ad84252f6d46df06b6f46e2afb50b291b0869f874ee523cadea6b7cd2", kill_on_drop: false }`
[INFO] running `Command { std: "docker" "inspect" "452e6e4ad84252f6d46df06b6f46e2afb50b291b0869f874ee523cadea6b7cd2", kill_on_drop: false }`
[INFO] running `Command { std: "docker" "rm" "-f" "452e6e4ad84252f6d46df06b6f46e2afb50b291b0869f874ee523cadea6b7cd2", kill_on_drop: false }`
[INFO] [stdout] 452e6e4ad84252f6d46df06b6f46e2afb50b291b0869f874ee523cadea6b7cd2
[INFO] running `Command { std: "docker" "create" "-v" "/var/lib/crater-agent-workspace/builds/worker-1-tc1/target:/opt/rustwide/target:rw,Z" "-v" "/var/lib/crater-agent-workspace/builds/worker-1-tc1/source:/opt/rustwide/workdir:ro,Z" "-v" "/var/lib/crater-agent-workspace/cargo-home:/opt/rustwide/cargo-home:ro,Z" "-v" "/var/lib/crater-agent-workspace/rustup-home:/opt/rustwide/rustup-home:ro,Z" "-e" "SOURCE_DIR=/opt/rustwide/workdir" "-e" "CARGO_TARGET_DIR=/opt/rustwide/target" "-e" "CARGO_INCREMENTAL=0" "-e" "RUST_BACKTRACE=full" "-e" "RUSTFLAGS=--cap-lints=warn" "-e" "RUSTDOCFLAGS=--cap-lints=warn" "-e" "CARGO_HOME=/opt/rustwide/cargo-home" "-e" "RUSTUP_HOME=/opt/rustwide/rustup-home" "-w" "/opt/rustwide/workdir" "-m" "1610612736" "--user" "0:0" "--network" "none" "ghcr.io/rust-lang/crates-build-env/linux@sha256:2788e3201cd34a07e3172128adcd8b3090168a8e3bcc40d7c032b9dda1df7d1c" "/opt/rustwide/cargo-home/bin/cargo" "+1.75.0" "build" "--frozen" "--message-format=json", kill_on_drop: false }`
[INFO] [stdout] bf398ca923dae1a52862a6d9a9cde469d96c96b67f584f51f80633e30e9e1ea6
[INFO] running `Command { std: "docker" "start" "-a" "bf398ca923dae1a52862a6d9a9cde469d96c96b67f584f51f80633e30e9e1ea6", kill_on_drop: false }`
[INFO] [stderr]    Compiling libc v0.2.144
[INFO] [stderr]    Compiling proc-macro2 v1.0.56
[INFO] [stderr]    Compiling quote v1.0.27
[INFO] [stderr]    Compiling unicode-ident v1.0.8
[INFO] [stderr]    Compiling cc v1.0.79
[INFO] [stderr]    Compiling itoa v1.0.6
[INFO] [stderr]    Compiling serde v1.0.163
[INFO] [stderr]    Compiling once_cell v1.17.1
[INFO] [stderr]    Compiling tinyvec_macros v0.1.1
[INFO] [stderr]    Compiling percent-encoding v2.2.0
[INFO] [stderr]    Compiling unicode-bidi v0.3.13
[INFO] [stderr]    Compiling ryu v1.0.13
[INFO] [stderr]    Compiling serde_json v1.0.96
[INFO] [stderr]    Compiling pkg-config v0.3.27
[INFO] [stderr]    Compiling futures-core v0.3.28
[INFO] [stderr]    Compiling ppv-lite86 v0.2.17
[INFO] [stderr]    Compiling tinyvec v1.6.0
[INFO] [stderr]    Compiling thiserror v1.0.40
[INFO] [stderr]    Compiling form_urlencoded v1.1.0
[INFO] [stderr]    Compiling tokio v1.28.1
[INFO] [stderr]    Compiling time-core v0.1.1
[INFO] [stderr]    Compiling hex v0.4.3
[INFO] [stderr]    Compiling time v0.3.21
[INFO] [stderr]    Compiling futures-task v0.3.28
[INFO] [stderr]    Compiling tracing-core v0.1.31
[INFO] [stderr]    Compiling indexmap v1.9.3
[INFO] [stderr]    Compiling fnv v1.0.7
[INFO] [stderr]    Compiling foreign-types-shared v0.1.1
[INFO] [stderr]    Compiling openssl v0.10.52
[INFO] [stderr]    Compiling semver v1.0.17
[INFO] [stderr]    Compiling futures-util v0.3.28
[INFO] [stderr]    Compiling foreign-types v0.3.2
[INFO] [stderr]    Compiling http v0.2.9
[INFO] [stderr]    Compiling httparse v1.8.0
[INFO] [stderr]    Compiling futures-io v0.3.28
[INFO] [stderr]    Compiling futures-channel v0.3.28
[INFO] [stderr]    Compiling native-tls v0.2.11
[INFO] [stderr]    Compiling pin-utils v0.1.0
[INFO] [stderr]    Compiling futures-sink v0.3.28
[INFO] [stderr]    Compiling tracing v0.1.37
[INFO] [stderr]    Compiling hashbrown v0.12.3
[INFO] [stderr]    Compiling aho-corasick v1.0.1
[INFO] [stderr]    Compiling try-lock v0.2.4
[INFO] [stderr]    Compiling io-lifetimes v1.0.10
[INFO] [stderr]    Compiling unicode-normalization v0.1.22
[INFO] [stderr]    Compiling gimli v0.27.2
[INFO] [stderr]    Compiling openssl-probe v0.1.5
[INFO] [stderr]    Compiling syn v2.0.15
[INFO] [stderr]    Compiling regex-syntax v0.7.1
[INFO] [stderr]    Compiling miniz_oxide v0.6.2
[INFO] [stderr]    Compiling rustc_version v0.4.0
[INFO] [stderr]    Compiling want v0.3.0
[INFO] [stderr]    Compiling openssl-sys v0.9.87
[INFO] [stderr]    Compiling idna v0.3.0
[INFO] [stderr]    Compiling backtrace v0.3.67
[INFO] [stderr]    Compiling findshlibs v0.10.2
[INFO] [stderr]    Compiling http-body v0.4.5
[INFO] [stderr]    Compiling getrandom v0.2.9
[INFO] [stderr]    Compiling mio v0.8.6
[INFO] [stderr]    Compiling socket2 v0.4.9
[INFO] [stderr]    Compiling rand_core v0.6.4
[INFO] [stderr]    Compiling num_cpus v1.15.0
[INFO] [stderr]    Compiling object v0.30.3
[INFO] [stderr]    Compiling rustix v0.37.19
[INFO] [stderr]    Compiling rand_chacha v0.3.1
[INFO] [stderr]    Compiling tower-service v0.3.2
[INFO] [stderr]    Compiling httpdate v1.0.2
[INFO] [stderr]    Compiling rustc-demangle v0.1.23
[INFO] [stderr]    Compiling rand v0.8.5
[INFO] [stderr]    Compiling regex v1.8.1
[INFO] [stderr]    Compiling sentry-contexts v0.31.0
[INFO] [stderr]    Compiling match_cfg v0.1.0
[INFO] [stderr]    Compiling linux-raw-sys v0.3.7
[INFO] [stderr]    Compiling hostname v0.3.1
[INFO] [stderr]    Compiling uname v0.1.1
[INFO] [stderr]    Compiling combine v4.6.6
[INFO] [stderr]    Compiling encoding_rs v0.8.32
[INFO] [stderr]    Compiling mime v0.3.17
[INFO] [stderr]    Compiling static_assertions v1.1.0
[INFO] [stderr]    Compiling ipnet v2.7.2
[INFO] [stderr]    Compiling sha1_smol v1.0.0
[INFO] [stderr]    Compiling base64 v0.21.0
[INFO] [stderr]    Compiling addr2line v0.19.0
[INFO] [stderr]    Compiling nix v0.26.2
[INFO] [stderr]    Compiling time v0.1.45
[INFO] [stderr]    Compiling instant v0.1.12
[INFO] [stderr]    Compiling iana-time-zone v0.1.56
[INFO] [stderr]    Compiling humantime v2.1.0
[INFO] [stderr]    Compiling termcolor v1.2.0
[INFO] [stderr]    Compiling backoff v0.4.0
[INFO] [stderr]    Compiling gethostname v0.4.3
[INFO] [stderr]    Compiling chrono v0.4.24
[INFO] [stderr]    Compiling ctrlc v3.2.5
[INFO] [stderr]    Compiling is-terminal v0.4.7
[INFO] [stderr]    Compiling env_logger v0.10.0
[INFO] [stderr]    Compiling serde_derive v1.0.163
[INFO] [stderr]    Compiling thiserror-impl v1.0.40
[INFO] [stderr]    Compiling openssl-macros v0.1.1
[INFO] [stderr]    Compiling tokio-util v0.7.8
[INFO] [stderr]    Compiling h2 v0.3.19
[INFO] [stderr]    Compiling tokio-native-tls v0.3.1
[INFO] [stderr]    Compiling hyper v0.14.26
[INFO] [stderr]    Compiling url v2.3.1
[INFO] [stderr]    Compiling uuid v1.3.2
[INFO] [stderr]    Compiling serde_urlencoded v0.7.1
[INFO] [stderr]    Compiling envy v0.4.2
[INFO] [stderr]    Compiling debugid v0.8.0
[INFO] [stderr]    Compiling hyper-tls v0.5.0
[INFO] [stderr]    Compiling sentry-types v0.31.0
[INFO] [stderr]    Compiling reqwest v0.11.17
[INFO] [stderr]    Compiling redis v0.23.0
[INFO] [stderr]    Compiling redis-test v0.2.0
[INFO] [stderr]    Compiling sentry-core v0.31.0
[INFO] [stderr]    Compiling sentry-backtrace v0.31.0
[INFO] [stderr]    Compiling sentry-debug-images v0.31.0
[INFO] [stderr]    Compiling sentry-log v0.31.0
[INFO] [stderr]    Compiling sentry-panic v0.31.0
[INFO] [stderr]    Compiling sentry v0.31.0
[INFO] [stderr]    Compiling messagebroker v0.1.0 (/opt/rustwide/workdir)
[INFO] [stderr]     Finished dev [unoptimized + debuginfo] target(s) in 18.08s
[INFO] running `Command { std: "docker" "inspect" "bf398ca923dae1a52862a6d9a9cde469d96c96b67f584f51f80633e30e9e1ea6", kill_on_drop: false }`
[INFO] running `Command { std: "docker" "rm" "-f" "bf398ca923dae1a52862a6d9a9cde469d96c96b67f584f51f80633e30e9e1ea6", kill_on_drop: false }`
[INFO] [stdout] bf398ca923dae1a52862a6d9a9cde469d96c96b67f584f51f80633e30e9e1ea6
[INFO] running `Command { std: "docker" "create" "-v" "/var/lib/crater-agent-workspace/builds/worker-1-tc1/target:/opt/rustwide/target:rw,Z" "-v" "/var/lib/crater-agent-workspace/builds/worker-1-tc1/source:/opt/rustwide/workdir:ro,Z" "-v" "/var/lib/crater-agent-workspace/cargo-home:/opt/rustwide/cargo-home:ro,Z" "-v" "/var/lib/crater-agent-workspace/rustup-home:/opt/rustwide/rustup-home:ro,Z" "-e" "SOURCE_DIR=/opt/rustwide/workdir" "-e" "CARGO_TARGET_DIR=/opt/rustwide/target" "-e" "CARGO_INCREMENTAL=0" "-e" "RUST_BACKTRACE=full" "-e" "RUSTFLAGS=--cap-lints=warn" "-e" "RUSTDOCFLAGS=--cap-lints=warn" "-e" "CARGO_HOME=/opt/rustwide/cargo-home" "-e" "RUSTUP_HOME=/opt/rustwide/rustup-home" "-w" "/opt/rustwide/workdir" "-m" "1610612736" "--user" "0:0" "--network" "none" "ghcr.io/rust-lang/crates-build-env/linux@sha256:2788e3201cd34a07e3172128adcd8b3090168a8e3bcc40d7c032b9dda1df7d1c" "/opt/rustwide/cargo-home/bin/cargo" "+1.75.0" "test" "--frozen" "--no-run" "--message-format=json", kill_on_drop: false }`
[INFO] [stdout] 46d8c63d2484643c467768762226354bf2f72bb75838d3dd9e846d4fa3c6e2fc
[INFO] running `Command { std: "docker" "start" "-a" "46d8c63d2484643c467768762226354bf2f72bb75838d3dd9e846d4fa3c6e2fc", kill_on_drop: false }`
[INFO] [stderr]    Compiling messagebroker v0.1.0 (/opt/rustwide/workdir)
[INFO] [stderr]     Finished test [unoptimized + debuginfo] target(s) in 1.98s
[INFO] running `Command { std: "docker" "inspect" "46d8c63d2484643c467768762226354bf2f72bb75838d3dd9e846d4fa3c6e2fc", kill_on_drop: false }`
[INFO] running `Command { std: "docker" "rm" "-f" "46d8c63d2484643c467768762226354bf2f72bb75838d3dd9e846d4fa3c6e2fc", kill_on_drop: false }`
[INFO] [stdout] 46d8c63d2484643c467768762226354bf2f72bb75838d3dd9e846d4fa3c6e2fc
[INFO] running `Command { std: "docker" "create" "-v" "/var/lib/crater-agent-workspace/builds/worker-1-tc1/target:/opt/rustwide/target:rw,Z" "-v" "/var/lib/crater-agent-workspace/builds/worker-1-tc1/source:/opt/rustwide/workdir:ro,Z" "-v" "/var/lib/crater-agent-workspace/cargo-home:/opt/rustwide/cargo-home:ro,Z" "-v" "/var/lib/crater-agent-workspace/rustup-home:/opt/rustwide/rustup-home:ro,Z" "-e" "SOURCE_DIR=/opt/rustwide/workdir" "-e" "CARGO_TARGET_DIR=/opt/rustwide/target" "-e" "CARGO_INCREMENTAL=0" "-e" "RUST_BACKTRACE=full" "-e" "RUSTFLAGS=--cap-lints=warn" "-e" "RUSTDOCFLAGS=--cap-lints=warn" "-e" "CARGO_HOME=/opt/rustwide/cargo-home" "-e" "RUSTUP_HOME=/opt/rustwide/rustup-home" "-w" "/opt/rustwide/workdir" "-m" "1610612736" "--user" "0:0" "--network" "none" "ghcr.io/rust-lang/crates-build-env/linux@sha256:2788e3201cd34a07e3172128adcd8b3090168a8e3bcc40d7c032b9dda1df7d1c" "/opt/rustwide/cargo-home/bin/cargo" "+1.75.0" "test" "--frozen", kill_on_drop: false }`
[INFO] [stdout] 36ca0e4ac437f6b9a5ddcb678697eba6274182c79448e3900a0c0beb5abaaa3a
[INFO] running `Command { std: "docker" "start" "-a" "36ca0e4ac437f6b9a5ddcb678697eba6274182c79448e3900a0c0beb5abaaa3a", kill_on_drop: false }`
[INFO] [stderr]     Finished test [unoptimized + debuginfo] target(s) in 0.10s
[INFO] [stderr]      Running unittests src/lib.rs (/opt/rustwide/target/debug/deps/messagebroker-b7bef758a0d2fb9e)
[INFO] [stdout] 
[INFO] [stdout] running 18 tests
[INFO] [stdout] test broker::test_get_handler_filters::it_loads_filters ... ok
[INFO] [stdout] test broker::test_get_handler_filters::multiple_handlers ... ok
[INFO] [stdout] test broker::test_get_handler_filters::empty_strings_match_all ... ok
[INFO] [stdout] test broker::test_get_handler_filters::crazy_spaces ... ok
[INFO] [stdout] test broker::test_get_handler_filters::single_handler ... ok
[INFO] [stdout] test message::test_from_redis_value::it_fails_for_missing_message_type ... ok
[INFO] [stdout] test message::test_from_redis_value::it_fails_on_invalid_json ... ok
[INFO] [stdout] test message::test_from_redis_value::it_fails_on_wrong_json ... ok
[INFO] [stdout] test message::test_from_redis_value::it_generates_uuids ... ok
[INFO] [stdout] test message::test_from_redis_value::it_parses ... ok
[INFO] [stdout] test message::test_from_redis_value::it_parses_uuids ... ok
[INFO] [stdout] test message::test_from_redis_value::it_reformats_uuids ... ok
[INFO] [stdout] test message::test_from_redis_value::it_validates_uuids ... ok
[INFO] [stdout] test message::test_only_for::it_accepts_strings ... ok
[INFO] [stdout] test message::test_only_for::it_discards_non_strings ... ok
[INFO] [stdout] test message::test_only_for::it_handles_missing ... ok
[INFO] [stdout] test message::test_only_for::it_handles_wrong ... ok
[INFO] [stdout] test message::test_only_for::it_works ... ok
[INFO] [stdout] 
[INFO] [stdout] test result: ok. 18 passed; 0 failed; 0 ignored; 0 measured; 0 filtered out; finished in 0.00s
[INFO] [stdout] 
[INFO] [stderr]      Running unittests src/bin/broker.rs (/opt/rustwide/target/debug/deps/broker-5fb4724ba28d53f6)
[INFO] [stdout] 
[INFO] [stdout] running 0 tests
[INFO] [stdout] 
[INFO] [stdout] test result: ok. 0 passed; 0 failed; 0 ignored; 0 measured; 0 filtered out; finished in 0.00s
[INFO] [stdout] 
[INFO] [stderr]      Running unittests src/bin/retries.rs (/opt/rustwide/target/debug/deps/retries-cdf7b963a3504e1d)
[INFO] [stdout] 
[INFO] [stdout] running 0 tests
[INFO] [stdout] 
[INFO] [stdout] test result: ok. 0 passed; 0 failed; 0 ignored; 0 measured; 0 filtered out; finished in 0.00s
[INFO] [stdout] 
[INFO] [stderr]    Doc-tests messagebroker
[INFO] [stdout] 
[INFO] [stdout] running 1 test
[INFO] [stdout] test src/retries.rs - retries::Message (line 7) ... FAILED
[INFO] [stdout] 
[INFO] [stdout] failures:
[INFO] [stdout] 
[INFO] [stdout] ---- src/retries.rs - retries::Message (line 7) stdout ----
[INFO] [stdout] error: statements are terminated with a semicolon
[INFO] [stdout]  --> src/retries.rs:8:5
[INFO] [stdout]   |
[INFO] [stdout] 3 | http://www.apache.org/licenses/LICENSE-2.0
[INFO] [stdout]   |     ^ help: use a semicolon instead: `;`
[INFO] [stdout] 
[INFO] [stdout] error[E0425]: cannot find value `http` in this scope
[INFO] [stdout]  --> src/retries.rs:8:1
[INFO] [stdout]   |
[INFO] [stdout] 3 | http://www.apache.org/licenses/LICENSE-2.0
[INFO] [stdout]   | ^^^^ not found in this scope
[INFO] [stdout] 
[INFO] [stdout] error: aborting due to 2 previous errors
[INFO] [stdout] 
[INFO] [stdout] For more information about this error, try `rustc --explain E0425`.
[INFO] [stdout] Couldn't compile the test.
[INFO] [stdout] 
[INFO] [stdout] failures:
[INFO] [stdout]     src/retries.rs - retries::Message (line 7)
[INFO] [stdout] 
[INFO] [stdout] test result: FAILED. 0 passed; 1 failed; 0 ignored; 0 measured; 0 filtered out; finished in 0.07s
[INFO] [stdout] 
[INFO] [stderr] error: doctest failed, to rerun pass `--doc`
[INFO] running `Command { std: "docker" "inspect" "36ca0e4ac437f6b9a5ddcb678697eba6274182c79448e3900a0c0beb5abaaa3a", kill_on_drop: false }`
[INFO] running `Command { std: "docker" "rm" "-f" "36ca0e4ac437f6b9a5ddcb678697eba6274182c79448e3900a0c0beb5abaaa3a", kill_on_drop: false }`
[INFO] [stdout] 36ca0e4ac437f6b9a5ddcb678697eba6274182c79448e3900a0c0beb5abaaa3a
[INFO] testing Lexicality/messagebroker against beta-2023-12-22 for beta-1.76-1
[INFO] running `Command { std: "git" "clone" "/workspace/cache/git-repos/https%3A%2F%2Fgithub.com%2FLexicality%2Fmessagebroker" "/workspace/builds/worker-1-tc2/source", kill_on_drop: false }`
[INFO] [stderr] Cloning into '/workspace/builds/worker-1-tc2/source'...
[INFO] [stderr] done.
[INFO] validating manifest of git repo https://github.com/Lexicality/messagebroker on toolchain beta-2023-12-22
[INFO] running `Command { std: CARGO_HOME="/workspace/cargo-home" RUSTUP_HOME="/workspace/rustup-home" "/workspace/cargo-home/bin/cargo" "+beta-2023-12-22" "metadata" "--manifest-path" "Cargo.toml" "--no-deps", kill_on_drop: false }`
[INFO] started tweaking git repo https://github.com/Lexicality/messagebroker
[INFO] finished tweaking git repo https://github.com/Lexicality/messagebroker
[INFO] tweaked toml for git repo https://github.com/Lexicality/messagebroker written to /workspace/builds/worker-1-tc2/source/Cargo.toml
[INFO] crate git repo https://github.com/Lexicality/messagebroker already has a lockfile, it will not be regenerated
[INFO] running `Command { std: CARGO_HOME="/workspace/cargo-home" RUSTUP_HOME="/workspace/rustup-home" "/workspace/cargo-home/bin/cargo" "+beta-2023-12-22" "fetch" "--manifest-path" "Cargo.toml", kill_on_drop: false }`
[INFO] running `Command { std: "docker" "create" "-v" "/var/lib/crater-agent-workspace/builds/worker-1-tc2/target:/opt/rustwide/target:rw,Z" "-v" "/var/lib/crater-agent-workspace/builds/worker-1-tc2/source:/opt/rustwide/workdir:ro,Z" "-v" "/var/lib/crater-agent-workspace/cargo-home:/opt/rustwide/cargo-home:ro,Z" "-v" "/var/lib/crater-agent-workspace/rustup-home:/opt/rustwide/rustup-home:ro,Z" "-e" "SOURCE_DIR=/opt/rustwide/workdir" "-e" "CARGO_TARGET_DIR=/opt/rustwide/target" "-e" "CARGO_HOME=/opt/rustwide/cargo-home" "-e" "RUSTUP_HOME=/opt/rustwide/rustup-home" "-w" "/opt/rustwide/workdir" "-m" "1610612736" "--user" "0:0" "--network" "none" "ghcr.io/rust-lang/crates-build-env/linux@sha256:2788e3201cd34a07e3172128adcd8b3090168a8e3bcc40d7c032b9dda1df7d1c" "/opt/rustwide/cargo-home/bin/cargo" "+beta-2023-12-22" "metadata" "--no-deps" "--format-version=1", kill_on_drop: false }`
[INFO] [stdout] eca13c934599644cd2507a680fb5e7b8565f1dd7c79c73740305e6cfb54e0b3c
[INFO] running `Command { std: "docker" "start" "-a" "eca13c934599644cd2507a680fb5e7b8565f1dd7c79c73740305e6cfb54e0b3c", kill_on_drop: false }`
[INFO] running `Command { std: "docker" "inspect" "eca13c934599644cd2507a680fb5e7b8565f1dd7c79c73740305e6cfb54e0b3c", kill_on_drop: false }`
[INFO] running `Command { std: "docker" "rm" "-f" "eca13c934599644cd2507a680fb5e7b8565f1dd7c79c73740305e6cfb54e0b3c", kill_on_drop: false }`
[INFO] [stdout] eca13c934599644cd2507a680fb5e7b8565f1dd7c79c73740305e6cfb54e0b3c
[INFO] running `Command { std: "docker" "create" "-v" "/var/lib/crater-agent-workspace/builds/worker-1-tc2/target:/opt/rustwide/target:rw,Z" "-v" "/var/lib/crater-agent-workspace/builds/worker-1-tc2/source:/opt/rustwide/workdir:ro,Z" "-v" "/var/lib/crater-agent-workspace/cargo-home:/opt/rustwide/cargo-home:ro,Z" "-v" "/var/lib/crater-agent-workspace/rustup-home:/opt/rustwide/rustup-home:ro,Z" "-e" "SOURCE_DIR=/opt/rustwide/workdir" "-e" "CARGO_TARGET_DIR=/opt/rustwide/target" "-e" "CARGO_INCREMENTAL=0" "-e" "RUST_BACKTRACE=full" "-e" "RUSTFLAGS=--cap-lints=warn" "-e" "RUSTDOCFLAGS=--cap-lints=warn" "-e" "CARGO_HOME=/opt/rustwide/cargo-home" "-e" "RUSTUP_HOME=/opt/rustwide/rustup-home" "-w" "/opt/rustwide/workdir" "-m" "1610612736" "--user" "0:0" "--network" "none" "ghcr.io/rust-lang/crates-build-env/linux@sha256:2788e3201cd34a07e3172128adcd8b3090168a8e3bcc40d7c032b9dda1df7d1c" "/opt/rustwide/cargo-home/bin/cargo" "+beta-2023-12-22" "build" "--frozen" "--message-format=json", kill_on_drop: false }`
[INFO] [stdout] c710d6337c3d0313a48ebc59704bb46835419f1e1806d940461b133c342d6992
[INFO] running `Command { std: "docker" "start" "-a" "c710d6337c3d0313a48ebc59704bb46835419f1e1806d940461b133c342d6992", kill_on_drop: false }`
[INFO] [stderr]    Compiling libc v0.2.144
[INFO] [stderr]    Compiling proc-macro2 v1.0.56
[INFO] [stderr]    Compiling unicode-ident v1.0.8
[INFO] [stderr]    Compiling quote v1.0.27
[INFO] [stderr]    Compiling cc v1.0.79
[INFO] [stderr]    Compiling serde v1.0.163
[INFO] [stderr]    Compiling itoa v1.0.6
[INFO] [stderr]    Compiling once_cell v1.17.1
[INFO] [stderr]    Compiling tinyvec_macros v0.1.1
[INFO] [stderr]    Compiling percent-encoding v2.2.0
[INFO] [stderr]    Compiling serde_json v1.0.96
[INFO] [stderr]    Compiling unicode-bidi v0.3.13
[INFO] [stderr]    Compiling ryu v1.0.13
[INFO] [stderr]    Compiling tinyvec v1.6.0
[INFO] [stderr]    Compiling pkg-config v0.3.27
[INFO] [stderr]    Compiling thiserror v1.0.40
[INFO] [stderr]    Compiling futures-core v0.3.28
[INFO] [stderr]    Compiling form_urlencoded v1.1.0
[INFO] [stderr]    Compiling ppv-lite86 v0.2.17
[INFO] [stderr]    Compiling tokio v1.28.1
[INFO] [stderr]    Compiling time-core v0.1.1
[INFO] [stderr]    Compiling futures-task v0.3.28
[INFO] [stderr]    Compiling hex v0.4.3
[INFO] [stderr]    Compiling tracing-core v0.1.31
[INFO] [stderr]    Compiling time v0.3.21
[INFO] [stderr]    Compiling indexmap v1.9.3
[INFO] [stderr]    Compiling foreign-types-shared v0.1.1
[INFO] [stderr]    Compiling fnv v1.0.7
[INFO] [stderr]    Compiling openssl v0.10.52
[INFO] [stderr]    Compiling semver v1.0.17
[INFO] [stderr]    Compiling futures-util v0.3.28
[INFO] [stderr]    Compiling http v0.2.9
[INFO] [stderr]    Compiling foreign-types v0.3.2
[INFO] [stderr]    Compiling hashbrown v0.12.3
[INFO] [stderr]    Compiling futures-channel v0.3.28
[INFO] [stderr]    Compiling futures-sink v0.3.28
[INFO] [stderr]    Compiling futures-io v0.3.28
[INFO] [stderr]    Compiling native-tls v0.2.11
[INFO] [stderr]    Compiling tracing v0.1.37
[INFO] [stderr]    Compiling pin-utils v0.1.0
[INFO] [stderr]    Compiling httparse v1.8.0
[INFO] [stderr]    Compiling aho-corasick v1.0.1
[INFO] [stderr]    Compiling syn v2.0.15
[INFO] [stderr]    Compiling unicode-normalization v0.1.22
[INFO] [stderr]    Compiling try-lock v0.2.4
[INFO] [stderr]    Compiling gimli v0.27.2
[INFO] [stderr]    Compiling openssl-probe v0.1.5
[INFO] [stderr]    Compiling regex-syntax v0.7.1
[INFO] [stderr]    Compiling io-lifetimes v1.0.10
[INFO] [stderr]    Compiling miniz_oxide v0.6.2
[INFO] [stderr]    Compiling want v0.3.0
[INFO] [stderr]    Compiling http-body v0.4.5
[INFO] [stderr]    Compiling openssl-sys v0.9.87
[INFO] [stderr]    Compiling backtrace v0.3.67
[INFO] [stderr]    Compiling idna v0.3.0
[INFO] [stderr]    Compiling findshlibs v0.10.2
[INFO] [stderr]    Compiling rustc_version v0.4.0
[INFO] [stderr]    Compiling object v0.30.3
[INFO] [stderr]    Compiling getrandom v0.2.9
[INFO] [stderr]    Compiling socket2 v0.4.9
[INFO] [stderr]    Compiling num_cpus v1.15.0
[INFO] [stderr]    Compiling rand_core v0.6.4
[INFO] [stderr]    Compiling mio v0.8.6
[INFO] [stderr]    Compiling tower-service v0.3.2
[INFO] [stderr]    Compiling httpdate v1.0.2
[INFO] [stderr]    Compiling rand_chacha v0.3.1
[INFO] [stderr]    Compiling rustix v0.37.19
[INFO] [stderr]    Compiling rustc-demangle v0.1.23
[INFO] [stderr]    Compiling rand v0.8.5
[INFO] [stderr]    Compiling sentry-contexts v0.31.0
[INFO] [stderr]    Compiling regex v1.8.1
[INFO] [stderr]    Compiling match_cfg v0.1.0
[INFO] [stderr]    Compiling linux-raw-sys v0.3.7
[INFO] [stderr]    Compiling hostname v0.3.1
[INFO] [stderr]    Compiling uname v0.1.1
[INFO] [stderr]    Compiling combine v4.6.6
[INFO] [stderr]    Compiling encoding_rs v0.8.32
[INFO] [stderr]    Compiling sha1_smol v1.0.0
[INFO] [stderr]    Compiling mime v0.3.17
[INFO] [stderr]    Compiling ipnet v2.7.2
[INFO] [stderr]    Compiling static_assertions v1.1.0
[INFO] [stderr]    Compiling base64 v0.21.0
[INFO] [stderr]    Compiling addr2line v0.19.0
[INFO] [stderr]    Compiling nix v0.26.2
[INFO] [stderr]    Compiling time v0.1.45
[INFO] [stderr]    Compiling instant v0.1.12
[INFO] [stderr]    Compiling termcolor v1.2.0
[INFO] [stderr]    Compiling iana-time-zone v0.1.56
[INFO] [stderr]    Compiling humantime v2.1.0
[INFO] [stderr]    Compiling backoff v0.4.0
[INFO] [stderr]    Compiling gethostname v0.4.3
[INFO] [stderr]    Compiling chrono v0.4.24
[INFO] [stderr]    Compiling ctrlc v3.2.5
[INFO] [stderr]    Compiling is-terminal v0.4.7
[INFO] [stderr]    Compiling env_logger v0.10.0
[INFO] [stderr]    Compiling serde_derive v1.0.163
[INFO] [stderr]    Compiling thiserror-impl v1.0.40
[INFO] [stderr]    Compiling openssl-macros v0.1.1
[INFO] [stderr]    Compiling tokio-util v0.7.8
[INFO] [stderr]    Compiling h2 v0.3.19
[INFO] [stderr]    Compiling tokio-native-tls v0.3.1
[INFO] [stderr]    Compiling hyper v0.14.26
[INFO] [stderr]    Compiling url v2.3.1
[INFO] [stderr]    Compiling uuid v1.3.2
[INFO] [stderr]    Compiling serde_urlencoded v0.7.1
[INFO] [stderr]    Compiling envy v0.4.2
[INFO] [stderr]    Compiling debugid v0.8.0
[INFO] [stderr]    Compiling sentry-types v0.31.0
[INFO] [stderr]    Compiling redis v0.23.0
[INFO] [stderr]    Compiling hyper-tls v0.5.0
[INFO] [stderr]    Compiling reqwest v0.11.17
[INFO] [stderr]    Compiling redis-test v0.2.0
[INFO] [stderr]    Compiling sentry-core v0.31.0
[INFO] [stderr]    Compiling sentry-backtrace v0.31.0
[INFO] [stderr]    Compiling sentry-log v0.31.0
[INFO] [stderr]    Compiling sentry-debug-images v0.31.0
[INFO] [stderr]    Compiling sentry-panic v0.31.0
[INFO] [stderr]    Compiling sentry v0.31.0
[INFO] [stderr]    Compiling messagebroker v0.1.0 (/opt/rustwide/workdir)
[INFO] [stderr]     Finished dev [unoptimized + debuginfo] target(s) in 20.13s
[INFO] running `Command { std: "docker" "inspect" "c710d6337c3d0313a48ebc59704bb46835419f1e1806d940461b133c342d6992", kill_on_drop: false }`
[INFO] running `Command { std: "docker" "rm" "-f" "c710d6337c3d0313a48ebc59704bb46835419f1e1806d940461b133c342d6992", kill_on_drop: false }`
[INFO] [stdout] c710d6337c3d0313a48ebc59704bb46835419f1e1806d940461b133c342d6992
[INFO] running `Command { std: "docker" "create" "-v" "/var/lib/crater-agent-workspace/builds/worker-1-tc2/target:/opt/rustwide/target:rw,Z" "-v" "/var/lib/crater-agent-workspace/builds/worker-1-tc2/source:/opt/rustwide/workdir:ro,Z" "-v" "/var/lib/crater-agent-workspace/cargo-home:/opt/rustwide/cargo-home:ro,Z" "-v" "/var/lib/crater-agent-workspace/rustup-home:/opt/rustwide/rustup-home:ro,Z" "-e" "SOURCE_DIR=/opt/rustwide/workdir" "-e" "CARGO_TARGET_DIR=/opt/rustwide/target" "-e" "CARGO_INCREMENTAL=0" "-e" "RUST_BACKTRACE=full" "-e" "RUSTFLAGS=--cap-lints=warn" "-e" "RUSTDOCFLAGS=--cap-lints=warn" "-e" "CARGO_HOME=/opt/rustwide/cargo-home" "-e" "RUSTUP_HOME=/opt/rustwide/rustup-home" "-w" "/opt/rustwide/workdir" "-m" "1610612736" "--user" "0:0" "--network" "none" "ghcr.io/rust-lang/crates-build-env/linux@sha256:2788e3201cd34a07e3172128adcd8b3090168a8e3bcc40d7c032b9dda1df7d1c" "/opt/rustwide/cargo-home/bin/cargo" "+beta-2023-12-22" "test" "--frozen" "--no-run" "--message-format=json", kill_on_drop: false }`
[INFO] [stdout] 2963840ef9a76991b1da3c114df8acaec673a5f88001d9e797dfd7188e3e4497
[INFO] running `Command { std: "docker" "start" "-a" "2963840ef9a76991b1da3c114df8acaec673a5f88001d9e797dfd7188e3e4497", kill_on_drop: false }`
[INFO] [stderr]    Compiling messagebroker v0.1.0 (/opt/rustwide/workdir)
[INFO] [stderr]     Finished test [unoptimized + debuginfo] target(s) in 2.11s
[INFO] running `Command { std: "docker" "inspect" "2963840ef9a76991b1da3c114df8acaec673a5f88001d9e797dfd7188e3e4497", kill_on_drop: false }`
[INFO] running `Command { std: "docker" "rm" "-f" "2963840ef9a76991b1da3c114df8acaec673a5f88001d9e797dfd7188e3e4497", kill_on_drop: false }`
[INFO] [stdout] 2963840ef9a76991b1da3c114df8acaec673a5f88001d9e797dfd7188e3e4497
[INFO] running `Command { std: "docker" "create" "-v" "/var/lib/crater-agent-workspace/builds/worker-1-tc2/target:/opt/rustwide/target:rw,Z" "-v" "/var/lib/crater-agent-workspace/builds/worker-1-tc2/source:/opt/rustwide/workdir:ro,Z" "-v" "/var/lib/crater-agent-workspace/cargo-home:/opt/rustwide/cargo-home:ro,Z" "-v" "/var/lib/crater-agent-workspace/rustup-home:/opt/rustwide/rustup-home:ro,Z" "-e" "SOURCE_DIR=/opt/rustwide/workdir" "-e" "CARGO_TARGET_DIR=/opt/rustwide/target" "-e" "CARGO_INCREMENTAL=0" "-e" "RUST_BACKTRACE=full" "-e" "RUSTFLAGS=--cap-lints=warn" "-e" "RUSTDOCFLAGS=--cap-lints=warn" "-e" "CARGO_HOME=/opt/rustwide/cargo-home" "-e" "RUSTUP_HOME=/opt/rustwide/rustup-home" "-w" "/opt/rustwide/workdir" "-m" "1610612736" "--user" "0:0" "--network" "none" "ghcr.io/rust-lang/crates-build-env/linux@sha256:2788e3201cd34a07e3172128adcd8b3090168a8e3bcc40d7c032b9dda1df7d1c" "/opt/rustwide/cargo-home/bin/cargo" "+beta-2023-12-22" "test" "--frozen", kill_on_drop: false }`
[INFO] [stdout] d76f253a886512b38f829edca3efddd08686013249067595258e7f51795382a7
[INFO] running `Command { std: "docker" "start" "-a" "d76f253a886512b38f829edca3efddd08686013249067595258e7f51795382a7", kill_on_drop: false }`
[INFO] [stderr]     Finished test [unoptimized + debuginfo] target(s) in 0.10s
[INFO] [stderr]      Running unittests src/lib.rs (/opt/rustwide/target/debug/deps/messagebroker-b87ab6faabb82e73)
[INFO] [stdout] 
[INFO] [stdout] running 18 tests
[INFO] [stdout] test broker::test_get_handler_filters::single_handler ... ok
[INFO] [stdout] test broker::test_get_handler_filters::it_loads_filters ... ok
[INFO] [stdout] test broker::test_get_handler_filters::multiple_handlers ... ok
[INFO] [stdout] test broker::test_get_handler_filters::empty_strings_match_all ... ok
[INFO] [stdout] test broker::test_get_handler_filters::crazy_spaces ... ok
[INFO] [stdout] test message::test_from_redis_value::it_fails_for_missing_message_type ... ok
[INFO] [stdout] test message::test_from_redis_value::it_fails_on_invalid_json ... ok
[INFO] [stdout] test message::test_from_redis_value::it_fails_on_wrong_json ... ok
[INFO] [stdout] test message::test_from_redis_value::it_generates_uuids ... ok
[INFO] [stdout] test message::test_from_redis_value::it_parses ... ok
[INFO] [stdout] test message::test_from_redis_value::it_parses_uuids ... ok
[INFO] [stdout] test message::test_from_redis_value::it_reformats_uuids ... ok
[INFO] [stdout] test message::test_from_redis_value::it_validates_uuids ... ok
[INFO] [stdout] test message::test_only_for::it_accepts_strings ... ok
[INFO] [stdout] test message::test_only_for::it_discards_non_strings ... ok
[INFO] [stdout] test message::test_only_for::it_handles_missing ... ok
[INFO] [stdout] test message::test_only_for::it_handles_wrong ... ok
[INFO] [stdout] test message::test_only_for::it_works ... ok
[INFO] [stdout] 
[INFO] [stdout] test result: ok. 18 passed; 0 failed; 0 ignored; 0 measured; 0 filtered out; finished in 0.00s
[INFO] [stdout] 
[INFO] [stderr]      Running unittests src/bin/broker.rs (/opt/rustwide/target/debug/deps/broker-cbbfa54228f499a3)
[INFO] [stdout] 
[INFO] [stdout] running 0 tests
[INFO] [stdout] 
[INFO] [stdout] test result: ok. 0 passed; 0 failed; 0 ignored; 0 measured; 0 filtered out; finished in 0.00s
[INFO] [stdout] 
[INFO] [stderr]      Running unittests src/bin/retries.rs (/opt/rustwide/target/debug/deps/retries-d39ee8bf080f60fb)
[INFO] [stdout] 
[INFO] [stdout] running 0 tests
[INFO] [stdout] 
[INFO] [stdout] test result: ok. 0 passed; 0 failed; 0 ignored; 0 measured; 0 filtered out; finished in 0.00s
[INFO] [stdout] 
[INFO] [stderr]    Doc-tests messagebroker
[INFO] [stdout] 
[INFO] [stdout] running 1 test
[INFO] [stdout] test src/retries.rs - retries::Message (line 7) ... FAILED
[INFO] [stdout] 
[INFO] [stdout] failures:
[INFO] [stdout] 
[INFO] [stdout] ---- src/retries.rs - retries::Message (line 7) stdout ----
[INFO] [stdout] error: statements are terminated with a semicolon
[INFO] [stdout]  --> src/retries.rs:8:5
[INFO] [stdout]   |
[INFO] [stdout] 3 | http://www.apache.org/licenses/LICENSE-2.0
[INFO] [stdout]   |     ^ help: use a semicolon instead: `;`
[INFO] [stdout] 
[INFO] [stdout] error[E0425]: cannot find value `http` in this scope
[INFO] [stdout]  --> src/retries.rs:8:1
[INFO] [stdout]   |
[INFO] [stdout] 3 | http://www.apache.org/licenses/LICENSE-2.0
[INFO] [stdout]   | ^^^^ not found in this scope
[INFO] [stdout] 
[INFO] [stdout] error: aborting due to 2 previous errors
[INFO] [stdout] 
[INFO] [stdout] For more information about this error, try `rustc --explain E0425`.
[INFO] [stdout] Couldn't compile the test.
[INFO] [stdout] 
[INFO] [stdout] failures:
[INFO] [stdout]     src/retries.rs - retries::Message (line 7)
[INFO] [stdout] 
[INFO] [stdout] test result: FAILED. 0 passed; 1 failed; 0 ignored; 0 measured; 0 filtered out; finished in 0.08s
[INFO] [stdout] 
[INFO] [stderr] error: doctest failed, to rerun pass `--doc`
[INFO] running `Command { std: "docker" "inspect" "d76f253a886512b38f829edca3efddd08686013249067595258e7f51795382a7", kill_on_drop: false }`
[INFO] running `Command { std: "docker" "rm" "-f" "d76f253a886512b38f829edca3efddd08686013249067595258e7f51795382a7", kill_on_drop: false }`
[INFO] [stdout] d76f253a886512b38f829edca3efddd08686013249067595258e7f51795382a7
