[INFO] cloning repository https://github.com/Levana-Protocol/levana-cosmos-rs
[INFO] running `Command { std: "git" "-c" "credential.helper=" "-c" "credential.helper=/workspace/cargo-home/bin/git-credential-null" "clone" "--bare" "https://github.com/Levana-Protocol/levana-cosmos-rs" "/workspace/cache/git-repos/https%3A%2F%2Fgithub.com%2FLevana-Protocol%2Flevana-cosmos-rs", kill_on_drop: false }`
[INFO] [stderr] Cloning into bare repository '/workspace/cache/git-repos/https%3A%2F%2Fgithub.com%2FLevana-Protocol%2Flevana-cosmos-rs'...
[INFO] running `Command { std: "git" "rev-parse" "HEAD", kill_on_drop: false }`
[INFO] [stdout] 639ebf2a0199c23a5245bd1c5d31668f5d4045c3
[INFO] testing Levana-Protocol/levana-cosmos-rs against 1.75.0 for beta-1.76-1
[INFO] running `Command { std: "git" "clone" "/workspace/cache/git-repos/https%3A%2F%2Fgithub.com%2FLevana-Protocol%2Flevana-cosmos-rs" "/workspace/builds/worker-4-tc1/source", kill_on_drop: false }`
[INFO] [stderr] Cloning into '/workspace/builds/worker-4-tc1/source'...
[INFO] [stderr] done.
[INFO] validating manifest of git repo https://github.com/Levana-Protocol/levana-cosmos-rs on toolchain 1.75.0
[INFO] running `Command { std: CARGO_HOME="/workspace/cargo-home" RUSTUP_HOME="/workspace/rustup-home" "/workspace/cargo-home/bin/cargo" "+1.75.0" "metadata" "--manifest-path" "Cargo.toml" "--no-deps", kill_on_drop: false }`
[INFO] removed /workspace/builds/worker-4-tc1/source/rust-toolchain.toml
[INFO] started tweaking git repo https://github.com/Levana-Protocol/levana-cosmos-rs
[INFO] finished tweaking git repo https://github.com/Levana-Protocol/levana-cosmos-rs
[INFO] tweaked toml for git repo https://github.com/Levana-Protocol/levana-cosmos-rs written to /workspace/builds/worker-4-tc1/source/Cargo.toml
[INFO] crate git repo https://github.com/Levana-Protocol/levana-cosmos-rs already has a lockfile, it will not be regenerated
[INFO] running `Command { std: CARGO_HOME="/workspace/cargo-home" RUSTUP_HOME="/workspace/rustup-home" "/workspace/cargo-home/bin/cargo" "+1.75.0" "fetch" "--manifest-path" "Cargo.toml", kill_on_drop: false }`
[INFO] [stderr] warning: virtual workspace defaulting to `resolver = "1"` despite one or more workspace members being on edition 2021 which implies `resolver = "2"`
[INFO] [stderr] note: to keep the current resolver, specify `workspace.resolver = "1"` in the workspace root's manifest
[INFO] [stderr] note: to use the edition 2021 resolver, specify `workspace.resolver = "2"` in the workspace root's manifest
[INFO] [stderr] note: for more details see https://doc.rust-lang.org/cargo/reference/resolver.html#resolver-versions
[INFO] [stderr]     Blocking waiting for file lock on package cache
[INFO] [stderr]     Updating crates.io index
[INFO] [stderr]  Downloading crates ...
[INFO] [stderr]   Downloaded cw4 v1.1.0
[INFO] [stderr]   Downloaded hkd32 v0.7.0
[INFO] [stderr]   Downloaded cosmwasm-derive v1.2.7
[INFO] [stderr]   Downloaded cw3-fixed-multisig v1.1.0
[INFO] [stderr]   Downloaded cosmwasm-schema v1.2.7
[INFO] [stderr]   Downloaded cosmwasm-crypto v1.2.7
[INFO] [stderr]   Downloaded clap_complete v4.1.2
[INFO] [stderr]   Downloaded cosmos-sdk-proto v0.16.0
[INFO] [stderr]   Downloaded cosmwasm-std v1.2.7
[INFO] [stderr]   Downloaded rustix v0.37.3
[INFO] [stderr]   Downloaded tendermint-proto v0.27.0
[INFO] [stderr]   Downloaded cw-controllers v1.1.0
[INFO] [stderr]   Downloaded const-oid v0.9.3
[INFO] [stderr]   Downloaded cw3 v1.1.0
[INFO] [stderr]   Downloaded cosmwasm-schema-derive v1.2.7
[INFO] [stderr]   Downloaded cw4-group v1.1.0
[INFO] [stderr]   Downloaded cw3-flex-multisig v1.1.0
[INFO] running `Command { std: "docker" "create" "-v" "/var/lib/crater-agent-workspace/builds/worker-4-tc1/target:/opt/rustwide/target:rw,Z" "-v" "/var/lib/crater-agent-workspace/builds/worker-4-tc1/source:/opt/rustwide/workdir:ro,Z" "-v" "/var/lib/crater-agent-workspace/cargo-home:/opt/rustwide/cargo-home:ro,Z" "-v" "/var/lib/crater-agent-workspace/rustup-home:/opt/rustwide/rustup-home:ro,Z" "-e" "SOURCE_DIR=/opt/rustwide/workdir" "-e" "CARGO_TARGET_DIR=/opt/rustwide/target" "-e" "CARGO_HOME=/opt/rustwide/cargo-home" "-e" "RUSTUP_HOME=/opt/rustwide/rustup-home" "-w" "/opt/rustwide/workdir" "-m" "1610612736" "--user" "0:0" "--network" "none" "ghcr.io/rust-lang/crates-build-env/linux@sha256:2788e3201cd34a07e3172128adcd8b3090168a8e3bcc40d7c032b9dda1df7d1c" "/opt/rustwide/cargo-home/bin/cargo" "+1.75.0" "metadata" "--no-deps" "--format-version=1", kill_on_drop: false }`
[INFO] [stdout] d6b96324f10ddcadfed55a4491881cc89aecd5c864f840bedd248f033bd344da
[INFO] running `Command { std: "docker" "start" "-a" "d6b96324f10ddcadfed55a4491881cc89aecd5c864f840bedd248f033bd344da", kill_on_drop: false }`
[INFO] running `Command { std: "docker" "inspect" "d6b96324f10ddcadfed55a4491881cc89aecd5c864f840bedd248f033bd344da", kill_on_drop: false }`
[INFO] running `Command { std: "docker" "rm" "-f" "d6b96324f10ddcadfed55a4491881cc89aecd5c864f840bedd248f033bd344da", kill_on_drop: false }`
[INFO] [stdout] d6b96324f10ddcadfed55a4491881cc89aecd5c864f840bedd248f033bd344da
[INFO] running `Command { std: "docker" "create" "-v" "/var/lib/crater-agent-workspace/builds/worker-4-tc1/target:/opt/rustwide/target:rw,Z" "-v" "/var/lib/crater-agent-workspace/builds/worker-4-tc1/source:/opt/rustwide/workdir:ro,Z" "-v" "/var/lib/crater-agent-workspace/cargo-home:/opt/rustwide/cargo-home:ro,Z" "-v" "/var/lib/crater-agent-workspace/rustup-home:/opt/rustwide/rustup-home:ro,Z" "-e" "SOURCE_DIR=/opt/rustwide/workdir" "-e" "CARGO_TARGET_DIR=/opt/rustwide/target" "-e" "CARGO_INCREMENTAL=0" "-e" "RUST_BACKTRACE=full" "-e" "RUSTFLAGS=--cap-lints=warn" "-e" "RUSTDOCFLAGS=--cap-lints=warn" "-e" "CARGO_HOME=/opt/rustwide/cargo-home" "-e" "RUSTUP_HOME=/opt/rustwide/rustup-home" "-w" "/opt/rustwide/workdir" "-m" "1610612736" "--user" "0:0" "--network" "none" "ghcr.io/rust-lang/crates-build-env/linux@sha256:2788e3201cd34a07e3172128adcd8b3090168a8e3bcc40d7c032b9dda1df7d1c" "/opt/rustwide/cargo-home/bin/cargo" "+1.75.0" "build" "--frozen" "--message-format=json", kill_on_drop: false }`
[INFO] [stdout] e2012836fb6a2b0cc48af87bcf25e144b10bcaf136dc5ee3a24f1b5ca2e9732c
[INFO] running `Command { std: "docker" "start" "-a" "e2012836fb6a2b0cc48af87bcf25e144b10bcaf136dc5ee3a24f1b5ca2e9732c", kill_on_drop: false }`
[INFO] [stderr] warning: virtual workspace defaulting to `resolver = "1"` despite one or more workspace members being on edition 2021 which implies `resolver = "2"`
[INFO] [stderr] note: to keep the current resolver, specify `workspace.resolver = "1"` in the workspace root's manifest
[INFO] [stderr] note: to use the edition 2021 resolver, specify `workspace.resolver = "2"` in the workspace root's manifest
[INFO] [stderr] note: for more details see https://doc.rust-lang.org/cargo/reference/resolver.html#resolver-versions
[INFO] [stderr]    Compiling proc-macro2 v1.0.63
[INFO] [stderr]    Compiling quote v1.0.29
[INFO] [stderr]    Compiling unicode-ident v1.0.6
[INFO] [stderr]    Compiling libc v0.2.150
[INFO] [stderr]    Compiling syn v1.0.107
[INFO] [stderr]    Compiling cfg-if v1.0.0
[INFO] [stderr]    Compiling serde_derive v1.0.152
[INFO] [stderr]    Compiling serde v1.0.152
[INFO] [stderr]    Compiling once_cell v1.17.1
[INFO] [stderr]    Compiling unicode-xid v0.2.4
[INFO] [stderr]    Compiling itoa v1.0.5
[INFO] [stderr]    Compiling subtle v2.4.1
[INFO] [stderr]    Compiling generic-array v0.14.6
[INFO] [stderr]    Compiling typenum v1.16.0
[INFO] [stderr]    Compiling ahash v0.7.6
[INFO] [stderr]    Compiling log v0.4.17
[INFO] [stderr]    Compiling pin-project-lite v0.2.9
[INFO] [stderr]    Compiling futures-core v0.3.28
[INFO] [stderr]    Compiling lock_api v0.4.9
[INFO] [stderr]    Compiling smallvec v1.10.0
[INFO] [stderr]    Compiling parking_lot_core v0.9.7
[INFO] [stderr]    Compiling scopeguard v1.1.0
[INFO] [stderr]    Compiling tokio v1.28.0
[INFO] [stderr]    Compiling ryu v1.0.12
[INFO] [stderr]    Compiling const-oid v0.9.3
[INFO] [stderr]    Compiling slab v0.4.7
[INFO] [stderr]    Compiling serde_json v1.0.93
[INFO] [stderr]    Compiling futures-sink v0.3.28
[INFO] [stderr]    Compiling futures-channel v0.3.28
[INFO] [stderr]    Compiling cpufeatures v0.2.5
[INFO] [stderr]    Compiling futures-task v0.3.28
[INFO] [stderr]    Compiling bitflags v1.3.2
[INFO] [stderr]    Compiling base64ct v1.6.0
[INFO] [stderr]    Compiling tracing-core v0.1.32
[INFO] [stderr]    Compiling indexmap v1.9.2
[INFO] [stderr]    Compiling futures-util v0.3.28
[INFO] [stderr]    Compiling pin-utils v0.1.0
[INFO] [stderr]    Compiling thiserror v1.0.48
[INFO] [stderr]    Compiling base16ct v0.1.1
[INFO] [stderr]    Compiling crunchy v0.2.2
[INFO] [stderr]    Compiling futures-io v0.3.28
[INFO] [stderr]    Compiling hex v0.4.3
[INFO] [stderr]    Compiling byteorder v1.4.3
[INFO] [stderr]    Compiling schemars v0.8.12
[INFO] [stderr]    Compiling opaque-debug v0.3.0
[INFO] [stderr]    Compiling fnv v1.0.7
[INFO] [stderr]    Compiling rand_core v0.5.1
[INFO] [stderr]    Compiling base64 v0.13.1
[INFO] [stderr]    Compiling gimli v0.27.3
[INFO] [stderr]    Compiling adler v1.0.2
[INFO] [stderr]    Compiling dyn-clone v1.0.11
[INFO] [stderr]    Compiling object v0.30.4
[INFO] [stderr]    Compiling spin v0.5.2
[INFO] [stderr]    Compiling miniz_oxide v0.6.2
[INFO] [stderr]    Compiling rustc-demangle v0.1.23
[INFO] [stderr]    Compiling tower-service v0.3.2
[INFO] [stderr]    Compiling either v1.8.1
[INFO] [stderr]    Compiling io-lifetimes v1.0.5
[INFO] [stderr]    Compiling anyhow v1.0.71
[INFO] [stderr]    Compiling untrusted v0.7.1
[INFO] [stderr]    Compiling pkg-config v0.3.27
[INFO] [stderr]    Compiling httparse v1.8.0
[INFO] [stderr]    Compiling static_assertions v1.1.0
[INFO] [stderr]    Compiling uint v0.9.5
[INFO] [stderr]    Compiling rustversion v1.0.11
[INFO] [stderr]    Compiling try-lock v0.2.4
[INFO] [stderr]    Compiling forward_ref v1.0.0
[INFO] [stderr]    Compiling itertools v0.10.5
[INFO] [stderr]    Compiling want v0.3.0
[INFO] [stderr]    Compiling httpdate v1.0.2
[INFO] [stderr]    Compiling rustls v0.20.8
[INFO] [stderr]    Compiling openssl-probe v0.1.5
[INFO] [stderr]    Compiling semver v1.0.17
[INFO] [stderr]    Compiling percent-encoding v2.2.0
[INFO] [stderr]    Compiling openssl v0.10.52
[INFO] [stderr]    Compiling foreign-types-shared v0.1.1
[INFO] [stderr]    Compiling tinyvec_macros v0.1.1
[INFO] [stderr]    Compiling tinyvec v1.6.0
[INFO] [stderr]    Compiling foreign-types v0.3.2
[INFO] [stderr]    Compiling proc-macro-error-attr v1.0.4
[INFO] [stderr]    Compiling mime v0.3.16
[INFO] [stderr]    Compiling async-trait v0.1.74
[INFO] [stderr]    Compiling heck v0.4.1
[INFO] [stderr]    Compiling native-tls v0.2.11
[INFO] [stderr]    Compiling syn v2.0.32
[INFO] [stderr]    Compiling ppv-lite86 v0.2.17
[INFO] [stderr]    Compiling base64 v0.21.0
[INFO] [stderr]    Compiling aho-corasick v1.1.2
[INFO] [stderr]    Compiling num-traits v0.2.15
[INFO] [stderr]    Compiling proc-macro-error v1.0.4
[INFO] [stderr]    Compiling getrandom v0.2.11
[INFO] [stderr]    Compiling cc v1.0.84
[INFO] [stderr]    Compiling block-buffer v0.10.3
[INFO] [stderr]    Compiling crypto-common v0.1.6
[INFO] [stderr]    Compiling rand_core v0.6.4
[INFO] [stderr]    Compiling digest v0.10.6
[INFO] [stderr]    Compiling num_cpus v1.15.0
[INFO] [stderr]    Compiling signal-hook-registry v1.4.1
[INFO] [stderr]    Compiling socket2 v0.4.9
[INFO] [stderr]    Compiling hashbrown v0.12.3
[INFO] [stderr]    Compiling parking_lot v0.12.1
[INFO] [stderr]    Compiling mio v0.8.6
[INFO] [stderr]    Compiling hmac v0.12.1
[INFO] [stderr]    Compiling ff v0.12.1
[INFO] [stderr]    Compiling group v0.12.1
[INFO] [stderr]    Compiling sha2 v0.10.6
[INFO] [stderr]    Compiling digest v0.9.0
[INFO] [stderr]    Compiling signature v1.6.4
[INFO] [stderr]    Compiling block-buffer v0.9.0
[INFO] [stderr]    Compiling sha2 v0.9.9
[INFO] [stderr]    Compiling axum-core v0.3.4
[INFO] [stderr]    Compiling rand_chacha v0.3.1
[INFO] [stderr]    Compiling rustls-pemfile v1.0.2
[INFO] [stderr]    Compiling paste v1.0.11
[INFO] [stderr]    Compiling addr2line v0.19.0
[INFO] [stderr]    Compiling unicode-normalization v0.1.22
[INFO] [stderr]    Compiling regex-syntax v0.7.5
[INFO] [stderr]    Compiling rustix v0.36.8
[INFO] [stderr]    Compiling tower-layer v0.3.2
[INFO] [stderr]    Compiling rand v0.8.5
[INFO] [stderr]    Compiling axum v0.6.20
[INFO] [stderr]    Compiling form_urlencoded v1.1.0
[INFO] [stderr]    Compiling lazy_static v1.4.0
[INFO] [stderr]    Compiling unicode-bidi v0.3.10
[INFO] [stderr]    Compiling time-core v0.1.0
[INFO] [stderr]    Compiling linux-raw-sys v0.1.4
[INFO] [stderr]    Compiling rustix v0.37.3
[INFO] [stderr]    Compiling time-macros v0.2.6
[INFO] [stderr]    Compiling ring v0.16.20
[INFO] [stderr]    Compiling backtrace v0.3.67
[INFO] [stderr]    Compiling openssl-sys v0.9.87
[INFO] [stderr]    Compiling secp256k1-sys v0.6.1
[INFO] [stderr]    Compiling idna v0.3.0
[INFO] [stderr]    Compiling linux-raw-sys v0.3.7
[INFO] [stderr]    Compiling bitcoin_hashes v0.11.0
[INFO] [stderr]    Compiling sync_wrapper v0.1.2
[INFO] [stderr]    Compiling prettyplease v0.1.25
[INFO] [stderr]    Compiling matchit v0.7.0
[INFO] [stderr]    Compiling os_str_bytes v6.4.1
[INFO] [stderr]    Compiling flex-error v0.4.4
[INFO] [stderr]    Compiling url v2.3.1
[INFO] [stderr]    Compiling rustls-native-certs v0.6.3
[INFO] [stderr]    Compiling clap_lex v0.3.1
[INFO] [stderr]    Compiling encoding_rs v0.8.32
[INFO] [stderr]    Compiling regex-automata v0.3.7
[INFO] [stderr]    Compiling fixedbitset v0.4.2
[INFO] [stderr]    Compiling time v0.3.17
[INFO] [stderr]    Compiling tiny-keccak v2.0.2
[INFO] [stderr]    Compiling strsim v0.10.0
[INFO] [stderr]    Compiling ipnet v2.7.1
[INFO] [stderr]    Compiling termcolor v1.2.0
[INFO] [stderr]    Compiling regex-syntax v0.6.29
[INFO] [stderr]    Compiling is-terminal v0.4.3
[INFO] [stderr]    Compiling fastrand v1.9.0
[INFO] [stderr]    Compiling synstructure v0.12.6
[INFO] [stderr]    Compiling serde_derive_internals v0.26.0
[INFO] [stderr]    Compiling petgraph v0.6.3
[INFO] [stderr]    Compiling pbkdf2 v0.11.0
[INFO] [stderr]    Compiling which v4.4.0
[INFO] [stderr]    Compiling iana-time-zone v0.1.53
[INFO] [stderr]    Compiling bech32 v0.9.1
[INFO] [stderr]    Compiling overload v0.1.1
[INFO] [stderr]    Compiling multimap v0.8.3
[INFO] [stderr]    Compiling nu-ansi-term v0.46.0
[INFO] [stderr]    Compiling sharded-slab v0.1.7
[INFO] [stderr]    Compiling tracing-log v0.2.0
[INFO] [stderr]    Compiling thread_local v1.1.7
[INFO] [stderr]    Compiling csv-core v0.1.11
[INFO] [stderr]    Compiling fs-err v2.9.0
[INFO] [stderr]    Compiling tempfile v3.5.0
[INFO] [stderr]    Compiling regex v1.9.4
[INFO] [stderr]    Compiling secp256k1 v0.24.3
[INFO] [stderr]    Compiling regex-automata v0.1.10
[INFO] [stderr]    Compiling webpki v0.22.0
[INFO] [stderr]    Compiling sct v0.7.0
[INFO] [stderr]    Compiling tokio-macros v2.1.0
[INFO] [stderr]    Compiling futures-macro v0.3.28
[INFO] [stderr]    Compiling tracing-attributes v0.1.27
[INFO] [stderr]    Compiling thiserror-impl v1.0.48
[INFO] [stderr]    Compiling openssl-macros v0.1.1
[INFO] [stderr]    Compiling zeroize_derive v1.3.3
[INFO] [stderr]    Compiling schemars_derive v0.8.12
[INFO] [stderr]    Compiling cosmwasm-derive v1.2.7
[INFO] [stderr]    Compiling derivative v2.2.0
[INFO] [stderr]    Compiling cosmwasm-schema-derive v1.2.7
[INFO] [stderr]    Compiling prost-derive v0.11.9
[INFO] [stderr]    Compiling pin-project-internal v1.0.12
[INFO] [stderr]    Compiling async-stream-impl v0.3.3
[INFO] [stderr]    Compiling webpki-roots v0.22.6
[INFO] [stderr]    Compiling num-derive v0.3.3
[INFO] [stderr]    Compiling zeroize v1.5.7
[INFO] [stderr]    Compiling der v0.6.1
[INFO] [stderr]    Compiling crypto-bigint v0.4.9
[INFO] [stderr]    Compiling curve25519-dalek v3.2.0
[INFO] [stderr]    Compiling subtle-encoding v0.5.1
[INFO] [stderr]    Compiling async-stream v0.3.3
[INFO] [stderr]    Compiling clap_derive v4.1.0
[INFO] [stderr]    Compiling tracing v0.1.40
[INFO] [stderr]    Compiling hkd32 v0.7.0
[INFO] [stderr]    Compiling matchers v0.1.0
[INFO] [stderr]    Compiling bitcoin v0.29.2
[INFO] [stderr]    Compiling tracing-subscriber v0.3.18
[INFO] [stderr]    Compiling spki v0.6.0
[INFO] [stderr]    Compiling rfc6979 v0.3.1
[INFO] [stderr]    Compiling pin-project v1.0.12
[INFO] [stderr]    Compiling tracing-futures v0.2.5
[INFO] [stderr]    Compiling pkcs8 v0.9.0
[INFO] [stderr]    Compiling sec1 v0.3.0
[INFO] [stderr]    Compiling elliptic-curve v0.12.3
[INFO] [stderr]    Compiling ecdsa v0.14.8
[INFO] [stderr]    Compiling clap v4.1.6
[INFO] [stderr]    Compiling k256 v0.11.6
[INFO] [stderr]    Compiling futures-executor v0.3.28
[INFO] [stderr]    Compiling futures v0.3.28
[INFO] [stderr]    Compiling bytes v1.4.0
[INFO] [stderr]    Compiling ed25519-zebra v3.1.0
[INFO] [stderr]    Compiling serde-json-wasm v0.5.1
[INFO] [stderr]    Compiling serde_urlencoded v0.7.1
[INFO] [stderr]    Compiling serde_bytes v0.11.9
[INFO] [stderr]    Compiling bip39 v2.0.0
[INFO] [stderr]    Compiling chrono v0.4.31
[INFO] [stderr]    Compiling csv v1.3.0
[INFO] [stderr]    Compiling clap_complete v4.1.2
[INFO] [stderr]    Compiling cosmwasm-crypto v1.2.7
[INFO] [stderr]    Compiling http v0.2.11
[INFO] [stderr]    Compiling prost v0.11.9
[INFO] [stderr]    Compiling prost-types v0.11.9
[INFO] [stderr]    Compiling http-body v0.4.5
[INFO] [stderr]    Compiling tendermint-proto v0.27.0
[INFO] [stderr]    Compiling prost-build v0.11.9
[INFO] [stderr]    Compiling cosmwasm-std v1.2.7
[INFO] [stderr]    Compiling cosmwasm-schema v1.2.7
[INFO] [stderr]    Compiling tonic-build v0.8.4
[INFO] [stderr]    Compiling cw-storage-plus v1.1.0
[INFO] [stderr]    Compiling cw2 v1.1.0
[INFO] [stderr]    Compiling cw4 v1.1.0
[INFO] [stderr]    Compiling cw-utils v1.0.1
[INFO] [stderr]    Compiling cw20 v1.1.0
[INFO] [stderr]    Compiling cw-controllers v1.1.0
[INFO] [stderr]    Compiling cw4-group v1.1.0
[INFO] [stderr]    Compiling cw3 v1.1.0
[INFO] [stderr]    Compiling tokio-util v0.7.7
[INFO] [stderr]    Compiling tokio-rustls v0.23.4
[INFO] [stderr]    Compiling tokio-native-tls v0.3.1
[INFO] [stderr]    Compiling tokio-io-timeout v1.2.0
[INFO] [stderr]    Compiling tokio-stream v0.1.11
[INFO] [stderr]    Compiling cw3-fixed-multisig v1.1.0
[INFO] [stderr]    Compiling h2 v0.3.21
[INFO] [stderr]    Compiling tower v0.4.13
[INFO] [stderr]    Compiling cw3-flex-multisig v1.1.0
[INFO] [stderr]    Compiling hyper v0.14.27
[INFO] [stderr]    Compiling hyper-timeout v0.4.1
[INFO] [stderr]    Compiling hyper-tls v0.5.0
[INFO] [stderr]    Compiling hyper-rustls v0.23.2
[INFO] [stderr]    Compiling reqwest v0.11.17
[INFO] [stderr]    Compiling prost-build v0.1.0 (/opt/rustwide/workdir/packages/prost-build)
[INFO] [stderr]    Compiling tonic v0.8.3
[INFO] [stderr]    Compiling cosmos-sdk-proto v0.16.0
[INFO] [stderr]    Compiling cosmos v0.1.0 (/opt/rustwide/workdir/packages/cosmos)
[INFO] [stderr]    Compiling cosmos-bin v0.1.0 (/opt/rustwide/workdir/packages/cosmos-bin)
[INFO] [stderr]     Finished dev [unoptimized] target(s) in 1m 00s
[INFO] running `Command { std: "docker" "inspect" "e2012836fb6a2b0cc48af87bcf25e144b10bcaf136dc5ee3a24f1b5ca2e9732c", kill_on_drop: false }`
[INFO] running `Command { std: "docker" "rm" "-f" "e2012836fb6a2b0cc48af87bcf25e144b10bcaf136dc5ee3a24f1b5ca2e9732c", kill_on_drop: false }`
[INFO] [stdout] e2012836fb6a2b0cc48af87bcf25e144b10bcaf136dc5ee3a24f1b5ca2e9732c
[INFO] running `Command { std: "docker" "create" "-v" "/var/lib/crater-agent-workspace/builds/worker-4-tc1/target:/opt/rustwide/target:rw,Z" "-v" "/var/lib/crater-agent-workspace/builds/worker-4-tc1/source:/opt/rustwide/workdir:ro,Z" "-v" "/var/lib/crater-agent-workspace/cargo-home:/opt/rustwide/cargo-home:ro,Z" "-v" "/var/lib/crater-agent-workspace/rustup-home:/opt/rustwide/rustup-home:ro,Z" "-e" "SOURCE_DIR=/opt/rustwide/workdir" "-e" "CARGO_TARGET_DIR=/opt/rustwide/target" "-e" "CARGO_INCREMENTAL=0" "-e" "RUST_BACKTRACE=full" "-e" "RUSTFLAGS=--cap-lints=warn" "-e" "RUSTDOCFLAGS=--cap-lints=warn" "-e" "CARGO_HOME=/opt/rustwide/cargo-home" "-e" "RUSTUP_HOME=/opt/rustwide/rustup-home" "-w" "/opt/rustwide/workdir" "-m" "1610612736" "--user" "0:0" "--network" "none" "ghcr.io/rust-lang/crates-build-env/linux@sha256:2788e3201cd34a07e3172128adcd8b3090168a8e3bcc40d7c032b9dda1df7d1c" "/opt/rustwide/cargo-home/bin/cargo" "+1.75.0" "test" "--frozen" "--no-run" "--message-format=json", kill_on_drop: false }`
[INFO] [stdout] ea86695cf0c61030e621b4e116061896a0d2e30592b18d83f418350678e7b1fe
[INFO] running `Command { std: "docker" "start" "-a" "ea86695cf0c61030e621b4e116061896a0d2e30592b18d83f418350678e7b1fe", kill_on_drop: false }`
[INFO] [stderr] warning: virtual workspace defaulting to `resolver = "1"` despite one or more workspace members being on edition 2021 which implies `resolver = "2"`
[INFO] [stderr] note: to keep the current resolver, specify `workspace.resolver = "1"` in the workspace root's manifest
[INFO] [stderr] note: to use the edition 2021 resolver, specify `workspace.resolver = "2"` in the workspace root's manifest
[INFO] [stderr] note: for more details see https://doc.rust-lang.org/cargo/reference/resolver.html#resolver-versions
[INFO] [stderr]    Compiling env_logger v0.8.4
[INFO] [stderr]    Compiling prost-build v0.1.0 (/opt/rustwide/workdir/packages/prost-build)
[INFO] [stderr]    Compiling quickcheck v1.0.3
[INFO] [stderr]    Compiling cosmos v0.1.0 (/opt/rustwide/workdir/packages/cosmos)
[INFO] [stderr]    Compiling cosmos-bin v0.1.0 (/opt/rustwide/workdir/packages/cosmos-bin)
[INFO] [stderr]     Finished test [unoptimized] target(s) in 10.17s
[INFO] running `Command { std: "docker" "inspect" "ea86695cf0c61030e621b4e116061896a0d2e30592b18d83f418350678e7b1fe", kill_on_drop: false }`
[INFO] running `Command { std: "docker" "rm" "-f" "ea86695cf0c61030e621b4e116061896a0d2e30592b18d83f418350678e7b1fe", kill_on_drop: false }`
[INFO] [stdout] ea86695cf0c61030e621b4e116061896a0d2e30592b18d83f418350678e7b1fe
[INFO] running `Command { std: "docker" "create" "-v" "/var/lib/crater-agent-workspace/builds/worker-4-tc1/target:/opt/rustwide/target:rw,Z" "-v" "/var/lib/crater-agent-workspace/builds/worker-4-tc1/source:/opt/rustwide/workdir:ro,Z" "-v" "/var/lib/crater-agent-workspace/cargo-home:/opt/rustwide/cargo-home:ro,Z" "-v" "/var/lib/crater-agent-workspace/rustup-home:/opt/rustwide/rustup-home:ro,Z" "-e" "SOURCE_DIR=/opt/rustwide/workdir" "-e" "CARGO_TARGET_DIR=/opt/rustwide/target" "-e" "CARGO_INCREMENTAL=0" "-e" "RUST_BACKTRACE=full" "-e" "RUSTFLAGS=--cap-lints=warn" "-e" "RUSTDOCFLAGS=--cap-lints=warn" "-e" "CARGO_HOME=/opt/rustwide/cargo-home" "-e" "RUSTUP_HOME=/opt/rustwide/rustup-home" "-w" "/opt/rustwide/workdir" "-m" "1610612736" "--user" "0:0" "--network" "none" "ghcr.io/rust-lang/crates-build-env/linux@sha256:2788e3201cd34a07e3172128adcd8b3090168a8e3bcc40d7c032b9dda1df7d1c" "/opt/rustwide/cargo-home/bin/cargo" "+1.75.0" "test" "--frozen", kill_on_drop: false }`
[INFO] [stdout] d872437251e1117c18ba3e52493a485666fd0e9b7cab1ce2659f50c276cdf2b4
[INFO] running `Command { std: "docker" "start" "-a" "d872437251e1117c18ba3e52493a485666fd0e9b7cab1ce2659f50c276cdf2b4", kill_on_drop: false }`
[INFO] [stderr] warning: virtual workspace defaulting to `resolver = "1"` despite one or more workspace members being on edition 2021 which implies `resolver = "2"`
[INFO] [stderr] note: to keep the current resolver, specify `workspace.resolver = "1"` in the workspace root's manifest
[INFO] [stderr] note: to use the edition 2021 resolver, specify `workspace.resolver = "2"` in the workspace root's manifest
[INFO] [stderr] note: for more details see https://doc.rust-lang.org/cargo/reference/resolver.html#resolver-versions
[INFO] [stderr]     Finished test [unoptimized] target(s) in 0.18s
[INFO] [stderr]      Running unittests src/lib.rs (/opt/rustwide/target/debug/deps/cosmos-8689f3475111ab2c)
[INFO] [stdout] 
[INFO] [stdout] running 19 tests
[INFO] [stdout] test address::tests::invalid_hrp ... ok
[INFO] [stdout] test address::tests::spot_roundtrip_juno ... ok
[INFO] [stdout] test address::tests::spot_roundtrip_osmo ... ok
[INFO] [stdout] test address::tests::valid_hrp ... ok
[INFO] [stdout] test client::tests::gas_estimate_multiplier ... ok
[INFO] [stdout] test client::tests::get_expected_sequence_bad ... ok
[INFO] [stdout] test client::tests::get_expected_sequence_extra_prelude ... ok
[INFO] [stdout] test client::tests::get_expected_sequence_good ... ok
[INFO] [stdout] test error::tests::test_extract_fail ... ok
[INFO] [stdout] test error::tests::test_extract_success ... ok
[INFO] [stdout] test wallet::tests::test_keccak ... ok
[INFO] [stdout] test wallet::tests::test_ethereum_address ... ok
[INFO] [stdout] test wallet::tests::test_ethereum_hashing ... ok
[INFO] [stdout] test address::tests::roundtrip_address ... ok
[INFO] [stdout] test wallet::tests::test_ethereum_from_seed_phrase ... ok
[INFO] [stdout] test wallet::tests::test_osmosis_and_injective_addresses ... ok
[INFO] [stdout] test client::tests::lazy_load ... ok
[INFO] [stdout] test client::tests::fallback ... FAILED
[INFO] [stdout] test client::tests::ignore_broken_fallback ... FAILED
[INFO] [stdout] 
[INFO] [stdout] failures:
[INFO] [stdout] 
[INFO] [stdout] ---- client::tests::fallback stdout ----
[INFO] [stdout] thread 'client::tests::fallback' panicked at packages/cosmos/src/client.rs:1595:46:
[INFO] [stdout] called `Result::unwrap()` on an `Err` value: Query(QueryError { action: GetLatestBlock, builder: CosmosBuilder { grpc_url: "http://0.0.0.0:0", grpc_fallback_urls: ["https://grpc.osmotest5.osmosis.zone"], chain_id: "osmo-test-5", gas_coin: "uosmo", hrp: AddressHrp("osmo"), gas_estimate_multiplier: Default, gas_price_method: None, gas_price_retry_attempts: None, transaction_attempts: None, referer_header: None, request_count: None, connection_timeout: None, idle_timeout_seconds: None, query_timeout_seconds: None, query_retries: None, block_lag_allowed: None, latest_block_age_allowed: None, fallback_timeout: None, chain_paused_method: None, autofix_simulate_sequence_mismatch: None, dynamic_gas_retries: None, allowed_error_count: Some(0), osmosis_gas_params: None, osmosis_gas_price_too_old_seconds: None }, height: None, query: Unavailable { source: Status { code: Unavailable, message: "error trying to connect: tcp connect error: Connection refused (os error 111)", source: Some(tonic::transport::Error(Transport, hyper::Error(Connect, ConnectError("tcp connect error", Os { code: 111, kind: ConnectionRefused, message: "Connection refused" })))) }, status: 200 }, grpc_url: "http://0.0.0.0:0", node_health: NodeHealthReport { nodes: [SingleNodeHealthReport { grpc_url: "http://0.0.0.0:0", is_fallback: false, is_healthy: false, last_error: Some(LastNodeError { timestamp: 2024-01-05T15:22:18.049485025Z, age: 9.07µs, error: "Error querying server, received HTTP status code 200 OK. Status { code: Unavailable, message: \"error trying to connect: tcp connect error: Connection refused (os error 111)\", source: Some(tonic::transport::Error(Transport, hyper::Error(Connect, ConnectError(\"tcp connect error\", Os { code: 111, kind: ConnectionRefused, message: \"Connection refused\" })))) } during action get latest block" }), error_count: 2 }, SingleNodeHealthReport { grpc_url: "https://grpc.osmotest5.osmosis.zone", is_fallback: true, is_healthy: false, last_error: Some(LastNodeError { timestamp: 2024-01-05T15:22:18.048639445Z, age: 860.34µs, error: "Error querying server, received HTTP status code 200 OK. Status { code: Unavailable, message: \"error trying to connect: dns error: failed to lookup address information: Temporary failure in name resolution\", source: Some(tonic::transport::Error(Transport, hyper::Error(Connect, ConnectError(\"dns error\", Custom { kind: Uncategorized, error: \"failed to lookup address information: Temporary failure in name resolution\" })))) } during action get latest block" }), error_count: 2 }] } })
[INFO] [stdout] stack backtrace:
[INFO] [stdout]    0:     0x5623a494120c - std::backtrace_rs::backtrace::libunwind::trace::ha637c64ce894333a
[INFO] [stdout]                                at /rustc/82e1608dfa6e0b5569232559e3d385fea5a93112/library/std/src/../../backtrace/src/backtrace/libunwind.rs:104:5
[INFO] [stdout]    1:     0x5623a494120c - std::backtrace_rs::backtrace::trace_unsynchronized::h47f62dea28e0c88d
[INFO] [stdout]                                at /rustc/82e1608dfa6e0b5569232559e3d385fea5a93112/library/std/src/../../backtrace/src/backtrace/mod.rs:66:5
[INFO] [stdout]    2:     0x5623a494120c - std::sys_common::backtrace::_print_fmt::h9eef0abe20ede486
[INFO] [stdout]                                at /rustc/82e1608dfa6e0b5569232559e3d385fea5a93112/library/std/src/sys_common/backtrace.rs:67:5
[INFO] [stdout]    3:     0x5623a494120c - <std::sys_common::backtrace::_print::DisplayBacktrace as core::fmt::Display>::fmt::hed7f999df88cc644
[INFO] [stdout]                                at /rustc/82e1608dfa6e0b5569232559e3d385fea5a93112/library/std/src/sys_common/backtrace.rs:44:22
[INFO] [stdout]    4:     0x5623a4970020 - core::fmt::rt::Argument::fmt::h1539a9308b8d058d
[INFO] [stdout]                                at /rustc/82e1608dfa6e0b5569232559e3d385fea5a93112/library/core/src/fmt/rt.rs:142:9
[INFO] [stdout]    5:     0x5623a4970020 - core::fmt::write::h3a39390d8560d9c9
[INFO] [stdout]                                at /rustc/82e1608dfa6e0b5569232559e3d385fea5a93112/library/core/src/fmt/mod.rs:1120:17
[INFO] [stdout]    6:     0x5623a493e0bf - std::io::Write::write_fmt::h040b369f3a0f9cbc
[INFO] [stdout]                                at /rustc/82e1608dfa6e0b5569232559e3d385fea5a93112/library/std/src/io/mod.rs:1762:15
[INFO] [stdout]    7:     0x5623a4940ff4 - std::sys_common::backtrace::_print::h894006fb5c6f3d45
[INFO] [stdout]                                at /rustc/82e1608dfa6e0b5569232559e3d385fea5a93112/library/std/src/sys_common/backtrace.rs:47:5
[INFO] [stdout]    8:     0x5623a4940ff4 - std::sys_common::backtrace::print::h23a2d212c6fff936
[INFO] [stdout]                                at /rustc/82e1608dfa6e0b5569232559e3d385fea5a93112/library/std/src/sys_common/backtrace.rs:34:9
[INFO] [stdout]    9:     0x5623a4942cb7 - std::panicking::default_hook::{{closure}}::h8a1d2ee00185001a
[INFO] [stdout]   10:     0x5623a49429a3 - std::panicking::default_hook::h6038f2eba384e475
[INFO] [stdout]                                at /rustc/82e1608dfa6e0b5569232559e3d385fea5a93112/library/std/src/panicking.rs:289:9
[INFO] [stdout]   11:     0x5623a4188fa7 - <alloc::boxed::Box<F,A> as core::ops::function::Fn<Args>>::call::h0ad024c9bdc6d768
[INFO] [stdout]                                at /rustc/82e1608dfa6e0b5569232559e3d385fea5a93112/library/alloc/src/boxed.rs:2021:9
[INFO] [stdout]   12:     0x5623a4188fa7 - test::test_main::{{closure}}::h7500b54257359db6
[INFO] [stdout]                                at /rustc/82e1608dfa6e0b5569232559e3d385fea5a93112/library/test/src/lib.rs:138:21
[INFO] [stdout]   13:     0x5623a49432c8 - <alloc::boxed::Box<F,A> as core::ops::function::Fn<Args>>::call::h1f8f335eaa9cfaee
[INFO] [stdout]                                at /rustc/82e1608dfa6e0b5569232559e3d385fea5a93112/library/alloc/src/boxed.rs:2021:9
[INFO] [stdout]   14:     0x5623a49432c8 - std::panicking::rust_panic_with_hook::h2b5517d590cab22e
[INFO] [stdout]                                at /rustc/82e1608dfa6e0b5569232559e3d385fea5a93112/library/std/src/panicking.rs:783:13
[INFO] [stdout]   15:     0x5623a494301e - std::panicking::begin_panic_handler::{{closure}}::h233112c06e0ef43e
[INFO] [stdout]                                at /rustc/82e1608dfa6e0b5569232559e3d385fea5a93112/library/std/src/panicking.rs:657:13
[INFO] [stdout]   16:     0x5623a49416d6 - std::sys_common::backtrace::__rust_end_short_backtrace::h6e893f24d7ebbff8
[INFO] [stdout]                                at /rustc/82e1608dfa6e0b5569232559e3d385fea5a93112/library/std/src/sys_common/backtrace.rs:170:18
[INFO] [stdout]   17:     0x5623a4942d82 - rust_begin_unwind
[INFO] [stdout]                                at /rustc/82e1608dfa6e0b5569232559e3d385fea5a93112/library/std/src/panicking.rs:645:5
[INFO] [stdout]   18:     0x5623a3ed26d5 - core::panicking::panic_fmt::hbf0e066aabfa482c
[INFO] [stdout]                                at /rustc/82e1608dfa6e0b5569232559e3d385fea5a93112/library/core/src/panicking.rs:72:14
[INFO] [stdout]   19:     0x5623a3ed2ca3 - core::result::unwrap_failed::hddb4fea594200c52
[INFO] [stdout]                                at /rustc/82e1608dfa6e0b5569232559e3d385fea5a93112/library/core/src/result.rs:1653:5
[INFO] [stdout]   20:     0x5623a3ed93b6 - core::result::Result<T,E>::unwrap::hdc57627600d9e299
[INFO] [stdout]   21:     0x5623a3ee8d47 - cosmos::client::tests::fallback::{{closure}}::heafad007304732ee
[INFO] [stdout]   22:     0x5623a3ee3784 - <core::pin::Pin<P> as core::future::future::Future>::poll::h85f4346410611a80
[INFO] [stdout]   23:     0x5623a3ee36da - <core::pin::Pin<P> as core::future::future::Future>::poll::h25066bce4a678755
[INFO] [stdout]   24:     0x5623a3f5f75a - tokio::runtime::scheduler::current_thread::CoreGuard::block_on::{{closure}}::{{closure}}::{{closure}}::h2605778207200aaa
[INFO] [stdout]   25:     0x5623a3f5f66e - tokio::runtime::scheduler::current_thread::CoreGuard::block_on::{{closure}}::{{closure}}::hb20ba346fde1bac1
[INFO] [stdout]   26:     0x5623a3f5e203 - tokio::runtime::scheduler::current_thread::Context::enter::h9b16b019a6bda1ca
[INFO] [stdout]   27:     0x5623a3f5ecaa - tokio::runtime::scheduler::current_thread::CoreGuard::block_on::{{closure}}::hf96b117851867166
[INFO] [stdout]   28:     0x5623a3f5e9db - tokio::runtime::scheduler::current_thread::CoreGuard::enter::{{closure}}::hf4a626a643ca853f
[INFO] [stdout]   29:     0x5623a3efc863 - tokio::macros::scoped_tls::ScopedKey<T>::set::h212313e10bd422d7
[INFO] [stdout]   30:     0x5623a3f5e777 - tokio::runtime::scheduler::current_thread::CoreGuard::enter::hedd19671adb17eb1
[INFO] [stdout]   31:     0x5623a3f5ea08 - tokio::runtime::scheduler::current_thread::CoreGuard::block_on::h8768a15fa0d77d3d
[INFO] [stdout]   32:     0x5623a3f5d545 - tokio::runtime::scheduler::current_thread::CurrentThread::block_on::hfce0f00d68d5b7f5
[INFO] [stdout]   33:     0x5623a3f2eb1c - tokio::runtime::runtime::Runtime::block_on::hcc10ff8780325514
[INFO] [stdout]   34:     0x5623a3ee87cd - cosmos::client::tests::fallback::heac24c47a3b05233
[INFO] [stdout]   35:     0x5623a3ee8683 - cosmos::client::tests::fallback::{{closure}}::he80c196077aea4a2
[INFO] [stdout]   36:     0x5623a3ef4206 - core::ops::function::FnOnce::call_once::h4c7cc396e8109c52
[INFO] [stdout]   37:     0x5623a418e5ff - core::ops::function::FnOnce::call_once::h2b5d431d5046312d
[INFO] [stdout]                                at /rustc/82e1608dfa6e0b5569232559e3d385fea5a93112/library/core/src/ops/function.rs:250:5
[INFO] [stdout]   38:     0x5623a418e5ff - test::__rust_begin_short_backtrace::h7714669af176e207
[INFO] [stdout]                                at /rustc/82e1608dfa6e0b5569232559e3d385fea5a93112/library/test/src/lib.rs:628:18
[INFO] [stdout]   39:     0x5623a418d615 - test::run_test_in_process::{{closure}}::h85218797dcbcec12
[INFO] [stdout]                                at /rustc/82e1608dfa6e0b5569232559e3d385fea5a93112/library/test/src/lib.rs:651:60
[INFO] [stdout]   40:     0x5623a418d615 - <core::panic::unwind_safe::AssertUnwindSafe<F> as core::ops::function::FnOnce<()>>::call_once::h76c106ea31c14d7b
[INFO] [stdout]                                at /rustc/82e1608dfa6e0b5569232559e3d385fea5a93112/library/core/src/panic/unwind_safe.rs:272:9
[INFO] [stdout]   41:     0x5623a418d615 - std::panicking::try::do_call::h3bd5d0f6620ee946
[INFO] [stdout]                                at /rustc/82e1608dfa6e0b5569232559e3d385fea5a93112/library/std/src/panicking.rs:552:40
[INFO] [stdout]   42:     0x5623a418d615 - std::panicking::try::h232e535e4744fe31
[INFO] [stdout]                                at /rustc/82e1608dfa6e0b5569232559e3d385fea5a93112/library/std/src/panicking.rs:516:19
[INFO] [stdout]   43:     0x5623a418d615 - std::panic::catch_unwind::h3ce3bd6ca8dbac68
[INFO] [stdout]                                at /rustc/82e1608dfa6e0b5569232559e3d385fea5a93112/library/std/src/panic.rs:142:14
[INFO] [stdout]   44:     0x5623a418d615 - test::run_test_in_process::hc97b257c9621286a
[INFO] [stdout]                                at /rustc/82e1608dfa6e0b5569232559e3d385fea5a93112/library/test/src/lib.rs:651:27
[INFO] [stdout]   45:     0x5623a418d615 - test::run_test::{{closure}}::h2aa798823a438d38
[INFO] [stdout]                                at /rustc/82e1608dfa6e0b5569232559e3d385fea5a93112/library/test/src/lib.rs:574:43
[INFO] [stdout]   46:     0x5623a41558d6 - test::run_test::{{closure}}::h87d231c78fb59832
[INFO] [stdout]                                at /rustc/82e1608dfa6e0b5569232559e3d385fea5a93112/library/test/src/lib.rs:602:41
[INFO] [stdout]   47:     0x5623a41558d6 - std::sys_common::backtrace::__rust_begin_short_backtrace::he6df152596625789
[INFO] [stdout]                                at /rustc/82e1608dfa6e0b5569232559e3d385fea5a93112/library/std/src/sys_common/backtrace.rs:154:18
[INFO] [stdout]   48:     0x5623a415a987 - std::thread::Builder::spawn_unchecked_::{{closure}}::{{closure}}::ha94be15d1e0acf36
[INFO] [stdout]                                at /rustc/82e1608dfa6e0b5569232559e3d385fea5a93112/library/std/src/thread/mod.rs:529:17
[INFO] [stdout]   49:     0x5623a415a987 - <core::panic::unwind_safe::AssertUnwindSafe<F> as core::ops::function::FnOnce<()>>::call_once::h9dc6bd6372f16606
[INFO] [stdout]                                at /rustc/82e1608dfa6e0b5569232559e3d385fea5a93112/library/core/src/panic/unwind_safe.rs:272:9
[INFO] [stdout]   50:     0x5623a415a987 - std::panicking::try::do_call::h9057517f80303cd4
[INFO] [stdout]                                at /rustc/82e1608dfa6e0b5569232559e3d385fea5a93112/library/std/src/panicking.rs:552:40
[INFO] [stdout]   51:     0x5623a415a987 - std::panicking::try::he3a30b11ee45340c
[INFO] [stdout]                                at /rustc/82e1608dfa6e0b5569232559e3d385fea5a93112/library/std/src/panicking.rs:516:19
[INFO] [stdout]   52:     0x5623a415a987 - std::panic::catch_unwind::h410458cfd3528b8b
[INFO] [stdout]                                at /rustc/82e1608dfa6e0b5569232559e3d385fea5a93112/library/std/src/panic.rs:142:14
[INFO] [stdout]   53:     0x5623a415a987 - std::thread::Builder::spawn_unchecked_::{{closure}}::h72ac3bdb567b737b
[INFO] [stdout]                                at /rustc/82e1608dfa6e0b5569232559e3d385fea5a93112/library/std/src/thread/mod.rs:528:30
[INFO] [stdout]   54:     0x5623a415a987 - core::ops::function::FnOnce::call_once{{vtable.shim}}::h38f34da3654a8344
[INFO] [stdout]                                at /rustc/82e1608dfa6e0b5569232559e3d385fea5a93112/library/core/src/ops/function.rs:250:5
[INFO] [stdout]   55:     0x5623a4947fe5 - <alloc::boxed::Box<F,A> as core::ops::function::FnOnce<Args>>::call_once::hc7eafaff61e32df9
[INFO] [stdout]                                at /rustc/82e1608dfa6e0b5569232559e3d385fea5a93112/library/alloc/src/boxed.rs:2007:9
[INFO] [stdout]   56:     0x5623a4947fe5 - <alloc::boxed::Box<F,A> as core::ops::function::FnOnce<Args>>::call_once::h6ba4a5de48dd2304
[INFO] [stdout]                                at /rustc/82e1608dfa6e0b5569232559e3d385fea5a93112/library/alloc/src/boxed.rs:2007:9
[INFO] [stdout]   57:     0x5623a4947fe5 - std::sys::unix::thread::Thread::new::thread_start::he469335aef763e45
[INFO] [stdout]                                at /rustc/82e1608dfa6e0b5569232559e3d385fea5a93112/library/std/src/sys/unix/thread.rs:108:17
[INFO] [stdout]   58:     0x7fbeb7f66ac3 - <unknown>
[INFO] [stdout]   59:     0x7fbeb7ff7bf4 - __clone
[INFO] [stdout]   60:                0x0 - <unknown>
[INFO] [stdout] 
[INFO] [stdout] ---- client::tests::ignore_broken_fallback stdout ----
[INFO] [stdout] thread 'client::tests::ignore_broken_fallback' panicked at packages/cosmos/src/client.rs:1604:46:
[INFO] [stdout] called `Result::unwrap()` on an `Err` value: Query(QueryError { action: GetLatestBlock, builder: CosmosBuilder { grpc_url: "https://grpc.osmotest5.osmosis.zone", grpc_fallback_urls: ["http://0.0.0.0:0"], chain_id: "osmo-test-5", gas_coin: "uosmo", hrp: AddressHrp("osmo"), gas_estimate_multiplier: Default, gas_price_method: None, gas_price_retry_attempts: None, transaction_attempts: None, referer_header: None, request_count: None, connection_timeout: None, idle_timeout_seconds: None, query_timeout_seconds: None, query_retries: None, block_lag_allowed: None, latest_block_age_allowed: None, fallback_timeout: None, chain_paused_method: None, autofix_simulate_sequence_mismatch: None, dynamic_gas_retries: None, allowed_error_count: Some(0), osmosis_gas_params: None, osmosis_gas_price_too_old_seconds: None }, height: None, query: Unavailable { source: Status { code: Unavailable, message: "error trying to connect: dns error: failed to lookup address information: Temporary failure in name resolution", source: Some(tonic::transport::Error(Transport, hyper::Error(Connect, ConnectError("dns error", Custom { kind: Uncategorized, error: "failed to lookup address information: Temporary failure in name resolution" })))) }, status: 200 }, grpc_url: "https://grpc.osmotest5.osmosis.zone", node_health: NodeHealthReport { nodes: [SingleNodeHealthReport { grpc_url: "https://grpc.osmotest5.osmosis.zone", is_fallback: false, is_healthy: false, last_error: Some(LastNodeError { timestamp: 2024-01-05T15:22:18.049966685Z, age: 6.61µs, error: "Error querying server, received HTTP status code 200 OK. Status { code: Unavailable, message: \"error trying to connect: dns error: failed to lookup address information: Temporary failure in name resolution\", source: Some(tonic::transport::Error(Transport, hyper::Error(Connect, ConnectError(\"dns error\", Custom { kind: Uncategorized, error: \"failed to lookup address information: Temporary failure in name resolution\" })))) } during action get latest block" }), error_count: 2 }, SingleNodeHealthReport { grpc_url: "http://0.0.0.0:0", is_fallback: true, is_healthy: false, last_error: Some(LastNodeError { timestamp: 2024-01-05T15:22:18.049156765Z, age: 820.98µs, error: "Error querying server, received HTTP status code 200 OK. Status { code: Unavailable, message: \"error trying to connect: tcp connect error: Connection refused (os error 111)\", source: Some(tonic::transport::Error(Transport, hyper::Error(Connect, ConnectError(\"tcp connect error\", Os { code: 111, kind: ConnectionRefused, message: \"Connection refused\" })))) } during action get latest block" }), error_count: 2 }] } })
[INFO] [stdout] stack backtrace:
[INFO] [stdout]    0:     0x5623a494120c - std::backtrace_rs::backtrace::libunwind::trace::ha637c64ce894333a
[INFO] [stdout]                                at /rustc/82e1608dfa6e0b5569232559e3d385fea5a93112/library/std/src/../../backtrace/src/backtrace/libunwind.rs:104:5
[INFO] [stdout]    1:     0x5623a494120c - std::backtrace_rs::backtrace::trace_unsynchronized::h47f62dea28e0c88d
[INFO] [stdout]                                at /rustc/82e1608dfa6e0b5569232559e3d385fea5a93112/library/std/src/../../backtrace/src/backtrace/mod.rs:66:5
[INFO] [stdout]    2:     0x5623a494120c - std::sys_common::backtrace::_print_fmt::h9eef0abe20ede486
[INFO] [stdout]                                at /rustc/82e1608dfa6e0b5569232559e3d385fea5a93112/library/std/src/sys_common/backtrace.rs:67:5
[INFO] [stdout]    3:     0x5623a494120c - <std::sys_common::backtrace::_print::DisplayBacktrace as core::fmt::Display>::fmt::hed7f999df88cc644
[INFO] [stdout]                                at /rustc/82e1608dfa6e0b5569232559e3d385fea5a93112/library/std/src/sys_common/backtrace.rs:44:22
[INFO] [stdout]    4:     0x5623a4970020 - core::fmt::rt::Argument::fmt::h1539a9308b8d058d
[INFO] [stdout]                                at /rustc/82e1608dfa6e0b5569232559e3d385fea5a93112/library/core/src/fmt/rt.rs:142:9
[INFO] [stdout]    5:     0x5623a4970020 - core::fmt::write::h3a39390d8560d9c9
[INFO] [stdout]                                at /rustc/82e1608dfa6e0b5569232559e3d385fea5a93112/library/core/src/fmt/mod.rs:1120:17
[INFO] [stdout]    6:     0x5623a493e0bf - std::io::Write::write_fmt::h040b369f3a0f9cbc
[INFO] [stdout]                                at /rustc/82e1608dfa6e0b5569232559e3d385fea5a93112/library/std/src/io/mod.rs:1762:15
[INFO] [stdout]    7:     0x5623a4940ff4 - std::sys_common::backtrace::_print::h894006fb5c6f3d45
[INFO] [stdout]                                at /rustc/82e1608dfa6e0b5569232559e3d385fea5a93112/library/std/src/sys_common/backtrace.rs:47:5
[INFO] [stdout]    8:     0x5623a4940ff4 - std::sys_common::backtrace::print::h23a2d212c6fff936
[INFO] [stdout]                                at /rustc/82e1608dfa6e0b5569232559e3d385fea5a93112/library/std/src/sys_common/backtrace.rs:34:9
[INFO] [stdout]    9:     0x5623a4942cb7 - std::panicking::default_hook::{{closure}}::h8a1d2ee00185001a
[INFO] [stdout]   10:     0x5623a49429a3 - std::panicking::default_hook::h6038f2eba384e475
[INFO] [stdout]                                at /rustc/82e1608dfa6e0b5569232559e3d385fea5a93112/library/std/src/panicking.rs:289:9
[INFO] [stdout]   11:     0x5623a4188fa7 - <alloc::boxed::Box<F,A> as core::ops::function::Fn<Args>>::call::h0ad024c9bdc6d768
[INFO] [stdout]                                at /rustc/82e1608dfa6e0b5569232559e3d385fea5a93112/library/alloc/src/boxed.rs:2021:9
[INFO] [stdout]   12:     0x5623a4188fa7 - test::test_main::{{closure}}::h7500b54257359db6
[INFO] [stdout]                                at /rustc/82e1608dfa6e0b5569232559e3d385fea5a93112/library/test/src/lib.rs:138:21
[INFO] [stdout]   13:     0x5623a49432c8 - <alloc::boxed::Box<F,A> as core::ops::function::Fn<Args>>::call::h1f8f335eaa9cfaee
[INFO] [stdout]                                at /rustc/82e1608dfa6e0b5569232559e3d385fea5a93112/library/alloc/src/boxed.rs:2021:9
[INFO] [stdout]   14:     0x5623a49432c8 - std::panicking::rust_panic_with_hook::h2b5517d590cab22e
[INFO] [stdout]                                at /rustc/82e1608dfa6e0b5569232559e3d385fea5a93112/library/std/src/panicking.rs:783:13
[INFO] [stdout]   15:     0x5623a494301e - std::panicking::begin_panic_handler::{{closure}}::h233112c06e0ef43e
[INFO] [stdout]                                at /rustc/82e1608dfa6e0b5569232559e3d385fea5a93112/library/std/src/panicking.rs:657:13
[INFO] [stdout]   16:     0x5623a49416d6 - std::sys_common::backtrace::__rust_end_short_backtrace::h6e893f24d7ebbff8
[INFO] [stdout]                                at /rustc/82e1608dfa6e0b5569232559e3d385fea5a93112/library/std/src/sys_common/backtrace.rs:170:18
[INFO] [stdout]   17:     0x5623a4942d82 - rust_begin_unwind
[INFO] [stdout]                                at /rustc/82e1608dfa6e0b5569232559e3d385fea5a93112/library/std/src/panicking.rs:645:5
[INFO] [stdout]   18:     0x5623a3ed26d5 - core::panicking::panic_fmt::hbf0e066aabfa482c
[INFO] [stdout]                                at /rustc/82e1608dfa6e0b5569232559e3d385fea5a93112/library/core/src/panicking.rs:72:14
[INFO] [stdout]   19:     0x5623a3ed2ca3 - core::result::unwrap_failed::hddb4fea594200c52
[INFO] [stdout]                                at /rustc/82e1608dfa6e0b5569232559e3d385fea5a93112/library/core/src/result.rs:1653:5
[INFO] [stdout]   20:     0x5623a3ed93b6 - core::result::Result<T,E>::unwrap::hdc57627600d9e299
[INFO] [stdout]   21:     0x5623a3ee9438 - cosmos::client::tests::ignore_broken_fallback::{{closure}}::h880ae0dee8f39583
[INFO] [stdout]   22:     0x5623a3ee3784 - <core::pin::Pin<P> as core::future::future::Future>::poll::h85f4346410611a80
[INFO] [stdout]   23:     0x5623a3ee36da - <core::pin::Pin<P> as core::future::future::Future>::poll::h25066bce4a678755
[INFO] [stdout]   24:     0x5623a3f5f75a - tokio::runtime::scheduler::current_thread::CoreGuard::block_on::{{closure}}::{{closure}}::{{closure}}::h2605778207200aaa
[INFO] [stdout]   25:     0x5623a3f5f66e - tokio::runtime::scheduler::current_thread::CoreGuard::block_on::{{closure}}::{{closure}}::hb20ba346fde1bac1
[INFO] [stdout]   26:     0x5623a3f5e203 - tokio::runtime::scheduler::current_thread::Context::enter::h9b16b019a6bda1ca
[INFO] [stdout]   27:     0x5623a3f5ecaa - tokio::runtime::scheduler::current_thread::CoreGuard::block_on::{{closure}}::hf96b117851867166
[INFO] [stdout]   28:     0x5623a3f5e9db - tokio::runtime::scheduler::current_thread::CoreGuard::enter::{{closure}}::hf4a626a643ca853f
[INFO] [stdout]   29:     0x5623a3efc863 - tokio::macros::scoped_tls::ScopedKey<T>::set::h212313e10bd422d7
[INFO] [stdout]   30:     0x5623a3f5e777 - tokio::runtime::scheduler::current_thread::CoreGuard::enter::hedd19671adb17eb1
[INFO] [stdout]   31:     0x5623a3f5ea08 - tokio::runtime::scheduler::current_thread::CoreGuard::block_on::h8768a15fa0d77d3d
[INFO] [stdout]   32:     0x5623a3f5d545 - tokio::runtime::scheduler::current_thread::CurrentThread::block_on::hfce0f00d68d5b7f5
[INFO] [stdout]   33:     0x5623a3f2eb1c - tokio::runtime::runtime::Runtime::block_on::hcc10ff8780325514
[INFO] [stdout]   34:     0x5623a3ee8f0d - cosmos::client::tests::ignore_broken_fallback::h6ebec4ecfe153885
[INFO] [stdout]   35:     0x5623a3ee8dc3 - cosmos::client::tests::ignore_broken_fallback::{{closure}}::h897c8069ef715cc2
[INFO] [stdout]   36:     0x5623a3ef40c6 - core::ops::function::FnOnce::call_once::h40046d640133b8cb
[INFO] [stdout]   37:     0x5623a418e5ff - core::ops::function::FnOnce::call_once::h2b5d431d5046312d
[INFO] [stdout]                                at /rustc/82e1608dfa6e0b5569232559e3d385fea5a93112/library/core/src/ops/function.rs:250:5
[INFO] [stdout]   38:     0x5623a418e5ff - test::__rust_begin_short_backtrace::h7714669af176e207
[INFO] [stdout]                                at /rustc/82e1608dfa6e0b5569232559e3d385fea5a93112/library/test/src/lib.rs:628:18
[INFO] [stdout]   39:     0x5623a418d615 - test::run_test_in_process::{{closure}}::h85218797dcbcec12
[INFO] [stdout]                                at /rustc/82e1608dfa6e0b5569232559e3d385fea5a93112/library/test/src/lib.rs:651:60
[INFO] [stdout]   40:     0x5623a418d615 - <core::panic::unwind_safe::AssertUnwindSafe<F> as core::ops::function::FnOnce<()>>::call_once::h76c106ea31c14d7b
[INFO] [stdout]                                at /rustc/82e1608dfa6e0b5569232559e3d385fea5a93112/library/core/src/panic/unwind_safe.rs:272:9
[INFO] [stdout]   41:     0x5623a418d615 - std::panicking::try::do_call::h3bd5d0f6620ee946
[INFO] [stdout]                                at /rustc/82e1608dfa6e0b5569232559e3d385fea5a93112/library/std/src/panicking.rs:552:40
[INFO] [stdout]   42:     0x5623a418d615 - std::panicking::try::h232e535e4744fe31
[INFO] [stdout]                                at /rustc/82e1608dfa6e0b5569232559e3d385fea5a93112/library/std/src/panicking.rs:516:19
[INFO] [stdout]   43:     0x5623a418d615 - std::panic::catch_unwind::h3ce3bd6ca8dbac68
[INFO] [stdout]                                at /rustc/82e1608dfa6e0b5569232559e3d385fea5a93112/library/std/src/panic.rs:142:14
[INFO] [stdout]   44:     0x5623a418d615 - test::run_test_in_process::hc97b257c9621286a
[INFO] [stdout]                                at /rustc/82e1608dfa6e0b5569232559e3d385fea5a93112/library/test/src/lib.rs:651:27
[INFO] [stdout]   45:     0x5623a418d615 - test::run_test::{{closure}}::h2aa798823a438d38
[INFO] [stdout]                                at /rustc/82e1608dfa6e0b5569232559e3d385fea5a93112/library/test/src/lib.rs:574:43
[INFO] [stdout]   46:     0x5623a41558d6 - test::run_test::{{closure}}::h87d231c78fb59832
[INFO] [stdout]                                at /rustc/82e1608dfa6e0b5569232559e3d385fea5a93112/library/test/src/lib.rs:602:41
[INFO] [stdout]   47:     0x5623a41558d6 - std::sys_common::backtrace::__rust_begin_short_backtrace::he6df152596625789
[INFO] [stdout]                                at /rustc/82e1608dfa6e0b5569232559e3d385fea5a93112/library/std/src/sys_common/backtrace.rs:154:18
[INFO] [stdout]   48:     0x5623a415a987 - std::thread::Builder::spawn_unchecked_::{{closure}}::{{closure}}::ha94be15d1e0acf36
[INFO] [stdout]                                at /rustc/82e1608dfa6e0b5569232559e3d385fea5a93112/library/std/src/thread/mod.rs:529:17
[INFO] [stdout]   49:     0x5623a415a987 - <core::panic::unwind_safe::AssertUnwindSafe<F> as core::ops::function::FnOnce<()>>::call_once::h9dc6bd6372f16606
[INFO] [stdout]                                at /rustc/82e1608dfa6e0b5569232559e3d385fea5a93112/library/core/src/panic/unwind_safe.rs:272:9
[INFO] [stdout]   50:     0x5623a415a987 - std::panicking::try::do_call::h9057517f80303cd4
[INFO] [stdout]                                at /rustc/82e1608dfa6e0b5569232559e3d385fea5a93112/library/std/src/panicking.rs:552:40
[INFO] [stdout]   51:     0x5623a415a987 - std::panicking::try::he3a30b11ee45340c
[INFO] [stdout]                                at /rustc/82e1608dfa6e0b5569232559e3d385fea5a93112/library/std/src/panicking.rs:516:19
[INFO] [stdout]   52:     0x5623a415a987 - std::panic::catch_unwind::h410458cfd3528b8b
[INFO] [stdout]                                at /rustc/82e1608dfa6e0b5569232559e3d385fea5a93112/library/std/src/panic.rs:142:14
[INFO] [stdout]   53:     0x5623a415a987 - std::thread::Builder::spawn_unchecked_::{{closure}}::h72ac3bdb567b737b
[INFO] [stdout]                                at /rustc/82e1608dfa6e0b5569232559e3d385fea5a93112/library/std/src/thread/mod.rs:528:30
[INFO] [stdout]   54:     0x5623a415a987 - core::ops::function::FnOnce::call_once{{vtable.shim}}::h38f34da3654a8344
[INFO] [stdout]                                at /rustc/82e1608dfa6e0b5569232559e3d385fea5a93112/library/core/src/ops/function.rs:250:5
[INFO] [stdout]   55:     0x5623a4947fe5 - <alloc::boxed::Box<F,A> as core::ops::function::FnOnce<Args>>::call_once::hc7eafaff61e32df9
[INFO] [stdout]                                at /rustc/82e1608dfa6e0b5569232559e3d385fea5a93112/library/alloc/src/boxed.rs:2007:9
[INFO] [stdout]   56:     0x5623a4947fe5 - <alloc::boxed::Box<F,A> as core::ops::function::FnOnce<Args>>::call_once::h6ba4a5de48dd2304
[INFO] [stdout]                                at /rustc/82e1608dfa6e0b5569232559e3d385fea5a93112/library/alloc/src/boxed.rs:2007:9
[INFO] [stdout]   57:     0x5623a4947fe5 - std::sys::unix::thread::Thread::new::thread_start::he469335aef763e45
[INFO] [stdout]                                at /rustc/82e1608dfa6e0b5569232559e3d385fea5a93112/library/std/src/sys/unix/thread.rs:108:17
[INFO] [stdout]   58:     0x7fbeb7f66ac3 - <unknown>
[INFO] [stdout]   59:     0x7fbeb7ff7bf4 - __clone
[INFO] [stdout]   60:                0x0 - <unknown>
[INFO] [stdout] 
[INFO] [stdout] 
[INFO] [stdout] failures:
[INFO] [stdout]     client::tests::fallback
[INFO] [stdout]     client::tests::ignore_broken_fallback
[INFO] [stdout] 
[INFO] [stdout] test result: FAILED. 17 passed; 2 failed; 0 ignored; 0 measured; 0 filtered out; finished in 0.55s
[INFO] [stdout] 
[INFO] [stderr] error: test failed, to rerun pass `-p cosmos --lib`
[INFO] running `Command { std: "docker" "inspect" "d872437251e1117c18ba3e52493a485666fd0e9b7cab1ce2659f50c276cdf2b4", kill_on_drop: false }`
[INFO] running `Command { std: "docker" "rm" "-f" "d872437251e1117c18ba3e52493a485666fd0e9b7cab1ce2659f50c276cdf2b4", kill_on_drop: false }`
[INFO] [stdout] d872437251e1117c18ba3e52493a485666fd0e9b7cab1ce2659f50c276cdf2b4
[INFO] testing Levana-Protocol/levana-cosmos-rs against beta-2023-12-22 for beta-1.76-1
[INFO] running `Command { std: "git" "clone" "/workspace/cache/git-repos/https%3A%2F%2Fgithub.com%2FLevana-Protocol%2Flevana-cosmos-rs" "/workspace/builds/worker-4-tc2/source", kill_on_drop: false }`
[INFO] [stderr] Cloning into '/workspace/builds/worker-4-tc2/source'...
[INFO] [stderr] done.
[INFO] validating manifest of git repo https://github.com/Levana-Protocol/levana-cosmos-rs on toolchain beta-2023-12-22
[INFO] running `Command { std: CARGO_HOME="/workspace/cargo-home" RUSTUP_HOME="/workspace/rustup-home" "/workspace/cargo-home/bin/cargo" "+beta-2023-12-22" "metadata" "--manifest-path" "Cargo.toml" "--no-deps", kill_on_drop: false }`
[INFO] removed /workspace/builds/worker-4-tc2/source/rust-toolchain.toml
[INFO] started tweaking git repo https://github.com/Levana-Protocol/levana-cosmos-rs
[INFO] finished tweaking git repo https://github.com/Levana-Protocol/levana-cosmos-rs
[INFO] tweaked toml for git repo https://github.com/Levana-Protocol/levana-cosmos-rs written to /workspace/builds/worker-4-tc2/source/Cargo.toml
[INFO] crate git repo https://github.com/Levana-Protocol/levana-cosmos-rs already has a lockfile, it will not be regenerated
[INFO] running `Command { std: CARGO_HOME="/workspace/cargo-home" RUSTUP_HOME="/workspace/rustup-home" "/workspace/cargo-home/bin/cargo" "+beta-2023-12-22" "fetch" "--manifest-path" "Cargo.toml", kill_on_drop: false }`
[INFO] [stderr] warning: virtual workspace defaulting to `resolver = "1"` despite one or more workspace members being on edition 2021 which implies `resolver = "2"`
[INFO] [stderr] note: to keep the current resolver, specify `workspace.resolver = "1"` in the workspace root's manifest
[INFO] [stderr] note: to use the edition 2021 resolver, specify `workspace.resolver = "2"` in the workspace root's manifest
[INFO] [stderr] note: for more details see https://doc.rust-lang.org/cargo/reference/resolver.html#resolver-versions
[INFO] [stderr]     Blocking waiting for file lock on package cache
[INFO] [stderr]     Blocking waiting for file lock on package cache
[INFO] running `Command { std: "docker" "create" "-v" "/var/lib/crater-agent-workspace/builds/worker-4-tc2/target:/opt/rustwide/target:rw,Z" "-v" "/var/lib/crater-agent-workspace/builds/worker-4-tc2/source:/opt/rustwide/workdir:ro,Z" "-v" "/var/lib/crater-agent-workspace/cargo-home:/opt/rustwide/cargo-home:ro,Z" "-v" "/var/lib/crater-agent-workspace/rustup-home:/opt/rustwide/rustup-home:ro,Z" "-e" "SOURCE_DIR=/opt/rustwide/workdir" "-e" "CARGO_TARGET_DIR=/opt/rustwide/target" "-e" "CARGO_HOME=/opt/rustwide/cargo-home" "-e" "RUSTUP_HOME=/opt/rustwide/rustup-home" "-w" "/opt/rustwide/workdir" "-m" "1610612736" "--user" "0:0" "--network" "none" "ghcr.io/rust-lang/crates-build-env/linux@sha256:2788e3201cd34a07e3172128adcd8b3090168a8e3bcc40d7c032b9dda1df7d1c" "/opt/rustwide/cargo-home/bin/cargo" "+beta-2023-12-22" "metadata" "--no-deps" "--format-version=1", kill_on_drop: false }`
[INFO] [stdout] 579ab133698688366711a741974dd7f48e3ebc452d247dc052a1395cf47465e6
[INFO] running `Command { std: "docker" "start" "-a" "579ab133698688366711a741974dd7f48e3ebc452d247dc052a1395cf47465e6", kill_on_drop: false }`
[INFO] running `Command { std: "docker" "inspect" "579ab133698688366711a741974dd7f48e3ebc452d247dc052a1395cf47465e6", kill_on_drop: false }`
[INFO] running `Command { std: "docker" "rm" "-f" "579ab133698688366711a741974dd7f48e3ebc452d247dc052a1395cf47465e6", kill_on_drop: false }`
[INFO] [stdout] 579ab133698688366711a741974dd7f48e3ebc452d247dc052a1395cf47465e6
[INFO] running `Command { std: "docker" "create" "-v" "/var/lib/crater-agent-workspace/builds/worker-4-tc2/target:/opt/rustwide/target:rw,Z" "-v" "/var/lib/crater-agent-workspace/builds/worker-4-tc2/source:/opt/rustwide/workdir:ro,Z" "-v" "/var/lib/crater-agent-workspace/cargo-home:/opt/rustwide/cargo-home:ro,Z" "-v" "/var/lib/crater-agent-workspace/rustup-home:/opt/rustwide/rustup-home:ro,Z" "-e" "SOURCE_DIR=/opt/rustwide/workdir" "-e" "CARGO_TARGET_DIR=/opt/rustwide/target" "-e" "CARGO_INCREMENTAL=0" "-e" "RUST_BACKTRACE=full" "-e" "RUSTFLAGS=--cap-lints=warn" "-e" "RUSTDOCFLAGS=--cap-lints=warn" "-e" "CARGO_HOME=/opt/rustwide/cargo-home" "-e" "RUSTUP_HOME=/opt/rustwide/rustup-home" "-w" "/opt/rustwide/workdir" "-m" "1610612736" "--user" "0:0" "--network" "none" "ghcr.io/rust-lang/crates-build-env/linux@sha256:2788e3201cd34a07e3172128adcd8b3090168a8e3bcc40d7c032b9dda1df7d1c" "/opt/rustwide/cargo-home/bin/cargo" "+beta-2023-12-22" "build" "--frozen" "--message-format=json", kill_on_drop: false }`
[INFO] [stdout] 909a22dbc96e28162fcbf9dae6f9c786b552110fc4046b52815c8076c9816a32
[INFO] running `Command { std: "docker" "start" "-a" "909a22dbc96e28162fcbf9dae6f9c786b552110fc4046b52815c8076c9816a32", kill_on_drop: false }`
[INFO] [stderr] warning: virtual workspace defaulting to `resolver = "1"` despite one or more workspace members being on edition 2021 which implies `resolver = "2"`
[INFO] [stderr] note: to keep the current resolver, specify `workspace.resolver = "1"` in the workspace root's manifest
[INFO] [stderr] note: to use the edition 2021 resolver, specify `workspace.resolver = "2"` in the workspace root's manifest
[INFO] [stderr] note: for more details see https://doc.rust-lang.org/cargo/reference/resolver.html#resolver-versions
[INFO] [stderr]    Compiling proc-macro2 v1.0.63
[INFO] [stderr]    Compiling quote v1.0.29
[INFO] [stderr]    Compiling unicode-ident v1.0.6
[INFO] [stderr]    Compiling libc v0.2.150
[INFO] [stderr]    Compiling syn v1.0.107
[INFO] [stderr]    Compiling cfg-if v1.0.0
[INFO] [stderr]    Compiling serde_derive v1.0.152
[INFO] [stderr]    Compiling serde v1.0.152
[INFO] [stderr]    Compiling once_cell v1.17.1
[INFO] [stderr]    Compiling unicode-xid v0.2.4
[INFO] [stderr]    Compiling itoa v1.0.5
[INFO] [stderr]    Compiling subtle v2.4.1
[INFO] [stderr]    Compiling generic-array v0.14.6
[INFO] [stderr]    Compiling typenum v1.16.0
[INFO] [stderr]    Compiling ahash v0.7.6
[INFO] [stderr]    Compiling log v0.4.17
[INFO] [stderr]    Compiling pin-project-lite v0.2.9
[INFO] [stderr]    Compiling futures-core v0.3.28
[INFO] [stderr]    Compiling lock_api v0.4.9
[INFO] [stderr]    Compiling parking_lot_core v0.9.7
[INFO] [stderr]    Compiling smallvec v1.10.0
[INFO] [stderr]    Compiling scopeguard v1.1.0
[INFO] [stderr]    Compiling tokio v1.28.0
[INFO] [stderr]    Compiling const-oid v0.9.3
[INFO] [stderr]    Compiling ryu v1.0.12
[INFO] [stderr]    Compiling slab v0.4.7
[INFO] [stderr]    Compiling cpufeatures v0.2.5
[INFO] [stderr]    Compiling futures-sink v0.3.28
[INFO] [stderr]    Compiling futures-task v0.3.28
[INFO] [stderr]    Compiling futures-channel v0.3.28
[INFO] [stderr]    Compiling serde_json v1.0.93
[INFO] [stderr]    Compiling bitflags v1.3.2
[INFO] [stderr]    Compiling base64ct v1.6.0
[INFO] [stderr]    Compiling tracing-core v0.1.32
[INFO] [stderr]    Compiling indexmap v1.9.2
[INFO] [stderr]    Compiling futures-util v0.3.28
[INFO] [stderr]    Compiling futures-io v0.3.28
[INFO] [stderr]    Compiling thiserror v1.0.48
[INFO] [stderr]    Compiling crunchy v0.2.2
[INFO] [stderr]    Compiling pin-utils v0.1.0
[INFO] [stderr]    Compiling base16ct v0.1.1
[INFO] [stderr]    Compiling hex v0.4.3
[INFO] [stderr]    Compiling byteorder v1.4.3
[INFO] [stderr]    Compiling rand_core v0.5.1
[INFO] [stderr]    Compiling schemars v0.8.12
[INFO] [stderr]    Compiling fnv v1.0.7
[INFO] [stderr]    Compiling opaque-debug v0.3.0
[INFO] [stderr]    Compiling base64 v0.13.1
[INFO] [stderr]    Compiling dyn-clone v1.0.11
[INFO] [stderr]    Compiling gimli v0.27.3
[INFO] [stderr]    Compiling adler v1.0.2
[INFO] [stderr]    Compiling object v0.30.4
[INFO] [stderr]    Compiling httparse v1.8.0
[INFO] [stderr]    Compiling miniz_oxide v0.6.2
[INFO] [stderr]    Compiling untrusted v0.7.1
[INFO] [stderr]    Compiling tower-service v0.3.2
[INFO] [stderr]    Compiling static_assertions v1.1.0
[INFO] [stderr]    Compiling spin v0.5.2
[INFO] [stderr]    Compiling anyhow v1.0.71
[INFO] [stderr]    Compiling io-lifetimes v1.0.5
[INFO] [stderr]    Compiling rustc-demangle v0.1.23
[INFO] [stderr]    Compiling either v1.8.1
[INFO] [stderr]    Compiling syn v2.0.32
[INFO] [stderr]    Compiling pkg-config v0.3.27
[INFO] [stderr]    Compiling uint v0.9.5
[INFO] [stderr]    Compiling forward_ref v1.0.0
[INFO] [stderr]    Compiling rustversion v1.0.11
[INFO] [stderr]    Compiling try-lock v0.2.4
[INFO] [stderr]    Compiling itertools v0.10.5
[INFO] [stderr]    Compiling want v0.3.0
[INFO] [stderr]    Compiling httpdate v1.0.2
[INFO] [stderr]    Compiling semver v1.0.17
[INFO] [stderr]    Compiling percent-encoding v2.2.0
[INFO] [stderr]    Compiling rustls v0.20.8
[INFO] [stderr]    Compiling openssl-probe v0.1.5
[INFO] [stderr]    Compiling openssl v0.10.52
[INFO] [stderr]    Compiling tinyvec_macros v0.1.1
[INFO] [stderr]    Compiling foreign-types-shared v0.1.1
[INFO] [stderr]    Compiling tinyvec v1.6.0
[INFO] [stderr]    Compiling proc-macro-error-attr v1.0.4
[INFO] [stderr]    Compiling foreign-types v0.3.2
[INFO] [stderr]    Compiling ppv-lite86 v0.2.17
[INFO] [stderr]    Compiling crypto-common v0.1.6
[INFO] [stderr]    Compiling block-buffer v0.10.3
[INFO] [stderr]    Compiling digest v0.9.0
[INFO] [stderr]    Compiling block-buffer v0.9.0
[INFO] [stderr]    Compiling native-tls v0.2.11
[INFO] [stderr]    Compiling async-trait v0.1.74
[INFO] [stderr]    Compiling digest v0.10.6
[INFO] [stderr]    Compiling sha2 v0.9.9
[INFO] [stderr]    Compiling heck v0.4.1
[INFO] [stderr]    Compiling mime v0.3.16
[INFO] [stderr]    Compiling hmac v0.12.1
[INFO] [stderr]    Compiling getrandom v0.2.11
[INFO] [stderr]    Compiling cc v1.0.84
[INFO] [stderr]    Compiling mio v0.8.6
[INFO] [stderr]    Compiling signal-hook-registry v1.4.1
[INFO] [stderr]    Compiling socket2 v0.4.9
[INFO] [stderr]    Compiling num_cpus v1.15.0
[INFO] [stderr]    Compiling sha2 v0.10.6
[INFO] [stderr]    Compiling rand_core v0.6.4
[INFO] [stderr]    Compiling parking_lot v0.12.1
[INFO] [stderr]    Compiling ff v0.12.1
[INFO] [stderr]    Compiling hashbrown v0.12.3
[INFO] [stderr]    Compiling signature v1.6.4
[INFO] [stderr]    Compiling group v0.12.1
[INFO] [stderr]    Compiling base64 v0.21.0
[INFO] [stderr]    Compiling axum-core v0.3.4
[INFO] [stderr]    Compiling unicode-normalization v0.1.22
[INFO] [stderr]    Compiling rand_chacha v0.3.1
[INFO] [stderr]    Compiling aho-corasick v1.1.2
[INFO] [stderr]    Compiling num-traits v0.2.15
[INFO] [stderr]    Compiling proc-macro-error v1.0.4
[INFO] [stderr]    Compiling tower-layer v0.3.2
[INFO] [stderr]    Compiling rustix v0.36.8
[INFO] [stderr]    Compiling paste v1.0.11
[INFO] [stderr]    Compiling regex-syntax v0.7.5
[INFO] [stderr]    Compiling rustls-pemfile v1.0.2
[INFO] [stderr]    Compiling rand v0.8.5
[INFO] [stderr]    Compiling axum v0.6.20
[INFO] [stderr]    Compiling form_urlencoded v1.1.0
[INFO] [stderr]    Compiling linux-raw-sys v0.1.4
[INFO] [stderr]    Compiling addr2line v0.19.0
[INFO] [stderr]    Compiling rustix v0.37.3
[INFO] [stderr]    Compiling lazy_static v1.4.0
[INFO] [stderr]    Compiling unicode-bidi v0.3.10
[INFO] [stderr]    Compiling time-core v0.1.0
[INFO] [stderr]    Compiling time-macros v0.2.6
[INFO] [stderr]    Compiling sync_wrapper v0.1.2
[INFO] [stderr]    Compiling os_str_bytes v6.4.1
[INFO] [stderr]    Compiling linux-raw-sys v0.3.7
[INFO] [stderr]    Compiling prettyplease v0.1.25
[INFO] [stderr]    Compiling ring v0.16.20
[INFO] [stderr]    Compiling backtrace v0.3.67
[INFO] [stderr]    Compiling openssl-sys v0.9.87
[INFO] [stderr]    Compiling secp256k1-sys v0.6.1
[INFO] [stderr]    Compiling idna v0.3.0
[INFO] [stderr]    Compiling bitcoin_hashes v0.11.0
[INFO] [stderr]    Compiling matchit v0.7.0
[INFO] [stderr]    Compiling flex-error v0.4.4
[INFO] [stderr]    Compiling url v2.3.1
[INFO] [stderr]    Compiling clap_lex v0.3.1
[INFO] [stderr]    Compiling rustls-native-certs v0.6.3
[INFO] [stderr]    Compiling encoding_rs v0.8.32
[INFO] [stderr]    Compiling tiny-keccak v2.0.2
[INFO] [stderr]    Compiling time v0.3.17
[INFO] [stderr]    Compiling termcolor v1.2.0
[INFO] [stderr]    Compiling synstructure v0.12.6
[INFO] [stderr]    Compiling serde_derive_internals v0.26.0
[INFO] [stderr]    Compiling regex-automata v0.3.7
[INFO] [stderr]    Compiling is-terminal v0.4.3
[INFO] [stderr]    Compiling ipnet v2.7.1
[INFO] [stderr]    Compiling fixedbitset v0.4.2
[INFO] [stderr]    Compiling fastrand v1.9.0
[INFO] [stderr]    Compiling regex-syntax v0.6.29
[INFO] [stderr]    Compiling strsim v0.10.0
[INFO] [stderr]    Compiling petgraph v0.6.3
[INFO] [stderr]    Compiling which v4.4.0
[INFO] [stderr]    Compiling pbkdf2 v0.11.0
[INFO] [stderr]    Compiling tempfile v3.5.0
[INFO] [stderr]    Compiling iana-time-zone v0.1.53
[INFO] [stderr]    Compiling bech32 v0.9.1
[INFO] [stderr]    Compiling overload v0.1.1
[INFO] [stderr]    Compiling multimap v0.8.3
[INFO] [stderr]    Compiling sharded-slab v0.1.7
[INFO] [stderr]    Compiling nu-ansi-term v0.46.0
[INFO] [stderr]    Compiling tracing-log v0.2.0
[INFO] [stderr]    Compiling thread_local v1.1.7
[INFO] [stderr]    Compiling csv-core v0.1.11
[INFO] [stderr]    Compiling fs-err v2.9.0
[INFO] [stderr]    Compiling regex-automata v0.1.10
[INFO] [stderr]    Compiling tokio-macros v2.1.0
[INFO] [stderr]    Compiling futures-macro v0.3.28
[INFO] [stderr]    Compiling tracing-attributes v0.1.27
[INFO] [stderr]    Compiling thiserror-impl v1.0.48
[INFO] [stderr]    Compiling openssl-macros v0.1.1
[INFO] [stderr]    Compiling secp256k1 v0.24.3
[INFO] [stderr]    Compiling regex v1.9.4
[INFO] [stderr]    Compiling zeroize_derive v1.3.3
[INFO] [stderr]    Compiling schemars_derive v0.8.12
[INFO] [stderr]    Compiling cosmwasm-derive v1.2.7
[INFO] [stderr]    Compiling derivative v2.2.0
[INFO] [stderr]    Compiling cosmwasm-schema-derive v1.2.7
[INFO] [stderr]    Compiling webpki v0.22.0
[INFO] [stderr]    Compiling prost-derive v0.11.9
[INFO] [stderr]    Compiling sct v0.7.0
[INFO] [stderr]    Compiling pin-project-internal v1.0.12
[INFO] [stderr]    Compiling async-stream-impl v0.3.3
[INFO] [stderr]    Compiling webpki-roots v0.22.6
[INFO] [stderr]    Compiling num-derive v0.3.3
[INFO] [stderr]    Compiling clap_derive v4.1.0
[INFO] [stderr]    Compiling bitcoin v0.29.2
[INFO] [stderr]    Compiling zeroize v1.5.7
[INFO] [stderr]    Compiling der v0.6.1
[INFO] [stderr]    Compiling crypto-bigint v0.4.9
[INFO] [stderr]    Compiling curve25519-dalek v3.2.0
[INFO] [stderr]    Compiling subtle-encoding v0.5.1
[INFO] [stderr]    Compiling tracing v0.1.40
[INFO] [stderr]    Compiling spki v0.6.0
[INFO] [stderr]    Compiling pkcs8 v0.9.0
[INFO] [stderr]    Compiling rfc6979 v0.3.1
[INFO] [stderr]    Compiling sec1 v0.3.0
[INFO] [stderr]    Compiling pin-project v1.0.12
[INFO] [stderr]    Compiling async-stream v0.3.3
[INFO] [stderr]    Compiling hkd32 v0.7.0
[INFO] [stderr]    Compiling matchers v0.1.0
[INFO] [stderr]    Compiling tracing-futures v0.2.5
[INFO] [stderr]    Compiling tracing-subscriber v0.3.18
[INFO] [stderr]    Compiling elliptic-curve v0.12.3
[INFO] [stderr]    Compiling ecdsa v0.14.8
[INFO] [stderr]    Compiling k256 v0.11.6
[INFO] [stderr]    Compiling clap v4.1.6
[INFO] [stderr]    Compiling futures-executor v0.3.28
[INFO] [stderr]    Compiling futures v0.3.28
[INFO] [stderr]    Compiling clap_complete v4.1.2
[INFO] [stderr]    Compiling bytes v1.4.0
[INFO] [stderr]    Compiling ed25519-zebra v3.1.0
[INFO] [stderr]    Compiling serde-json-wasm v0.5.1
[INFO] [stderr]    Compiling serde_urlencoded v0.7.1
[INFO] [stderr]    Compiling serde_bytes v0.11.9
[INFO] [stderr]    Compiling chrono v0.4.31
[INFO] [stderr]    Compiling bip39 v2.0.0
[INFO] [stderr]    Compiling csv v1.3.0
[INFO] [stderr]    Compiling http v0.2.11
[INFO] [stderr]    Compiling prost v0.11.9
[INFO] [stderr]    Compiling cosmwasm-crypto v1.2.7
[INFO] [stderr]    Compiling prost-types v0.11.9
[INFO] [stderr]    Compiling http-body v0.4.5
[INFO] [stderr]    Compiling cosmwasm-std v1.2.7
[INFO] [stderr]    Compiling cosmwasm-schema v1.2.7
[INFO] [stderr]    Compiling tendermint-proto v0.27.0
[INFO] [stderr]    Compiling prost-build v0.11.9
[INFO] [stderr]    Compiling tonic-build v0.8.4
[INFO] [stderr]    Compiling cw-storage-plus v1.1.0
[INFO] [stderr]    Compiling tokio-util v0.7.7
[INFO] [stderr]    Compiling tokio-rustls v0.23.4
[INFO] [stderr]    Compiling tokio-native-tls v0.3.1
[INFO] [stderr]    Compiling tokio-io-timeout v1.2.0
[INFO] [stderr]    Compiling tokio-stream v0.1.11
[INFO] [stderr]    Compiling cw2 v1.1.0
[INFO] [stderr]    Compiling cw4 v1.1.0
[INFO] [stderr]    Compiling h2 v0.3.21
[INFO] [stderr]    Compiling tower v0.4.13
[INFO] [stderr]    Compiling cw-utils v1.0.1
[INFO] [stderr]    Compiling cw20 v1.1.0
[INFO] [stderr]    Compiling cw-controllers v1.1.0
[INFO] [stderr]    Compiling cw4-group v1.1.0
[INFO] [stderr]    Compiling cw3 v1.1.0
[INFO] [stderr]    Compiling cw3-fixed-multisig v1.1.0
[INFO] [stderr]    Compiling hyper v0.14.27
[INFO] [stderr]    Compiling cw3-flex-multisig v1.1.0
[INFO] [stderr]    Compiling hyper-tls v0.5.0
[INFO] [stderr]    Compiling hyper-rustls v0.23.2
[INFO] [stderr]    Compiling hyper-timeout v0.4.1
[INFO] [stderr]    Compiling reqwest v0.11.17
[INFO] [stderr]    Compiling prost-build v0.1.0 (/opt/rustwide/workdir/packages/prost-build)
[INFO] [stderr]    Compiling tonic v0.8.3
[INFO] [stderr]    Compiling cosmos-sdk-proto v0.16.0
[INFO] [stderr]    Compiling cosmos v0.1.0 (/opt/rustwide/workdir/packages/cosmos)
[INFO] [stderr]    Compiling cosmos-bin v0.1.0 (/opt/rustwide/workdir/packages/cosmos-bin)
[INFO] [stderr]     Finished dev [unoptimized] target(s) in 53.06s
[INFO] running `Command { std: "docker" "inspect" "909a22dbc96e28162fcbf9dae6f9c786b552110fc4046b52815c8076c9816a32", kill_on_drop: false }`
[INFO] running `Command { std: "docker" "rm" "-f" "909a22dbc96e28162fcbf9dae6f9c786b552110fc4046b52815c8076c9816a32", kill_on_drop: false }`
[INFO] [stdout] 909a22dbc96e28162fcbf9dae6f9c786b552110fc4046b52815c8076c9816a32
[INFO] running `Command { std: "docker" "create" "-v" "/var/lib/crater-agent-workspace/builds/worker-4-tc2/target:/opt/rustwide/target:rw,Z" "-v" "/var/lib/crater-agent-workspace/builds/worker-4-tc2/source:/opt/rustwide/workdir:ro,Z" "-v" "/var/lib/crater-agent-workspace/cargo-home:/opt/rustwide/cargo-home:ro,Z" "-v" "/var/lib/crater-agent-workspace/rustup-home:/opt/rustwide/rustup-home:ro,Z" "-e" "SOURCE_DIR=/opt/rustwide/workdir" "-e" "CARGO_TARGET_DIR=/opt/rustwide/target" "-e" "CARGO_INCREMENTAL=0" "-e" "RUST_BACKTRACE=full" "-e" "RUSTFLAGS=--cap-lints=warn" "-e" "RUSTDOCFLAGS=--cap-lints=warn" "-e" "CARGO_HOME=/opt/rustwide/cargo-home" "-e" "RUSTUP_HOME=/opt/rustwide/rustup-home" "-w" "/opt/rustwide/workdir" "-m" "1610612736" "--user" "0:0" "--network" "none" "ghcr.io/rust-lang/crates-build-env/linux@sha256:2788e3201cd34a07e3172128adcd8b3090168a8e3bcc40d7c032b9dda1df7d1c" "/opt/rustwide/cargo-home/bin/cargo" "+beta-2023-12-22" "test" "--frozen" "--no-run" "--message-format=json", kill_on_drop: false }`
[INFO] [stdout] 6a9ee33bd20114cb15ed3ab8f6567bb319d10652480bec8b2d1eb540102bfaa8
[INFO] running `Command { std: "docker" "start" "-a" "6a9ee33bd20114cb15ed3ab8f6567bb319d10652480bec8b2d1eb540102bfaa8", kill_on_drop: false }`
[INFO] [stderr] warning: virtual workspace defaulting to `resolver = "1"` despite one or more workspace members being on edition 2021 which implies `resolver = "2"`
[INFO] [stderr] note: to keep the current resolver, specify `workspace.resolver = "1"` in the workspace root's manifest
[INFO] [stderr] note: to use the edition 2021 resolver, specify `workspace.resolver = "2"` in the workspace root's manifest
[INFO] [stderr] note: for more details see https://doc.rust-lang.org/cargo/reference/resolver.html#resolver-versions
[INFO] [stderr]    Compiling env_logger v0.8.4
[INFO] [stderr]    Compiling prost-build v0.1.0 (/opt/rustwide/workdir/packages/prost-build)
[INFO] [stderr]    Compiling quickcheck v1.0.3
[INFO] [stderr]    Compiling cosmos v0.1.0 (/opt/rustwide/workdir/packages/cosmos)
[INFO] [stderr]    Compiling cosmos-bin v0.1.0 (/opt/rustwide/workdir/packages/cosmos-bin)
[INFO] [stderr]     Finished test [unoptimized] target(s) in 9.84s
[INFO] running `Command { std: "docker" "inspect" "6a9ee33bd20114cb15ed3ab8f6567bb319d10652480bec8b2d1eb540102bfaa8", kill_on_drop: false }`
[INFO] running `Command { std: "docker" "rm" "-f" "6a9ee33bd20114cb15ed3ab8f6567bb319d10652480bec8b2d1eb540102bfaa8", kill_on_drop: false }`
[INFO] [stdout] 6a9ee33bd20114cb15ed3ab8f6567bb319d10652480bec8b2d1eb540102bfaa8
[INFO] running `Command { std: "docker" "create" "-v" "/var/lib/crater-agent-workspace/builds/worker-4-tc2/target:/opt/rustwide/target:rw,Z" "-v" "/var/lib/crater-agent-workspace/builds/worker-4-tc2/source:/opt/rustwide/workdir:ro,Z" "-v" "/var/lib/crater-agent-workspace/cargo-home:/opt/rustwide/cargo-home:ro,Z" "-v" "/var/lib/crater-agent-workspace/rustup-home:/opt/rustwide/rustup-home:ro,Z" "-e" "SOURCE_DIR=/opt/rustwide/workdir" "-e" "CARGO_TARGET_DIR=/opt/rustwide/target" "-e" "CARGO_INCREMENTAL=0" "-e" "RUST_BACKTRACE=full" "-e" "RUSTFLAGS=--cap-lints=warn" "-e" "RUSTDOCFLAGS=--cap-lints=warn" "-e" "CARGO_HOME=/opt/rustwide/cargo-home" "-e" "RUSTUP_HOME=/opt/rustwide/rustup-home" "-w" "/opt/rustwide/workdir" "-m" "1610612736" "--user" "0:0" "--network" "none" "ghcr.io/rust-lang/crates-build-env/linux@sha256:2788e3201cd34a07e3172128adcd8b3090168a8e3bcc40d7c032b9dda1df7d1c" "/opt/rustwide/cargo-home/bin/cargo" "+beta-2023-12-22" "test" "--frozen", kill_on_drop: false }`
[INFO] [stdout] f2bcab9a6abc0282a4a623a0f975c98c9fcad9f4824dbdb8e9c598969c6aa5ac
[INFO] running `Command { std: "docker" "start" "-a" "f2bcab9a6abc0282a4a623a0f975c98c9fcad9f4824dbdb8e9c598969c6aa5ac", kill_on_drop: false }`
[INFO] [stderr] warning: virtual workspace defaulting to `resolver = "1"` despite one or more workspace members being on edition 2021 which implies `resolver = "2"`
[INFO] [stderr] note: to keep the current resolver, specify `workspace.resolver = "1"` in the workspace root's manifest
[INFO] [stderr] note: to use the edition 2021 resolver, specify `workspace.resolver = "2"` in the workspace root's manifest
[INFO] [stderr] note: for more details see https://doc.rust-lang.org/cargo/reference/resolver.html#resolver-versions
[INFO] [stderr]     Finished test [unoptimized] target(s) in 0.18s
[INFO] [stderr]      Running unittests src/lib.rs (/opt/rustwide/target/debug/deps/cosmos-7944a59da3477d24)
[INFO] [stdout] 
[INFO] [stdout] running 19 tests
[INFO] [stdout] test address::tests::invalid_hrp ... ok
[INFO] [stdout] test address::tests::spot_roundtrip_osmo ... ok
[INFO] [stdout] test address::tests::spot_roundtrip_juno ... ok
[INFO] [stdout] test client::tests::get_expected_sequence_bad ... ok
[INFO] [stdout] test address::tests::valid_hrp ... ok
[INFO] [stdout] test client::tests::gas_estimate_multiplier ... ok
[INFO] [stdout] test client::tests::get_expected_sequence_extra_prelude ... ok
[INFO] [stdout] test client::tests::get_expected_sequence_good ... ok
[INFO] [stdout] test error::tests::test_extract_fail ... ok
[INFO] [stdout] test error::tests::test_extract_success ... ok
[INFO] [stdout] test wallet::tests::test_ethereum_address ... ok
[INFO] [stdout] test wallet::tests::test_ethereum_hashing ... ok
[INFO] [stdout] test wallet::tests::test_keccak ... ok
[INFO] [stdout] test address::tests::roundtrip_address ... ok
[INFO] [stdout] test wallet::tests::test_ethereum_from_seed_phrase ... ok
[INFO] [stdout] test wallet::tests::test_osmosis_and_injective_addresses ... ok
[INFO] [stdout] test client::tests::lazy_load ... ok
[INFO] [stderr] error: test failed, to rerun pass `-p cosmos --lib`
[INFO] [stdout] test client::tests::fallback ... FAILED
[INFO] [stdout] test client::tests::ignore_broken_fallback ... FAILED
[INFO] [stdout] 
[INFO] [stdout] failures:
[INFO] [stdout] 
[INFO] [stdout] ---- client::tests::fallback stdout ----
[INFO] [stdout] thread 'client::tests::fallback' panicked at packages/cosmos/src/client.rs:1595:46:
[INFO] [stdout] called `Result::unwrap()` on an `Err` value: Query(QueryError { action: GetLatestBlock, builder: CosmosBuilder { grpc_url: "http://0.0.0.0:0", grpc_fallback_urls: ["https://grpc.osmotest5.osmosis.zone"], chain_id: "osmo-test-5", gas_coin: "uosmo", hrp: AddressHrp("osmo"), gas_estimate_multiplier: Default, gas_price_method: None, gas_price_retry_attempts: None, transaction_attempts: None, referer_header: None, request_count: None, connection_timeout: None, idle_timeout_seconds: None, query_timeout_seconds: None, query_retries: None, block_lag_allowed: None, latest_block_age_allowed: None, fallback_timeout: None, chain_paused_method: None, autofix_simulate_sequence_mismatch: None, dynamic_gas_retries: None, allowed_error_count: Some(0), osmosis_gas_params: None, osmosis_gas_price_too_old_seconds: None }, height: None, query: Unavailable { source: Status { code: Unavailable, message: "error trying to connect: tcp connect error: Connection refused (os error 111)", source: Some(tonic::transport::Error(Transport, hyper::Error(Connect, ConnectError("tcp connect error", Os { code: 111, kind: ConnectionRefused, message: "Connection refused" })))) }, status: 200 }, grpc_url: "http://0.0.0.0:0", node_health: NodeHealthReport { nodes: [SingleNodeHealthReport { grpc_url: "http://0.0.0.0:0", is_fallback: false, is_healthy: false, last_error: Some(LastNodeError { timestamp: 2024-01-05T15:23:28.210338811Z, age: 7.31µs, error: "Error querying server, received HTTP status code 200 OK. Status { code: Unavailable, message: \"error trying to connect: tcp connect error: Connection refused (os error 111)\", source: Some(tonic::transport::Error(Transport, hyper::Error(Connect, ConnectError(\"tcp connect error\", Os { code: 111, kind: ConnectionRefused, message: \"Connection refused\" })))) } during action get latest block" }), error_count: 2 }, SingleNodeHealthReport { grpc_url: "https://grpc.osmotest5.osmosis.zone", is_fallback: true, is_healthy: false, last_error: Some(LastNodeError { timestamp: 2024-01-05T15:23:28.209698551Z, age: 652.39µs, error: "Error querying server, received HTTP status code 200 OK. Status { code: Unavailable, message: \"error trying to connect: dns error: failed to lookup address information: Temporary failure in name resolution\", source: Some(tonic::transport::Error(Transport, hyper::Error(Connect, ConnectError(\"dns error\", Custom { kind: Uncategorized, error: \"failed to lookup address information: Temporary failure in name resolution\" })))) } during action get latest block" }), error_count: 2 }] } })
[INFO] [stdout] stack backtrace:
[INFO] [stdout]    0:     0x55dccb388bb6 - std::backtrace_rs::backtrace::libunwind::trace::h261606ad26a499c1
[INFO] [stdout]                                at /rustc/0e09125c6c3c2fd70d7de961bcf0e51575235fad/library/std/src/../../backtrace/src/backtrace/libunwind.rs:104:5
[INFO] [stdout]    1:     0x55dccb388bb6 - std::backtrace_rs::backtrace::trace_unsynchronized::hd183f0625477fb28
[INFO] [stdout]                                at /rustc/0e09125c6c3c2fd70d7de961bcf0e51575235fad/library/std/src/../../backtrace/src/backtrace/mod.rs:66:5
[INFO] [stdout]    2:     0x55dccb388bb6 - std::sys_common::backtrace::_print_fmt::hd7f8fef21b4eda67
[INFO] [stdout]                                at /rustc/0e09125c6c3c2fd70d7de961bcf0e51575235fad/library/std/src/sys_common/backtrace.rs:68:5
[INFO] [stdout]    3:     0x55dccb388bb6 - <std::sys_common::backtrace::_print::DisplayBacktrace as core::fmt::Display>::fmt::h623d9b51f2f453f1
[INFO] [stdout]                                at /rustc/0e09125c6c3c2fd70d7de961bcf0e51575235fad/library/std/src/sys_common/backtrace.rs:44:22
[INFO] [stdout]    4:     0x55dccb3b6c60 - core::fmt::rt::Argument::fmt::h9f417ac76a86f368
[INFO] [stdout]                                at /rustc/0e09125c6c3c2fd70d7de961bcf0e51575235fad/library/core/src/fmt/rt.rs:142:9
[INFO] [stdout]    5:     0x55dccb3b6c60 - core::fmt::write::hc9b6faf4ac2aeff7
[INFO] [stdout]                                at /rustc/0e09125c6c3c2fd70d7de961bcf0e51575235fad/library/core/src/fmt/mod.rs:1120:17
[INFO] [stdout]    6:     0x55dccb385a1f - std::io::Write::write_fmt::he04625a3a989fec3
[INFO] [stdout]                                at /rustc/0e09125c6c3c2fd70d7de961bcf0e51575235fad/library/std/src/io/mod.rs:1810:15
[INFO] [stdout]    7:     0x55dccb388994 - std::sys_common::backtrace::_print::hd5d66399c7df88a2
[INFO] [stdout]                                at /rustc/0e09125c6c3c2fd70d7de961bcf0e51575235fad/library/std/src/sys_common/backtrace.rs:47:5
[INFO] [stdout]    8:     0x55dccb388994 - std::sys_common::backtrace::print::he81ed2da642d37e5
[INFO] [stdout]                                at /rustc/0e09125c6c3c2fd70d7de961bcf0e51575235fad/library/std/src/sys_common/backtrace.rs:34:9
[INFO] [stdout]    9:     0x55dccb38a707 - std::panicking::default_hook::{{closure}}::h85773f4fa117163d
[INFO] [stdout]   10:     0x55dccb38a3ed - std::panicking::default_hook::h6a1694a91d09b278
[INFO] [stdout]                                at /rustc/0e09125c6c3c2fd70d7de961bcf0e51575235fad/library/std/src/panicking.rs:289:9
[INFO] [stdout]   11:     0x55dccabcf987 - <alloc::boxed::Box<F,A> as core::ops::function::Fn<Args>>::call::h616ac37fa3cd6c8f
[INFO] [stdout]                                at /rustc/0e09125c6c3c2fd70d7de961bcf0e51575235fad/library/alloc/src/boxed.rs:2029:9
[INFO] [stdout]   12:     0x55dccabcf987 - test::test_main::{{closure}}::h00d84697cefdcbb6
[INFO] [stdout]                                at /rustc/0e09125c6c3c2fd70d7de961bcf0e51575235fad/library/test/src/lib.rs:138:21
[INFO] [stdout]   13:     0x55dccb38ad26 - <alloc::boxed::Box<F,A> as core::ops::function::Fn<Args>>::call::hcb3fe3b9bb537ba8
[INFO] [stdout]                                at /rustc/0e09125c6c3c2fd70d7de961bcf0e51575235fad/library/alloc/src/boxed.rs:2029:9
[INFO] [stdout]   14:     0x55dccb38ad26 - std::panicking::rust_panic_with_hook::h0a7ad96e90f7145b
[INFO] [stdout]                                at /rustc/0e09125c6c3c2fd70d7de961bcf0e51575235fad/library/std/src/panicking.rs:783:13
[INFO] [stdout]   15:     0x55dccb38aa72 - std::panicking::begin_panic_handler::{{closure}}::h7919090525c6485e
[INFO] [stdout]                                at /rustc/0e09125c6c3c2fd70d7de961bcf0e51575235fad/library/std/src/panicking.rs:657:13
[INFO] [stdout]   16:     0x55dccb3890b6 - std::sys_common::backtrace::__rust_end_short_backtrace::hf3289479464f7dfe
[INFO] [stdout]                                at /rustc/0e09125c6c3c2fd70d7de961bcf0e51575235fad/library/std/src/sys_common/backtrace.rs:171:18
[INFO] [stdout]   17:     0x55dccb38a7d0 - rust_begin_unwind
[INFO] [stdout]                                at /rustc/0e09125c6c3c2fd70d7de961bcf0e51575235fad/library/std/src/panicking.rs:645:5
[INFO] [stdout]   18:     0x55dcca91e6b5 - core::panicking::panic_fmt::hcc9f77c5c132af55
[INFO] [stdout]                                at /rustc/0e09125c6c3c2fd70d7de961bcf0e51575235fad/library/core/src/panicking.rs:72:14
[INFO] [stdout]   19:     0x55dcca91ec93 - core::result::unwrap_failed::hbe14f498be1452f9
[INFO] [stdout]                                at /rustc/0e09125c6c3c2fd70d7de961bcf0e51575235fad/library/core/src/result.rs:1649:5
[INFO] [stdout]   20:     0x55dcca925236 - core::result::Result<T,E>::unwrap::hda1148cf72195847
[INFO] [stdout]   21:     0x55dcca96e93b - cosmos::client::tests::fallback::{{closure}}::hda4774dd73fa7254
[INFO] [stdout]   22:     0x55dcca968a04 - <core::pin::Pin<P> as core::future::future::Future>::poll::h210891e079a6e755
[INFO] [stdout]   23:     0x55dcca968a3a - <core::pin::Pin<P> as core::future::future::Future>::poll::h32031eae3561afc0
[INFO] [stdout]   24:     0x55dcca93984a - tokio::runtime::scheduler::current_thread::CoreGuard::block_on::{{closure}}::{{closure}}::{{closure}}::h92ec77e32d0be511
[INFO] [stdout]   25:     0x55dcca93979e - tokio::runtime::scheduler::current_thread::CoreGuard::block_on::{{closure}}::{{closure}}::he201b4cdd8f1ccae
[INFO] [stdout]   26:     0x55dcca938333 - tokio::runtime::scheduler::current_thread::Context::enter::hd3d32306249f652e
[INFO] [stdout]   27:     0x55dcca938dba - tokio::runtime::scheduler::current_thread::CoreGuard::block_on::{{closure}}::hbdeebb0891519789
[INFO] [stdout]   28:     0x55dcca938afb - tokio::runtime::scheduler::current_thread::CoreGuard::enter::{{closure}}::he43728842e1a1169
[INFO] [stdout]   29:     0x55dcca98de03 - tokio::macros::scoped_tls::ScopedKey<T>::set::h5ed5b60bbff8125a
[INFO] [stdout]   30:     0x55dcca938897 - tokio::runtime::scheduler::current_thread::CoreGuard::enter::h444d07438a05b33b
[INFO] [stdout]   31:     0x55dcca938b28 - tokio::runtime::scheduler::current_thread::CoreGuard::block_on::hec7340b939953130
[INFO] [stdout]   32:     0x55dcca937683 - tokio::runtime::scheduler::current_thread::CurrentThread::block_on::h420578178b44cc5d
[INFO] [stdout]   33:     0x55dcca990c1c - tokio::runtime::runtime::Runtime::block_on::h294bea38d2e350fd
[INFO] [stdout]   34:     0x55dcca96e3cd - cosmos::client::tests::fallback::hc85ce06ed64ffeb3
[INFO] [stdout]   35:     0x55dcca96e283 - cosmos::client::tests::fallback::{{closure}}::h46614e99a7916a1c
[INFO] [stdout]   36:     0x55dcca9b3666 - core::ops::function::FnOnce::call_once::hc36bf694458e2208
[INFO] [stdout]   37:     0x55dccabd525f - core::ops::function::FnOnce::call_once::hd64d26f405258157
[INFO] [stdout]                                at /rustc/0e09125c6c3c2fd70d7de961bcf0e51575235fad/library/core/src/ops/function.rs:250:5
[INFO] [stdout]   38:     0x55dccabd525f - test::__rust_begin_short_backtrace::he21b0b7a6d731bf9
[INFO] [stdout]                                at /rustc/0e09125c6c3c2fd70d7de961bcf0e51575235fad/library/test/src/lib.rs:627:18
[INFO] [stdout]   39:     0x55dccabd3fe1 - test::run_test_in_process::{{closure}}::hf5c73986d7bdfde2
[INFO] [stdout]                                at /rustc/0e09125c6c3c2fd70d7de961bcf0e51575235fad/library/test/src/lib.rs:650:60
[INFO] [stdout]   40:     0x55dccabd3fe1 - <core::panic::unwind_safe::AssertUnwindSafe<F> as core::ops::function::FnOnce<()>>::call_once::h330011ad032aadc0
[INFO] [stdout]                                at /rustc/0e09125c6c3c2fd70d7de961bcf0e51575235fad/library/core/src/panic/unwind_safe.rs:272:9
[INFO] [stdout]   41:     0x55dccabd3fe1 - std::panicking::try::do_call::he61b0a958b795a41
[INFO] [stdout]                                at /rustc/0e09125c6c3c2fd70d7de961bcf0e51575235fad/library/std/src/panicking.rs:552:40
[INFO] [stdout]   42:     0x55dccabd3fe1 - std::panicking::try::h7309da130f906eb7
[INFO] [stdout]                                at /rustc/0e09125c6c3c2fd70d7de961bcf0e51575235fad/library/std/src/panicking.rs:516:19
[INFO] [stdout]   43:     0x55dccabd3fe1 - std::panic::catch_unwind::hc5c3a06fdaf0a92a
[INFO] [stdout]                                at /rustc/0e09125c6c3c2fd70d7de961bcf0e51575235fad/library/std/src/panic.rs:142:14
[INFO] [stdout]   44:     0x55dccabd3fe1 - test::run_test_in_process::h7e7b7c71c3324e0f
[INFO] [stdout]                                at /rustc/0e09125c6c3c2fd70d7de961bcf0e51575235fad/library/test/src/lib.rs:650:27
[INFO] [stdout]   45:     0x55dccabd3fe1 - test::run_test::{{closure}}::h1f509f28f5cf20b1
[INFO] [stdout]                                at /rustc/0e09125c6c3c2fd70d7de961bcf0e51575235fad/library/test/src/lib.rs:573:43
[INFO] [stdout]   46:     0x55dccab9b316 - test::run_test::{{closure}}::h1754218abf443f6d
[INFO] [stdout]                                at /rustc/0e09125c6c3c2fd70d7de961bcf0e51575235fad/library/test/src/lib.rs:601:41
[INFO] [stdout]   47:     0x55dccab9b316 - std::sys_common::backtrace::__rust_begin_short_backtrace::h2ee174b9d5954948
[INFO] [stdout]                                at /rustc/0e09125c6c3c2fd70d7de961bcf0e51575235fad/library/std/src/sys_common/backtrace.rs:155:18
[INFO] [stdout]   48:     0x55dccaba0377 - std::thread::Builder::spawn_unchecked_::{{closure}}::{{closure}}::hf60bee9c1a17ef09
[INFO] [stdout]                                at /rustc/0e09125c6c3c2fd70d7de961bcf0e51575235fad/library/std/src/thread/mod.rs:529:17
[INFO] [stdout]   49:     0x55dccaba0377 - <core::panic::unwind_safe::AssertUnwindSafe<F> as core::ops::function::FnOnce<()>>::call_once::h33d0dddec5216160
[INFO] [stdout]                                at /rustc/0e09125c6c3c2fd70d7de961bcf0e51575235fad/library/core/src/panic/unwind_safe.rs:272:9
[INFO] [stdout]   50:     0x55dccaba0377 - std::panicking::try::do_call::h144b3048b546f835
[INFO] [stdout]                                at /rustc/0e09125c6c3c2fd70d7de961bcf0e51575235fad/library/std/src/panicking.rs:552:40
[INFO] [stdout]   51:     0x55dccaba0377 - std::panicking::try::h978244d04646189f
[INFO] [stdout]                                at /rustc/0e09125c6c3c2fd70d7de961bcf0e51575235fad/library/std/src/panicking.rs:516:19
[INFO] [stdout]   52:     0x55dccaba0377 - std::panic::catch_unwind::hdf436369d188fe86
[INFO] [stdout]                                at /rustc/0e09125c6c3c2fd70d7de961bcf0e51575235fad/library/std/src/panic.rs:142:14
[INFO] [stdout]   53:     0x55dccaba0377 - std::thread::Builder::spawn_unchecked_::{{closure}}::h87329cbdd33c79ec
[INFO] [stdout]                                at /rustc/0e09125c6c3c2fd70d7de961bcf0e51575235fad/library/std/src/thread/mod.rs:528:30
[INFO] [stdout]   54:     0x55dccaba0377 - core::ops::function::FnOnce::call_once{{vtable.shim}}::h401abbe67897d450
[INFO] [stdout]                                at /rustc/0e09125c6c3c2fd70d7de961bcf0e51575235fad/library/core/src/ops/function.rs:250:5
[INFO] [stdout]   55:     0x55dccb38fa65 - <alloc::boxed::Box<F,A> as core::ops::function::FnOnce<Args>>::call_once::h5d7c8f150ab9c84c
[INFO] [stdout]                                at /rustc/0e09125c6c3c2fd70d7de961bcf0e51575235fad/library/alloc/src/boxed.rs:2015:9
[INFO] [stdout]   56:     0x55dccb38fa65 - <alloc::boxed::Box<F,A> as core::ops::function::FnOnce<Args>>::call_once::h570d5b005c242c15
[INFO] [stdout]                                at /rustc/0e09125c6c3c2fd70d7de961bcf0e51575235fad/library/alloc/src/boxed.rs:2015:9
[INFO] [stdout]   57:     0x55dccb38fa65 - std::sys::unix::thread::Thread::new::thread_start::h36b0a20c0b2361ad
[INFO] [stdout]                                at /rustc/0e09125c6c3c2fd70d7de961bcf0e51575235fad/library/std/src/sys/unix/thread.rs:108:17
[INFO] [stdout]   58:     0x7f195df3eac3 - <unknown>
[INFO] [stdout]   59:     0x7f195dfcfbf4 - __clone
[INFO] [stdout]   60:                0x0 - <unknown>
[INFO] [stdout] 
[INFO] [stdout] ---- client::tests::ignore_broken_fallback stdout ----
[INFO] [stdout] thread 'client::tests::ignore_broken_fallback' panicked at packages/cosmos/src/client.rs:1604:46:
[INFO] [stdout] called `Result::unwrap()` on an `Err` value: Query(QueryError { action: GetLatestBlock, builder: CosmosBuilder { grpc_url: "https://grpc.osmotest5.osmosis.zone", grpc_fallback_urls: ["http://0.0.0.0:0"], chain_id: "osmo-test-5", gas_coin: "uosmo", hrp: AddressHrp("osmo"), gas_estimate_multiplier: Default, gas_price_method: None, gas_price_retry_attempts: None, transaction_attempts: None, referer_header: None, request_count: None, connection_timeout: None, idle_timeout_seconds: None, query_timeout_seconds: None, query_retries: None, block_lag_allowed: None, latest_block_age_allowed: None, fallback_timeout: None, chain_paused_method: None, autofix_simulate_sequence_mismatch: None, dynamic_gas_retries: None, allowed_error_count: Some(0), osmosis_gas_params: None, osmosis_gas_price_too_old_seconds: None }, height: None, query: Unavailable { source: Status { code: Unavailable, message: "error trying to connect: dns error: failed to lookup address information: Temporary failure in name resolution", source: Some(tonic::transport::Error(Transport, hyper::Error(Connect, ConnectError("dns error", Custom { kind: Uncategorized, error: "failed to lookup address information: Temporary failure in name resolution" })))) }, status: 200 }, grpc_url: "https://grpc.osmotest5.osmosis.zone", node_health: NodeHealthReport { nodes: [SingleNodeHealthReport { grpc_url: "https://grpc.osmotest5.osmosis.zone", is_fallback: false, is_healthy: false, last_error: Some(LastNodeError { timestamp: 2024-01-05T15:23:28.219933400Z, age: 6.3µs, error: "Error querying server, received HTTP status code 200 OK. Status { code: Unavailable, message: \"error trying to connect: dns error: failed to lookup address information: Temporary failure in name resolution\", source: Some(tonic::transport::Error(Transport, hyper::Error(Connect, ConnectError(\"dns error\", Custom { kind: Uncategorized, error: \"failed to lookup address information: Temporary failure in name resolution\" })))) } during action get latest block" }), error_count: 2 }, SingleNodeHealthReport { grpc_url: "http://0.0.0.0:0", is_fallback: true, is_healthy: false, last_error: Some(LastNodeError { timestamp: 2024-01-05T15:23:28.218996540Z, age: 947.06µs, error: "Error querying server, received HTTP status code 200 OK. Status { code: Unavailable, message: \"error trying to connect: tcp connect error: Connection refused (os error 111)\", source: Some(tonic::transport::Error(Transport, hyper::Error(Connect, ConnectError(\"tcp connect error\", Os { code: 111, kind: ConnectionRefused, message: \"Connection refused\" })))) } during action get latest block" }), error_count: 2 }] } })
[INFO] [stdout] stack backtrace:
[INFO] [stdout]    0:     0x55dccb388bb6 - std::backtrace_rs::backtrace::libunwind::trace::h261606ad26a499c1
[INFO] [stdout]                                at /rustc/0e09125c6c3c2fd70d7de961bcf0e51575235fad/library/std/src/../../backtrace/src/backtrace/libunwind.rs:104:5
[INFO] [stdout]    1:     0x55dccb388bb6 - std::backtrace_rs::backtrace::trace_unsynchronized::hd183f0625477fb28
[INFO] [stdout]                                at /rustc/0e09125c6c3c2fd70d7de961bcf0e51575235fad/library/std/src/../../backtrace/src/backtrace/mod.rs:66:5
[INFO] [stdout]    2:     0x55dccb388bb6 - std::sys_common::backtrace::_print_fmt::hd7f8fef21b4eda67
[INFO] [stdout]                                at /rustc/0e09125c6c3c2fd70d7de961bcf0e51575235fad/library/std/src/sys_common/backtrace.rs:68:5
[INFO] [stdout]    3:     0x55dccb388bb6 - <std::sys_common::backtrace::_print::DisplayBacktrace as core::fmt::Display>::fmt::h623d9b51f2f453f1
[INFO] [stdout]                                at /rustc/0e09125c6c3c2fd70d7de961bcf0e51575235fad/library/std/src/sys_common/backtrace.rs:44:22
[INFO] [stdout]    4:     0x55dccb3b6c60 - core::fmt::rt::Argument::fmt::h9f417ac76a86f368
[INFO] [stdout]                                at /rustc/0e09125c6c3c2fd70d7de961bcf0e51575235fad/library/core/src/fmt/rt.rs:142:9
[INFO] [stdout]    5:     0x55dccb3b6c60 - core::fmt::write::hc9b6faf4ac2aeff7
[INFO] [stdout]                                at /rustc/0e09125c6c3c2fd70d7de961bcf0e51575235fad/library/core/src/fmt/mod.rs:1120:17
[INFO] [stdout]    6:     0x55dccb385a1f - std::io::Write::write_fmt::he04625a3a989fec3
[INFO] [stdout]                                at /rustc/0e09125c6c3c2fd70d7de961bcf0e51575235fad/library/std/src/io/mod.rs:1810:15
[INFO] [stdout]    7:     0x55dccb388994 - std::sys_common::backtrace::_print::hd5d66399c7df88a2
[INFO] [stdout]                                at /rustc/0e09125c6c3c2fd70d7de961bcf0e51575235fad/library/std/src/sys_common/backtrace.rs:47:5
[INFO] [stdout]    8:     0x55dccb388994 - std::sys_common::backtrace::print::he81ed2da642d37e5
[INFO] [stdout]                                at /rustc/0e09125c6c3c2fd70d7de961bcf0e51575235fad/library/std/src/sys_common/backtrace.rs:34:9
[INFO] [stdout]    9:     0x55dccb38a707 - std::panicking::default_hook::{{closure}}::h85773f4fa117163d
[INFO] [stdout]   10:     0x55dccb38a3ed - std::panicking::default_hook::h6a1694a91d09b278
[INFO] [stdout]                                at /rustc/0e09125c6c3c2fd70d7de961bcf0e51575235fad/library/std/src/panicking.rs:289:9
[INFO] [stdout]   11:     0x55dccabcf987 - <alloc::boxed::Box<F,A> as core::ops::function::Fn<Args>>::call::h616ac37fa3cd6c8f
[INFO] [stdout]                                at /rustc/0e09125c6c3c2fd70d7de961bcf0e51575235fad/library/alloc/src/boxed.rs:2029:9
[INFO] [stdout]   12:     0x55dccabcf987 - test::test_main::{{closure}}::h00d84697cefdcbb6
[INFO] [stdout]                                at /rustc/0e09125c6c3c2fd70d7de961bcf0e51575235fad/library/test/src/lib.rs:138:21
[INFO] [stdout]   13:     0x55dccb38ad26 - <alloc::boxed::Box<F,A> as core::ops::function::Fn<Args>>::call::hcb3fe3b9bb537ba8
[INFO] [stdout]                                at /rustc/0e09125c6c3c2fd70d7de961bcf0e51575235fad/library/alloc/src/boxed.rs:2029:9
[INFO] [stdout]   14:     0x55dccb38ad26 - std::panicking::rust_panic_with_hook::h0a7ad96e90f7145b
[INFO] [stdout]                                at /rustc/0e09125c6c3c2fd70d7de961bcf0e51575235fad/library/std/src/panicking.rs:783:13
[INFO] [stdout]   15:     0x55dccb38aa72 - std::panicking::begin_panic_handler::{{closure}}::h7919090525c6485e
[INFO] [stdout]                                at /rustc/0e09125c6c3c2fd70d7de961bcf0e51575235fad/library/std/src/panicking.rs:657:13
[INFO] [stdout]   16:     0x55dccb3890b6 - std::sys_common::backtrace::__rust_end_short_backtrace::hf3289479464f7dfe
[INFO] [stdout]                                at /rustc/0e09125c6c3c2fd70d7de961bcf0e51575235fad/library/std/src/sys_common/backtrace.rs:171:18
[INFO] [stdout]   17:     0x55dccb38a7d0 - rust_begin_unwind
[INFO] [stdout]                                at /rustc/0e09125c6c3c2fd70d7de961bcf0e51575235fad/library/std/src/panicking.rs:645:5
[INFO] [stdout]   18:     0x55dcca91e6b5 - core::panicking::panic_fmt::hcc9f77c5c132af55
[INFO] [stdout]                                at /rustc/0e09125c6c3c2fd70d7de961bcf0e51575235fad/library/core/src/panicking.rs:72:14
[INFO] [stdout]   19:     0x55dcca91ec93 - core::result::unwrap_failed::hbe14f498be1452f9
[INFO] [stdout]                                at /rustc/0e09125c6c3c2fd70d7de961bcf0e51575235fad/library/core/src/result.rs:1649:5
[INFO] [stdout]   20:     0x55dcca925236 - core::result::Result<T,E>::unwrap::hda1148cf72195847
[INFO] [stdout]   21:     0x55dcca96f01f - cosmos::client::tests::ignore_broken_fallback::{{closure}}::h11c4f1f346b533c3
[INFO] [stdout]   22:     0x55dcca968a04 - <core::pin::Pin<P> as core::future::future::Future>::poll::h210891e079a6e755
[INFO] [stdout]   23:     0x55dcca968a3a - <core::pin::Pin<P> as core::future::future::Future>::poll::h32031eae3561afc0
[INFO] [stdout]   24:     0x55dcca93984a - tokio::runtime::scheduler::current_thread::CoreGuard::block_on::{{closure}}::{{closure}}::{{closure}}::h92ec77e32d0be511
[INFO] [stdout]   25:     0x55dcca93979e - tokio::runtime::scheduler::current_thread::CoreGuard::block_on::{{closure}}::{{closure}}::he201b4cdd8f1ccae
[INFO] [stdout]   26:     0x55dcca938333 - tokio::runtime::scheduler::current_thread::Context::enter::hd3d32306249f652e
[INFO] [stdout]   27:     0x55dcca938dba - tokio::runtime::scheduler::current_thread::CoreGuard::block_on::{{closure}}::hbdeebb0891519789
[INFO] [stdout]   28:     0x55dcca938afb - tokio::runtime::scheduler::current_thread::CoreGuard::enter::{{closure}}::he43728842e1a1169
[INFO] [stdout]   29:     0x55dcca98de03 - tokio::macros::scoped_tls::ScopedKey<T>::set::h5ed5b60bbff8125a
[INFO] [stdout]   30:     0x55dcca938897 - tokio::runtime::scheduler::current_thread::CoreGuard::enter::h444d07438a05b33b
[INFO] [stdout]   31:     0x55dcca938b28 - tokio::runtime::scheduler::current_thread::CoreGuard::block_on::hec7340b939953130
[INFO] [stdout]   32:     0x55dcca937683 - tokio::runtime::scheduler::current_thread::CurrentThread::block_on::h420578178b44cc5d
[INFO] [stdout]   33:     0x55dcca990c1c - tokio::runtime::runtime::Runtime::block_on::h294bea38d2e350fd
[INFO] [stdout]   34:     0x55dcca96eafd - cosmos::client::tests::ignore_broken_fallback::h035b676b70d2148a
[INFO] [stdout]   35:     0x55dcca96e9b3 - cosmos::client::tests::ignore_broken_fallback::{{closure}}::h272203d3ca601a75
[INFO] [stdout]   36:     0x55dcca9b35e6 - core::ops::function::FnOnce::call_once::hc00fb63ef95787a1
[INFO] [stdout]   37:     0x55dccabd525f - core::ops::function::FnOnce::call_once::hd64d26f405258157
[INFO] [stdout]                                at /rustc/0e09125c6c3c2fd70d7de961bcf0e51575235fad/library/core/src/ops/function.rs:250:5
[INFO] [stdout]   38:     0x55dccabd525f - test::__rust_begin_short_backtrace::he21b0b7a6d731bf9
[INFO] [stdout]                                at /rustc/0e09125c6c3c2fd70d7de961bcf0e51575235fad/library/test/src/lib.rs:627:18
[INFO] [stdout]   39:     0x55dccabd3fe1 - test::run_test_in_process::{{closure}}::hf5c73986d7bdfde2
[INFO] [stdout]                                at /rustc/0e09125c6c3c2fd70d7de961bcf0e51575235fad/library/test/src/lib.rs:650:60
[INFO] [stdout]   40:     0x55dccabd3fe1 - <core::panic::unwind_safe::AssertUnwindSafe<F> as core::ops::function::FnOnce<()>>::call_once::h330011ad032aadc0
[INFO] [stdout]                                at /rustc/0e09125c6c3c2fd70d7de961bcf0e51575235fad/library/core/src/panic/unwind_safe.rs:272:9
[INFO] [stdout]   41:     0x55dccabd3fe1 - std::panicking::try::do_call::he61b0a958b795a41
[INFO] [stdout]                                at /rustc/0e09125c6c3c2fd70d7de961bcf0e51575235fad/library/std/src/panicking.rs:552:40
[INFO] [stdout]   42:     0x55dccabd3fe1 - std::panicking::try::h7309da130f906eb7
[INFO] [stdout]                                at /rustc/0e09125c6c3c2fd70d7de961bcf0e51575235fad/library/std/src/panicking.rs:516:19
[INFO] [stdout]   43:     0x55dccabd3fe1 - std::panic::catch_unwind::hc5c3a06fdaf0a92a
[INFO] [stdout]                                at /rustc/0e09125c6c3c2fd70d7de961bcf0e51575235fad/library/std/src/panic.rs:142:14
[INFO] [stdout]   44:     0x55dccabd3fe1 - test::run_test_in_process::h7e7b7c71c3324e0f
[INFO] [stdout]                                at /rustc/0e09125c6c3c2fd70d7de961bcf0e51575235fad/library/test/src/lib.rs:650:27
[INFO] [stdout]   45:     0x55dccabd3fe1 - test::run_test::{{closure}}::h1f509f28f5cf20b1
[INFO] [stdout]                                at /rustc/0e09125c6c3c2fd70d7de961bcf0e51575235fad/library/test/src/lib.rs:573:43
[INFO] [stdout]   46:     0x55dccab9b316 - test::run_test::{{closure}}::h1754218abf443f6d
[INFO] [stdout]                                at /rustc/0e09125c6c3c2fd70d7de961bcf0e51575235fad/library/test/src/lib.rs:601:41
[INFO] [stdout]   47:     0x55dccab9b316 - std::sys_common::backtrace::__rust_begin_short_backtrace::h2ee174b9d5954948
[INFO] [stdout]                                at /rustc/0e09125c6c3c2fd70d7de961bcf0e51575235fad/library/std/src/sys_common/backtrace.rs:155:18
[INFO] [stdout]   48:     0x55dccaba0377 - std::thread::Builder::spawn_unchecked_::{{closure}}::{{closure}}::hf60bee9c1a17ef09
[INFO] [stdout]                                at /rustc/0e09125c6c3c2fd70d7de961bcf0e51575235fad/library/std/src/thread/mod.rs:529:17
[INFO] [stdout]   49:     0x55dccaba0377 - <core::panic::unwind_safe::AssertUnwindSafe<F> as core::ops::function::FnOnce<()>>::call_once::h33d0dddec5216160
[INFO] [stdout]                                at /rustc/0e09125c6c3c2fd70d7de961bcf0e51575235fad/library/core/src/panic/unwind_safe.rs:272:9
[INFO] [stdout]   50:     0x55dccaba0377 - std::panicking::try::do_call::h144b3048b546f835
[INFO] [stdout]                                at /rustc/0e09125c6c3c2fd70d7de961bcf0e51575235fad/library/std/src/panicking.rs:552:40
[INFO] [stdout]   51:     0x55dccaba0377 - std::panicking::try::h978244d04646189f
[INFO] [stdout]                                at /rustc/0e09125c6c3c2fd70d7de961bcf0e51575235fad/library/std/src/panicking.rs:516:19
[INFO] [stdout]   52:     0x55dccaba0377 - std::panic::catch_unwind::hdf436369d188fe86
[INFO] [stdout]                                at /rustc/0e09125c6c3c2fd70d7de961bcf0e51575235fad/library/std/src/panic.rs:142:14
[INFO] [stdout]   53:     0x55dccaba0377 - std::thread::Builder::spawn_unchecked_::{{closure}}::h87329cbdd33c79ec
[INFO] [stdout]                                at /rustc/0e09125c6c3c2fd70d7de961bcf0e51575235fad/library/std/src/thread/mod.rs:528:30
[INFO] [stdout]   54:     0x55dccaba0377 - core::ops::function::FnOnce::call_once{{vtable.shim}}::h401abbe67897d450
[INFO] [stdout]                                at /rustc/0e09125c6c3c2fd70d7de961bcf0e51575235fad/library/core/src/ops/function.rs:250:5
[INFO] [stdout]   55:     0x55dccb38fa65 - <alloc::boxed::Box<F,A> as core::ops::function::FnOnce<Args>>::call_once::h5d7c8f150ab9c84c
[INFO] [stdout]                                at /rustc/0e09125c6c3c2fd70d7de961bcf0e51575235fad/library/alloc/src/boxed.rs:2015:9
[INFO] [stdout]   56:     0x55dccb38fa65 - <alloc::boxed::Box<F,A> as core::ops::function::FnOnce<Args>>::call_once::h570d5b005c242c15
[INFO] [stdout]                                at /rustc/0e09125c6c3c2fd70d7de961bcf0e51575235fad/library/alloc/src/boxed.rs:2015:9
[INFO] [stdout]   57:     0x55dccb38fa65 - std::sys::unix::thread::Thread::new::thread_start::h36b0a20c0b2361ad
[INFO] [stdout]                                at /rustc/0e09125c6c3c2fd70d7de961bcf0e51575235fad/library/std/src/sys/unix/thread.rs:108:17
[INFO] [stdout]   58:     0x7f195df3eac3 - <unknown>
[INFO] [stdout]   59:     0x7f195dfcfbf4 - __clone
[INFO] [stdout]   60:                0x0 - <unknown>
[INFO] [stdout] 
[INFO] [stdout] 
[INFO] [stdout] failures:
[INFO] [stdout]     client::tests::fallback
[INFO] [stdout]     client::tests::ignore_broken_fallback
[INFO] [stdout] 
[INFO] [stdout] test result: FAILED. 17 passed; 2 failed; 0 ignored; 0 measured; 0 filtered out; finished in 0.35s
[INFO] [stdout] 
[INFO] running `Command { std: "docker" "inspect" "f2bcab9a6abc0282a4a623a0f975c98c9fcad9f4824dbdb8e9c598969c6aa5ac", kill_on_drop: false }`
[INFO] running `Command { std: "docker" "rm" "-f" "f2bcab9a6abc0282a4a623a0f975c98c9fcad9f4824dbdb8e9c598969c6aa5ac", kill_on_drop: false }`
[INFO] [stdout] f2bcab9a6abc0282a4a623a0f975c98c9fcad9f4824dbdb8e9c598969c6aa5ac
