[INFO] cloning repository https://github.com/LJason77/Zelda
[INFO] running `Command { std: "git" "-c" "credential.helper=" "-c" "credential.helper=/workspace/cargo-home/bin/git-credential-null" "clone" "--bare" "https://github.com/LJason77/Zelda" "/workspace/cache/git-repos/https%3A%2F%2Fgithub.com%2FLJason77%2FZelda", kill_on_drop: false }`
[INFO] [stderr] Cloning into bare repository '/workspace/cache/git-repos/https%3A%2F%2Fgithub.com%2FLJason77%2FZelda'...
[INFO] running `Command { std: "git" "rev-parse" "HEAD", kill_on_drop: false }`
[INFO] [stdout] 2c2e73e38e2bc11d8b0f194f1caf04446c803450
[INFO] testing LJason77/Zelda against 1.75.0 for beta-1.76-1
[INFO] running `Command { std: "git" "clone" "/workspace/cache/git-repos/https%3A%2F%2Fgithub.com%2FLJason77%2FZelda" "/workspace/builds/worker-1-tc1/source", kill_on_drop: false }`
[INFO] [stderr] Cloning into '/workspace/builds/worker-1-tc1/source'...
[INFO] [stderr] done.
[INFO] validating manifest of git repo https://github.com/LJason77/Zelda on toolchain 1.75.0
[INFO] running `Command { std: CARGO_HOME="/workspace/cargo-home" RUSTUP_HOME="/workspace/rustup-home" "/workspace/cargo-home/bin/cargo" "+1.75.0" "metadata" "--manifest-path" "Cargo.toml" "--no-deps", kill_on_drop: false }`
[INFO] started tweaking git repo https://github.com/LJason77/Zelda
[INFO] finished tweaking git repo https://github.com/LJason77/Zelda
[INFO] tweaked toml for git repo https://github.com/LJason77/Zelda written to /workspace/builds/worker-1-tc1/source/Cargo.toml
[INFO] crate git repo https://github.com/LJason77/Zelda already has a lockfile, it will not be regenerated
[INFO] running `Command { std: CARGO_HOME="/workspace/cargo-home" RUSTUP_HOME="/workspace/rustup-home" "/workspace/cargo-home/bin/cargo" "+1.75.0" "fetch" "--manifest-path" "Cargo.toml", kill_on_drop: false }`
[INFO] [stderr]     Blocking waiting for file lock on package cache
[INFO] [stderr]     Blocking waiting for file lock on package cache
[INFO] [stderr]  Downloading crates ...
[INFO] [stderr]   Downloaded time v0.3.4
[INFO] [stderr]   Downloaded cookie v0.16.0-rc.1
[INFO] [stderr]   Downloaded bson v2.0.1
[INFO] [stderr]   Downloaded mongodb v2.0.1
[INFO] running `Command { std: "docker" "create" "-v" "/var/lib/crater-agent-workspace/builds/worker-1-tc1/target:/opt/rustwide/target:rw,Z" "-v" "/var/lib/crater-agent-workspace/builds/worker-1-tc1/source:/opt/rustwide/workdir:ro,Z" "-v" "/var/lib/crater-agent-workspace/cargo-home:/opt/rustwide/cargo-home:ro,Z" "-v" "/var/lib/crater-agent-workspace/rustup-home:/opt/rustwide/rustup-home:ro,Z" "-e" "SOURCE_DIR=/opt/rustwide/workdir" "-e" "CARGO_TARGET_DIR=/opt/rustwide/target" "-e" "CARGO_HOME=/opt/rustwide/cargo-home" "-e" "RUSTUP_HOME=/opt/rustwide/rustup-home" "-w" "/opt/rustwide/workdir" "-m" "1610612736" "--user" "0:0" "--network" "none" "ghcr.io/rust-lang/crates-build-env/linux@sha256:2788e3201cd34a07e3172128adcd8b3090168a8e3bcc40d7c032b9dda1df7d1c" "/opt/rustwide/cargo-home/bin/cargo" "+1.75.0" "metadata" "--no-deps" "--format-version=1", kill_on_drop: false }`
[INFO] [stdout] ff887b53946140e76cd16216b7bd2c82d3fe3672aae4ba7f8fdd577db02d1b24
[INFO] running `Command { std: "docker" "start" "-a" "ff887b53946140e76cd16216b7bd2c82d3fe3672aae4ba7f8fdd577db02d1b24", kill_on_drop: false }`
[INFO] running `Command { std: "docker" "inspect" "ff887b53946140e76cd16216b7bd2c82d3fe3672aae4ba7f8fdd577db02d1b24", kill_on_drop: false }`
[INFO] running `Command { std: "docker" "rm" "-f" "ff887b53946140e76cd16216b7bd2c82d3fe3672aae4ba7f8fdd577db02d1b24", kill_on_drop: false }`
[INFO] [stdout] ff887b53946140e76cd16216b7bd2c82d3fe3672aae4ba7f8fdd577db02d1b24
[INFO] running `Command { std: "docker" "create" "-v" "/var/lib/crater-agent-workspace/builds/worker-1-tc1/target:/opt/rustwide/target:rw,Z" "-v" "/var/lib/crater-agent-workspace/builds/worker-1-tc1/source:/opt/rustwide/workdir:ro,Z" "-v" "/var/lib/crater-agent-workspace/cargo-home:/opt/rustwide/cargo-home:ro,Z" "-v" "/var/lib/crater-agent-workspace/rustup-home:/opt/rustwide/rustup-home:ro,Z" "-e" "SOURCE_DIR=/opt/rustwide/workdir" "-e" "CARGO_TARGET_DIR=/opt/rustwide/target" "-e" "CARGO_INCREMENTAL=0" "-e" "RUST_BACKTRACE=full" "-e" "RUSTFLAGS=--cap-lints=warn" "-e" "RUSTDOCFLAGS=--cap-lints=warn" "-e" "CARGO_HOME=/opt/rustwide/cargo-home" "-e" "RUSTUP_HOME=/opt/rustwide/rustup-home" "-w" "/opt/rustwide/workdir" "-m" "1610612736" "--user" "0:0" "--network" "none" "ghcr.io/rust-lang/crates-build-env/linux@sha256:2788e3201cd34a07e3172128adcd8b3090168a8e3bcc40d7c032b9dda1df7d1c" "/opt/rustwide/cargo-home/bin/cargo" "+1.75.0" "build" "--frozen" "--message-format=json", kill_on_drop: false }`
[INFO] [stdout] bb67031cc009b034d098ed4cc1bdef95d46b0519604204545cf2feb2769b1ac5
[INFO] running `Command { std: "docker" "start" "-a" "bb67031cc009b034d098ed4cc1bdef95d46b0519604204545cf2feb2769b1ac5", kill_on_drop: false }`
[INFO] [stderr]    Compiling proc-macro2 v1.0.32
[INFO] [stderr]    Compiling version_check v0.9.3
[INFO] [stderr]    Compiling unicode-xid v0.2.2
[INFO] [stderr]    Compiling syn v1.0.81
[INFO] [stderr]    Compiling autocfg v1.0.1
[INFO] [stderr]    Compiling libc v0.2.106
[INFO] [stderr]    Compiling futures-core v0.3.17
[INFO] [stderr]    Compiling pin-project-lite v0.2.7
[INFO] [stderr]    Compiling memchr v2.4.1
[INFO] [stderr]    Compiling once_cell v1.8.0
[INFO] [stderr]    Compiling log v0.4.14
[INFO] [stderr]    Compiling bytes v1.1.0
[INFO] [stderr]    Compiling slab v0.4.5
[INFO] [stderr]    Compiling futures-sink v0.3.17
[INFO] [stderr]    Compiling futures-io v0.3.17
[INFO] [stderr]    Compiling lazy_static v1.4.0
[INFO] [stderr]    Compiling serde_derive v1.0.130
[INFO] [stderr]    Compiling serde v1.0.130
[INFO] [stderr]    Compiling itoa v0.4.8
[INFO] [stderr]    Compiling proc-macro-hack v0.5.19
[INFO] [stderr]    Compiling futures-task v0.3.17
[INFO] [stderr]    Compiling futures-channel v0.3.17
[INFO] [stderr]    Compiling proc-macro-nested v0.1.7
[INFO] [stderr]    Compiling yansi v0.5.0
[INFO] [stderr]    Compiling hashbrown v0.11.2
[INFO] [stderr]    Compiling typenum v1.14.0
[INFO] [stderr]    Compiling percent-encoding v2.1.0
[INFO] [stderr]    Compiling futures-macro v0.3.17
[INFO] [stderr]    Compiling tokio v1.13.0
[INFO] [stderr]    Compiling futures-util v0.3.17
[INFO] [stderr]    Compiling value-bag v1.0.0-alpha.8
[INFO] [stderr]    Compiling proc-macro2-diagnostics v0.9.1
[INFO] [stderr]    Compiling generic-array v0.14.4
[INFO] [stderr]    Compiling http v0.2.5
[INFO] [stderr]    Compiling smallvec v1.7.0
[INFO] [stderr]    Compiling indexmap v1.7.0
[INFO] [stderr]    Compiling tracing-core v0.1.21
[INFO] [stderr]    Compiling quote v1.0.10
[INFO] [stderr]    Compiling num_cpus v1.13.0
[INFO] [stderr]    Compiling signal-hook-registry v1.4.0
[INFO] [stderr]    Compiling getrandom v0.2.3
[INFO] [stderr]    Compiling httparse v1.5.1
[INFO] [stderr]    Compiling rand_core v0.6.3
[INFO] [stderr]    Compiling cache-padded v1.1.1
[INFO] [stderr]    Compiling cc v1.0.71
[INFO] [stderr]    Compiling ppv-lite86 v0.2.15
[INFO] [stderr]    Compiling tinyvec_macros v0.1.0
[INFO] [stderr]    Compiling concurrent-queue v1.2.2
[INFO] [stderr]    Compiling tinyvec v1.5.0
[INFO] [stderr]    Compiling tracing v0.1.29
[INFO] [stderr]    Compiling socket2 v0.4.2
[INFO] [stderr]    Compiling parking v2.0.0
[INFO] [stderr]    Compiling rand_chacha v0.3.1
[INFO] [stderr]    Compiling waker-fn v1.1.0
[INFO] [stderr]    Compiling event-listener v2.5.1
[INFO] [stderr]    Compiling try-lock v0.2.3
[INFO] [stderr]    Compiling fastrand v1.5.0
[INFO] [stderr]    Compiling rand v0.8.4
[INFO] [stderr]    Compiling mio v0.7.14
[INFO] [stderr]    Compiling futures-lite v1.12.0
[INFO] [stderr]    Compiling parking_lot_core v0.8.5
[INFO] [stderr]    Compiling matches v0.1.9
[INFO] [stderr]    Compiling async-trait v0.1.51
[INFO] [stderr]    Compiling spin v0.5.2
[INFO] [stderr]    Compiling unicode-bidi v0.3.7
[INFO] [stderr]    Compiling untrusted v0.7.1
[INFO] [stderr]    Compiling cookie v0.16.0-rc.1
[INFO] [stderr]    Compiling num-traits v0.2.14
[INFO] [stderr]    Compiling instant v0.1.12
[INFO] [stderr]    Compiling time-macros v0.2.3
[INFO] [stderr]    Compiling unicode-normalization v0.1.19
[INFO] [stderr]    Compiling strsim v0.10.0
[INFO] [stderr]    Compiling async-task v4.0.3
[INFO] [stderr]    Compiling inlinable_string v0.1.14
[INFO] [stderr]    Compiling tower-service v0.3.1
[INFO] [stderr]    Compiling unicode-segmentation v1.8.0
[INFO] [stderr]    Compiling ref-cast v1.0.6
[INFO] [stderr]    Compiling ident_case v1.0.1
[INFO] [stderr]    Compiling httpdate v1.0.1
[INFO] [stderr]    Compiling ryu v1.0.5
[INFO] [stderr]    Compiling lock_api v0.4.5
[INFO] [stderr]    Compiling heck v0.3.3
[INFO] [stderr]    Compiling digest v0.9.0
[INFO] [stderr]    Compiling form_urlencoded v1.0.1
[INFO] [stderr]    Compiling async-channel v1.6.1
[INFO] [stderr]    Compiling uncased v0.9.6
[INFO] [stderr]    Compiling num-integer v0.1.44
[INFO] [stderr]    Compiling http-body v0.4.4
[INFO] [stderr]    Compiling atomic-waker v1.0.0
[INFO] [stderr]    Compiling serde_json v1.0.68
[INFO] [stderr]    Compiling ring v0.16.20
[INFO] [stderr]    Compiling match_cfg v0.1.0
[INFO] [stderr]    Compiling crossbeam-utils v0.8.5
[INFO] [stderr]    Compiling blocking v1.0.2
[INFO] [stderr]    Compiling parking_lot v0.11.2
[INFO] [stderr]    Compiling hostname v0.3.1
[INFO] [stderr]    Compiling idna v0.2.3
[INFO] [stderr]    Compiling async-executor v1.4.1
[INFO] [stderr]    Compiling block-buffer v0.9.0
[INFO] [stderr]    Compiling async-mutex v1.4.0
[INFO] [stderr]    Compiling want v0.3.0
[INFO] [stderr]    Compiling ahash v0.7.6
[INFO] [stderr]    Compiling rustversion v1.0.5
[INFO] [stderr]    Compiling url v2.2.2
[INFO] [stderr]    Compiling either v1.6.1
[INFO] [stderr]    Compiling ipnet v2.3.1
[INFO] [stderr]    Compiling base64 v0.13.0
[INFO] [stderr]    Compiling data-encoding v2.3.2
[INFO] [stderr]    Compiling quick-error v1.2.3
[INFO] [stderr]    Compiling linked-hash-map v0.5.4
[INFO] [stderr]    Compiling state v0.5.2
[INFO] [stderr]    Compiling subtle v2.4.1
[INFO] [stderr]    Compiling encoding_rs v0.8.29
[INFO] [stderr]    Compiling crypto-mac v0.11.1
[INFO] [stderr]    Compiling lru-cache v0.1.2
[INFO] [stderr]    Compiling resolv-conf v0.7.0
[INFO] [stderr]    Compiling stable-pattern v0.1.0
[INFO] [stderr]    Compiling async-lock v2.4.0
[INFO] [stderr]    Compiling time v0.3.4
[INFO] [stderr]    Compiling time v0.1.43
[INFO] [stderr]    Compiling figment v0.10.6
[INFO] [stderr]    Compiling multer v2.0.1
[INFO] [stderr]    Compiling atomic v0.5.0
[INFO] [stderr]    Compiling unchecked-index v0.2.2
[INFO] [stderr]    Compiling cpufeatures v0.2.1
[INFO] [stderr]    Compiling twoway v0.2.2
[INFO] [stderr]    Compiling uuid v0.8.2
[INFO] [stderr]    Compiling chrono v0.4.19
[INFO] [stderr]    Compiling rocket v0.5.0-rc.1 (https://github.com/SergioBenitez/Rocket#8cae077b)
[INFO] [stderr]    Compiling remove_dir_all v0.5.3
[INFO] [stderr]    Compiling hex v0.4.3
[INFO] [stderr]    Compiling glob v0.3.0
[INFO] [stderr]    Compiling spin v0.9.2
[INFO] [stderr]    Compiling tempfile v3.2.0
[INFO] [stderr]    Compiling darling_core v0.13.0
[INFO] [stderr]    Compiling sha-1 v0.9.8
[INFO] [stderr]    Compiling devise_core v0.3.1
[INFO] [stderr]    Compiling sha2 v0.9.8
[INFO] [stderr]    Compiling pbkdf2 v0.8.0
[INFO] [stderr]    Compiling hmac v0.11.0
[INFO] [stderr]    Compiling md-5 v0.9.1
[INFO] [stderr]    Compiling stringprep v0.1.2
[INFO] [stderr]    Compiling atty v0.2.14
[INFO] [stderr]    Compiling take_mut v0.2.2
[INFO] [stderr]    Compiling dotenv v0.15.0
[INFO] [stderr]    Compiling tokio-util v0.6.9
[INFO] [stderr]    Compiling h2 v0.3.7
[INFO] [stderr]    Compiling ctor v0.1.21
[INFO] [stderr]    Compiling tokio-macros v1.5.1
[INFO] [stderr]    Compiling pear_codegen v0.2.3
[INFO] [stderr]    Compiling ref-cast-impl v1.0.6
[INFO] [stderr]    Compiling thiserror-impl v1.0.30
[INFO] [stderr]    Compiling enum-as-inner v0.3.3
[INFO] [stderr]    Compiling devise_codegen v0.3.1
[INFO] [stderr]    Compiling async-attributes v1.1.2
[INFO] [stderr]    Compiling async-stream-impl v0.3.2
[INFO] [stderr]    Compiling typed-builder v0.9.1
[INFO] [stderr]    Compiling darling_macro v0.13.0
[INFO] [stderr]    Compiling derivative v2.2.0
[INFO] [stderr]    Compiling devise v0.3.1
[INFO] [stderr]    Compiling webpki v0.21.4
[INFO] [stderr]    Compiling sct v0.6.1
[INFO] [stderr]    Compiling pear v0.2.3
[INFO] [stderr]    Compiling webpki-roots v0.21.1
[INFO] [stderr]    Compiling async-stream v0.3.2
[INFO] [stderr]    Compiling polling v2.1.0
[INFO] [stderr]    Compiling kv-log-macro v1.0.7
[INFO] [stderr]    Compiling darling v0.13.0
[INFO] [stderr]    Compiling thiserror v1.0.30
[INFO] [stderr]    Compiling async-io v1.6.0
[INFO] [stderr]    Compiling rustls v0.19.1
[INFO] [stderr]    Compiling os_info v3.0.7
[INFO] [stderr]    Compiling serde_with_macros v1.5.1
[INFO] [stderr]    Compiling async-global-executor v2.0.2
[INFO] [stderr]    Compiling async-std v1.10.0
[INFO] [stderr]    Compiling hyper v0.14.14
[INFO] [stderr]    Compiling futures v0.3.17
[INFO] [stderr]    Compiling futures-executor v0.3.17
[INFO] [stderr]    Compiling toml v0.5.8
[INFO] [stderr]    Compiling serde_bytes v0.11.5
[INFO] [stderr]    Compiling ubyte v0.10.1
[INFO] [stderr]    Compiling serde_with v1.11.0
[INFO] [stderr]    Compiling trust-dns-proto v0.20.3
[INFO] [stderr]    Compiling tokio-stream v0.1.8
[INFO] [stderr]    Compiling tokio-rustls v0.22.0
[INFO] [stderr]    Compiling rocket_http v0.5.0-rc.1 (https://github.com/SergioBenitez/Rocket#8cae077b)
[INFO] [stderr]    Compiling bson v2.0.1
[INFO] [stderr]    Compiling trust-dns-resolver v0.20.3
[INFO] [stderr]    Compiling rocket_codegen v0.5.0-rc.1 (https://github.com/SergioBenitez/Rocket#8cae077b)
[INFO] [stderr]    Compiling async-std-resolver v0.20.3
[INFO] [stderr]    Compiling mongodb v2.0.1
[INFO] [stderr]    Compiling zelda v0.1.0 (/opt/rustwide/workdir)
[INFO] [stderr]     Finished dev [unoptimized + debuginfo] target(s) in 1m 13s
[INFO] [stderr] warning: the following packages contain code that will be rejected by a future version of Rust: ubyte v0.10.1
[INFO] [stderr] note: to see what the problems were, use the option `--future-incompat-report`, or run `cargo report future-incompatibilities --id 1`
[INFO] running `Command { std: "docker" "inspect" "bb67031cc009b034d098ed4cc1bdef95d46b0519604204545cf2feb2769b1ac5", kill_on_drop: false }`
[INFO] running `Command { std: "docker" "rm" "-f" "bb67031cc009b034d098ed4cc1bdef95d46b0519604204545cf2feb2769b1ac5", kill_on_drop: false }`
[INFO] [stdout] bb67031cc009b034d098ed4cc1bdef95d46b0519604204545cf2feb2769b1ac5
[INFO] running `Command { std: "docker" "create" "-v" "/var/lib/crater-agent-workspace/builds/worker-1-tc1/target:/opt/rustwide/target:rw,Z" "-v" "/var/lib/crater-agent-workspace/builds/worker-1-tc1/source:/opt/rustwide/workdir:ro,Z" "-v" "/var/lib/crater-agent-workspace/cargo-home:/opt/rustwide/cargo-home:ro,Z" "-v" "/var/lib/crater-agent-workspace/rustup-home:/opt/rustwide/rustup-home:ro,Z" "-e" "SOURCE_DIR=/opt/rustwide/workdir" "-e" "CARGO_TARGET_DIR=/opt/rustwide/target" "-e" "CARGO_INCREMENTAL=0" "-e" "RUST_BACKTRACE=full" "-e" "RUSTFLAGS=--cap-lints=warn" "-e" "RUSTDOCFLAGS=--cap-lints=warn" "-e" "CARGO_HOME=/opt/rustwide/cargo-home" "-e" "RUSTUP_HOME=/opt/rustwide/rustup-home" "-w" "/opt/rustwide/workdir" "-m" "1610612736" "--user" "0:0" "--network" "none" "ghcr.io/rust-lang/crates-build-env/linux@sha256:2788e3201cd34a07e3172128adcd8b3090168a8e3bcc40d7c032b9dda1df7d1c" "/opt/rustwide/cargo-home/bin/cargo" "+1.75.0" "test" "--frozen" "--no-run" "--message-format=json", kill_on_drop: false }`
[INFO] [stdout] b510a013ebefd4a83580bcb2ca39c85779365d1c36598b4608874c1fd78c7b3c
[INFO] running `Command { std: "docker" "start" "-a" "b510a013ebefd4a83580bcb2ca39c85779365d1c36598b4608874c1fd78c7b3c", kill_on_drop: false }`
[INFO] [stderr]    Compiling zelda v0.1.0 (/opt/rustwide/workdir)
[INFO] [stderr]     Finished test [unoptimized + debuginfo] target(s) in 9.88s
[INFO] [stderr] warning: the following packages contain code that will be rejected by a future version of Rust: ubyte v0.10.1
[INFO] [stderr] note: to see what the problems were, use the option `--future-incompat-report`, or run `cargo report future-incompatibilities --id 1`
[INFO] running `Command { std: "docker" "inspect" "b510a013ebefd4a83580bcb2ca39c85779365d1c36598b4608874c1fd78c7b3c", kill_on_drop: false }`
[INFO] running `Command { std: "docker" "rm" "-f" "b510a013ebefd4a83580bcb2ca39c85779365d1c36598b4608874c1fd78c7b3c", kill_on_drop: false }`
[INFO] [stdout] b510a013ebefd4a83580bcb2ca39c85779365d1c36598b4608874c1fd78c7b3c
[INFO] running `Command { std: "docker" "create" "-v" "/var/lib/crater-agent-workspace/builds/worker-1-tc1/target:/opt/rustwide/target:rw,Z" "-v" "/var/lib/crater-agent-workspace/builds/worker-1-tc1/source:/opt/rustwide/workdir:ro,Z" "-v" "/var/lib/crater-agent-workspace/cargo-home:/opt/rustwide/cargo-home:ro,Z" "-v" "/var/lib/crater-agent-workspace/rustup-home:/opt/rustwide/rustup-home:ro,Z" "-e" "SOURCE_DIR=/opt/rustwide/workdir" "-e" "CARGO_TARGET_DIR=/opt/rustwide/target" "-e" "CARGO_INCREMENTAL=0" "-e" "RUST_BACKTRACE=full" "-e" "RUSTFLAGS=--cap-lints=warn" "-e" "RUSTDOCFLAGS=--cap-lints=warn" "-e" "CARGO_HOME=/opt/rustwide/cargo-home" "-e" "RUSTUP_HOME=/opt/rustwide/rustup-home" "-w" "/opt/rustwide/workdir" "-m" "1610612736" "--user" "0:0" "--network" "none" "ghcr.io/rust-lang/crates-build-env/linux@sha256:2788e3201cd34a07e3172128adcd8b3090168a8e3bcc40d7c032b9dda1df7d1c" "/opt/rustwide/cargo-home/bin/cargo" "+1.75.0" "test" "--frozen", kill_on_drop: false }`
[INFO] [stdout] 86aeb04edeaff8b3c424aad21bf311fcd436a1961fa98643803998a9bd3a412b
[INFO] running `Command { std: "docker" "start" "-a" "86aeb04edeaff8b3c424aad21bf311fcd436a1961fa98643803998a9bd3a412b", kill_on_drop: false }`
[INFO] [stderr]     Finished test [unoptimized + debuginfo] target(s) in 0.44s
[INFO] [stderr] warning: the following packages contain code that will be rejected by a future version of Rust: ubyte v0.10.1
[INFO] [stderr] note: to see what the problems were, use the option `--future-incompat-report`, or run `cargo report future-incompatibilities --id 1`
[INFO] [stderr]      Running unittests src/lib.rs (/opt/rustwide/target/debug/deps/zelda-6d65465443aa0365)
[INFO] [stdout] 
[INFO] [stdout] running 0 tests
[INFO] [stdout] 
[INFO] [stdout] test result: ok. 0 passed; 0 failed; 0 ignored; 0 measured; 0 filtered out; finished in 0.00s
[INFO] [stdout] 
[INFO] [stderr]      Running unittests src/main.rs (/opt/rustwide/target/debug/deps/zelda-a68bb6c08bd63c52)
[INFO] [stdout] 
[INFO] [stdout] running 0 tests
[INFO] [stdout] 
[INFO] [stdout] test result: ok. 0 passed; 0 failed; 0 ignored; 0 measured; 0 filtered out; finished in 0.00s
[INFO] [stdout] 
[INFO] [stderr]      Running tests/catchers.rs (/opt/rustwide/target/debug/deps/catchers-a0afe8e91adbce90)
[INFO] [stdout] 
[INFO] [stdout] running 1 test
[INFO] [stdout] test not_found ... ok
[INFO] [stdout] 
[INFO] [stdout] test result: ok. 1 passed; 0 failed; 0 ignored; 0 measured; 0 filtered out; finished in 0.11s
[INFO] [stdout] 
[INFO] [stderr]      Running tests/index.rs (/opt/rustwide/target/debug/deps/index-de53e57054110395)
[INFO] [stdout] 
[INFO] [stdout] running 2 tests
[INFO] [stdout] test health_check ... ok
[INFO] [stdout] test tips ... FAILED
[INFO] [stdout] 
[INFO] [stdout] failures:
[INFO] [stdout] 
[INFO] [stdout] ---- tips stdout ----
[INFO] [stdout] Configured for debug.
[INFO] [stdout]    >> address: 127.0.0.1
[INFO] [stdout]    >> port: 8000
[INFO] [stdout]    >> workers: 16
[INFO] [stdout]    >> ident: Rocket
[INFO] [stdout]    >> limits: bytes = 8KiB, data-form = 2MiB, file = 1MiB, form = 32KiB, json = 1MiB, msgpack = 1MiB, string = 8KiB
[INFO] [stdout]    >> temp dir: /tmp
[INFO] [stdout]    >> keep-alive: 5s
[INFO] [stdout]    >> tls: disabled
[INFO] [stdout]    >> shutdown: ctrlc = true, force = true, signals = [SIGTERM], grace = 2s, mercy = 3s
[INFO] [stdout]    >> log level: normal
[INFO] [stdout]    >> cli colors: true
[INFO] [stdout] Routes:
[INFO] [stdout]    >> (tips) GET /tips
[INFO] [stdout]    >> (health_check) GET /health
[INFO] [stdout] Catchers:
[INFO] [stdout]    >> (not_found) 404
[INFO] [stdout] Fairings:
[INFO] [stdout]    >> Shield (liftoff, response, singleton)
[INFO] [stdout] Shield:
[INFO] [stdout]    >> Permissions-Policy: interest-cohort=()
[INFO] [stdout]    >> X-Content-Type-Options: nosniff
[INFO] [stdout]    >> X-Frame-Options: SAMEORIGIN
[INFO] [stdout] Rocket has launched into local orbit
[INFO] [stdout] GET /tips:
[INFO] [stdout]    >> Matched: (tips) GET /tips
[INFO] [stdout] thread 'tips' panicked at src/api/index.rs:21:65:
[INFO] [stdout] called `Result::unwrap()` on an `Err` value: Error { kind: ServerSelection { message: "Server selection timeout: No available servers. Topology: { Type: Unknown, Servers: [ { Address: 127.0.0.1:27017, Type: Unknown, Error: Connection refused (os error 111) }, ] }" }, labels: {} }
[INFO] [stdout] stack backtrace:
[INFO] [stdout]    0:     0x564a4dcae60c - std::backtrace_rs::backtrace::libunwind::trace::ha637c64ce894333a
[INFO] [stdout]                                at /rustc/82e1608dfa6e0b5569232559e3d385fea5a93112/library/std/src/../../backtrace/src/backtrace/libunwind.rs:104:5
[INFO] [stdout]    1:     0x564a4dcae60c - std::backtrace_rs::backtrace::trace_unsynchronized::h47f62dea28e0c88d
[INFO] [stdout]                                at /rustc/82e1608dfa6e0b5569232559e3d385fea5a93112/library/std/src/../../backtrace/src/backtrace/mod.rs:66:5
[INFO] [stdout]    2:     0x564a4dcae60c - std::sys_common::backtrace::_print_fmt::h9eef0abe20ede486
[INFO] [stdout]                                at /rustc/82e1608dfa6e0b5569232559e3d385fea5a93112/library/std/src/sys_common/backtrace.rs:67:5
[INFO] [stdout]    3:     0x564a4dcae60c - <std::sys_common::backtrace::_print::DisplayBacktrace as core::fmt::Display>::fmt::hed7f999df88cc644
[INFO] [stdout]                                at /rustc/82e1608dfa6e0b5569232559e3d385fea5a93112/library/std/src/sys_common/backtrace.rs:44:22
[INFO] [stdout]    4:     0x564a4dcde0c0 - core::fmt::rt::Argument::fmt::h1539a9308b8d058d
[INFO] [stdout]                                at /rustc/82e1608dfa6e0b5569232559e3d385fea5a93112/library/core/src/fmt/rt.rs:142:9
[INFO] [stdout]    5:     0x564a4dcde0c0 - core::fmt::write::h3a39390d8560d9c9
[INFO] [stdout]                                at /rustc/82e1608dfa6e0b5569232559e3d385fea5a93112/library/core/src/fmt/mod.rs:1120:17
[INFO] [stdout]    6:     0x564a4dcab38f - std::io::Write::write_fmt::h040b369f3a0f9cbc
[INFO] [stdout]                                at /rustc/82e1608dfa6e0b5569232559e3d385fea5a93112/library/std/src/io/mod.rs:1762:15
[INFO] [stdout]    7:     0x564a4dcae3f4 - std::sys_common::backtrace::_print::h894006fb5c6f3d45
[INFO] [stdout]                                at /rustc/82e1608dfa6e0b5569232559e3d385fea5a93112/library/std/src/sys_common/backtrace.rs:47:5
[INFO] [stdout]    8:     0x564a4dcae3f4 - std::sys_common::backtrace::print::h23a2d212c6fff936
[INFO] [stdout]                                at /rustc/82e1608dfa6e0b5569232559e3d385fea5a93112/library/std/src/sys_common/backtrace.rs:34:9
[INFO] [stdout]    9:     0x564a4dcb00b7 - std::panicking::default_hook::{{closure}}::h8a1d2ee00185001a
[INFO] [stdout]   10:     0x564a4dcafda3 - std::panicking::default_hook::h6038f2eba384e475
[INFO] [stdout]                                at /rustc/82e1608dfa6e0b5569232559e3d385fea5a93112/library/std/src/panicking.rs:289:9
[INFO] [stdout]   11:     0x564a4d865e17 - <alloc::boxed::Box<F,A> as core::ops::function::Fn<Args>>::call::h0ad024c9bdc6d768
[INFO] [stdout]                                at /rustc/82e1608dfa6e0b5569232559e3d385fea5a93112/library/alloc/src/boxed.rs:2021:9
[INFO] [stdout]   12:     0x564a4d865e17 - test::test_main::{{closure}}::h7500b54257359db6
[INFO] [stdout]                                at /rustc/82e1608dfa6e0b5569232559e3d385fea5a93112/library/test/src/lib.rs:138:21
[INFO] [stdout]   13:     0x564a4dcb06c8 - <alloc::boxed::Box<F,A> as core::ops::function::Fn<Args>>::call::h1f8f335eaa9cfaee
[INFO] [stdout]                                at /rustc/82e1608dfa6e0b5569232559e3d385fea5a93112/library/alloc/src/boxed.rs:2021:9
[INFO] [stdout]   14:     0x564a4dcb06c8 - std::panicking::rust_panic_with_hook::h2b5517d590cab22e
[INFO] [stdout]                                at /rustc/82e1608dfa6e0b5569232559e3d385fea5a93112/library/std/src/panicking.rs:783:13
[INFO] [stdout]   15:     0x564a4dcb041e - std::panicking::begin_panic_handler::{{closure}}::h233112c06e0ef43e
[INFO] [stdout]                                at /rustc/82e1608dfa6e0b5569232559e3d385fea5a93112/library/std/src/panicking.rs:657:13
[INFO] [stdout]   16:     0x564a4dcaead6 - std::sys_common::backtrace::__rust_end_short_backtrace::h6e893f24d7ebbff8
[INFO] [stdout]                                at /rustc/82e1608dfa6e0b5569232559e3d385fea5a93112/library/std/src/sys_common/backtrace.rs:170:18
[INFO] [stdout]   17:     0x564a4dcb0182 - rust_begin_unwind
[INFO] [stdout]                                at /rustc/82e1608dfa6e0b5569232559e3d385fea5a93112/library/std/src/panicking.rs:645:5
[INFO] [stdout]   18:     0x564a4d05b6d5 - core::panicking::panic_fmt::hbf0e066aabfa482c
[INFO] [stdout]                                at /rustc/82e1608dfa6e0b5569232559e3d385fea5a93112/library/core/src/panicking.rs:72:14
[INFO] [stdout]   19:     0x564a4d05bca3 - core::result::unwrap_failed::hddb4fea594200c52
[INFO] [stdout]                                at /rustc/82e1608dfa6e0b5569232559e3d385fea5a93112/library/core/src/result.rs:1653:5
[INFO] [stdout]   20:     0x564a4d0888f8 - core::result::Result<T,E>::unwrap::ha92a0a16699dbb07
[INFO] [stdout]                                at /rustc/82e1608dfa6e0b5569232559e3d385fea5a93112/library/core/src/result.rs:1077:23
[INFO] [stdout]   21:     0x564a4d090626 - zelda::api::index::tips::{{closure}}::h8c4cce892682fe03
[INFO] [stdout]                                at /opt/rustwide/workdir/src/api/index.rs:21:22
[INFO] [stdout]   22:     0x564a4d091d85 - zelda::api::index::tips::into_info::monomorphized_function::{{closure}}::he59bbe87e0b9a776
[INFO] [stdout]                                at /opt/rustwide/workdir/src/api/index.rs:16:5
[INFO] [stdout]   23:     0x564a4d9a88de - <core::pin::Pin<P> as core::future::future::Future>::poll::h6a7b21137b3cc531
[INFO] [stdout]                                at /rustc/82e1608dfa6e0b5569232559e3d385fea5a93112/library/core/src/future/future.rs:125:9
[INFO] [stdout]   24:     0x564a4d8f0596 - <core::panic::unwind_safe::AssertUnwindSafe<F> as core::future::future::Future>::poll::hdcf04f897de0becd
[INFO] [stdout]                                at /rustc/82e1608dfa6e0b5569232559e3d385fea5a93112/library/core/src/panic/unwind_safe.rs:297:9
[INFO] [stdout]   25:     0x564a4d9076b8 - <futures_util::future::future::catch_unwind::CatchUnwind<Fut> as core::future::future::Future>::poll::{{closure}}::h1a42d416e80ac263
[INFO] [stdout]                                at /opt/rustwide/cargo-home/registry/src/index.crates.io-6f17d22bba15001f/futures-util-0.3.17/src/future/future/catch_unwind.rs:36:42
[INFO] [stdout]   26:     0x564a4d8f1cfc - <core::panic::unwind_safe::AssertUnwindSafe<F> as core::ops::function::FnOnce<()>>::call_once::hd76220978ca0d24b
[INFO] [stdout]                                at /rustc/82e1608dfa6e0b5569232559e3d385fea5a93112/library/core/src/panic/unwind_safe.rs:272:9
[INFO] [stdout]   27:     0x564a4d98cef0 - std::panicking::try::do_call::h038df44564442527
[INFO] [stdout]                                at /rustc/82e1608dfa6e0b5569232559e3d385fea5a93112/library/std/src/panicking.rs:552:40
[INFO] [stdout]   28:     0x564a4d998d7b - __rust_try
[INFO] [stdout]   29:     0x564a4d98cb3f - std::panicking::try::h435fc697713c55bd
[INFO] [stdout]                                at /rustc/82e1608dfa6e0b5569232559e3d385fea5a93112/library/std/src/panicking.rs:516:19
[INFO] [stdout]   30:     0x564a4d963f3b - std::panic::catch_unwind::hed45e860e113487a
[INFO] [stdout]                                at /rustc/82e1608dfa6e0b5569232559e3d385fea5a93112/library/std/src/panic.rs:142:14
[INFO] [stdout]   31:     0x564a4d9074da - <futures_util::future::future::catch_unwind::CatchUnwind<Fut> as core::future::future::Future>::poll::h7a24fae82688bded
[INFO] [stdout]                                at /opt/rustwide/cargo-home/registry/src/index.crates.io-6f17d22bba15001f/futures-util-0.3.17/src/future/future/catch_unwind.rs:36:9
[INFO] [stdout]   32:     0x564a4d9cef4e - rocket::server::handle::{{closure}}::h501a1454fd51f6fd
[INFO] [stdout]                                at /opt/rustwide/cargo-home/git/checkouts/rocket-8bf16d9ca7e90bdc/8cae077/core/lib/src/server.rs:54:10
[INFO] [stdout]   33:     0x564a4d9d4f98 - rocket::server::<impl rocket::rocket::Rocket<rocket::phase::Orbit>>::route::{{closure}}::h8dad1c3a336d9a25
[INFO] [stdout]                                at /opt/rustwide/cargo-home/git/checkouts/rocket-8bf16d9ca7e90bdc/8cae077/core/lib/src/server.rs:280:80
[INFO] [stdout]   34:     0x564a4d9d3640 - rocket::server::<impl rocket::rocket::Rocket<rocket::phase::Orbit>>::route_and_process::{{closure}}::h8beb9686245f55d6
[INFO] [stdout]                                at /opt/rustwide/cargo-home/git/checkouts/rocket-8bf16d9ca7e90bdc/8cae077/core/lib/src/server.rs:235:60
[INFO] [stdout]   35:     0x564a4d9d29dd - rocket::server::<impl rocket::rocket::Rocket<rocket::phase::Orbit>>::dispatch::{{closure}}::h40e0b13e22bcfe9d
[INFO] [stdout]                                at /opt/rustwide/cargo-home/git/checkouts/rocket-8bf16d9ca7e90bdc/8cae077/core/lib/src/server.rs:209:66
[INFO] [stdout]   36:     0x564a4d8eea9d - rocket::local::asynchronous::response::LocalResponse::new::{{closure}}::hd9e9aeffbb77acb3
[INFO] [stdout]                                at /opt/rustwide/cargo-home/git/checkouts/rocket-8bf16d9ca7e90bdc/8cae077/core/lib/src/local/asynchronous/response.rs:90:53
[INFO] [stdout]   37:     0x564a4d95330d - rocket::local::asynchronous::request::LocalRequest::_dispatch::{{closure}}::h6f383ac739ab855d
[INFO] [stdout]                                at /opt/rustwide/cargo-home/git/checkouts/rocket-8bf16d9ca7e90bdc/8cae077/core/lib/src/local/asynchronous/request.rs:100:12
[INFO] [stdout]   38:     0x564a4d957c2b - rocket::local::asynchronous::request::LocalRequest::dispatch::{{closure}}::hd030f92bbd8ed42e
[INFO] [stdout]                                at /opt/rustwide/cargo-home/git/checkouts/rocket-8bf16d9ca7e90bdc/8cae077/core/lib/src/local/asynchronous/request.rs:124:63
[INFO] [stdout]   39:     0x564a4d0738cd - index::tips::{{closure}}::h8c5d66250bdbdb39
[INFO] [stdout]                                at /opt/rustwide/workdir/tests/index.rs:9:51
[INFO] [stdout]   40:     0x564a4d069d24 - tokio::park::thread::CachedParkThread::block_on::{{closure}}::h12f57b2313e532b4
[INFO] [stdout]                                at /opt/rustwide/cargo-home/registry/src/index.crates.io-6f17d22bba15001f/tokio-1.13.0/src/park/thread.rs:263:54
[INFO] [stdout]   41:     0x564a4d06ea40 - tokio::coop::with_budget::{{closure}}::h203f13b907752f62
[INFO] [stdout]                                at /opt/rustwide/cargo-home/registry/src/index.crates.io-6f17d22bba15001f/tokio-1.13.0/src/coop.rs:106:9
[INFO] [stdout]   42:     0x564a4d05dbde - std::thread::local::LocalKey<T>::try_with::hc28d93e88a9633c8
[INFO] [stdout]                                at /rustc/82e1608dfa6e0b5569232559e3d385fea5a93112/library/std/src/thread/local.rs:270:16
[INFO] [stdout]   43:     0x564a4d05d21a - std::thread::local::LocalKey<T>::with::h130065d31b1b6f24
[INFO] [stdout]                                at /rustc/82e1608dfa6e0b5569232559e3d385fea5a93112/library/std/src/thread/local.rs:246:9
[INFO] [stdout]   44:     0x564a4d069b9a - tokio::coop::with_budget::h32dfd88209b70168
[INFO] [stdout]                                at /opt/rustwide/cargo-home/registry/src/index.crates.io-6f17d22bba15001f/tokio-1.13.0/src/coop.rs:99:5
[INFO] [stdout]   45:     0x564a4d069b9a - tokio::coop::budget::h9f3c667b42338c4c
[INFO] [stdout]                                at /opt/rustwide/cargo-home/registry/src/index.crates.io-6f17d22bba15001f/tokio-1.13.0/src/coop.rs:76:5
[INFO] [stdout]   46:     0x564a4d069b9a - tokio::park::thread::CachedParkThread::block_on::h8314e7bfeade1a40
[INFO] [stdout]                                at /opt/rustwide/cargo-home/registry/src/index.crates.io-6f17d22bba15001f/tokio-1.13.0/src/park/thread.rs:263:31
[INFO] [stdout]   47:     0x564a4d06f6b2 - tokio::runtime::enter::Enter::block_on::h3181efdb5e40ec40
[INFO] [stdout]                                at /opt/rustwide/cargo-home/registry/src/index.crates.io-6f17d22bba15001f/tokio-1.13.0/src/runtime/enter.rs:151:13
[INFO] [stdout]   48:     0x564a4d06f3ce - tokio::runtime::thread_pool::ThreadPool::block_on::hafc44642f8753934
[INFO] [stdout]                                at /opt/rustwide/cargo-home/registry/src/index.crates.io-6f17d22bba15001f/tokio-1.13.0/src/runtime/thread_pool/mod.rs:77:9
[INFO] [stdout]   49:     0x564a4d06fb5f - tokio::runtime::Runtime::block_on::hb2822439b459d425
[INFO] [stdout]                                at /opt/rustwide/cargo-home/registry/src/index.crates.io-6f17d22bba15001f/tokio-1.13.0/src/runtime/mod.rs:463:43
[INFO] [stdout]   50:     0x564a4d06a451 - rocket::async_test::h80f34db3c136a20c
[INFO] [stdout]                                at /opt/rustwide/cargo-home/git/checkouts/rocket-8bf16d9ca7e90bdc/8cae077/core/lib/src/lib.rs:217:5
[INFO] [stdout]   51:     0x564a4d0733b2 - index::tips::h90039dcd9e5a0c10
[INFO] [stdout]                                at /opt/rustwide/workdir/tests/index.rs:5:17
[INFO] [stdout]   52:     0x564a4d073377 - index::tips::{{closure}}::h4c30b8a76480db09
[INFO] [stdout]                                at /opt/rustwide/workdir/tests/index.rs:5:16
[INFO] [stdout]   53:     0x564a4d05e226 - core::ops::function::FnOnce::call_once::h761aa5894a89b6cd
[INFO] [stdout]                                at /rustc/82e1608dfa6e0b5569232559e3d385fea5a93112/library/core/src/ops/function.rs:250:5
[INFO] [stdout]   54:     0x564a4d86b46f - core::ops::function::FnOnce::call_once::h2b5d431d5046312d
[INFO] [stdout]                                at /rustc/82e1608dfa6e0b5569232559e3d385fea5a93112/library/core/src/ops/function.rs:250:5
[INFO] [stdout]   55:     0x564a4d86b46f - test::__rust_begin_short_backtrace::h7714669af176e207
[INFO] [stdout]                                at /rustc/82e1608dfa6e0b5569232559e3d385fea5a93112/library/test/src/lib.rs:628:18
[INFO] [stdout]   56:     0x564a4d86a485 - test::run_test_in_process::{{closure}}::h85218797dcbcec12
[INFO] [stdout]                                at /rustc/82e1608dfa6e0b5569232559e3d385fea5a93112/library/test/src/lib.rs:651:60
[INFO] [stdout]   57:     0x564a4d86a485 - <core::panic::unwind_safe::AssertUnwindSafe<F> as core::ops::function::FnOnce<()>>::call_once::h76c106ea31c14d7b
[INFO] [stdout]                                at /rustc/82e1608dfa6e0b5569232559e3d385fea5a93112/library/core/src/panic/unwind_safe.rs:272:9
[INFO] [stdout]   58:     0x564a4d86a485 - std::panicking::try::do_call::h3bd5d0f6620ee946
[INFO] [stdout]                                at /rustc/82e1608dfa6e0b5569232559e3d385fea5a93112/library/std/src/panicking.rs:552:40
[INFO] [stdout]   59:     0x564a4d86a485 - std::panicking::try::h232e535e4744fe31
[INFO] [stdout]                                at /rustc/82e1608dfa6e0b5569232559e3d385fea5a93112/library/std/src/panicking.rs:516:19
[INFO] [stdout]   60:     0x564a4d86a485 - std::panic::catch_unwind::h3ce3bd6ca8dbac68
[INFO] [stdout]                                at /rustc/82e1608dfa6e0b5569232559e3d385fea5a93112/library/std/src/panic.rs:142:14
[INFO] [stdout]   61:     0x564a4d86a485 - test::run_test_in_process::hc97b257c9621286a
[INFO] [stdout]                                at /rustc/82e1608dfa6e0b5569232559e3d385fea5a93112/library/test/src/lib.rs:651:27
[INFO] [stdout]   62:     0x564a4d86a485 - test::run_test::{{closure}}::h2aa798823a438d38
[INFO] [stdout]                                at /rustc/82e1608dfa6e0b5569232559e3d385fea5a93112/library/test/src/lib.rs:574:43
[INFO] [stdout]   63:     0x564a4d832746 - test::run_test::{{closure}}::h87d231c78fb59832
[INFO] [stdout]                                at /rustc/82e1608dfa6e0b5569232559e3d385fea5a93112/library/test/src/lib.rs:602:41
[INFO] [stdout]   64:     0x564a4d832746 - std::sys_common::backtrace::__rust_begin_short_backtrace::he6df152596625789
[INFO] [stdout]                                at /rustc/82e1608dfa6e0b5569232559e3d385fea5a93112/library/std/src/sys_common/backtrace.rs:154:18
[INFO] [stdout]   65:     0x564a4d8377f7 - std::thread::Builder::spawn_unchecked_::{{closure}}::{{closure}}::ha94be15d1e0acf36
[INFO] [stdout]                                at /rustc/82e1608dfa6e0b5569232559e3d385fea5a93112/library/std/src/thread/mod.rs:529:17
[INFO] [stdout]   66:     0x564a4d8377f7 - <core::panic::unwind_safe::AssertUnwindSafe<F> as core::ops::function::FnOnce<()>>::call_once::h9dc6bd6372f16606
[INFO] [stdout]                                at /rustc/82e1608dfa6e0b5569232559e3d385fea5a93112/library/core/src/panic/unwind_safe.rs:272:9
[INFO] [stdout]   67:     0x564a4d8377f7 - std::panicking::try::do_call::h9057517f80303cd4
[INFO] [stdout]                                at /rustc/82e1608dfa6e0b5569232559e3d385fea5a93112/library/std/src/panicking.rs:552:40
[INFO] [stdout]   68:     0x564a4d8377f7 - std::panicking::try::he3a30b11ee45340c
[INFO] [stdout]                                at /rustc/82e1608dfa6e0b5569232559e3d385fea5a93112/library/std/src/panicking.rs:516:19
[INFO] [stdout]   69:     0x564a4d8377f7 - std::panic::catch_unwind::h410458cfd3528b8b
[INFO] [stdout]                                at /rustc/82e1608dfa6e0b5569232559e3d385fea5a93112/library/std/src/panic.rs:142:14
[INFO] [stdout]   70:     0x564a4d8377f7 - std::thread::Builder::spawn_unchecked_::{{closure}}::h72ac3bdb567b737b
[INFO] [stdout]                                at /rustc/82e1608dfa6e0b5569232559e3d385fea5a93112/library/std/src/thread/mod.rs:528:30
[INFO] [stdout]   71:     0x564a4d8377f7 - core::ops::function::FnOnce::call_once{{vtable.shim}}::h38f34da3654a8344
[INFO] [stdout]                                at /rustc/82e1608dfa6e0b5569232559e3d385fea5a93112/library/core/src/ops/function.rs:250:5
[INFO] [stdout]   72:     0x564a4dcb57a5 - <alloc::boxed::Box<F,A> as core::ops::function::FnOnce<Args>>::call_once::hc7eafaff61e32df9
[INFO] [stdout]                                at /rustc/82e1608dfa6e0b5569232559e3d385fea5a93112/library/alloc/src/boxed.rs:2007:9
[INFO] [stdout]   73:     0x564a4dcb57a5 - <alloc::boxed::Box<F,A> as core::ops::function::FnOnce<Args>>::call_once::h6ba4a5de48dd2304
[INFO] [stdout]                                at /rustc/82e1608dfa6e0b5569232559e3d385fea5a93112/library/alloc/src/boxed.rs:2007:9
[INFO] [stdout]   74:     0x564a4dcb57a5 - std::sys::unix::thread::Thread::new::thread_start::he469335aef763e45
[INFO] [stdout]                                at /rustc/82e1608dfa6e0b5569232559e3d385fea5a93112/library/std/src/sys/unix/thread.rs:108:17
[INFO] [stdout]   75:     0x7f306df4eac3 - <unknown>
[INFO] [stdout]   76:     0x7f306dfdfbf4 - __clone
[INFO] [stdout]   77:                0x0 - <unknown>
[INFO] [stdout]    >> Handler tips panicked.
[INFO] [stdout]    >> This is an application bug.
[INFO] [stdout]    >> A panic in Rust must be treated as an exceptional event.
[INFO] [stdout]    >> Panicking is not a suitable error handling mechanism.
[INFO] [stdout]    >> Unwinding, the result of a panic, is an expensive operation.
[INFO] [stdout]    >> Panics will degrade application performance.
[INFO] [stdout]    >> Instead of panicking, return `Option` and/or `Result`.
[INFO] [stdout]    >> Values of either type can be returned directly from handlers.
[INFO] [stdout]    >> A panic is treated as an internal server error.
[INFO] [stdout]    >> Outcome: Failure
[INFO] [stdout]    >> No 500 catcher registered. Using Rocket default.
[INFO] [stdout] thread 'tips' panicked at tests/index.rs:10:5:
[INFO] [stdout] assertion `left == right` failed
[INFO] [stdout]   left: Status { code: 500 }
[INFO] [stdout]  right: Status { code: 200 }
[INFO] [stdout] stack backtrace:
[INFO] [stdout]    0:     0x564a4dcae60c - std::backtrace_rs::backtrace::libunwind::trace::ha637c64ce894333a
[INFO] [stdout]                                at /rustc/82e1608dfa6e0b5569232559e3d385fea5a93112/library/std/src/../../backtrace/src/backtrace/libunwind.rs:104:5
[INFO] [stdout]    1:     0x564a4dcae60c - std::backtrace_rs::backtrace::trace_unsynchronized::h47f62dea28e0c88d
[INFO] [stdout]                                at /rustc/82e1608dfa6e0b5569232559e3d385fea5a93112/library/std/src/../../backtrace/src/backtrace/mod.rs:66:5
[INFO] [stdout]    2:     0x564a4dcae60c - std::sys_common::backtrace::_print_fmt::h9eef0abe20ede486
[INFO] [stdout]                                at /rustc/82e1608dfa6e0b5569232559e3d385fea5a93112/library/std/src/sys_common/backtrace.rs:67:5
[INFO] [stdout]    3:     0x564a4dcae60c - <std::sys_common::backtrace::_print::DisplayBacktrace as core::fmt::Display>::fmt::hed7f999df88cc644
[INFO] [stdout]                                at /rustc/82e1608dfa6e0b5569232559e3d385fea5a93112/library/std/src/sys_common/backtrace.rs:44:22
[INFO] [stdout]    4:     0x564a4dcde0c0 - core::fmt::rt::Argument::fmt::h1539a9308b8d058d
[INFO] [stdout]                                at /rustc/82e1608dfa6e0b5569232559e3d385fea5a93112/library/core/src/fmt/rt.rs:142:9
[INFO] [stdout]    5:     0x564a4dcde0c0 - core::fmt::write::h3a39390d8560d9c9
[INFO] [stdout]                                at /rustc/82e1608dfa6e0b5569232559e3d385fea5a93112/library/core/src/fmt/mod.rs:1120:17
[INFO] [stdout]    6:     0x564a4dcab38f - std::io::Write::write_fmt::h040b369f3a0f9cbc
[INFO] [stdout]                                at /rustc/82e1608dfa6e0b5569232559e3d385fea5a93112/library/std/src/io/mod.rs:1762:15
[INFO] [stdout]    7:     0x564a4dcae3f4 - std::sys_common::backtrace::_print::h894006fb5c6f3d45
[INFO] [stdout]                                at /rustc/82e1608dfa6e0b5569232559e3d385fea5a93112/library/std/src/sys_common/backtrace.rs:47:5
[INFO] [stdout]    8:     0x564a4dcae3f4 - std::sys_common::backtrace::print::h23a2d212c6fff936
[INFO] [stdout]                                at /rustc/82e1608dfa6e0b5569232559e3d385fea5a93112/library/std/src/sys_common/backtrace.rs:34:9
[INFO] [stdout]    9:     0x564a4dcb00b7 - std::panicking::default_hook::{{closure}}::h8a1d2ee00185001a
[INFO] [stdout]   10:     0x564a4dcafda3 - std::panicking::default_hook::h6038f2eba384e475
[INFO] [stdout]                                at /rustc/82e1608dfa6e0b5569232559e3d385fea5a93112/library/std/src/panicking.rs:289:9
[INFO] [stdout]   11:     0x564a4d865e17 - <alloc::boxed::Box<F,A> as core::ops::function::Fn<Args>>::call::h0ad024c9bdc6d768
[INFO] [stdout]                                at /rustc/82e1608dfa6e0b5569232559e3d385fea5a93112/library/alloc/src/boxed.rs:2021:9
[INFO] [stdout]   12:     0x564a4d865e17 - test::test_main::{{closure}}::h7500b54257359db6
[INFO] [stdout]                                at /rustc/82e1608dfa6e0b5569232559e3d385fea5a93112/library/test/src/lib.rs:138:21
[INFO] [stdout]   13:     0x564a4dcb06c8 - <alloc::boxed::Box<F,A> as core::ops::function::Fn<Args>>::call::h1f8f335eaa9cfaee
[INFO] [stdout]                                at /rustc/82e1608dfa6e0b5569232559e3d385fea5a93112/library/alloc/src/boxed.rs:2021:9
[INFO] [stdout]   14:     0x564a4dcb06c8 - std::panicking::rust_panic_with_hook::h2b5517d590cab22e
[INFO] [stdout]                                at /rustc/82e1608dfa6e0b5569232559e3d385fea5a93112/library/std/src/panicking.rs:783:13
[INFO] [stdout]   15:     0x564a4dcb041e - std::panicking::begin_panic_handler::{{closure}}::h233112c06e0ef43e
[INFO] [stdout]                                at /rustc/82e1608dfa6e0b5569232559e3d385fea5a93112/library/std/src/panicking.rs:657:13
[INFO] [stdout]   16:     0x564a4dcaead6 - std::sys_common::backtrace::__rust_end_short_backtrace::h6e893f24d7ebbff8
[INFO] [stdout]                                at /rustc/82e1608dfa6e0b5569232559e3d385fea5a93112/library/std/src/sys_common/backtrace.rs:170:18
[INFO] [stdout]   17:     0x564a4dcb0182 - rust_begin_unwind
[INFO] [stdout]                                at /rustc/82e1608dfa6e0b5569232559e3d385fea5a93112/library/std/src/panicking.rs:645:5
[INFO] [stdout]   18:     0x564a4d05b6d5 - core::panicking::panic_fmt::hbf0e066aabfa482c
[INFO] [stdout]                                at /rustc/82e1608dfa6e0b5569232559e3d385fea5a93112/library/core/src/panicking.rs:72:14
[INFO] [stdout]   19:     0x564a4d05bb2b - core::panicking::assert_failed_inner::h0bba8b7c26ee4492
[INFO] [stdout]   20:     0x564a4d06e61e - core::panicking::assert_failed::hd2a28982f7b97984
[INFO] [stdout]                                at /rustc/82e1608dfa6e0b5569232559e3d385fea5a93112/library/core/src/panicking.rs:279:5
[INFO] [stdout]   21:     0x564a4d073a84 - index::tips::{{closure}}::h8c5d66250bdbdb39
[INFO] [stdout]                                at /opt/rustwide/workdir/tests/index.rs:10:5
[INFO] [stdout]   22:     0x564a4d069d24 - tokio::park::thread::CachedParkThread::block_on::{{closure}}::h12f57b2313e532b4
[INFO] [stdout]                                at /opt/rustwide/cargo-home/registry/src/index.crates.io-6f17d22bba15001f/tokio-1.13.0/src/park/thread.rs:263:54
[INFO] [stdout]   23:     0x564a4d06ea40 - tokio::coop::with_budget::{{closure}}::h203f13b907752f62
[INFO] [stdout]                                at /opt/rustwide/cargo-home/registry/src/index.crates.io-6f17d22bba15001f/tokio-1.13.0/src/coop.rs:106:9
[INFO] [stdout]   24:     0x564a4d05dbde - std::thread::local::LocalKey<T>::try_with::hc28d93e88a9633c8
[INFO] [stdout]                                at /rustc/82e1608dfa6e0b5569232559e3d385fea5a93112/library/std/src/thread/local.rs:270:16
[INFO] [stdout]   25:     0x564a4d05d21a - std::thread::local::LocalKey<T>::with::h130065d31b1b6f24
[INFO] [stdout]                                at /rustc/82e1608dfa6e0b5569232559e3d385fea5a93112/library/std/src/thread/local.rs:246:9
[INFO] [stdout]   26:     0x564a4d069b9a - tokio::coop::with_budget::h32dfd88209b70168
[INFO] [stdout]                                at /opt/rustwide/cargo-home/registry/src/index.crates.io-6f17d22bba15001f/tokio-1.13.0/src/coop.rs:99:5
[INFO] [stdout]   27:     0x564a4d069b9a - tokio::coop::budget::h9f3c667b42338c4c
[INFO] [stdout]                                at /opt/rustwide/cargo-home/registry/src/index.crates.io-6f17d22bba15001f/tokio-1.13.0/src/coop.rs:76:5
[INFO] [stdout]   28:     0x564a4d069b9a - tokio::park::thread::CachedParkThread::block_on::h8314e7bfeade1a40
[INFO] [stdout]                                at /opt/rustwide/cargo-home/registry/src/index.crates.io-6f17d22bba15001f/tokio-1.13.0/src/park/thread.rs:263:31
[INFO] [stdout]   29:     0x564a4d06f6b2 - tokio::runtime::enter::Enter::block_on::h3181efdb5e40ec40
[INFO] [stdout]                                at /opt/rustwide/cargo-home/registry/src/index.crates.io-6f17d22bba15001f/tokio-1.13.0/src/runtime/enter.rs:151:13
[INFO] [stdout]   30:     0x564a4d06f3ce - tokio::runtime::thread_pool::ThreadPool::block_on::hafc44642f8753934
[INFO] [stdout]                                at /opt/rustwide/cargo-home/registry/src/index.crates.io-6f17d22bba15001f/tokio-1.13.0/src/runtime/thread_pool/mod.rs:77:9
[INFO] [stdout]   31:     0x564a4d06fb5f - tokio::runtime::Runtime::block_on::hb2822439b459d425
[INFO] [stdout]                                at /opt/rustwide/cargo-home/registry/src/index.crates.io-6f17d22bba15001f/tokio-1.13.0/src/runtime/mod.rs:463:43
[INFO] [stdout]   32:     0x564a4d06a451 - rocket::async_test::h80f34db3c136a20c
[INFO] [stdout]                                at /opt/rustwide/cargo-home/git/checkouts/rocket-8bf16d9ca7e90bdc/8cae077/core/lib/src/lib.rs:217:5
[INFO] [stdout]   33:     0x564a4d0733b2 - index::tips::h90039dcd9e5a0c10
[INFO] [stdout]                                at /opt/rustwide/workdir/tests/index.rs:5:17
[INFO] [stdout]   34:     0x564a4d073377 - index::tips::{{closure}}::h4c30b8a76480db09
[INFO] [stdout]                                at /opt/rustwide/workdir/tests/index.rs:5:16
[INFO] [stdout]   35:     0x564a4d05e226 - core::ops::function::FnOnce::call_once::h761aa5894a89b6cd
[INFO] [stdout]                                at /rustc/82e1608dfa6e0b5569232559e3d385fea5a93112/library/core/src/ops/function.rs:250:5
[INFO] [stdout]   36:     0x564a4d86b46f - core::ops::function::FnOnce::call_once::h2b5d431d5046312d
[INFO] [stdout]                                at /rustc/82e1608dfa6e0b5569232559e3d385fea5a93112/library/core/src/ops/function.rs:250:5
[INFO] [stdout]   37:     0x564a4d86b46f - test::__rust_begin_short_backtrace::h7714669af176e207
[INFO] [stdout]                                at /rustc/82e1608dfa6e0b5569232559e3d385fea5a93112/library/test/src/lib.rs:628:18
[INFO] [stdout]   38:     0x564a4d86a485 - test::run_test_in_process::{{closure}}::h85218797dcbcec12
[INFO] [stdout]                                at /rustc/82e1608dfa6e0b5569232559e3d385fea5a93112/library/test/src/lib.rs:651:60
[INFO] [stdout]   39:     0x564a4d86a485 - <core::panic::unwind_safe::AssertUnwindSafe<F> as core::ops::function::FnOnce<()>>::call_once::h76c106ea31c14d7b
[INFO] [stdout]                                at /rustc/82e1608dfa6e0b5569232559e3d385fea5a93112/library/core/src/panic/unwind_safe.rs:272:9
[INFO] [stdout]   40:     0x564a4d86a485 - std::panicking::try::do_call::h3bd5d0f6620ee946
[INFO] [stdout]                                at /rustc/82e1608dfa6e0b5569232559e3d385fea5a93112/library/std/src/panicking.rs:552:40
[INFO] [stdout]   41:     0x564a4d86a485 - std::panicking::try::h232e535e4744fe31
[INFO] [stdout]                                at /rustc/82e1608dfa6e0b5569232559e3d385fea5a93112/library/std/src/panicking.rs:516:19
[INFO] [stdout]   42:     0x564a4d86a485 - std::panic::catch_unwind::h3ce3bd6ca8dbac68
[INFO] [stdout]                                at /rustc/82e1608dfa6e0b5569232559e3d385fea5a93112/library/std/src/panic.rs:142:14
[INFO] [stdout]   43:     0x564a4d86a485 - test::run_test_in_process::hc97b257c9621286a
[INFO] [stdout]                                at /rustc/82e1608dfa6e0b5569232559e3d385fea5a93112/library/test/src/lib.rs:651:27
[INFO] [stdout]   44:     0x564a4d86a485 - test::run_test::{{closure}}::h2aa798823a438d38
[INFO] [stdout]                                at /rustc/82e1608dfa6e0b5569232559e3d385fea5a93112/library/test/src/lib.rs:574:43
[INFO] [stdout]   45:     0x564a4d832746 - test::run_test::{{closure}}::h87d231c78fb59832
[INFO] [stdout]                                at /rustc/82e1608dfa6e0b5569232559e3d385fea5a93112/library/test/src/lib.rs:602:41
[INFO] [stdout]   46:     0x564a4d832746 - std::sys_common::backtrace::__rust_begin_short_backtrace::he6df152596625789
[INFO] [stdout]                                at /rustc/82e1608dfa6e0b5569232559e3d385fea5a93112/library/std/src/sys_common/backtrace.rs:154:18
[INFO] [stdout]   47:     0x564a4d8377f7 - std::thread::Builder::spawn_unchecked_::{{closure}}::{{closure}}::ha94be15d1e0acf36
[INFO] [stdout]                                at /rustc/82e1608dfa6e0b5569232559e3d385fea5a93112/library/std/src/thread/mod.rs:529:17
[INFO] [stdout]   48:     0x564a4d8377f7 - <core::panic::unwind_safe::AssertUnwindSafe<F> as core::ops::function::FnOnce<()>>::call_once::h9dc6bd6372f16606
[INFO] [stdout]                                at /rustc/82e1608dfa6e0b5569232559e3d385fea5a93112/library/core/src/panic/unwind_safe.rs:272:9
[INFO] [stdout]   49:     0x564a4d8377f7 - std::panicking::try::do_call::h9057517f80303cd4
[INFO] [stdout]                                at /rustc/82e1608dfa6e0b5569232559e3d385fea5a93112/library/std/src/panicking.rs:552:40
[INFO] [stdout]   50:     0x564a4d8377f7 - std::panicking::try::he3a30b11ee45340c
[INFO] [stdout]                                at /rustc/82e1608dfa6e0b5569232559e3d385fea5a93112/library/std/src/panicking.rs:516:19
[INFO] [stdout]   51:     0x564a4d8377f7 - std::panic::catch_unwind::h410458cfd3528b8b
[INFO] [stdout]                                at /rustc/82e1608dfa6e0b5569232559e3d385fea5a93112/library/std/src/panic.rs:142:14
[INFO] [stdout]   52:     0x564a4d8377f7 - std::thread::Builder::spawn_unchecked_::{{closure}}::h72ac3bdb567b737b
[INFO] [stdout]                                at /rustc/82e1608dfa6e0b5569232559e3d385fea5a93112/library/std/src/thread/mod.rs:528:30
[INFO] [stdout]   53:     0x564a4d8377f7 - core::ops::function::FnOnce::call_once{{vtable.shim}}::h38f34da3654a8344
[INFO] [stdout]                                at /rustc/82e1608dfa6e0b5569232559e3d385fea5a93112/library/core/src/ops/function.rs:250:5
[INFO] [stdout]   54:     0x564a4dcb57a5 - <alloc::boxed::Box<F,A> as core::ops::function::FnOnce<Args>>::call_once::hc7eafaff61e32df9
[INFO] [stdout]                                at /rustc/82e1608dfa6e0b5569232559e3d385fea5a93112/library/alloc/src/boxed.rs:2007:9
[INFO] [stdout]   55:     0x564a4dcb57a5 - <alloc::boxed::Box<F,A> as core::ops::function::FnOnce<Args>>::call_once::h6ba4a5de48dd2304
[INFO] [stdout]                                at /rustc/82e1608dfa6e0b5569232559e3d385fea5a93112/library/alloc/src/boxed.rs:2007:9
[INFO] [stdout]   56:     0x564a4dcb57a5 - std::sys::unix::thread::Thread::new::thread_start::he469335aef763e45
[INFO] [stdout]                                at /rustc/82e1608dfa6e0b5569232559e3d385fea5a93112/library/std/src/sys/unix/thread.rs:108:17
[INFO] [stdout]   57:     0x7f306df4eac3 - <unknown>
[INFO] [stdout]   58:     0x7f306dfdfbf4 - __clone
[INFO] [stdout]   59:                0x0 - <unknown>
[INFO] [stdout] 
[INFO] [stdout] 
[INFO] [stdout] failures:
[INFO] [stdout]     tips
[INFO] [stdout] 
[INFO] [stdout] test result: FAILED. 1 passed; 1 failed; 0 ignored; 0 measured; 0 filtered out; finished in 30.11s
[INFO] [stdout] 
[INFO] [stderr] error: test failed, to rerun pass `--test index`
[INFO] running `Command { std: "docker" "inspect" "86aeb04edeaff8b3c424aad21bf311fcd436a1961fa98643803998a9bd3a412b", kill_on_drop: false }`
[INFO] running `Command { std: "docker" "rm" "-f" "86aeb04edeaff8b3c424aad21bf311fcd436a1961fa98643803998a9bd3a412b", kill_on_drop: false }`
[INFO] [stdout] 86aeb04edeaff8b3c424aad21bf311fcd436a1961fa98643803998a9bd3a412b
[INFO] testing LJason77/Zelda against beta-2023-12-22 for beta-1.76-1
[INFO] running `Command { std: "git" "clone" "/workspace/cache/git-repos/https%3A%2F%2Fgithub.com%2FLJason77%2FZelda" "/workspace/builds/worker-1-tc2/source", kill_on_drop: false }`
[INFO] [stderr] Cloning into '/workspace/builds/worker-1-tc2/source'...
[INFO] [stderr] done.
[INFO] validating manifest of git repo https://github.com/LJason77/Zelda on toolchain beta-2023-12-22
[INFO] running `Command { std: CARGO_HOME="/workspace/cargo-home" RUSTUP_HOME="/workspace/rustup-home" "/workspace/cargo-home/bin/cargo" "+beta-2023-12-22" "metadata" "--manifest-path" "Cargo.toml" "--no-deps", kill_on_drop: false }`
[INFO] started tweaking git repo https://github.com/LJason77/Zelda
[INFO] finished tweaking git repo https://github.com/LJason77/Zelda
[INFO] tweaked toml for git repo https://github.com/LJason77/Zelda written to /workspace/builds/worker-1-tc2/source/Cargo.toml
[INFO] crate git repo https://github.com/LJason77/Zelda already has a lockfile, it will not be regenerated
[INFO] running `Command { std: CARGO_HOME="/workspace/cargo-home" RUSTUP_HOME="/workspace/rustup-home" "/workspace/cargo-home/bin/cargo" "+beta-2023-12-22" "fetch" "--manifest-path" "Cargo.toml", kill_on_drop: false }`
[INFO] running `Command { std: "docker" "create" "-v" "/var/lib/crater-agent-workspace/builds/worker-1-tc2/target:/opt/rustwide/target:rw,Z" "-v" "/var/lib/crater-agent-workspace/builds/worker-1-tc2/source:/opt/rustwide/workdir:ro,Z" "-v" "/var/lib/crater-agent-workspace/cargo-home:/opt/rustwide/cargo-home:ro,Z" "-v" "/var/lib/crater-agent-workspace/rustup-home:/opt/rustwide/rustup-home:ro,Z" "-e" "SOURCE_DIR=/opt/rustwide/workdir" "-e" "CARGO_TARGET_DIR=/opt/rustwide/target" "-e" "CARGO_HOME=/opt/rustwide/cargo-home" "-e" "RUSTUP_HOME=/opt/rustwide/rustup-home" "-w" "/opt/rustwide/workdir" "-m" "1610612736" "--user" "0:0" "--network" "none" "ghcr.io/rust-lang/crates-build-env/linux@sha256:2788e3201cd34a07e3172128adcd8b3090168a8e3bcc40d7c032b9dda1df7d1c" "/opt/rustwide/cargo-home/bin/cargo" "+beta-2023-12-22" "metadata" "--no-deps" "--format-version=1", kill_on_drop: false }`
[INFO] [stdout] d616dbfa81afacf657988f4333d87957ea35b2e7ff58c7a35102674c66e005e2
[INFO] running `Command { std: "docker" "start" "-a" "d616dbfa81afacf657988f4333d87957ea35b2e7ff58c7a35102674c66e005e2", kill_on_drop: false }`
[INFO] running `Command { std: "docker" "inspect" "d616dbfa81afacf657988f4333d87957ea35b2e7ff58c7a35102674c66e005e2", kill_on_drop: false }`
[INFO] running `Command { std: "docker" "rm" "-f" "d616dbfa81afacf657988f4333d87957ea35b2e7ff58c7a35102674c66e005e2", kill_on_drop: false }`
[INFO] [stdout] d616dbfa81afacf657988f4333d87957ea35b2e7ff58c7a35102674c66e005e2
[INFO] running `Command { std: "docker" "create" "-v" "/var/lib/crater-agent-workspace/builds/worker-1-tc2/target:/opt/rustwide/target:rw,Z" "-v" "/var/lib/crater-agent-workspace/builds/worker-1-tc2/source:/opt/rustwide/workdir:ro,Z" "-v" "/var/lib/crater-agent-workspace/cargo-home:/opt/rustwide/cargo-home:ro,Z" "-v" "/var/lib/crater-agent-workspace/rustup-home:/opt/rustwide/rustup-home:ro,Z" "-e" "SOURCE_DIR=/opt/rustwide/workdir" "-e" "CARGO_TARGET_DIR=/opt/rustwide/target" "-e" "CARGO_INCREMENTAL=0" "-e" "RUST_BACKTRACE=full" "-e" "RUSTFLAGS=--cap-lints=warn" "-e" "RUSTDOCFLAGS=--cap-lints=warn" "-e" "CARGO_HOME=/opt/rustwide/cargo-home" "-e" "RUSTUP_HOME=/opt/rustwide/rustup-home" "-w" "/opt/rustwide/workdir" "-m" "1610612736" "--user" "0:0" "--network" "none" "ghcr.io/rust-lang/crates-build-env/linux@sha256:2788e3201cd34a07e3172128adcd8b3090168a8e3bcc40d7c032b9dda1df7d1c" "/opt/rustwide/cargo-home/bin/cargo" "+beta-2023-12-22" "build" "--frozen" "--message-format=json", kill_on_drop: false }`
[INFO] [stdout] 029c8406dca0f5ff32e9d9798d3aa6760828e3514c5a32c8788a8237f0ed3a7a
[INFO] running `Command { std: "docker" "start" "-a" "029c8406dca0f5ff32e9d9798d3aa6760828e3514c5a32c8788a8237f0ed3a7a", kill_on_drop: false }`
[INFO] [stderr]    Compiling proc-macro2 v1.0.32
[INFO] [stderr]    Compiling unicode-xid v0.2.2
[INFO] [stderr]    Compiling version_check v0.9.3
[INFO] [stderr]    Compiling syn v1.0.81
[INFO] [stderr]    Compiling autocfg v1.0.1
[INFO] [stderr]    Compiling libc v0.2.106
[INFO] [stderr]    Compiling futures-core v0.3.17
[INFO] [stderr]    Compiling pin-project-lite v0.2.7
[INFO] [stderr]    Compiling memchr v2.4.1
[INFO] [stderr]    Compiling once_cell v1.8.0
[INFO] [stderr]    Compiling log v0.4.14
[INFO] [stderr]    Compiling bytes v1.1.0
[INFO] [stderr]    Compiling slab v0.4.5
[INFO] [stderr]    Compiling futures-io v0.3.17
[INFO] [stderr]    Compiling futures-sink v0.3.17
[INFO] [stderr]    Compiling serde_derive v1.0.130
[INFO] [stderr]    Compiling lazy_static v1.4.0
[INFO] [stderr]    Compiling serde v1.0.130
[INFO] [stderr]    Compiling itoa v0.4.8
[INFO] [stderr]    Compiling proc-macro-hack v0.5.19
[INFO] [stderr]    Compiling proc-macro-nested v0.1.7
[INFO] [stderr]    Compiling futures-task v0.3.17
[INFO] [stderr]    Compiling futures-channel v0.3.17
[INFO] [stderr]    Compiling hashbrown v0.11.2
[INFO] [stderr]    Compiling yansi v0.5.0
[INFO] [stderr]    Compiling typenum v1.14.0
[INFO] [stderr]    Compiling tokio v1.13.0
[INFO] [stderr]    Compiling futures-macro v0.3.17
[INFO] [stderr]    Compiling futures-util v0.3.17
[INFO] [stderr]    Compiling percent-encoding v2.1.0
[INFO] [stderr]    Compiling value-bag v1.0.0-alpha.8
[INFO] [stderr]    Compiling proc-macro2-diagnostics v0.9.1
[INFO] [stderr]    Compiling generic-array v0.14.4
[INFO] [stderr]    Compiling http v0.2.5
[INFO] [stderr]    Compiling smallvec v1.7.0
[INFO] [stderr]    Compiling indexmap v1.7.0
[INFO] [stderr]    Compiling tracing-core v0.1.21
[INFO] [stderr]    Compiling tinyvec_macros v0.1.0
[INFO] [stderr]    Compiling httparse v1.5.1
[INFO] [stderr]    Compiling cache-padded v1.1.1
[INFO] [stderr]    Compiling quote v1.0.10
[INFO] [stderr]    Compiling ppv-lite86 v0.2.15
[INFO] [stderr]    Compiling cc v1.0.71
[INFO] [stderr]    Compiling concurrent-queue v1.2.2
[INFO] [stderr]    Compiling tinyvec v1.5.0
[INFO] [stderr]    Compiling num_cpus v1.13.0
[INFO] [stderr]    Compiling signal-hook-registry v1.4.0
[INFO] [stderr]    Compiling getrandom v0.2.3
[INFO] [stderr]    Compiling tracing v0.1.29
[INFO] [stderr]    Compiling socket2 v0.4.2
[INFO] [stderr]    Compiling try-lock v0.2.3
[INFO] [stderr]    Compiling rand_core v0.6.3
[INFO] [stderr]    Compiling fastrand v1.5.0
[INFO] [stderr]    Compiling event-listener v2.5.1
[INFO] [stderr]    Compiling parking v2.0.0
[INFO] [stderr]    Compiling rand_chacha v0.3.1
[INFO] [stderr]    Compiling waker-fn v1.1.0
[INFO] [stderr]    Compiling mio v0.7.14
[INFO] [stderr]    Compiling futures-lite v1.12.0
[INFO] [stderr]    Compiling async-trait v0.1.51
[INFO] [stderr]    Compiling matches v0.1.9
[INFO] [stderr]    Compiling spin v0.5.2
[INFO] [stderr]    Compiling rand v0.8.4
[INFO] [stderr]    Compiling untrusted v0.7.1
[INFO] [stderr]    Compiling unicode-bidi v0.3.7
[INFO] [stderr]    Compiling parking_lot_core v0.8.5
[INFO] [stderr]    Compiling cookie v0.16.0-rc.1
[INFO] [stderr]    Compiling num-traits v0.2.14
[INFO] [stderr]    Compiling instant v0.1.12
[INFO] [stderr]    Compiling unicode-normalization v0.1.19
[INFO] [stderr]    Compiling ident_case v1.0.1
[INFO] [stderr]    Compiling ryu v1.0.5
[INFO] [stderr]    Compiling time-macros v0.2.3
[INFO] [stderr]    Compiling httpdate v1.0.1
[INFO] [stderr]    Compiling strsim v0.10.0
[INFO] [stderr]    Compiling http-body v0.4.4
[INFO] [stderr]    Compiling ref-cast v1.0.6
[INFO] [stderr]    Compiling inlinable_string v0.1.14
[INFO] [stderr]    Compiling async-task v4.0.3
[INFO] [stderr]    Compiling tower-service v0.3.1
[INFO] [stderr]    Compiling ring v0.16.20
[INFO] [stderr]    Compiling unicode-segmentation v1.8.0
[INFO] [stderr]    Compiling idna v0.2.3
[INFO] [stderr]    Compiling lock_api v0.4.5
[INFO] [stderr]    Compiling digest v0.9.0
[INFO] [stderr]    Compiling heck v0.3.3
[INFO] [stderr]    Compiling form_urlencoded v1.0.1
[INFO] [stderr]    Compiling async-channel v1.6.1
[INFO] [stderr]    Compiling uncased v0.9.6
[INFO] [stderr]    Compiling num-integer v0.1.44
[INFO] [stderr]    Compiling serde_json v1.0.68
[INFO] [stderr]    Compiling crossbeam-utils v0.8.5
[INFO] [stderr]    Compiling match_cfg v0.1.0
[INFO] [stderr]    Compiling atomic-waker v1.0.0
[INFO] [stderr]    Compiling url v2.2.2
[INFO] [stderr]    Compiling hostname v0.3.1
[INFO] [stderr]    Compiling blocking v1.0.2
[INFO] [stderr]    Compiling parking_lot v0.11.2
[INFO] [stderr]    Compiling block-buffer v0.9.0
[INFO] [stderr]    Compiling async-executor v1.4.1
[INFO] [stderr]    Compiling async-mutex v1.4.0
[INFO] [stderr]    Compiling want v0.3.0
[INFO] [stderr]    Compiling ahash v0.7.6
[INFO] [stderr]    Compiling data-encoding v2.3.2
[INFO] [stderr]    Compiling base64 v0.13.0
[INFO] [stderr]    Compiling either v1.6.1
[INFO] [stderr]    Compiling linked-hash-map v0.5.4
[INFO] [stderr]    Compiling encoding_rs v0.8.29
[INFO] [stderr]    Compiling quick-error v1.2.3
[INFO] [stderr]    Compiling ipnet v2.3.1
[INFO] [stderr]    Compiling rustversion v1.0.5
[INFO] [stderr]    Compiling state v0.5.2
[INFO] [stderr]    Compiling subtle v2.4.1
[INFO] [stderr]    Compiling lru-cache v0.1.2
[INFO] [stderr]    Compiling resolv-conf v0.7.0
[INFO] [stderr]    Compiling time v0.3.4
[INFO] [stderr]    Compiling crypto-mac v0.11.1
[INFO] [stderr]    Compiling async-lock v2.4.0
[INFO] [stderr]    Compiling stable-pattern v0.1.0
[INFO] [stderr]    Compiling time v0.1.43
[INFO] [stderr]    Compiling figment v0.10.6
[INFO] [stderr]    Compiling multer v2.0.1
[INFO] [stderr]    Compiling atomic v0.5.0
[INFO] [stderr]    Compiling cpufeatures v0.2.1
[INFO] [stderr]    Compiling unchecked-index v0.2.2
[INFO] [stderr]    Compiling twoway v0.2.2
[INFO] [stderr]    Compiling chrono v0.4.19
[INFO] [stderr]    Compiling uuid v0.8.2
[INFO] [stderr]    Compiling rocket v0.5.0-rc.1 (https://github.com/SergioBenitez/Rocket#8cae077b)
[INFO] [stderr]    Compiling remove_dir_all v0.5.3
[INFO] [stderr]    Compiling hex v0.4.3
[INFO] [stderr]    Compiling spin v0.9.2
[INFO] [stderr]    Compiling glob v0.3.0
[INFO] [stderr]    Compiling tempfile v3.2.0
[INFO] [stderr]    Compiling sha-1 v0.9.8
[INFO] [stderr]    Compiling sha2 v0.9.8
[INFO] [stderr]    Compiling tokio-util v0.6.9
[INFO] [stderr]    Compiling pbkdf2 v0.8.0
[INFO] [stderr]    Compiling hmac v0.11.0
[INFO] [stderr]    Compiling md-5 v0.9.1
[INFO] [stderr]    Compiling stringprep v0.1.2
[INFO] [stderr]    Compiling atty v0.2.14
[INFO] [stderr]    Compiling take_mut v0.2.2
[INFO] [stderr]    Compiling darling_core v0.13.0
[INFO] [stderr]    Compiling dotenv v0.15.0
[INFO] [stderr]    Compiling h2 v0.3.7
[INFO] [stderr]    Compiling devise_core v0.3.1
[INFO] [stderr]    Compiling ctor v0.1.21
[INFO] [stderr]    Compiling tokio-macros v1.5.1
[INFO] [stderr]    Compiling pear_codegen v0.2.3
[INFO] [stderr]    Compiling thiserror-impl v1.0.30
[INFO] [stderr]    Compiling ref-cast-impl v1.0.6
[INFO] [stderr]    Compiling enum-as-inner v0.3.3
[INFO] [stderr]    Compiling async-attributes v1.1.2
[INFO] [stderr]    Compiling devise_codegen v0.3.1
[INFO] [stderr]    Compiling async-stream-impl v0.3.2
[INFO] [stderr]    Compiling webpki v0.21.4
[INFO] [stderr]    Compiling darling_macro v0.13.0
[INFO] [stderr]    Compiling sct v0.6.1
[INFO] [stderr]    Compiling webpki-roots v0.21.1
[INFO] [stderr]    Compiling typed-builder v0.9.1
[INFO] [stderr]    Compiling derivative v2.2.0
[INFO] [stderr]    Compiling devise v0.3.1
[INFO] [stderr]    Compiling async-stream v0.3.2
[INFO] [stderr]    Compiling pear v0.2.3
[INFO] [stderr]    Compiling polling v2.1.0
[INFO] [stderr]    Compiling kv-log-macro v1.0.7
[INFO] [stderr]    Compiling rustls v0.19.1
[INFO] [stderr]    Compiling async-io v1.6.0
[INFO] [stderr]    Compiling darling v0.13.0
[INFO] [stderr]    Compiling thiserror v1.0.30
[INFO] [stderr]    Compiling os_info v3.0.7
[INFO] [stderr]    Compiling serde_with_macros v1.5.1
[INFO] [stderr]    Compiling hyper v0.14.14
[INFO] [stderr]    Compiling async-global-executor v2.0.2
[INFO] [stderr]    Compiling async-std v1.10.0
[INFO] [stderr]    Compiling futures v0.3.17
[INFO] [stderr]    Compiling futures-executor v0.3.17
[INFO] [stderr]    Compiling rocket_http v0.5.0-rc.1 (https://github.com/SergioBenitez/Rocket#8cae077b)
[INFO] [stderr]    Compiling trust-dns-proto v0.20.3
[INFO] [stderr]    Compiling tokio-rustls v0.22.0
[INFO] [stderr]    Compiling tokio-stream v0.1.8
[INFO] [stderr]    Compiling serde_bytes v0.11.5
[INFO] [stderr]    Compiling toml v0.5.8
[INFO] [stderr]    Compiling ubyte v0.10.1
[INFO] [stderr]    Compiling serde_with v1.11.0
[INFO] [stderr]    Compiling rocket_codegen v0.5.0-rc.1 (https://github.com/SergioBenitez/Rocket#8cae077b)
[INFO] [stderr]    Compiling trust-dns-resolver v0.20.3
[INFO] [stderr]    Compiling bson v2.0.1
[INFO] [stderr]    Compiling async-std-resolver v0.20.3
[INFO] [stderr]    Compiling mongodb v2.0.1
[INFO] [stderr]    Compiling zelda v0.1.0 (/opt/rustwide/workdir)
[INFO] [stderr]     Finished dev [unoptimized + debuginfo] target(s) in 36.07s
[INFO] [stderr] warning: the following packages contain code that will be rejected by a future version of Rust: ubyte v0.10.1
[INFO] [stderr] note: to see what the problems were, use the option `--future-incompat-report`, or run `cargo report future-incompatibilities --id 1`
[INFO] running `Command { std: "docker" "inspect" "029c8406dca0f5ff32e9d9798d3aa6760828e3514c5a32c8788a8237f0ed3a7a", kill_on_drop: false }`
[INFO] running `Command { std: "docker" "rm" "-f" "029c8406dca0f5ff32e9d9798d3aa6760828e3514c5a32c8788a8237f0ed3a7a", kill_on_drop: false }`
[INFO] [stdout] 029c8406dca0f5ff32e9d9798d3aa6760828e3514c5a32c8788a8237f0ed3a7a
[INFO] running `Command { std: "docker" "create" "-v" "/var/lib/crater-agent-workspace/builds/worker-1-tc2/target:/opt/rustwide/target:rw,Z" "-v" "/var/lib/crater-agent-workspace/builds/worker-1-tc2/source:/opt/rustwide/workdir:ro,Z" "-v" "/var/lib/crater-agent-workspace/cargo-home:/opt/rustwide/cargo-home:ro,Z" "-v" "/var/lib/crater-agent-workspace/rustup-home:/opt/rustwide/rustup-home:ro,Z" "-e" "SOURCE_DIR=/opt/rustwide/workdir" "-e" "CARGO_TARGET_DIR=/opt/rustwide/target" "-e" "CARGO_INCREMENTAL=0" "-e" "RUST_BACKTRACE=full" "-e" "RUSTFLAGS=--cap-lints=warn" "-e" "RUSTDOCFLAGS=--cap-lints=warn" "-e" "CARGO_HOME=/opt/rustwide/cargo-home" "-e" "RUSTUP_HOME=/opt/rustwide/rustup-home" "-w" "/opt/rustwide/workdir" "-m" "1610612736" "--user" "0:0" "--network" "none" "ghcr.io/rust-lang/crates-build-env/linux@sha256:2788e3201cd34a07e3172128adcd8b3090168a8e3bcc40d7c032b9dda1df7d1c" "/opt/rustwide/cargo-home/bin/cargo" "+beta-2023-12-22" "test" "--frozen" "--no-run" "--message-format=json", kill_on_drop: false }`
[INFO] [stdout] 44d67657a336cddcd40eb3e67cc9547bbfe7125d1108d174c661ee766c3a043c
[INFO] running `Command { std: "docker" "start" "-a" "44d67657a336cddcd40eb3e67cc9547bbfe7125d1108d174c661ee766c3a043c", kill_on_drop: false }`
[INFO] [stderr]    Compiling zelda v0.1.0 (/opt/rustwide/workdir)
[INFO] [stderr]     Finished test [unoptimized + debuginfo] target(s) in 4.50s
[INFO] [stderr] warning: the following packages contain code that will be rejected by a future version of Rust: ubyte v0.10.1
[INFO] [stderr] note: to see what the problems were, use the option `--future-incompat-report`, or run `cargo report future-incompatibilities --id 1`
[INFO] running `Command { std: "docker" "inspect" "44d67657a336cddcd40eb3e67cc9547bbfe7125d1108d174c661ee766c3a043c", kill_on_drop: false }`
[INFO] running `Command { std: "docker" "rm" "-f" "44d67657a336cddcd40eb3e67cc9547bbfe7125d1108d174c661ee766c3a043c", kill_on_drop: false }`
[INFO] [stdout] 44d67657a336cddcd40eb3e67cc9547bbfe7125d1108d174c661ee766c3a043c
[INFO] running `Command { std: "docker" "create" "-v" "/var/lib/crater-agent-workspace/builds/worker-1-tc2/target:/opt/rustwide/target:rw,Z" "-v" "/var/lib/crater-agent-workspace/builds/worker-1-tc2/source:/opt/rustwide/workdir:ro,Z" "-v" "/var/lib/crater-agent-workspace/cargo-home:/opt/rustwide/cargo-home:ro,Z" "-v" "/var/lib/crater-agent-workspace/rustup-home:/opt/rustwide/rustup-home:ro,Z" "-e" "SOURCE_DIR=/opt/rustwide/workdir" "-e" "CARGO_TARGET_DIR=/opt/rustwide/target" "-e" "CARGO_INCREMENTAL=0" "-e" "RUST_BACKTRACE=full" "-e" "RUSTFLAGS=--cap-lints=warn" "-e" "RUSTDOCFLAGS=--cap-lints=warn" "-e" "CARGO_HOME=/opt/rustwide/cargo-home" "-e" "RUSTUP_HOME=/opt/rustwide/rustup-home" "-w" "/opt/rustwide/workdir" "-m" "1610612736" "--user" "0:0" "--network" "none" "ghcr.io/rust-lang/crates-build-env/linux@sha256:2788e3201cd34a07e3172128adcd8b3090168a8e3bcc40d7c032b9dda1df7d1c" "/opt/rustwide/cargo-home/bin/cargo" "+beta-2023-12-22" "test" "--frozen", kill_on_drop: false }`
[INFO] [stdout] c1e715cde7ac7cec274b9b360b51d7fd80565b8364a6859a31d998e190286399
[INFO] running `Command { std: "docker" "start" "-a" "c1e715cde7ac7cec274b9b360b51d7fd80565b8364a6859a31d998e190286399", kill_on_drop: false }`
[INFO] [stderr]     Finished test [unoptimized + debuginfo] target(s) in 0.29s
[INFO] [stderr] warning: the following packages contain code that will be rejected by a future version of Rust: ubyte v0.10.1
[INFO] [stderr] note: to see what the problems were, use the option `--future-incompat-report`, or run `cargo report future-incompatibilities --id 1`
[INFO] [stderr]      Running unittests src/lib.rs (/opt/rustwide/target/debug/deps/zelda-d007406032cc0d1b)
[INFO] [stdout] 
[INFO] [stdout] running 0 tests
[INFO] [stdout] 
[INFO] [stdout] test result: ok. 0 passed; 0 failed; 0 ignored; 0 measured; 0 filtered out; finished in 0.00s
[INFO] [stdout] 
[INFO] [stderr]      Running unittests src/main.rs (/opt/rustwide/target/debug/deps/zelda-c1e267fa9703e17e)
[INFO] [stdout] 
[INFO] [stdout] running 0 tests
[INFO] [stdout] 
[INFO] [stdout] test result: ok. 0 passed; 0 failed; 0 ignored; 0 measured; 0 filtered out; finished in 0.00s
[INFO] [stdout] 
[INFO] [stderr]      Running tests/catchers.rs (/opt/rustwide/target/debug/deps/catchers-79956e3c33f592f4)
[INFO] [stdout] 
[INFO] [stdout] running 1 test
[INFO] [stdout] test not_found ... ok
[INFO] [stdout] 
[INFO] [stdout] test result: ok. 1 passed; 0 failed; 0 ignored; 0 measured; 0 filtered out; finished in 0.07s
[INFO] [stdout] 
[INFO] [stderr]      Running tests/index.rs (/opt/rustwide/target/debug/deps/index-325ebb012d28c9d3)
[INFO] [stdout] 
[INFO] [stdout] running 2 tests
[INFO] [stdout] test health_check ... ok
[INFO] [stdout] test tips ... FAILED
[INFO] [stdout] 
[INFO] [stdout] failures:
[INFO] [stdout] 
[INFO] [stdout] ---- tips stdout ----
[INFO] [stdout] Configured for debug.
[INFO] [stdout]    >> address: 127.0.0.1
[INFO] [stdout]    >> port: 8000
[INFO] [stdout]    >> workers: 16
[INFO] [stdout]    >> ident: Rocket
[INFO] [stdout]    >> limits: bytes = 8KiB, data-form = 2MiB, file = 1MiB, form = 32KiB, json = 1MiB, msgpack = 1MiB, string = 8KiB
[INFO] [stdout]    >> temp dir: /tmp
[INFO] [stdout]    >> keep-alive: 5s
[INFO] [stdout]    >> tls: disabled
[INFO] [stdout]    >> shutdown: ctrlc = true, force = true, signals = [SIGTERM], grace = 2s, mercy = 3s
[INFO] [stdout]    >> log level: normal
[INFO] [stdout]    >> cli colors: true
[INFO] [stdout] Routes:
[INFO] [stdout]    >> (tips) GET /tips
[INFO] [stdout]    >> (health_check) GET /health
[INFO] [stdout] Catchers:
[INFO] [stdout]    >> (not_found) 404
[INFO] [stdout] Fairings:
[INFO] [stdout]    >> Shield (liftoff, response, singleton)
[INFO] [stdout] Shield:
[INFO] [stdout]    >> X-Frame-Options: SAMEORIGIN
[INFO] [stdout]    >> Permissions-Policy: interest-cohort=()
[INFO] [stdout]    >> X-Content-Type-Options: nosniff
[INFO] [stdout] Rocket has launched into local orbit
[INFO] [stdout] GET /tips:
[INFO] [stdout]    >> Matched: (tips) GET /tips
[INFO] [stdout] thread 'tips' panicked at src/api/index.rs:21:65:
[INFO] [stdout] called `Result::unwrap()` on an `Err` value: Error { kind: ServerSelection { message: "Server selection timeout: No available servers. Topology: { Type: Unknown, Servers: [ { Address: 127.0.0.1:27017, Type: Unknown, Error: Connection refused (os error 111) }, ] }" }, labels: {} }
[INFO] [stdout] stack backtrace:
[INFO] [stdout]    0:     0x55b69ab40666 - std::backtrace_rs::backtrace::libunwind::trace::h261606ad26a499c1
[INFO] [stdout]                                at /rustc/0e09125c6c3c2fd70d7de961bcf0e51575235fad/library/std/src/../../backtrace/src/backtrace/libunwind.rs:104:5
[INFO] [stdout]    1:     0x55b69ab40666 - std::backtrace_rs::backtrace::trace_unsynchronized::hd183f0625477fb28
[INFO] [stdout]                                at /rustc/0e09125c6c3c2fd70d7de961bcf0e51575235fad/library/std/src/../../backtrace/src/backtrace/mod.rs:66:5
[INFO] [stdout]    2:     0x55b69ab40666 - std::sys_common::backtrace::_print_fmt::hd7f8fef21b4eda67
[INFO] [stdout]                                at /rustc/0e09125c6c3c2fd70d7de961bcf0e51575235fad/library/std/src/sys_common/backtrace.rs:68:5
[INFO] [stdout]    3:     0x55b69ab40666 - <std::sys_common::backtrace::_print::DisplayBacktrace as core::fmt::Display>::fmt::h623d9b51f2f453f1
[INFO] [stdout]                                at /rustc/0e09125c6c3c2fd70d7de961bcf0e51575235fad/library/std/src/sys_common/backtrace.rs:44:22
[INFO] [stdout]    4:     0x55b69ab6f3c0 - core::fmt::rt::Argument::fmt::h9f417ac76a86f368
[INFO] [stdout]                                at /rustc/0e09125c6c3c2fd70d7de961bcf0e51575235fad/library/core/src/fmt/rt.rs:142:9
[INFO] [stdout]    5:     0x55b69ab6f3c0 - core::fmt::write::hc9b6faf4ac2aeff7
[INFO] [stdout]                                at /rustc/0e09125c6c3c2fd70d7de961bcf0e51575235fad/library/core/src/fmt/mod.rs:1120:17
[INFO] [stdout]    6:     0x55b69ab3d4af - std::io::Write::write_fmt::he04625a3a989fec3
[INFO] [stdout]                                at /rustc/0e09125c6c3c2fd70d7de961bcf0e51575235fad/library/std/src/io/mod.rs:1810:15
[INFO] [stdout]    7:     0x55b69ab40444 - std::sys_common::backtrace::_print::hd5d66399c7df88a2
[INFO] [stdout]                                at /rustc/0e09125c6c3c2fd70d7de961bcf0e51575235fad/library/std/src/sys_common/backtrace.rs:47:5
[INFO] [stdout]    8:     0x55b69ab40444 - std::sys_common::backtrace::print::he81ed2da642d37e5
[INFO] [stdout]                                at /rustc/0e09125c6c3c2fd70d7de961bcf0e51575235fad/library/std/src/sys_common/backtrace.rs:34:9
[INFO] [stdout]    9:     0x55b69ab421b7 - std::panicking::default_hook::{{closure}}::h85773f4fa117163d
[INFO] [stdout]   10:     0x55b69ab41e9d - std::panicking::default_hook::h6a1694a91d09b278
[INFO] [stdout]                                at /rustc/0e09125c6c3c2fd70d7de961bcf0e51575235fad/library/std/src/panicking.rs:289:9
[INFO] [stdout]   11:     0x55b69a6f2e37 - <alloc::boxed::Box<F,A> as core::ops::function::Fn<Args>>::call::h616ac37fa3cd6c8f
[INFO] [stdout]                                at /rustc/0e09125c6c3c2fd70d7de961bcf0e51575235fad/library/alloc/src/boxed.rs:2029:9
[INFO] [stdout]   12:     0x55b69a6f2e37 - test::test_main::{{closure}}::h00d84697cefdcbb6
[INFO] [stdout]                                at /rustc/0e09125c6c3c2fd70d7de961bcf0e51575235fad/library/test/src/lib.rs:138:21
[INFO] [stdout]   13:     0x55b69ab427d6 - <alloc::boxed::Box<F,A> as core::ops::function::Fn<Args>>::call::hcb3fe3b9bb537ba8
[INFO] [stdout]                                at /rustc/0e09125c6c3c2fd70d7de961bcf0e51575235fad/library/alloc/src/boxed.rs:2029:9
[INFO] [stdout]   14:     0x55b69ab427d6 - std::panicking::rust_panic_with_hook::h0a7ad96e90f7145b
[INFO] [stdout]                                at /rustc/0e09125c6c3c2fd70d7de961bcf0e51575235fad/library/std/src/panicking.rs:783:13
[INFO] [stdout]   15:     0x55b69ab42522 - std::panicking::begin_panic_handler::{{closure}}::h7919090525c6485e
[INFO] [stdout]                                at /rustc/0e09125c6c3c2fd70d7de961bcf0e51575235fad/library/std/src/panicking.rs:657:13
[INFO] [stdout]   16:     0x55b69ab40b66 - std::sys_common::backtrace::__rust_end_short_backtrace::hf3289479464f7dfe
[INFO] [stdout]                                at /rustc/0e09125c6c3c2fd70d7de961bcf0e51575235fad/library/std/src/sys_common/backtrace.rs:171:18
[INFO] [stdout]   17:     0x55b69ab42280 - rust_begin_unwind
[INFO] [stdout]                                at /rustc/0e09125c6c3c2fd70d7de961bcf0e51575235fad/library/std/src/panicking.rs:645:5
[INFO] [stdout]   18:     0x55b699ed46b5 - core::panicking::panic_fmt::hcc9f77c5c132af55
[INFO] [stdout]                                at /rustc/0e09125c6c3c2fd70d7de961bcf0e51575235fad/library/core/src/panicking.rs:72:14
[INFO] [stdout]   19:     0x55b699ed4c93 - core::result::unwrap_failed::hbe14f498be1452f9
[INFO] [stdout]                                at /rustc/0e09125c6c3c2fd70d7de961bcf0e51575235fad/library/core/src/result.rs:1649:5
[INFO] [stdout]   20:     0x55b699f05ef8 - core::result::Result<T,E>::unwrap::h44f96701ee60cba0
[INFO] [stdout]                                at /rustc/0e09125c6c3c2fd70d7de961bcf0e51575235fad/library/core/src/result.rs:1073:23
[INFO] [stdout]   21:     0x55b699efeff0 - zelda::api::index::tips::{{closure}}::h2c74b2373d696b03
[INFO] [stdout]                                at /opt/rustwide/workdir/src/api/index.rs:21:22
[INFO] [stdout]   22:     0x55b699f0074b - zelda::api::index::tips::into_info::monomorphized_function::{{closure}}::hc3aba40856b26b74
[INFO] [stdout]                                at /opt/rustwide/workdir/src/api/index.rs:16:5
[INFO] [stdout]   23:     0x55b69a856dae - <core::pin::Pin<P> as core::future::future::Future>::poll::h6aa16db23b00c766
[INFO] [stdout]                                at /rustc/0e09125c6c3c2fd70d7de961bcf0e51575235fad/library/core/src/future/future.rs:124:9
[INFO] [stdout]   24:     0x55b69a742b36 - <core::panic::unwind_safe::AssertUnwindSafe<F> as core::future::future::Future>::poll::h52ebfa93ca94452f
[INFO] [stdout]                                at /rustc/0e09125c6c3c2fd70d7de961bcf0e51575235fad/library/core/src/panic/unwind_safe.rs:297:9
[INFO] [stdout]   25:     0x55b69a837af8 - <futures_util::future::future::catch_unwind::CatchUnwind<Fut> as core::future::future::Future>::poll::{{closure}}::h5b94121fda0e5437
[INFO] [stdout]                                at /opt/rustwide/cargo-home/registry/src/index.crates.io-6f17d22bba15001f/futures-util-0.3.17/src/future/future/catch_unwind.rs:36:42
[INFO] [stdout]   26:     0x55b69a742c6c - <core::panic::unwind_safe::AssertUnwindSafe<F> as core::ops::function::FnOnce<()>>::call_once::h91d400e616df9452
[INFO] [stdout]                                at /rustc/0e09125c6c3c2fd70d7de961bcf0e51575235fad/library/core/src/panic/unwind_safe.rs:272:9
[INFO] [stdout]   27:     0x55b69a76c6d0 - std::panicking::try::do_call::he67c2120ca1fcf33
[INFO] [stdout]                                at /rustc/0e09125c6c3c2fd70d7de961bcf0e51575235fad/library/std/src/panicking.rs:552:40
[INFO] [stdout]   28:     0x55b69a77675b - __rust_try
[INFO] [stdout]   29:     0x55b69a76c380 - std::panicking::try::h4146e354469c6151
[INFO] [stdout]                                at /rustc/0e09125c6c3c2fd70d7de961bcf0e51575235fad/library/std/src/panicking.rs:516:19
[INFO] [stdout]   30:     0x55b69a82a43b - std::panic::catch_unwind::h1b1f87382c2be071
[INFO] [stdout]                                at /rustc/0e09125c6c3c2fd70d7de961bcf0e51575235fad/library/std/src/panic.rs:142:14
[INFO] [stdout]   31:     0x55b69a8379fc - <futures_util::future::future::catch_unwind::CatchUnwind<Fut> as core::future::future::Future>::poll::hd27f51ac3b709821
[INFO] [stdout]                                at /opt/rustwide/cargo-home/registry/src/index.crates.io-6f17d22bba15001f/futures-util-0.3.17/src/future/future/catch_unwind.rs:36:9
[INFO] [stdout]   32:     0x55b69a758930 - rocket::server::handle::{{closure}}::h786f6182ece46746
[INFO] [stdout]                                at /opt/rustwide/cargo-home/git/checkouts/rocket-8bf16d9ca7e90bdc/8cae077/core/lib/src/server.rs:54:10
[INFO] [stdout]   33:     0x55b69a75e964 - rocket::server::<impl rocket::rocket::Rocket<rocket::phase::Orbit>>::route::{{closure}}::he37005e79e1da639
[INFO] [stdout]                                at /opt/rustwide/cargo-home/git/checkouts/rocket-8bf16d9ca7e90bdc/8cae077/core/lib/src/server.rs:280:80
[INFO] [stdout]   34:     0x55b69a75d00c - rocket::server::<impl rocket::rocket::Rocket<rocket::phase::Orbit>>::route_and_process::{{closure}}::hb8990d453c891d91
[INFO] [stdout]                                at /opt/rustwide/cargo-home/git/checkouts/rocket-8bf16d9ca7e90bdc/8cae077/core/lib/src/server.rs:235:60
[INFO] [stdout]   35:     0x55b69a75c3b9 - rocket::server::<impl rocket::rocket::Rocket<rocket::phase::Orbit>>::dispatch::{{closure}}::he0365b8f652d34b0
[INFO] [stdout]                                at /opt/rustwide/cargo-home/git/checkouts/rocket-8bf16d9ca7e90bdc/8cae077/core/lib/src/server.rs:209:66
[INFO] [stdout]   36:     0x55b69a7139e9 - rocket::local::asynchronous::response::LocalResponse::new::{{closure}}::h062c5cf9c754b028
[INFO] [stdout]                                at /opt/rustwide/cargo-home/git/checkouts/rocket-8bf16d9ca7e90bdc/8cae077/core/lib/src/local/asynchronous/response.rs:90:53
[INFO] [stdout]   37:     0x55b69a85924b - rocket::local::asynchronous::request::LocalRequest::_dispatch::{{closure}}::hf2956d3f13e4950d
[INFO] [stdout]                                at /opt/rustwide/cargo-home/git/checkouts/rocket-8bf16d9ca7e90bdc/8cae077/core/lib/src/local/asynchronous/request.rs:100:12
[INFO] [stdout]   38:     0x55b69a85dbb1 - rocket::local::asynchronous::request::LocalRequest::dispatch::{{closure}}::hca3bcaa4a2d202ee
[INFO] [stdout]                                at /opt/rustwide/cargo-home/git/checkouts/rocket-8bf16d9ca7e90bdc/8cae077/core/lib/src/local/asynchronous/request.rs:124:63
[INFO] [stdout]   39:     0x55b699ee5a85 - index::tips::{{closure}}::hb9aa05bc85bbb112
[INFO] [stdout]                                at /opt/rustwide/workdir/tests/index.rs:9:51
[INFO] [stdout]   40:     0x55b699ee8404 - tokio::park::thread::CachedParkThread::block_on::{{closure}}::hd6b0218dd8c3f3c8
[INFO] [stdout]                                at /opt/rustwide/cargo-home/registry/src/index.crates.io-6f17d22bba15001f/tokio-1.13.0/src/park/thread.rs:263:54
[INFO] [stdout]   41:     0x55b699ee1b80 - tokio::coop::with_budget::{{closure}}::h91d34e527b7ca6e0
[INFO] [stdout]                                at /opt/rustwide/cargo-home/registry/src/index.crates.io-6f17d22bba15001f/tokio-1.13.0/src/coop.rs:106:9
[INFO] [stdout]   42:     0x55b699edd05e - std::thread::local::LocalKey<T>::try_with::hdb2e1c73a6a65414
[INFO] [stdout]                                at /rustc/0e09125c6c3c2fd70d7de961bcf0e51575235fad/library/std/src/thread/local.rs:270:16
[INFO] [stdout]   43:     0x55b699edc53a - std::thread::local::LocalKey<T>::with::hc4d34ef551a74a01
[INFO] [stdout]                                at /rustc/0e09125c6c3c2fd70d7de961bcf0e51575235fad/library/std/src/thread/local.rs:246:9
[INFO] [stdout]   44:     0x55b699ee794e - tokio::coop::with_budget::h512e37af276531f4
[INFO] [stdout]                                at /opt/rustwide/cargo-home/registry/src/index.crates.io-6f17d22bba15001f/tokio-1.13.0/src/coop.rs:99:5
[INFO] [stdout]   45:     0x55b699ee794e - tokio::coop::budget::h07307dc56f9e7cc3
[INFO] [stdout]                                at /opt/rustwide/cargo-home/registry/src/index.crates.io-6f17d22bba15001f/tokio-1.13.0/src/coop.rs:76:5
[INFO] [stdout]   46:     0x55b699ee794e - tokio::park::thread::CachedParkThread::block_on::h1555dca45071d6d8
[INFO] [stdout]                                at /opt/rustwide/cargo-home/registry/src/index.crates.io-6f17d22bba15001f/tokio-1.13.0/src/park/thread.rs:263:31
[INFO] [stdout]   47:     0x55b699edef42 - tokio::runtime::enter::Enter::block_on::h341b0ad19fbed1a1
[INFO] [stdout]                                at /opt/rustwide/cargo-home/registry/src/index.crates.io-6f17d22bba15001f/tokio-1.13.0/src/runtime/enter.rs:151:13
[INFO] [stdout]   48:     0x55b699edecee - tokio::runtime::thread_pool::ThreadPool::block_on::h15176c2b81cafa81
[INFO] [stdout]                                at /opt/rustwide/cargo-home/registry/src/index.crates.io-6f17d22bba15001f/tokio-1.13.0/src/runtime/thread_pool/mod.rs:77:9
[INFO] [stdout]   49:     0x55b699ee250f - tokio::runtime::Runtime::block_on::h5756142a574d1635
[INFO] [stdout]                                at /opt/rustwide/cargo-home/registry/src/index.crates.io-6f17d22bba15001f/tokio-1.13.0/src/runtime/mod.rs:463:43
[INFO] [stdout]   50:     0x55b699ee9301 - rocket::async_test::h46701472d7ac95ba
[INFO] [stdout]                                at /opt/rustwide/cargo-home/git/checkouts/rocket-8bf16d9ca7e90bdc/8cae077/core/lib/src/lib.rs:217:5
[INFO] [stdout]   51:     0x55b699ee5572 - index::tips::h588e4e0d80f9f787
[INFO] [stdout]                                at /opt/rustwide/workdir/tests/index.rs:5:17
[INFO] [stdout]   52:     0x55b699ee5537 - index::tips::{{closure}}::he93c7b12170c144c
[INFO] [stdout]                                at /opt/rustwide/workdir/tests/index.rs:5:16
[INFO] [stdout]   53:     0x55b699ed6296 - core::ops::function::FnOnce::call_once::h0d33f58431749769
[INFO] [stdout]                                at /rustc/0e09125c6c3c2fd70d7de961bcf0e51575235fad/library/core/src/ops/function.rs:250:5
[INFO] [stdout]   54:     0x55b69a6f870f - core::ops::function::FnOnce::call_once::hd64d26f405258157
[INFO] [stdout]                                at /rustc/0e09125c6c3c2fd70d7de961bcf0e51575235fad/library/core/src/ops/function.rs:250:5
[INFO] [stdout]   55:     0x55b69a6f870f - test::__rust_begin_short_backtrace::he21b0b7a6d731bf9
[INFO] [stdout]                                at /rustc/0e09125c6c3c2fd70d7de961bcf0e51575235fad/library/test/src/lib.rs:627:18
[INFO] [stdout]   56:     0x55b69a6f7491 - test::run_test_in_process::{{closure}}::hf5c73986d7bdfde2
[INFO] [stdout]                                at /rustc/0e09125c6c3c2fd70d7de961bcf0e51575235fad/library/test/src/lib.rs:650:60
[INFO] [stdout]   57:     0x55b69a6f7491 - <core::panic::unwind_safe::AssertUnwindSafe<F> as core::ops::function::FnOnce<()>>::call_once::h330011ad032aadc0
[INFO] [stdout]                                at /rustc/0e09125c6c3c2fd70d7de961bcf0e51575235fad/library/core/src/panic/unwind_safe.rs:272:9
[INFO] [stdout]   58:     0x55b69a6f7491 - std::panicking::try::do_call::he61b0a958b795a41
[INFO] [stdout]                                at /rustc/0e09125c6c3c2fd70d7de961bcf0e51575235fad/library/std/src/panicking.rs:552:40
[INFO] [stdout]   59:     0x55b69a6f7491 - std::panicking::try::h7309da130f906eb7
[INFO] [stdout]                                at /rustc/0e09125c6c3c2fd70d7de961bcf0e51575235fad/library/std/src/panicking.rs:516:19
[INFO] [stdout]   60:     0x55b69a6f7491 - std::panic::catch_unwind::hc5c3a06fdaf0a92a
[INFO] [stdout]                                at /rustc/0e09125c6c3c2fd70d7de961bcf0e51575235fad/library/std/src/panic.rs:142:14
[INFO] [stdout]   61:     0x55b69a6f7491 - test::run_test_in_process::h7e7b7c71c3324e0f
[INFO] [stdout]                                at /rustc/0e09125c6c3c2fd70d7de961bcf0e51575235fad/library/test/src/lib.rs:650:27
[INFO] [stdout]   62:     0x55b69a6f7491 - test::run_test::{{closure}}::h1f509f28f5cf20b1
[INFO] [stdout]                                at /rustc/0e09125c6c3c2fd70d7de961bcf0e51575235fad/library/test/src/lib.rs:573:43
[INFO] [stdout]   63:     0x55b69a6be7c6 - test::run_test::{{closure}}::h1754218abf443f6d
[INFO] [stdout]                                at /rustc/0e09125c6c3c2fd70d7de961bcf0e51575235fad/library/test/src/lib.rs:601:41
[INFO] [stdout]   64:     0x55b69a6be7c6 - std::sys_common::backtrace::__rust_begin_short_backtrace::h2ee174b9d5954948
[INFO] [stdout]                                at /rustc/0e09125c6c3c2fd70d7de961bcf0e51575235fad/library/std/src/sys_common/backtrace.rs:155:18
[INFO] [stdout]   65:     0x55b69a6c3827 - std::thread::Builder::spawn_unchecked_::{{closure}}::{{closure}}::hf60bee9c1a17ef09
[INFO] [stdout]                                at /rustc/0e09125c6c3c2fd70d7de961bcf0e51575235fad/library/std/src/thread/mod.rs:529:17
[INFO] [stdout]   66:     0x55b69a6c3827 - <core::panic::unwind_safe::AssertUnwindSafe<F> as core::ops::function::FnOnce<()>>::call_once::h33d0dddec5216160
[INFO] [stdout]                                at /rustc/0e09125c6c3c2fd70d7de961bcf0e51575235fad/library/core/src/panic/unwind_safe.rs:272:9
[INFO] [stdout]   67:     0x55b69a6c3827 - std::panicking::try::do_call::h144b3048b546f835
[INFO] [stdout]                                at /rustc/0e09125c6c3c2fd70d7de961bcf0e51575235fad/library/std/src/panicking.rs:552:40
[INFO] [stdout]   68:     0x55b69a6c3827 - std::panicking::try::h978244d04646189f
[INFO] [stdout]                                at /rustc/0e09125c6c3c2fd70d7de961bcf0e51575235fad/library/std/src/panicking.rs:516:19
[INFO] [stdout]   69:     0x55b69a6c3827 - std::panic::catch_unwind::hdf436369d188fe86
[INFO] [stdout]                                at /rustc/0e09125c6c3c2fd70d7de961bcf0e51575235fad/library/std/src/panic.rs:142:14
[INFO] [stdout]   70:     0x55b69a6c3827 - std::thread::Builder::spawn_unchecked_::{{closure}}::h87329cbdd33c79ec
[INFO] [stdout]                                at /rustc/0e09125c6c3c2fd70d7de961bcf0e51575235fad/library/std/src/thread/mod.rs:528:30
[INFO] [stdout]   71:     0x55b69a6c3827 - core::ops::function::FnOnce::call_once{{vtable.shim}}::h401abbe67897d450
[INFO] [stdout]                                at /rustc/0e09125c6c3c2fd70d7de961bcf0e51575235fad/library/core/src/ops/function.rs:250:5
[INFO] [stdout]   72:     0x55b69ab478e5 - <alloc::boxed::Box<F,A> as core::ops::function::FnOnce<Args>>::call_once::h5d7c8f150ab9c84c
[INFO] [stdout]                                at /rustc/0e09125c6c3c2fd70d7de961bcf0e51575235fad/library/alloc/src/boxed.rs:2015:9
[INFO] [stdout]   73:     0x55b69ab478e5 - <alloc::boxed::Box<F,A> as core::ops::function::FnOnce<Args>>::call_once::h570d5b005c242c15
[INFO] [stdout]                                at /rustc/0e09125c6c3c2fd70d7de961bcf0e51575235fad/library/alloc/src/boxed.rs:2015:9
[INFO] [stdout]   74:     0x55b69ab478e5 - std::sys::unix::thread::Thread::new::thread_start::h36b0a20c0b2361ad
[INFO] [stdout]                                at /rustc/0e09125c6c3c2fd70d7de961bcf0e51575235fad/library/std/src/sys/unix/thread.rs:108:17
[INFO] [stdout]   75:     0x7f81cab61ac3 - <unknown>
[INFO] [stdout]   76:     0x7f81cabf2bf4 - __clone
[INFO] [stdout]   77:                0x0 - <unknown>
[INFO] [stdout]    >> Handler tips panicked.
[INFO] [stdout]    >> This is an application bug.
[INFO] [stdout]    >> A panic in Rust must be treated as an exceptional event.
[INFO] [stdout]    >> Panicking is not a suitable error handling mechanism.
[INFO] [stdout]    >> Unwinding, the result of a panic, is an expensive operation.
[INFO] [stdout]    >> Panics will degrade application performance.
[INFO] [stdout]    >> Instead of panicking, return `Option` and/or `Result`.
[INFO] [stdout]    >> Values of either type can be returned directly from handlers.
[INFO] [stdout]    >> A panic is treated as an internal server error.
[INFO] [stdout]    >> Outcome: Failure
[INFO] [stdout]    >> No 500 catcher registered. Using Rocket default.
[INFO] [stdout] thread 'tips' panicked at tests/index.rs:10:5:
[INFO] [stdout] assertion `left == right` failed
[INFO] [stdout]   left: Status { code: 500 }
[INFO] [stdout]  right: Status { code: 200 }
[INFO] [stdout] stack backtrace:
[INFO] [stdout]    0:     0x55b69ab40666 - std::backtrace_rs::backtrace::libunwind::trace::h261606ad26a499c1
[INFO] [stdout]                                at /rustc/0e09125c6c3c2fd70d7de961bcf0e51575235fad/library/std/src/../../backtrace/src/backtrace/libunwind.rs:104:5
[INFO] [stdout]    1:     0x55b69ab40666 - std::backtrace_rs::backtrace::trace_unsynchronized::hd183f0625477fb28
[INFO] [stdout]                                at /rustc/0e09125c6c3c2fd70d7de961bcf0e51575235fad/library/std/src/../../backtrace/src/backtrace/mod.rs:66:5
[INFO] [stdout]    2:     0x55b69ab40666 - std::sys_common::backtrace::_print_fmt::hd7f8fef21b4eda67
[INFO] [stdout]                                at /rustc/0e09125c6c3c2fd70d7de961bcf0e51575235fad/library/std/src/sys_common/backtrace.rs:68:5
[INFO] [stdout]    3:     0x55b69ab40666 - <std::sys_common::backtrace::_print::DisplayBacktrace as core::fmt::Display>::fmt::h623d9b51f2f453f1
[INFO] [stdout]                                at /rustc/0e09125c6c3c2fd70d7de961bcf0e51575235fad/library/std/src/sys_common/backtrace.rs:44:22
[INFO] [stdout]    4:     0x55b69ab6f3c0 - core::fmt::rt::Argument::fmt::h9f417ac76a86f368
[INFO] [stdout]                                at /rustc/0e09125c6c3c2fd70d7de961bcf0e51575235fad/library/core/src/fmt/rt.rs:142:9
[INFO] [stdout]    5:     0x55b69ab6f3c0 - core::fmt::write::hc9b6faf4ac2aeff7
[INFO] [stdout]                                at /rustc/0e09125c6c3c2fd70d7de961bcf0e51575235fad/library/core/src/fmt/mod.rs:1120:17
[INFO] [stdout]    6:     0x55b69ab3d4af - std::io::Write::write_fmt::he04625a3a989fec3
[INFO] [stdout]                                at /rustc/0e09125c6c3c2fd70d7de961bcf0e51575235fad/library/std/src/io/mod.rs:1810:15
[INFO] [stdout]    7:     0x55b69ab40444 - std::sys_common::backtrace::_print::hd5d66399c7df88a2
[INFO] [stdout]                                at /rustc/0e09125c6c3c2fd70d7de961bcf0e51575235fad/library/std/src/sys_common/backtrace.rs:47:5
[INFO] [stdout]    8:     0x55b69ab40444 - std::sys_common::backtrace::print::he81ed2da642d37e5
[INFO] [stdout]                                at /rustc/0e09125c6c3c2fd70d7de961bcf0e51575235fad/library/std/src/sys_common/backtrace.rs:34:9
[INFO] [stdout]    9:     0x55b69ab421b7 - std::panicking::default_hook::{{closure}}::h85773f4fa117163d
[INFO] [stdout]   10:     0x55b69ab41e9d - std::panicking::default_hook::h6a1694a91d09b278
[INFO] [stdout]                                at /rustc/0e09125c6c3c2fd70d7de961bcf0e51575235fad/library/std/src/panicking.rs:289:9
[INFO] [stdout]   11:     0x55b69a6f2e37 - <alloc::boxed::Box<F,A> as core::ops::function::Fn<Args>>::call::h616ac37fa3cd6c8f
[INFO] [stdout]                                at /rustc/0e09125c6c3c2fd70d7de961bcf0e51575235fad/library/alloc/src/boxed.rs:2029:9
[INFO] [stdout]   12:     0x55b69a6f2e37 - test::test_main::{{closure}}::h00d84697cefdcbb6
[INFO] [stdout]                                at /rustc/0e09125c6c3c2fd70d7de961bcf0e51575235fad/library/test/src/lib.rs:138:21
[INFO] [stdout]   13:     0x55b69ab427d6 - <alloc::boxed::Box<F,A> as core::ops::function::Fn<Args>>::call::hcb3fe3b9bb537ba8
[INFO] [stdout]                                at /rustc/0e09125c6c3c2fd70d7de961bcf0e51575235fad/library/alloc/src/boxed.rs:2029:9
[INFO] [stdout]   14:     0x55b69ab427d6 - std::panicking::rust_panic_with_hook::h0a7ad96e90f7145b
[INFO] [stdout]                                at /rustc/0e09125c6c3c2fd70d7de961bcf0e51575235fad/library/std/src/panicking.rs:783:13
[INFO] [stdout]   15:     0x55b69ab42522 - std::panicking::begin_panic_handler::{{closure}}::h7919090525c6485e
[INFO] [stdout]                                at /rustc/0e09125c6c3c2fd70d7de961bcf0e51575235fad/library/std/src/panicking.rs:657:13
[INFO] [stdout]   16:     0x55b69ab40b66 - std::sys_common::backtrace::__rust_end_short_backtrace::hf3289479464f7dfe
[INFO] [stdout]                                at /rustc/0e09125c6c3c2fd70d7de961bcf0e51575235fad/library/std/src/sys_common/backtrace.rs:171:18
[INFO] [stdout]   17:     0x55b69ab42280 - rust_begin_unwind
[INFO] [stdout]                                at /rustc/0e09125c6c3c2fd70d7de961bcf0e51575235fad/library/std/src/panicking.rs:645:5
[INFO] [stdout]   18:     0x55b699ed46b5 - core::panicking::panic_fmt::hcc9f77c5c132af55
[INFO] [stdout]                                at /rustc/0e09125c6c3c2fd70d7de961bcf0e51575235fad/library/core/src/panicking.rs:72:14
[INFO] [stdout]   19:     0x55b699ed4b2b - core::panicking::assert_failed_inner::h9f13e27dd63c3a08
[INFO] [stdout]                                at /rustc/0e09125c6c3c2fd70d7de961bcf0e51575235fad/library/core/src/panicking.rs:342:17
[INFO] [stdout]   20:     0x55b699ee706e - core::panicking::assert_failed::h4984b21cdd9421f9
[INFO] [stdout]                                at /rustc/0e09125c6c3c2fd70d7de961bcf0e51575235fad/library/core/src/panicking.rs:297:5
[INFO] [stdout]   21:     0x55b699ee5c3e - index::tips::{{closure}}::hb9aa05bc85bbb112
[INFO] [stdout]                                at /opt/rustwide/workdir/tests/index.rs:10:5
[INFO] [stdout]   22:     0x55b699ee8404 - tokio::park::thread::CachedParkThread::block_on::{{closure}}::hd6b0218dd8c3f3c8
[INFO] [stdout]                                at /opt/rustwide/cargo-home/registry/src/index.crates.io-6f17d22bba15001f/tokio-1.13.0/src/park/thread.rs:263:54
[INFO] [stdout]   23:     0x55b699ee1b80 - tokio::coop::with_budget::{{closure}}::h91d34e527b7ca6e0
[INFO] [stdout]                                at /opt/rustwide/cargo-home/registry/src/index.crates.io-6f17d22bba15001f/tokio-1.13.0/src/coop.rs:106:9
[INFO] [stdout]   24:     0x55b699edd05e - std::thread::local::LocalKey<T>::try_with::hdb2e1c73a6a65414
[INFO] [stdout]                                at /rustc/0e09125c6c3c2fd70d7de961bcf0e51575235fad/library/std/src/thread/local.rs:270:16
[INFO] [stdout]   25:     0x55b699edc53a - std::thread::local::LocalKey<T>::with::hc4d34ef551a74a01
[INFO] [stdout]                                at /rustc/0e09125c6c3c2fd70d7de961bcf0e51575235fad/library/std/src/thread/local.rs:246:9
[INFO] [stdout]   26:     0x55b699ee794e - tokio::coop::with_budget::h512e37af276531f4
[INFO] [stdout]                                at /opt/rustwide/cargo-home/registry/src/index.crates.io-6f17d22bba15001f/tokio-1.13.0/src/coop.rs:99:5
[INFO] [stdout]   27:     0x55b699ee794e - tokio::coop::budget::h07307dc56f9e7cc3
[INFO] [stdout]                                at /opt/rustwide/cargo-home/registry/src/index.crates.io-6f17d22bba15001f/tokio-1.13.0/src/coop.rs:76:5
[INFO] [stdout]   28:     0x55b699ee794e - tokio::park::thread::CachedParkThread::block_on::h1555dca45071d6d8
[INFO] [stdout]                                at /opt/rustwide/cargo-home/registry/src/index.crates.io-6f17d22bba15001f/tokio-1.13.0/src/park/thread.rs:263:31
[INFO] [stdout]   29:     0x55b699edef42 - tokio::runtime::enter::Enter::block_on::h341b0ad19fbed1a1
[INFO] [stdout]                                at /opt/rustwide/cargo-home/registry/src/index.crates.io-6f17d22bba15001f/tokio-1.13.0/src/runtime/enter.rs:151:13
[INFO] [stdout]   30:     0x55b699edecee - tokio::runtime::thread_pool::ThreadPool::block_on::h15176c2b81cafa81
[INFO] [stdout]                                at /opt/rustwide/cargo-home/registry/src/index.crates.io-6f17d22bba15001f/tokio-1.13.0/src/runtime/thread_pool/mod.rs:77:9
[INFO] [stdout]   31:     0x55b699ee250f - tokio::runtime::Runtime::block_on::h5756142a574d1635
[INFO] [stdout]                                at /opt/rustwide/cargo-home/registry/src/index.crates.io-6f17d22bba15001f/tokio-1.13.0/src/runtime/mod.rs:463:43
[INFO] [stdout]   32:     0x55b699ee9301 - rocket::async_test::h46701472d7ac95ba
[INFO] [stdout]                                at /opt/rustwide/cargo-home/git/checkouts/rocket-8bf16d9ca7e90bdc/8cae077/core/lib/src/lib.rs:217:5
[INFO] [stdout]   33:     0x55b699ee5572 - index::tips::h588e4e0d80f9f787
[INFO] [stdout]                                at /opt/rustwide/workdir/tests/index.rs:5:17
[INFO] [stdout]   34:     0x55b699ee5537 - index::tips::{{closure}}::he93c7b12170c144c
[INFO] [stdout]                                at /opt/rustwide/workdir/tests/index.rs:5:16
[INFO] [stdout]   35:     0x55b699ed6296 - core::ops::function::FnOnce::call_once::h0d33f58431749769
[INFO] [stdout]                                at /rustc/0e09125c6c3c2fd70d7de961bcf0e51575235fad/library/core/src/ops/function.rs:250:5
[INFO] [stdout]   36:     0x55b69a6f870f - core::ops::function::FnOnce::call_once::hd64d26f405258157
[INFO] [stdout]                                at /rustc/0e09125c6c3c2fd70d7de961bcf0e51575235fad/library/core/src/ops/function.rs:250:5
[INFO] [stdout]   37:     0x55b69a6f870f - test::__rust_begin_short_backtrace::he21b0b7a6d731bf9
[INFO] [stdout]                                at /rustc/0e09125c6c3c2fd70d7de961bcf0e51575235fad/library/test/src/lib.rs:627:18
[INFO] [stdout]   38:     0x55b69a6f7491 - test::run_test_in_process::{{closure}}::hf5c73986d7bdfde2
[INFO] [stdout]                                at /rustc/0e09125c6c3c2fd70d7de961bcf0e51575235fad/library/test/src/lib.rs:650:60
[INFO] [stdout]   39:     0x55b69a6f7491 - <core::panic::unwind_safe::AssertUnwindSafe<F> as core::ops::function::FnOnce<()>>::call_once::h330011ad032aadc0
[INFO] [stdout]                                at /rustc/0e09125c6c3c2fd70d7de961bcf0e51575235fad/library/core/src/panic/unwind_safe.rs:272:9
[INFO] [stdout]   40:     0x55b69a6f7491 - std::panicking::try::do_call::he61b0a958b795a41
[INFO] [stdout]                                at /rustc/0e09125c6c3c2fd70d7de961bcf0e51575235fad/library/std/src/panicking.rs:552:40
[INFO] [stdout]   41:     0x55b69a6f7491 - std::panicking::try::h7309da130f906eb7
[INFO] [stdout]                                at /rustc/0e09125c6c3c2fd70d7de961bcf0e51575235fad/library/std/src/panicking.rs:516:19
[INFO] [stdout]   42:     0x55b69a6f7491 - std::panic::catch_unwind::hc5c3a06fdaf0a92a
[INFO] [stdout]                                at /rustc/0e09125c6c3c2fd70d7de961bcf0e51575235fad/library/std/src/panic.rs:142:14
[INFO] [stdout]   43:     0x55b69a6f7491 - test::run_test_in_process::h7e7b7c71c3324e0f
[INFO] [stdout]                                at /rustc/0e09125c6c3c2fd70d7de961bcf0e51575235fad/library/test/src/lib.rs:650:27
[INFO] [stdout]   44:     0x55b69a6f7491 - test::run_test::{{closure}}::h1f509f28f5cf20b1
[INFO] [stdout]                                at /rustc/0e09125c6c3c2fd70d7de961bcf0e51575235fad/library/test/src/lib.rs:573:43
[INFO] [stdout]   45:     0x55b69a6be7c6 - test::run_test::{{closure}}::h1754218abf443f6d
[INFO] [stdout]                                at /rustc/0e09125c6c3c2fd70d7de961bcf0e51575235fad/library/test/src/lib.rs:601:41
[INFO] [stdout]   46:     0x55b69a6be7c6 - std::sys_common::backtrace::__rust_begin_short_backtrace::h2ee174b9d5954948
[INFO] [stdout]                                at /rustc/0e09125c6c3c2fd70d7de961bcf0e51575235fad/library/std/src/sys_common/backtrace.rs:155:18
[INFO] [stdout]   47:     0x55b69a6c3827 - std::thread::Builder::spawn_unchecked_::{{closure}}::{{closure}}::hf60bee9c1a17ef09
[INFO] [stdout]                                at /rustc/0e09125c6c3c2fd70d7de961bcf0e51575235fad/library/std/src/thread/mod.rs:529:17
[INFO] [stdout]   48:     0x55b69a6c3827 - <core::panic::unwind_safe::AssertUnwindSafe<F> as core::ops::function::FnOnce<()>>::call_once::h33d0dddec5216160
[INFO] [stdout]                                at /rustc/0e09125c6c3c2fd70d7de961bcf0e51575235fad/library/core/src/panic/unwind_safe.rs:272:9
[INFO] [stdout]   49:     0x55b69a6c3827 - std::panicking::try::do_call::h144b3048b546f835
[INFO] [stdout]                                at /rustc/0e09125c6c3c2fd70d7de961bcf0e51575235fad/library/std/src/panicking.rs:552:40
[INFO] [stdout]   50:     0x55b69a6c3827 - std::panicking::try::h978244d04646189f
[INFO] [stdout]                                at /rustc/0e09125c6c3c2fd70d7de961bcf0e51575235fad/library/std/src/panicking.rs:516:19
[INFO] [stdout]   51:     0x55b69a6c3827 - std::panic::catch_unwind::hdf436369d188fe86
[INFO] [stdout]                                at /rustc/0e09125c6c3c2fd70d7de961bcf0e51575235fad/library/std/src/panic.rs:142:14
[INFO] [stdout]   52:     0x55b69a6c3827 - std::thread::Builder::spawn_unchecked_::{{closure}}::h87329cbdd33c79ec
[INFO] [stdout]                                at /rustc/0e09125c6c3c2fd70d7de961bcf0e51575235fad/library/std/src/thread/mod.rs:528:30
[INFO] [stdout]   53:     0x55b69a6c3827 - core::ops::function::FnOnce::call_once{{vtable.shim}}::h401abbe67897d450
[INFO] [stdout]                                at /rustc/0e09125c6c3c2fd70d7de961bcf0e51575235fad/library/core/src/ops/function.rs:250:5
[INFO] [stdout]   54:     0x55b69ab478e5 - <alloc::boxed::Box<F,A> as core::ops::function::FnOnce<Args>>::call_once::h5d7c8f150ab9c84c
[INFO] [stdout]                                at /rustc/0e09125c6c3c2fd70d7de961bcf0e51575235fad/library/alloc/src/boxed.rs:2015:9
[INFO] [stdout]   55:     0x55b69ab478e5 - <alloc::boxed::Box<F,A> as core::ops::function::FnOnce<Args>>::call_once::h570d5b005c242c15
[INFO] [stdout]                                at /rustc/0e09125c6c3c2fd70d7de961bcf0e51575235fad/library/alloc/src/boxed.rs:2015:9
[INFO] [stdout]   56:     0x55b69ab478e5 - std::sys::unix::thread::Thread::new::thread_start::h36b0a20c0b2361ad
[INFO] [stdout]                                at /rustc/0e09125c6c3c2fd70d7de961bcf0e51575235fad/library/std/src/sys/unix/thread.rs:108:17
[INFO] [stdout]   57:     0x7f81cab61ac3 - <unknown>
[INFO] [stdout]   58:     0x7f81cabf2bf4 - __clone
[INFO] [stdout]   59:                0x0 - <unknown>
[INFO] [stdout] 
[INFO] [stdout] 
[INFO] [stdout] failures:
[INFO] [stdout]     tips
[INFO] [stdout] 
[INFO] [stdout] test result: FAILED. 1 passed; 1 failed; 0 ignored; 0 measured; 0 filtered out; finished in 30.17s
[INFO] [stdout] 
[INFO] [stderr] error: test failed, to rerun pass `--test index`
[INFO] running `Command { std: "docker" "inspect" "c1e715cde7ac7cec274b9b360b51d7fd80565b8364a6859a31d998e190286399", kill_on_drop: false }`
[INFO] running `Command { std: "docker" "rm" "-f" "c1e715cde7ac7cec274b9b360b51d7fd80565b8364a6859a31d998e190286399", kill_on_drop: false }`
[INFO] [stdout] c1e715cde7ac7cec274b9b360b51d7fd80565b8364a6859a31d998e190286399
