[INFO] cloning repository https://github.com/KonishchevDmitry/vsb
[INFO] running `Command { std: "git" "-c" "credential.helper=" "-c" "credential.helper=/workspace/cargo-home/bin/git-credential-null" "clone" "--bare" "https://github.com/KonishchevDmitry/vsb" "/workspace/cache/git-repos/https%3A%2F%2Fgithub.com%2FKonishchevDmitry%2Fvsb", kill_on_drop: false }`
[INFO] [stderr] Cloning into bare repository '/workspace/cache/git-repos/https%3A%2F%2Fgithub.com%2FKonishchevDmitry%2Fvsb'...
[INFO] running `Command { std: "git" "rev-parse" "HEAD", kill_on_drop: false }`
[INFO] [stdout] a8509ab27debc145f957096600084d372cc77103
[INFO] testing KonishchevDmitry/vsb against 1.75.0 for beta-1.76-1
[INFO] running `Command { std: "git" "clone" "/workspace/cache/git-repos/https%3A%2F%2Fgithub.com%2FKonishchevDmitry%2Fvsb" "/workspace/builds/worker-3-tc1/source", kill_on_drop: false }`
[INFO] [stderr] Cloning into '/workspace/builds/worker-3-tc1/source'...
[INFO] [stderr] done.
[INFO] validating manifest of git repo https://github.com/KonishchevDmitry/vsb on toolchain 1.75.0
[INFO] running `Command { std: CARGO_HOME="/workspace/cargo-home" RUSTUP_HOME="/workspace/rustup-home" "/workspace/cargo-home/bin/cargo" "+1.75.0" "metadata" "--manifest-path" "Cargo.toml" "--no-deps", kill_on_drop: false }`
[INFO] started tweaking git repo https://github.com/KonishchevDmitry/vsb
[INFO] finished tweaking git repo https://github.com/KonishchevDmitry/vsb
[INFO] tweaked toml for git repo https://github.com/KonishchevDmitry/vsb written to /workspace/builds/worker-3-tc1/source/Cargo.toml
[INFO] crate git repo https://github.com/KonishchevDmitry/vsb already has a lockfile, it will not be regenerated
[INFO] running `Command { std: CARGO_HOME="/workspace/cargo-home" RUSTUP_HOME="/workspace/rustup-home" "/workspace/cargo-home/bin/cargo" "+1.75.0" "fetch" "--manifest-path" "Cargo.toml", kill_on_drop: false }`
[INFO] [stderr]     Updating crates.io index
[INFO] [stderr]  Downloading crates ...
[INFO] [stderr]   Downloaded expanduser v1.2.2
[INFO] [stderr]   Downloaded easy-logging v0.1.2
[INFO] [stderr]   Downloaded cow-utils v0.1.3
[INFO] [stderr]   Downloaded pwd v1.4.0
[INFO] running `Command { std: "docker" "create" "-v" "/var/lib/crater-agent-workspace/builds/worker-3-tc1/target:/opt/rustwide/target:rw,Z" "-v" "/var/lib/crater-agent-workspace/builds/worker-3-tc1/source:/opt/rustwide/workdir:ro,Z" "-v" "/var/lib/crater-agent-workspace/cargo-home:/opt/rustwide/cargo-home:ro,Z" "-v" "/var/lib/crater-agent-workspace/rustup-home:/opt/rustwide/rustup-home:ro,Z" "-e" "SOURCE_DIR=/opt/rustwide/workdir" "-e" "CARGO_TARGET_DIR=/opt/rustwide/target" "-e" "CARGO_HOME=/opt/rustwide/cargo-home" "-e" "RUSTUP_HOME=/opt/rustwide/rustup-home" "-w" "/opt/rustwide/workdir" "-m" "1610612736" "--user" "0:0" "--network" "none" "ghcr.io/rust-lang/crates-build-env/linux@sha256:2788e3201cd34a07e3172128adcd8b3090168a8e3bcc40d7c032b9dda1df7d1c" "/opt/rustwide/cargo-home/bin/cargo" "+1.75.0" "metadata" "--no-deps" "--format-version=1", kill_on_drop: false }`
[INFO] [stdout] 692335e3642deb269956c0011af981822e6948b926b9b21bbd3d252b07cfa233
[INFO] running `Command { std: "docker" "start" "-a" "692335e3642deb269956c0011af981822e6948b926b9b21bbd3d252b07cfa233", kill_on_drop: false }`
[INFO] running `Command { std: "docker" "inspect" "692335e3642deb269956c0011af981822e6948b926b9b21bbd3d252b07cfa233", kill_on_drop: false }`
[INFO] running `Command { std: "docker" "rm" "-f" "692335e3642deb269956c0011af981822e6948b926b9b21bbd3d252b07cfa233", kill_on_drop: false }`
[INFO] [stdout] 692335e3642deb269956c0011af981822e6948b926b9b21bbd3d252b07cfa233
[INFO] running `Command { std: "docker" "create" "-v" "/var/lib/crater-agent-workspace/builds/worker-3-tc1/target:/opt/rustwide/target:rw,Z" "-v" "/var/lib/crater-agent-workspace/builds/worker-3-tc1/source:/opt/rustwide/workdir:ro,Z" "-v" "/var/lib/crater-agent-workspace/cargo-home:/opt/rustwide/cargo-home:ro,Z" "-v" "/var/lib/crater-agent-workspace/rustup-home:/opt/rustwide/rustup-home:ro,Z" "-e" "SOURCE_DIR=/opt/rustwide/workdir" "-e" "CARGO_TARGET_DIR=/opt/rustwide/target" "-e" "CARGO_INCREMENTAL=0" "-e" "RUST_BACKTRACE=full" "-e" "RUSTFLAGS=--cap-lints=warn" "-e" "RUSTDOCFLAGS=--cap-lints=warn" "-e" "CARGO_HOME=/opt/rustwide/cargo-home" "-e" "RUSTUP_HOME=/opt/rustwide/rustup-home" "-w" "/opt/rustwide/workdir" "-m" "1610612736" "--user" "0:0" "--network" "none" "ghcr.io/rust-lang/crates-build-env/linux@sha256:2788e3201cd34a07e3172128adcd8b3090168a8e3bcc40d7c032b9dda1df7d1c" "/opt/rustwide/cargo-home/bin/cargo" "+1.75.0" "build" "--frozen" "--message-format=json", kill_on_drop: false }`
[INFO] [stdout] 9b726d5502ea5bcfdba21a174550c0f4ebb952e7d9dcb79a0c79c804fe2e8b68
[INFO] running `Command { std: "docker" "start" "-a" "9b726d5502ea5bcfdba21a174550c0f4ebb952e7d9dcb79a0c79c804fe2e8b68", kill_on_drop: false }`
[INFO] [stderr]    Compiling libc v0.2.149
[INFO] [stderr]    Compiling autocfg v1.1.0
[INFO] [stderr]    Compiling proc-macro2 v1.0.69
[INFO] [stderr]    Compiling unicode-ident v1.0.12
[INFO] [stderr]    Compiling version_check v0.9.4
[INFO] [stderr]    Compiling pkg-config v0.3.27
[INFO] [stderr]    Compiling memchr v2.6.4
[INFO] [stderr]    Compiling pin-project-lite v0.2.13
[INFO] [stderr]    Compiling once_cell v1.18.0
[INFO] [stderr]    Compiling itoa v1.0.9
[INFO] [stderr]    Compiling vcpkg v0.2.15
[INFO] [stderr]    Compiling bytes v1.5.0
[INFO] [stderr]    Compiling futures-core v0.3.28
[INFO] [stderr]    Compiling quote v1.0.33
[INFO] [stderr]    Compiling fnv v1.0.7
[INFO] [stderr]    Compiling typenum v1.17.0
[INFO] [stderr]    Compiling syn v2.0.38
[INFO] [stderr]    Compiling generic-array v0.14.7
[INFO] [stderr]    Compiling slab v0.4.9
[INFO] [stderr]    Compiling scopeguard v1.2.0
[INFO] [stderr]    Compiling log v0.4.20
[INFO] [stderr]    Compiling jobserver v0.1.27
[INFO] [stderr]    Compiling serde v1.0.189
[INFO] [stderr]    Compiling futures-task v0.3.28
[INFO] [stderr]    Compiling tracing-core v0.1.32
[INFO] [stderr]    Compiling memoffset v0.9.0
[INFO] [stderr]    Compiling indexmap v1.9.3
[INFO] [stderr]    Compiling cc v1.0.83
[INFO] [stderr]    Compiling syn v1.0.109
[INFO] [stderr]    Compiling crossbeam-utils v0.8.16
[INFO] [stderr]    Compiling futures-util v0.3.28
[INFO] [stderr]    Compiling mio v0.8.8
[INFO] [stderr]    Compiling socket2 v0.5.4
[INFO] [stderr]    Compiling num_cpus v1.16.0
[INFO] [stderr]    Compiling bitflags v2.4.0
[INFO] [stderr]    Compiling tinyvec_macros v0.1.1
[INFO] [stderr]    Compiling openssl v0.10.57
[INFO] [stderr]    Compiling foreign-types-shared v0.1.1
[INFO] [stderr]    Compiling foreign-types v0.3.2
[INFO] [stderr]    Compiling tokio v1.33.0
[INFO] [stderr]    Compiling tinyvec v1.6.0
[INFO] [stderr]    Compiling tracing v0.1.39
[INFO] [stderr]    Compiling http v0.2.9
[INFO] [stderr]    Compiling aho-corasick v1.1.2
[INFO] [stderr]    Compiling proc-macro-error-attr v1.0.4
[INFO] [stderr]    Compiling num-traits v0.2.17
[INFO] [stderr]    Compiling openssl-sys v0.9.93
[INFO] [stderr]    Compiling zstd-sys v2.0.9+zstd.1.5.5
[INFO] [stderr]    Compiling crossbeam-epoch v0.9.15
[INFO] [stderr]    Compiling futures-io v0.3.28
[INFO] [stderr]    Compiling futures-sink v0.3.28
[INFO] [stderr]    Compiling ryu v1.0.15
[INFO] [stderr]    Compiling percent-encoding v2.3.0
[INFO] [stderr]    Compiling hashbrown v0.12.3
[INFO] [stderr]    Compiling httparse v1.8.0
[INFO] [stderr]    Compiling regex-syntax v0.8.2
[INFO] [stderr]    Compiling native-tls v0.2.11
[INFO] [stderr]    Compiling thiserror v1.0.49
[INFO] [stderr]    Compiling futures-channel v0.3.28
[INFO] [stderr]    Compiling pin-utils v0.1.0
[INFO] [stderr]    Compiling form_urlencoded v1.2.0
[INFO] [stderr]    Compiling openssl-macros v0.1.1
[INFO] [stderr]    Compiling thiserror-impl v1.0.49
[INFO] [stderr]    Compiling unicode-normalization v0.1.22
[INFO] [stderr]    Compiling tokio-util v0.7.9
[INFO] [stderr]    Compiling regex-automata v0.4.2
[INFO] [stderr]    Compiling proc-macro-error v1.0.4
[INFO] [stderr]    Compiling lock_api v0.4.10
[INFO] [stderr]    Compiling parking_lot_core v0.9.8
[INFO] [stderr]    Compiling utf8parse v0.2.1
[INFO] [stderr]    Compiling openssl-probe v0.1.5
[INFO] [stderr]    Compiling try-lock v0.2.4
[INFO] [stderr]    Compiling unicode-bidi v0.3.13
[INFO] [stderr]    Compiling want v0.3.1
[INFO] [stderr]    Compiling anstyle-parse v0.2.2
[INFO] [stderr]    Compiling idna v0.4.0
[INFO] [stderr]    Compiling h2 v0.3.21
[INFO] [stderr]    Compiling regex v1.10.1
[INFO] [stderr]    Compiling http-body v0.4.5
[INFO] [stderr]    Compiling block-buffer v0.10.4
[INFO] [stderr]    Compiling crypto-common v0.1.6
[INFO] [stderr]    Compiling socket2 v0.4.9
[INFO] [stderr]    Compiling httpdate v1.0.3
[INFO] [stderr]    Compiling colorchoice v1.0.0
[INFO] [stderr]    Compiling zstd-safe v7.0.0
[INFO] [stderr]    Compiling anstyle v1.0.4
[INFO] [stderr]    Compiling protobuf v2.28.0
[INFO] [stderr]    Compiling iana-time-zone v0.1.57
[INFO] [stderr]    Compiling libm v0.2.8
[INFO] [stderr]    Compiling option-ext v0.2.0
[INFO] [stderr]    Compiling smallvec v1.11.1
[INFO] [stderr]    Compiling anstyle-query v1.0.0
[INFO] [stderr]    Compiling serde_json v1.0.107
[INFO] [stderr]    Compiling rayon-core v1.12.0
[INFO] [stderr]    Compiling tower-service v0.3.2
[INFO] [stderr]    Compiling hyper v0.14.27
[INFO] [stderr]    Compiling anstream v0.6.4
[INFO] [stderr]    Compiling dirs-sys v0.4.1
[INFO] [stderr]    Compiling chrono v0.4.31
[INFO] [stderr]    Compiling tokio-native-tls v0.3.1
[INFO] [stderr]    Compiling digest v0.10.7
[INFO] [stderr]    Compiling crossbeam-deque v0.8.3
[INFO] [stderr]    Compiling validator_types v0.16.0
[INFO] [stderr]    Compiling url v2.4.1
[INFO] [stderr]    Compiling if_chain v1.0.2
[INFO] [stderr]    Compiling clap_lex v0.5.1
[INFO] [stderr]    Compiling strsim v0.10.0
[INFO] [stderr]    Compiling unicode-xid v0.2.4
[INFO] [stderr]    Compiling equivalent v1.0.1
[INFO] [stderr]    Compiling either v1.9.0
[INFO] [stderr]    Compiling hashbrown v0.14.1
[INFO] [stderr]    Compiling prometheus v0.13.3
[INFO] [stderr]    Compiling const_format_proc_macros v0.2.32
[INFO] [stderr]    Compiling clap_builder v4.4.6
[INFO] [stderr]    Compiling indexmap v2.0.2
[INFO] [stderr]    Compiling fern v0.5.9
[INFO] [stderr]    Compiling parking_lot v0.12.1
[INFO] [stderr]    Compiling validator_derive v0.16.0
[INFO] [stderr]    Compiling hyper-tls v0.5.0
[INFO] [stderr]    Compiling dirs v5.0.1
[INFO] [stderr]    Compiling pwd v1.4.0
[INFO] [stderr]    Compiling serde_derive v1.0.189
[INFO] [stderr]    Compiling serde_urlencoded v0.7.1
[INFO] [stderr]    Compiling atty v0.2.14
[INFO] [stderr]    Compiling dirs v1.0.5
[INFO] [stderr]    Compiling filetime v0.2.22
[INFO] [stderr]    Compiling xattr v1.0.1
[INFO] [stderr]    Compiling bstr v1.7.0
[INFO] [stderr]    Compiling encoding_rs v0.8.33
[INFO] [stderr]    Compiling base64 v0.21.4
[INFO] [stderr]    Compiling mime v0.3.17
[INFO] [stderr]    Compiling unsafe-libyaml v0.2.9
[INFO] [stderr]    Compiling ipnet v2.8.0
[INFO] [stderr]    Compiling ansi_term v0.12.1
[INFO] [stderr]    Compiling cpufeatures v0.2.9
[INFO] [stderr]    Compiling easy-logging v0.1.2
[INFO] [stderr]    Compiling sha2 v0.10.8
[INFO] [stderr]    Compiling globset v0.4.13
[INFO] [stderr]    Compiling serde_yaml v0.9.25
[INFO] [stderr]    Compiling reqwest v0.11.22
[INFO] [stderr]    Compiling tar v0.4.40
[INFO] [stderr]    Compiling clap v4.4.6
[INFO] [stderr]    Compiling validator v0.16.1
[INFO] [stderr]    Compiling expanduser v1.2.2
[INFO] [stderr]    Compiling humansize v2.1.3
[INFO] [stderr]    Compiling rayon v1.8.0
[INFO] [stderr]    Compiling shellexpand v3.1.0
[INFO] [stderr]    Compiling const_format v0.2.32
[INFO] [stderr]    Compiling itertools v0.11.0
[INFO] [stderr]    Compiling md-5 v0.10.6
[INFO] [stderr]    Compiling nix v0.27.1
[INFO] [stderr]    Compiling hex v0.4.3
[INFO] [stderr]    Compiling cow-utils v0.1.3
[INFO] [stderr]    Compiling indoc v2.0.4
[INFO] [stderr]    Compiling zstd v0.13.0
[INFO] [stderr]    Compiling vsb v1.1.5 (/opt/rustwide/workdir)
[INFO] [stdout] warning: unused import: `crate::backuping::BackupItemConfig`
[INFO] [stdout]   --> src/config.rs:12:9
[INFO] [stdout]    |
[INFO] [stdout] 12 | pub use crate::backuping::BackupItemConfig;
[INFO] [stdout]    |         ^^^^^^^^^^^^^^^^^^^^^^^^^^^^^^^^^^
[INFO] [stdout]    |
[INFO] [stdout]    = note: `#[warn(unused_imports)]` on by default
[INFO] [stdout] 
[INFO] [stdout] 
[INFO] [stdout] warning: unused import: `HeaderValue`
[INFO] [stdout]   --> src/http_client/mod.rs:17:61
[INFO] [stdout]    |
[INFO] [stdout] 17 | pub use reqwest::header::{HeaderMap as Headers, HeaderName, HeaderValue};
[INFO] [stdout]    |                                                             ^^^^^^^^^^^
[INFO] [stdout] 
[INFO] [stdout] 
[INFO] [stdout] warning: 2 warnings emitted
[INFO] [stdout] 
[INFO] [stdout] 
[INFO] [stderr]     Finished dev [unoptimized + debuginfo] target(s) in 1m 44s
[INFO] running `Command { std: "docker" "inspect" "9b726d5502ea5bcfdba21a174550c0f4ebb952e7d9dcb79a0c79c804fe2e8b68", kill_on_drop: false }`
[INFO] running `Command { std: "docker" "rm" "-f" "9b726d5502ea5bcfdba21a174550c0f4ebb952e7d9dcb79a0c79c804fe2e8b68", kill_on_drop: false }`
[INFO] [stdout] 9b726d5502ea5bcfdba21a174550c0f4ebb952e7d9dcb79a0c79c804fe2e8b68
[INFO] running `Command { std: "docker" "create" "-v" "/var/lib/crater-agent-workspace/builds/worker-3-tc1/target:/opt/rustwide/target:rw,Z" "-v" "/var/lib/crater-agent-workspace/builds/worker-3-tc1/source:/opt/rustwide/workdir:ro,Z" "-v" "/var/lib/crater-agent-workspace/cargo-home:/opt/rustwide/cargo-home:ro,Z" "-v" "/var/lib/crater-agent-workspace/rustup-home:/opt/rustwide/rustup-home:ro,Z" "-e" "SOURCE_DIR=/opt/rustwide/workdir" "-e" "CARGO_TARGET_DIR=/opt/rustwide/target" "-e" "CARGO_INCREMENTAL=0" "-e" "RUST_BACKTRACE=full" "-e" "RUSTFLAGS=--cap-lints=warn" "-e" "RUSTDOCFLAGS=--cap-lints=warn" "-e" "CARGO_HOME=/opt/rustwide/cargo-home" "-e" "RUSTUP_HOME=/opt/rustwide/rustup-home" "-w" "/opt/rustwide/workdir" "-m" "1610612736" "--user" "0:0" "--network" "none" "ghcr.io/rust-lang/crates-build-env/linux@sha256:2788e3201cd34a07e3172128adcd8b3090168a8e3bcc40d7c032b9dda1df7d1c" "/opt/rustwide/cargo-home/bin/cargo" "+1.75.0" "test" "--frozen" "--no-run" "--message-format=json", kill_on_drop: false }`
[INFO] [stdout] 6f4cd185964caf4dde9a9c89463e264c0ec67c2d76a106db6859a86718799fb8
[INFO] running `Command { std: "docker" "start" "-a" "6f4cd185964caf4dde9a9c89463e264c0ec67c2d76a106db6859a86718799fb8", kill_on_drop: false }`
[INFO] [stderr]    Compiling futures-channel v0.3.28
[INFO] [stderr]    Compiling syn v2.0.38
[INFO] [stderr]    Compiling futures-util v0.3.28
[INFO] [stderr]    Compiling bitflags v2.4.0
[INFO] [stderr]    Compiling semver v1.0.20
[INFO] [stderr]    Compiling same-file v1.0.6
[INFO] [stderr]    Compiling rustix v0.38.19
[INFO] [stderr]    Compiling thread_local v1.1.7
[INFO] [stderr]    Compiling walkdir v2.4.0
[INFO] [stderr]    Compiling getrandom v0.2.10
[INFO] [stderr]    Compiling predicates-core v1.0.6
[INFO] [stderr]    Compiling doc-comment v0.3.3
[INFO] [stderr]    Compiling linux-raw-sys v0.4.10
[INFO] [stderr]    Compiling rand_core v0.6.4
[INFO] [stderr]    Compiling rustc_version v0.4.0
[INFO] [stderr]    Compiling ignore v0.4.20
[INFO] [stderr]    Compiling difflib v0.4.0
[INFO] [stderr]    Compiling relative-path v1.9.0
[INFO] [stderr]    Compiling ppv-lite86 v0.2.17
[INFO] [stderr]    Compiling rstest_macros v0.18.2
[INFO] [stderr]    Compiling termtree v0.4.1
[INFO] [stderr]    Compiling fastrand v2.0.1
[INFO] [stderr]    Compiling glob v0.3.1
[INFO] [stderr]    Compiling rand_chacha v0.3.1
[INFO] [stderr]    Compiling globwalk v0.8.1
[INFO] [stderr]    Compiling predicates-tree v1.0.9
[INFO] [stderr]    Compiling predicates v3.0.4
[INFO] [stderr]    Compiling futures-timer v3.0.2
[INFO] [stderr]    Compiling rand v0.8.5
[INFO] [stderr]    Compiling nix v0.27.1
[INFO] [stderr]    Compiling maplit v1.0.2
[INFO] [stderr]    Compiling tempfile v3.8.0
[INFO] [stderr]    Compiling assert_fs v1.0.13
[INFO] [stderr]    Compiling futures-macro v0.3.28
[INFO] [stderr]    Compiling openssl-macros v0.1.1
[INFO] [stderr]    Compiling thiserror-impl v1.0.49
[INFO] [stderr]    Compiling serde_derive v1.0.189
[INFO] [stderr]    Compiling openssl v0.10.57
[INFO] [stderr]    Compiling thiserror v1.0.49
[INFO] [stderr]    Compiling pwd v1.4.0
[INFO] [stderr]    Compiling prometheus v0.13.3
[INFO] [stderr]    Compiling expanduser v1.2.2
[INFO] [stderr]    Compiling validator v0.16.1
[INFO] [stderr]    Compiling native-tls v0.2.11
[INFO] [stderr]    Compiling tokio-native-tls v0.3.1
[INFO] [stderr]    Compiling h2 v0.3.21
[INFO] [stderr]    Compiling futures-executor v0.3.28
[INFO] [stderr]    Compiling futures v0.3.28
[INFO] [stderr]    Compiling rstest v0.18.2
[INFO] [stderr]    Compiling hyper v0.14.27
[INFO] [stderr]    Compiling hyper-tls v0.5.0
[INFO] [stderr]    Compiling reqwest v0.11.22
[INFO] [stderr]    Compiling vsb v1.1.5 (/opt/rustwide/workdir)
[INFO] [stdout] warning: unused import: `HeaderValue`
[INFO] [stdout]   --> src/http_client/mod.rs:17:61
[INFO] [stdout]    |
[INFO] [stdout] 17 | pub use reqwest::header::{HeaderMap as Headers, HeaderName, HeaderValue};
[INFO] [stdout]    |                                                             ^^^^^^^^^^^
[INFO] [stdout]    |
[INFO] [stdout]    = note: `#[warn(unused_imports)]` on by default
[INFO] [stdout] 
[INFO] [stdout] 
[INFO] [stdout] warning: 1 warning emitted
[INFO] [stdout] 
[INFO] [stdout] 
[INFO] [stderr]     Finished test [unoptimized + debuginfo] target(s) in 51.50s
[INFO] running `Command { std: "docker" "inspect" "6f4cd185964caf4dde9a9c89463e264c0ec67c2d76a106db6859a86718799fb8", kill_on_drop: false }`
[INFO] running `Command { std: "docker" "rm" "-f" "6f4cd185964caf4dde9a9c89463e264c0ec67c2d76a106db6859a86718799fb8", kill_on_drop: false }`
[INFO] [stdout] 6f4cd185964caf4dde9a9c89463e264c0ec67c2d76a106db6859a86718799fb8
[INFO] running `Command { std: "docker" "create" "-v" "/var/lib/crater-agent-workspace/builds/worker-3-tc1/target:/opt/rustwide/target:rw,Z" "-v" "/var/lib/crater-agent-workspace/builds/worker-3-tc1/source:/opt/rustwide/workdir:ro,Z" "-v" "/var/lib/crater-agent-workspace/cargo-home:/opt/rustwide/cargo-home:ro,Z" "-v" "/var/lib/crater-agent-workspace/rustup-home:/opt/rustwide/rustup-home:ro,Z" "-e" "SOURCE_DIR=/opt/rustwide/workdir" "-e" "CARGO_TARGET_DIR=/opt/rustwide/target" "-e" "CARGO_INCREMENTAL=0" "-e" "RUST_BACKTRACE=full" "-e" "RUSTFLAGS=--cap-lints=warn" "-e" "RUSTDOCFLAGS=--cap-lints=warn" "-e" "CARGO_HOME=/opt/rustwide/cargo-home" "-e" "RUSTUP_HOME=/opt/rustwide/rustup-home" "-w" "/opt/rustwide/workdir" "-m" "1610612736" "--user" "0:0" "--network" "none" "ghcr.io/rust-lang/crates-build-env/linux@sha256:2788e3201cd34a07e3172128adcd8b3090168a8e3bcc40d7c032b9dda1df7d1c" "/opt/rustwide/cargo-home/bin/cargo" "+1.75.0" "test" "--frozen", kill_on_drop: false }`
[INFO] [stdout] eb394a09b846abd25ac4c836eb73fa37d184e4f916275dcf5c1ec4dfb213d901
[INFO] running `Command { std: "docker" "start" "-a" "eb394a09b846abd25ac4c836eb73fa37d184e4f916275dcf5c1ec4dfb213d901", kill_on_drop: false }`
[INFO] [stderr] warning: unused import: `HeaderValue`
[INFO] [stderr]   --> src/http_client/mod.rs:17:61
[INFO] [stderr]    |
[INFO] [stderr] 17 | pub use reqwest::header::{HeaderMap as Headers, HeaderName, HeaderValue};
[INFO] [stderr]    |                                                             ^^^^^^^^^^^
[INFO] [stderr]    |
[INFO] [stderr]    = note: `#[warn(unused_imports)]` on by default
[INFO] [stderr] 
[INFO] [stderr] warning: `vsb` (bin "vsb" test) generated 1 warning (run `cargo fix --bin "vsb" --tests` to apply 1 suggestion)
[INFO] [stderr]     Finished test [unoptimized + debuginfo] target(s) in 0.37s
[INFO] [stderr]      Running unittests src/main.rs (/opt/rustwide/target/debug/deps/vsb-f0be68609273330c)
[INFO] [stdout] 
[INFO] [stdout] running 65 tests
[INFO] [stdout] test backuping::filter::tests::filtering::case_07 ... ok
[INFO] [stdout] test backuping::filter::tests::filtering::case_05 ... ok
[INFO] [stdout] test backuping::filter::tests::filtering::case_04 ... ok
[INFO] [stdout] test backuping::filter::tests::filtering::case_09 ... ok
[INFO] [stdout] test backuping::filter::tests::filtering::case_10 ... ok
[INFO] [stdout] test backuping::filter::tests::filtering::case_02 ... ok
[INFO] [stdout] test backuping::filter::tests::filtering::case_01 ... ok
[INFO] [stdout] test backuping::filter::tests::filtering::case_12 ... ok
[INFO] [stdout] test backuping::filter::tests::filtering::case_06 ... ok
[INFO] [stdout] test backuping::filter::tests::filtering::case_03 ... ok
[INFO] [stdout] test backuping::filter::tests::filtering::case_13 ... ok
[INFO] [stdout] test backuping::filter::tests::filtering::case_16 ... ok
[INFO] [stdout] test backuping::filter::tests::filtering::case_17 ... ok
[INFO] [stdout] test backuping::filter::tests::filtering::case_11 ... ok
[INFO] [stdout] test backuping::filter::tests::filtering::case_15 ... ok
[INFO] [stdout] test backuping::filter::tests::filtering::case_08 ... ok
[INFO] [stdout] test backuping::filter::tests::filtering::case_18 ... ok
[INFO] [stdout] test backuping::filter::tests::filtering::case_20 ... ok
[INFO] [stdout] test backuping::filter::tests::filtering::case_22 ... ok
[INFO] [stdout] test backuping::filter::tests::filtering::case_23 ... ok
[INFO] [stdout] test backuping::filter::tests::filtering::case_19 ... ok
[INFO] [stdout] test backuping::filter::tests::filtering::case_14 ... ok
[INFO] [stdout] test backuping::filter::tests::filtering::case_21 ... ok
[INFO] [stdout] test backuping::filter::tests::filtering::case_25 ... ok
[INFO] [stdout] test backuping::filter::tests::filtering::case_26 ... ok
[INFO] [stdout] test backuping::filter::tests::filtering::case_27 ... ok
[INFO] [stdout] test backuping::filter::tests::filtering::case_28 ... ok
[INFO] [stdout] test backuping::filter::tests::filtering::case_31 ... ok
[INFO] [stdout] test backuping::filter::tests::filtering::case_30 ... ok
[INFO] [stdout] test backuping::filter::tests::filtering::case_29 ... ok
[INFO] [stdout] test backuping::filter::tests::filtering::case_34 ... ok
[INFO] [stdout] test backuping::filter::tests::filtering::case_35 ... ok
[INFO] [stdout] test backuping::filter::tests::filtering::case_32 ... ok
[INFO] [stdout] test backuping::filter::tests::filtering::case_36 ... ok
[INFO] [stdout] test backuping::filter::tests::filtering::case_24 ... ok
[INFO] [stdout] test backuping::filter::tests::filtering::case_37 ... ok
[INFO] [stdout] test backuping::filter::tests::filtering::case_40 ... ok
[INFO] [stdout] test backuping::filter::tests::filtering::case_41 ... ok
[INFO] [stdout] test backuping::filter::tests::filtering::case_45 ... ok
[INFO] [stdout] test backuping::filter::tests::filtering::case_47 ... ok
[INFO] [stdout] test backuping::filter::tests::filtering::case_46 ... ok
[INFO] [stdout] test backuping::filter::tests::filtering::case_48 ... ok
[INFO] [stdout] test backuping::filter::tests::filtering::case_49 ... ok
[INFO] [stdout] test backuping::filter::tests::filtering::case_51 ... ok
[INFO] [stdout] test backuping::filter::tests::filtering::case_39 ... ok
[INFO] [stdout] test backuping::filter::tests::filtering::case_42 ... ok
[INFO] [stdout] test backuping::filter::tests::filtering::case_50 ... ok
[INFO] [stdout] test backuping::filter::tests::filtering::case_33 ... ok
[INFO] [stdout] test backuping::filter::tests::filtering::case_38 ... ok
[INFO] [stdout] test backuping::filter::tests::filtering::case_43 ... ok
[INFO] [stdout] test backuping::filter::tests::filtering::case_44 ... ok
[INFO] [stdout] test backuping::filter::tests::parsing::case_01 ... ok
[INFO] [stdout] test backuping::filter::tests::parsing::case_02 ... ok
[INFO] [stdout] test backuping::filter::tests::filtering::case_53 ... ok
[INFO] [stdout] test backuping::filter::tests::parsing::case_05 ... ok
[INFO] [stdout] test backuping::filter::tests::filtering::case_52 ... ok
[INFO] [stdout] test backuping::filter::tests::parsing::case_03 ... ok
[INFO] [stdout] test backuping::filter::tests::parsing::case_04 ... ok
[INFO] [stdout] test backuping::filter::tests::parsing::case_06 ... ok
[INFO] [stdout] test backuping::filter::tests::parsing::case_08 ... ok
[INFO] [stdout] test backuping::filter::tests::parsing::case_09 ... ok
[INFO] [stdout] test backuping::filter::tests::parsing::case_07 ... ok
[INFO] [stdout] test backuping::filter::tests::parsing::case_10 ... ok
[INFO] [stderr] fatal: Unable to create '/opt/rustwide/workdir/.git/index.lock': Read-only file system
[INFO] [stdout] test tests::backup ... FAILED
[INFO] [stdout] test util::file_reader::tests::file_reader ... ok
[INFO] [stdout] 
[INFO] [stdout] failures:
[INFO] [stdout] 
[INFO] [stdout] ---- tests::backup stdout ----
[INFO] [stdout] Error: "exit status: 128"
[INFO] [stdout] 
[INFO] [stdout] 
[INFO] [stdout] failures:
[INFO] [stdout]     tests::backup
[INFO] [stdout] 
[INFO] [stdout] test result: FAILED. 64 passed; 1 failed; 0 ignored; 0 measured; 0 filtered out; finished in 2.86s
[INFO] [stdout] 
[INFO] [stderr] error: test failed, to rerun pass `--bin vsb`
[INFO] running `Command { std: "docker" "inspect" "eb394a09b846abd25ac4c836eb73fa37d184e4f916275dcf5c1ec4dfb213d901", kill_on_drop: false }`
[INFO] running `Command { std: "docker" "rm" "-f" "eb394a09b846abd25ac4c836eb73fa37d184e4f916275dcf5c1ec4dfb213d901", kill_on_drop: false }`
[INFO] [stdout] eb394a09b846abd25ac4c836eb73fa37d184e4f916275dcf5c1ec4dfb213d901
[INFO] testing KonishchevDmitry/vsb against beta-2023-12-22 for beta-1.76-1
[INFO] running `Command { std: "git" "clone" "/workspace/cache/git-repos/https%3A%2F%2Fgithub.com%2FKonishchevDmitry%2Fvsb" "/workspace/builds/worker-3-tc2/source", kill_on_drop: false }`
[INFO] [stderr] Cloning into '/workspace/builds/worker-3-tc2/source'...
[INFO] [stderr] done.
[INFO] validating manifest of git repo https://github.com/KonishchevDmitry/vsb on toolchain beta-2023-12-22
[INFO] running `Command { std: CARGO_HOME="/workspace/cargo-home" RUSTUP_HOME="/workspace/rustup-home" "/workspace/cargo-home/bin/cargo" "+beta-2023-12-22" "metadata" "--manifest-path" "Cargo.toml" "--no-deps", kill_on_drop: false }`
[INFO] started tweaking git repo https://github.com/KonishchevDmitry/vsb
[INFO] finished tweaking git repo https://github.com/KonishchevDmitry/vsb
[INFO] tweaked toml for git repo https://github.com/KonishchevDmitry/vsb written to /workspace/builds/worker-3-tc2/source/Cargo.toml
[INFO] crate git repo https://github.com/KonishchevDmitry/vsb already has a lockfile, it will not be regenerated
[INFO] running `Command { std: CARGO_HOME="/workspace/cargo-home" RUSTUP_HOME="/workspace/rustup-home" "/workspace/cargo-home/bin/cargo" "+beta-2023-12-22" "fetch" "--manifest-path" "Cargo.toml", kill_on_drop: false }`
[INFO] running `Command { std: "docker" "create" "-v" "/var/lib/crater-agent-workspace/builds/worker-3-tc2/target:/opt/rustwide/target:rw,Z" "-v" "/var/lib/crater-agent-workspace/builds/worker-3-tc2/source:/opt/rustwide/workdir:ro,Z" "-v" "/var/lib/crater-agent-workspace/cargo-home:/opt/rustwide/cargo-home:ro,Z" "-v" "/var/lib/crater-agent-workspace/rustup-home:/opt/rustwide/rustup-home:ro,Z" "-e" "SOURCE_DIR=/opt/rustwide/workdir" "-e" "CARGO_TARGET_DIR=/opt/rustwide/target" "-e" "CARGO_HOME=/opt/rustwide/cargo-home" "-e" "RUSTUP_HOME=/opt/rustwide/rustup-home" "-w" "/opt/rustwide/workdir" "-m" "1610612736" "--user" "0:0" "--network" "none" "ghcr.io/rust-lang/crates-build-env/linux@sha256:2788e3201cd34a07e3172128adcd8b3090168a8e3bcc40d7c032b9dda1df7d1c" "/opt/rustwide/cargo-home/bin/cargo" "+beta-2023-12-22" "metadata" "--no-deps" "--format-version=1", kill_on_drop: false }`
[INFO] [stdout] e88c86132177522f241770b988671e13743d3427fafe911a480a840634fe046f
[INFO] running `Command { std: "docker" "start" "-a" "e88c86132177522f241770b988671e13743d3427fafe911a480a840634fe046f", kill_on_drop: false }`
[INFO] running `Command { std: "docker" "inspect" "e88c86132177522f241770b988671e13743d3427fafe911a480a840634fe046f", kill_on_drop: false }`
[INFO] running `Command { std: "docker" "rm" "-f" "e88c86132177522f241770b988671e13743d3427fafe911a480a840634fe046f", kill_on_drop: false }`
[INFO] [stdout] e88c86132177522f241770b988671e13743d3427fafe911a480a840634fe046f
[INFO] running `Command { std: "docker" "create" "-v" "/var/lib/crater-agent-workspace/builds/worker-3-tc2/target:/opt/rustwide/target:rw,Z" "-v" "/var/lib/crater-agent-workspace/builds/worker-3-tc2/source:/opt/rustwide/workdir:ro,Z" "-v" "/var/lib/crater-agent-workspace/cargo-home:/opt/rustwide/cargo-home:ro,Z" "-v" "/var/lib/crater-agent-workspace/rustup-home:/opt/rustwide/rustup-home:ro,Z" "-e" "SOURCE_DIR=/opt/rustwide/workdir" "-e" "CARGO_TARGET_DIR=/opt/rustwide/target" "-e" "CARGO_INCREMENTAL=0" "-e" "RUST_BACKTRACE=full" "-e" "RUSTFLAGS=--cap-lints=warn" "-e" "RUSTDOCFLAGS=--cap-lints=warn" "-e" "CARGO_HOME=/opt/rustwide/cargo-home" "-e" "RUSTUP_HOME=/opt/rustwide/rustup-home" "-w" "/opt/rustwide/workdir" "-m" "1610612736" "--user" "0:0" "--network" "none" "ghcr.io/rust-lang/crates-build-env/linux@sha256:2788e3201cd34a07e3172128adcd8b3090168a8e3bcc40d7c032b9dda1df7d1c" "/opt/rustwide/cargo-home/bin/cargo" "+beta-2023-12-22" "build" "--frozen" "--message-format=json", kill_on_drop: false }`
[INFO] [stdout] ef0a1210d604238556841ce15d7c564f16766e5fd139dcfcd17064c6a8961ff0
[INFO] running `Command { std: "docker" "start" "-a" "ef0a1210d604238556841ce15d7c564f16766e5fd139dcfcd17064c6a8961ff0", kill_on_drop: false }`
[INFO] [stderr]    Compiling libc v0.2.149
[INFO] [stderr]    Compiling autocfg v1.1.0
[INFO] [stderr]    Compiling proc-macro2 v1.0.69
[INFO] [stderr]    Compiling unicode-ident v1.0.12
[INFO] [stderr]    Compiling pkg-config v0.3.27
[INFO] [stderr]    Compiling version_check v0.9.4
[INFO] [stderr]    Compiling memchr v2.6.4
[INFO] [stderr]    Compiling itoa v1.0.9
[INFO] [stderr]    Compiling vcpkg v0.2.15
[INFO] [stderr]    Compiling once_cell v1.18.0
[INFO] [stderr]    Compiling pin-project-lite v0.2.13
[INFO] [stderr]    Compiling bytes v1.5.0
[INFO] [stderr]    Compiling futures-core v0.3.28
[INFO] [stderr]    Compiling typenum v1.17.0
[INFO] [stderr]    Compiling fnv v1.0.7
[INFO] [stderr]    Compiling quote v1.0.33
[INFO] [stderr]    Compiling syn v2.0.38
[INFO] [stderr]    Compiling generic-array v0.14.7
[INFO] [stderr]    Compiling slab v0.4.9
[INFO] [stderr]    Compiling log v0.4.20
[INFO] [stderr]    Compiling futures-task v0.3.28
[INFO] [stderr]    Compiling serde v1.0.189
[INFO] [stderr]    Compiling jobserver v0.1.27
[INFO] [stderr]    Compiling num_cpus v1.16.0
[INFO] [stderr]    Compiling mio v0.8.8
[INFO] [stderr]    Compiling socket2 v0.5.4
[INFO] [stderr]    Compiling cc v1.0.83
[INFO] [stderr]    Compiling scopeguard v1.2.0
[INFO] [stderr]    Compiling tracing-core v0.1.32
[INFO] [stderr]    Compiling indexmap v1.9.3
[INFO] [stderr]    Compiling memoffset v0.9.0
[INFO] [stderr]    Compiling tokio v1.33.0
[INFO] [stderr]    Compiling crossbeam-utils v0.8.16
[INFO] [stderr]    Compiling bitflags v2.4.0
[INFO] [stderr]    Compiling tinyvec_macros v0.1.1
[INFO] [stderr]    Compiling foreign-types-shared v0.1.1
[INFO] [stderr]    Compiling openssl v0.10.57
[INFO] [stderr]    Compiling futures-util v0.3.28
[INFO] [stderr]    Compiling syn v1.0.109
[INFO] [stderr]    Compiling foreign-types v0.3.2
[INFO] [stderr]    Compiling tinyvec v1.6.0
[INFO] [stderr]    Compiling tracing v0.1.39
[INFO] [stderr]    Compiling http v0.2.9
[INFO] [stderr]    Compiling aho-corasick v1.1.2
[INFO] [stderr]    Compiling proc-macro-error-attr v1.0.4
[INFO] [stderr]    Compiling openssl-sys v0.9.93
[INFO] [stderr]    Compiling zstd-sys v2.0.9+zstd.1.5.5
[INFO] [stderr]    Compiling num-traits v0.2.17
[INFO] [stderr]    Compiling crossbeam-epoch v0.9.15
[INFO] [stderr]    Compiling futures-io v0.3.28
[INFO] [stderr]    Compiling httparse v1.8.0
[INFO] [stderr]    Compiling hashbrown v0.12.3
[INFO] [stderr]    Compiling futures-channel v0.3.28
[INFO] [stderr]    Compiling native-tls v0.2.11
[INFO] [stderr]    Compiling regex-syntax v0.8.2
[INFO] [stderr]    Compiling ryu v1.0.15
[INFO] [stderr]    Compiling thiserror v1.0.49
[INFO] [stderr]    Compiling futures-sink v0.3.28
[INFO] [stderr]    Compiling percent-encoding v2.3.0
[INFO] [stderr]    Compiling pin-utils v0.1.0
[INFO] [stderr]    Compiling form_urlencoded v1.2.0
[INFO] [stderr]    Compiling unicode-normalization v0.1.22
[INFO] [stderr]    Compiling openssl-macros v0.1.1
[INFO] [stderr]    Compiling thiserror-impl v1.0.49
[INFO] [stderr]    Compiling tokio-util v0.7.9
[INFO] [stderr]    Compiling regex-automata v0.4.2
[INFO] [stderr]    Compiling proc-macro-error v1.0.4
[INFO] [stderr]    Compiling lock_api v0.4.10
[INFO] [stderr]    Compiling openssl-probe v0.1.5
[INFO] [stderr]    Compiling parking_lot_core v0.9.8
[INFO] [stderr]    Compiling unicode-bidi v0.3.13
[INFO] [stderr]    Compiling utf8parse v0.2.1
[INFO] [stderr]    Compiling try-lock v0.2.4
[INFO] [stderr]    Compiling want v0.3.1
[INFO] [stderr]    Compiling anstyle-parse v0.2.2
[INFO] [stderr]    Compiling idna v0.4.0
[INFO] [stderr]    Compiling h2 v0.3.21
[INFO] [stderr]    Compiling regex v1.10.1
[INFO] [stderr]    Compiling http-body v0.4.5
[INFO] [stderr]    Compiling block-buffer v0.10.4
[INFO] [stderr]    Compiling crypto-common v0.1.6
[INFO] [stderr]    Compiling socket2 v0.4.9
[INFO] [stderr]    Compiling protobuf v2.28.0
[INFO] [stderr]    Compiling anstyle-query v1.0.0
[INFO] [stderr]    Compiling libm v0.2.8
[INFO] [stderr]    Compiling colorchoice v1.0.0
[INFO] [stderr]    Compiling option-ext v0.2.0
[INFO] [stderr]    Compiling smallvec v1.11.1
[INFO] [stderr]    Compiling zstd-safe v7.0.0
[INFO] [stderr]    Compiling iana-time-zone v0.1.57
[INFO] [stderr]    Compiling anstyle v1.0.4
[INFO] [stderr]    Compiling httpdate v1.0.3
[INFO] [stderr]    Compiling rayon-core v1.12.0
[INFO] [stderr]    Compiling serde_json v1.0.107
[INFO] [stderr]    Compiling tower-service v0.3.2
[INFO] [stderr]    Compiling anstream v0.6.4
[INFO] [stderr]    Compiling chrono v0.4.31
[INFO] [stderr]    Compiling dirs-sys v0.4.1
[INFO] [stderr]    Compiling digest v0.10.7
[INFO] [stderr]    Compiling url v2.4.1
[INFO] [stderr]    Compiling hyper v0.14.27
[INFO] [stderr]    Compiling crossbeam-deque v0.8.3
[INFO] [stderr]    Compiling tokio-native-tls v0.3.1
[INFO] [stderr]    Compiling validator_types v0.16.0
[INFO] [stderr]    Compiling equivalent v1.0.1
[INFO] [stderr]    Compiling hashbrown v0.14.1
[INFO] [stderr]    Compiling if_chain v1.0.2
[INFO] [stderr]    Compiling unicode-xid v0.2.4
[INFO] [stderr]    Compiling either v1.9.0
[INFO] [stderr]    Compiling strsim v0.10.0
[INFO] [stderr]    Compiling clap_lex v0.5.1
[INFO] [stderr]    Compiling prometheus v0.13.3
[INFO] [stderr]    Compiling clap_builder v4.4.6
[INFO] [stderr]    Compiling indexmap v2.0.2
[INFO] [stderr]    Compiling fern v0.5.9
[INFO] [stderr]    Compiling const_format_proc_macros v0.2.32
[INFO] [stderr]    Compiling parking_lot v0.12.1
[INFO] [stderr]    Compiling validator_derive v0.16.0
[INFO] [stderr]    Compiling dirs v5.0.1
[INFO] [stderr]    Compiling hyper-tls v0.5.0
[INFO] [stderr]    Compiling pwd v1.4.0
[INFO] [stderr]    Compiling serde_derive v1.0.189
[INFO] [stderr]    Compiling serde_urlencoded v0.7.1
[INFO] [stderr]    Compiling filetime v0.2.22
[INFO] [stderr]    Compiling xattr v1.0.1
[INFO] [stderr]    Compiling atty v0.2.14
[INFO] [stderr]    Compiling dirs v1.0.5
[INFO] [stderr]    Compiling bstr v1.7.0
[INFO] [stderr]    Compiling encoding_rs v0.8.33
[INFO] [stderr]    Compiling base64 v0.21.4
[INFO] [stderr]    Compiling unsafe-libyaml v0.2.9
[INFO] [stderr]    Compiling ipnet v2.8.0
[INFO] [stderr]    Compiling cpufeatures v0.2.9
[INFO] [stderr]    Compiling mime v0.3.17
[INFO] [stderr]    Compiling ansi_term v0.12.1
[INFO] [stderr]    Compiling easy-logging v0.1.2
[INFO] [stderr]    Compiling reqwest v0.11.22
[INFO] [stderr]    Compiling serde_yaml v0.9.25
[INFO] [stderr]    Compiling sha2 v0.10.8
[INFO] [stderr]    Compiling globset v0.4.13
[INFO] [stderr]    Compiling clap v4.4.6
[INFO] [stderr]    Compiling expanduser v1.2.2
[INFO] [stderr]    Compiling tar v0.4.40
[INFO] [stderr]    Compiling const_format v0.2.32
[INFO] [stderr]    Compiling humansize v2.1.3
[INFO] [stderr]    Compiling rayon v1.8.0
[INFO] [stderr]    Compiling shellexpand v3.1.0
[INFO] [stderr]    Compiling itertools v0.11.0
[INFO] [stderr]    Compiling md-5 v0.10.6
[INFO] [stderr]    Compiling nix v0.27.1
[INFO] [stderr]    Compiling validator v0.16.1
[INFO] [stderr]    Compiling hex v0.4.3
[INFO] [stderr]    Compiling cow-utils v0.1.3
[INFO] [stderr]    Compiling indoc v2.0.4
[INFO] [stderr]    Compiling zstd v0.13.0
[INFO] [stderr]    Compiling vsb v1.1.5 (/opt/rustwide/workdir)
[INFO] [stdout] warning: unused import: `crate::backuping::BackupItemConfig`
[INFO] [stdout]   --> src/config.rs:12:9
[INFO] [stdout]    |
[INFO] [stdout] 12 | pub use crate::backuping::BackupItemConfig;
[INFO] [stdout]    |         ^^^^^^^^^^^^^^^^^^^^^^^^^^^^^^^^^^
[INFO] [stdout]    |
[INFO] [stdout]    = note: `#[warn(unused_imports)]` on by default
[INFO] [stdout] 
[INFO] [stdout] 
[INFO] [stdout] warning: unused import: `HeaderValue`
[INFO] [stdout]   --> src/http_client/mod.rs:17:61
[INFO] [stdout]    |
[INFO] [stdout] 17 | pub use reqwest::header::{HeaderMap as Headers, HeaderName, HeaderValue};
[INFO] [stdout]    |                                                             ^^^^^^^^^^^
[INFO] [stdout] 
[INFO] [stdout] 
[INFO] [stdout] warning: 2 warnings emitted
[INFO] [stdout] 
[INFO] [stdout] 
[INFO] [stderr]     Finished dev [unoptimized + debuginfo] target(s) in 1m 48s
[INFO] running `Command { std: "docker" "inspect" "ef0a1210d604238556841ce15d7c564f16766e5fd139dcfcd17064c6a8961ff0", kill_on_drop: false }`
[INFO] running `Command { std: "docker" "rm" "-f" "ef0a1210d604238556841ce15d7c564f16766e5fd139dcfcd17064c6a8961ff0", kill_on_drop: false }`
[INFO] [stdout] ef0a1210d604238556841ce15d7c564f16766e5fd139dcfcd17064c6a8961ff0
[INFO] running `Command { std: "docker" "create" "-v" "/var/lib/crater-agent-workspace/builds/worker-3-tc2/target:/opt/rustwide/target:rw,Z" "-v" "/var/lib/crater-agent-workspace/builds/worker-3-tc2/source:/opt/rustwide/workdir:ro,Z" "-v" "/var/lib/crater-agent-workspace/cargo-home:/opt/rustwide/cargo-home:ro,Z" "-v" "/var/lib/crater-agent-workspace/rustup-home:/opt/rustwide/rustup-home:ro,Z" "-e" "SOURCE_DIR=/opt/rustwide/workdir" "-e" "CARGO_TARGET_DIR=/opt/rustwide/target" "-e" "CARGO_INCREMENTAL=0" "-e" "RUST_BACKTRACE=full" "-e" "RUSTFLAGS=--cap-lints=warn" "-e" "RUSTDOCFLAGS=--cap-lints=warn" "-e" "CARGO_HOME=/opt/rustwide/cargo-home" "-e" "RUSTUP_HOME=/opt/rustwide/rustup-home" "-w" "/opt/rustwide/workdir" "-m" "1610612736" "--user" "0:0" "--network" "none" "ghcr.io/rust-lang/crates-build-env/linux@sha256:2788e3201cd34a07e3172128adcd8b3090168a8e3bcc40d7c032b9dda1df7d1c" "/opt/rustwide/cargo-home/bin/cargo" "+beta-2023-12-22" "test" "--frozen" "--no-run" "--message-format=json", kill_on_drop: false }`
[INFO] [stdout] 5c01b4c10651d45e3af8376b06a4d6120d47c21316e408a7e18d72ccbc134bd4
[INFO] running `Command { std: "docker" "start" "-a" "5c01b4c10651d45e3af8376b06a4d6120d47c21316e408a7e18d72ccbc134bd4", kill_on_drop: false }`
[INFO] [stderr]    Compiling futures-channel v0.3.28
[INFO] [stderr]    Compiling syn v2.0.38
[INFO] [stderr]    Compiling futures-util v0.3.28
[INFO] [stderr]    Compiling bitflags v2.4.0
[INFO] [stderr]    Compiling semver v1.0.20
[INFO] [stderr]    Compiling same-file v1.0.6
[INFO] [stderr]    Compiling rustix v0.38.19
[INFO] [stderr]    Compiling thread_local v1.1.7
[INFO] [stderr]    Compiling walkdir v2.4.0
[INFO] [stderr]    Compiling getrandom v0.2.10
[INFO] [stderr]    Compiling doc-comment v0.3.3
[INFO] [stderr]    Compiling linux-raw-sys v0.4.10
[INFO] [stderr]    Compiling predicates-core v1.0.6
[INFO] [stderr]    Compiling rand_core v0.6.4
[INFO] [stderr]    Compiling ignore v0.4.20
[INFO] [stderr]    Compiling ppv-lite86 v0.2.17
[INFO] [stderr]    Compiling termtree v0.4.1
[INFO] [stderr]    Compiling rustc_version v0.4.0
[INFO] [stderr]    Compiling glob v0.3.1
[INFO] [stderr]    Compiling fastrand v2.0.1
[INFO] [stderr]    Compiling difflib v0.4.0
[INFO] [stderr]    Compiling rstest_macros v0.18.2
[INFO] [stderr]    Compiling relative-path v1.9.0
[INFO] [stderr]    Compiling rand_chacha v0.3.1
[INFO] [stderr]    Compiling predicates v3.0.4
[INFO] [stderr]    Compiling globwalk v0.8.1
[INFO] [stderr]    Compiling predicates-tree v1.0.9
[INFO] [stderr]    Compiling futures-timer v3.0.2
[INFO] [stderr]    Compiling rand v0.8.5
[INFO] [stderr]    Compiling nix v0.27.1
[INFO] [stderr]    Compiling maplit v1.0.2
[INFO] [stderr]    Compiling tempfile v3.8.0
[INFO] [stderr]    Compiling assert_fs v1.0.13
[INFO] [stderr]    Compiling futures-macro v0.3.28
[INFO] [stderr]    Compiling openssl-macros v0.1.1
[INFO] [stderr]    Compiling thiserror-impl v1.0.49
[INFO] [stderr]    Compiling serde_derive v1.0.189
[INFO] [stderr]    Compiling openssl v0.10.57
[INFO] [stderr]    Compiling thiserror v1.0.49
[INFO] [stderr]    Compiling pwd v1.4.0
[INFO] [stderr]    Compiling prometheus v0.13.3
[INFO] [stderr]    Compiling expanduser v1.2.2
[INFO] [stderr]    Compiling validator v0.16.1
[INFO] [stderr]    Compiling h2 v0.3.21
[INFO] [stderr]    Compiling futures-executor v0.3.28
[INFO] [stderr]    Compiling futures v0.3.28
[INFO] [stderr]    Compiling rstest v0.18.2
[INFO] [stderr]    Compiling native-tls v0.2.11
[INFO] [stderr]    Compiling tokio-native-tls v0.3.1
[INFO] [stderr]    Compiling hyper v0.14.27
[INFO] [stderr]    Compiling hyper-tls v0.5.0
[INFO] [stderr]    Compiling reqwest v0.11.22
[INFO] [stderr]    Compiling vsb v1.1.5 (/opt/rustwide/workdir)
[INFO] [stdout] warning: unused import: `HeaderValue`
[INFO] [stdout]   --> src/http_client/mod.rs:17:61
[INFO] [stdout]    |
[INFO] [stdout] 17 | pub use reqwest::header::{HeaderMap as Headers, HeaderName, HeaderValue};
[INFO] [stdout]    |                                                             ^^^^^^^^^^^
[INFO] [stdout]    |
[INFO] [stdout]    = note: `#[warn(unused_imports)]` on by default
[INFO] [stdout] 
[INFO] [stdout] 
[INFO] [stdout] warning: 1 warning emitted
[INFO] [stdout] 
[INFO] [stdout] 
[INFO] [stderr]     Finished test [unoptimized + debuginfo] target(s) in 55.94s
[INFO] running `Command { std: "docker" "inspect" "5c01b4c10651d45e3af8376b06a4d6120d47c21316e408a7e18d72ccbc134bd4", kill_on_drop: false }`
[INFO] running `Command { std: "docker" "rm" "-f" "5c01b4c10651d45e3af8376b06a4d6120d47c21316e408a7e18d72ccbc134bd4", kill_on_drop: false }`
[INFO] [stdout] 5c01b4c10651d45e3af8376b06a4d6120d47c21316e408a7e18d72ccbc134bd4
[INFO] running `Command { std: "docker" "create" "-v" "/var/lib/crater-agent-workspace/builds/worker-3-tc2/target:/opt/rustwide/target:rw,Z" "-v" "/var/lib/crater-agent-workspace/builds/worker-3-tc2/source:/opt/rustwide/workdir:ro,Z" "-v" "/var/lib/crater-agent-workspace/cargo-home:/opt/rustwide/cargo-home:ro,Z" "-v" "/var/lib/crater-agent-workspace/rustup-home:/opt/rustwide/rustup-home:ro,Z" "-e" "SOURCE_DIR=/opt/rustwide/workdir" "-e" "CARGO_TARGET_DIR=/opt/rustwide/target" "-e" "CARGO_INCREMENTAL=0" "-e" "RUST_BACKTRACE=full" "-e" "RUSTFLAGS=--cap-lints=warn" "-e" "RUSTDOCFLAGS=--cap-lints=warn" "-e" "CARGO_HOME=/opt/rustwide/cargo-home" "-e" "RUSTUP_HOME=/opt/rustwide/rustup-home" "-w" "/opt/rustwide/workdir" "-m" "1610612736" "--user" "0:0" "--network" "none" "ghcr.io/rust-lang/crates-build-env/linux@sha256:2788e3201cd34a07e3172128adcd8b3090168a8e3bcc40d7c032b9dda1df7d1c" "/opt/rustwide/cargo-home/bin/cargo" "+beta-2023-12-22" "test" "--frozen", kill_on_drop: false }`
[INFO] [stdout] a4e3a260bd3295409109f6f8cfc9814b4381d3e98f595a5e90e082c3c977009f
[INFO] running `Command { std: "docker" "start" "-a" "a4e3a260bd3295409109f6f8cfc9814b4381d3e98f595a5e90e082c3c977009f", kill_on_drop: false }`
[INFO] [stderr] warning: unused import: `HeaderValue`
[INFO] [stderr]   --> src/http_client/mod.rs:17:61
[INFO] [stderr]    |
[INFO] [stderr] 17 | pub use reqwest::header::{HeaderMap as Headers, HeaderName, HeaderValue};
[INFO] [stderr]    |                                                             ^^^^^^^^^^^
[INFO] [stderr]    |
[INFO] [stderr]    = note: `#[warn(unused_imports)]` on by default
[INFO] [stderr] 
[INFO] [stderr] warning: `vsb` (bin "vsb" test) generated 1 warning (run `cargo fix --bin "vsb" --tests` to apply 1 suggestion)
[INFO] [stderr]     Finished test [unoptimized + debuginfo] target(s) in 0.29s
[INFO] [stderr]      Running unittests src/main.rs (/opt/rustwide/target/debug/deps/vsb-a2de8fb837baa40d)
[INFO] [stdout] 
[INFO] [stdout] running 65 tests
[INFO] [stdout] test backuping::filter::tests::filtering::case_04 ... ok
[INFO] [stdout] test backuping::filter::tests::filtering::case_03 ... ok
[INFO] [stdout] test backuping::filter::tests::filtering::case_07 ... ok
[INFO] [stdout] test backuping::filter::tests::filtering::case_06 ... ok
[INFO] [stdout] test backuping::filter::tests::filtering::case_02 ... ok
[INFO] [stdout] test backuping::filter::tests::filtering::case_01 ... ok
[INFO] [stdout] test backuping::filter::tests::filtering::case_05 ... ok
[INFO] [stdout] test backuping::filter::tests::filtering::case_10 ... ok
[INFO] [stdout] test backuping::filter::tests::filtering::case_12 ... ok
[INFO] [stdout] test backuping::filter::tests::filtering::case_14 ... ok
[INFO] [stdout] test backuping::filter::tests::filtering::case_09 ... ok
[INFO] [stdout] test backuping::filter::tests::filtering::case_13 ... ok
[INFO] [stdout] test backuping::filter::tests::filtering::case_11 ... ok
[INFO] [stdout] test backuping::filter::tests::filtering::case_15 ... ok
[INFO] [stdout] test backuping::filter::tests::filtering::case_16 ... ok
[INFO] [stdout] test backuping::filter::tests::filtering::case_20 ... ok
[INFO] [stdout] test backuping::filter::tests::filtering::case_19 ... ok
[INFO] [stdout] test backuping::filter::tests::filtering::case_08 ... ok
[INFO] [stdout] test backuping::filter::tests::filtering::case_24 ... ok
[INFO] [stdout] test backuping::filter::tests::filtering::case_17 ... ok
[INFO] [stdout] test backuping::filter::tests::filtering::case_22 ... ok
[INFO] [stdout] test backuping::filter::tests::filtering::case_23 ... ok
[INFO] [stdout] test backuping::filter::tests::filtering::case_29 ... ok
[INFO] [stdout] test backuping::filter::tests::filtering::case_21 ... ok
[INFO] [stdout] test backuping::filter::tests::filtering::case_27 ... ok
[INFO] [stdout] test backuping::filter::tests::filtering::case_18 ... ok
[INFO] [stdout] test backuping::filter::tests::filtering::case_30 ... ok
[INFO] [stdout] test backuping::filter::tests::filtering::case_26 ... ok
[INFO] [stdout] test backuping::filter::tests::filtering::case_25 ... ok
[INFO] [stdout] test backuping::filter::tests::filtering::case_32 ... ok
[INFO] [stdout] test backuping::filter::tests::filtering::case_31 ... ok
[INFO] [stdout] test backuping::filter::tests::filtering::case_35 ... ok
[INFO] [stdout] test backuping::filter::tests::filtering::case_37 ... ok
[INFO] [stdout] test backuping::filter::tests::filtering::case_28 ... ok
[INFO] [stdout] test backuping::filter::tests::filtering::case_33 ... ok
[INFO] [stdout] test backuping::filter::tests::filtering::case_36 ... ok
[INFO] [stdout] test backuping::filter::tests::filtering::case_34 ... ok
[INFO] [stdout] test backuping::filter::tests::filtering::case_42 ... ok
[INFO] [stdout] test backuping::filter::tests::filtering::case_38 ... ok
[INFO] [stdout] test backuping::filter::tests::filtering::case_40 ... ok
[INFO] [stdout] test backuping::filter::tests::filtering::case_39 ... ok
[INFO] [stdout] test backuping::filter::tests::filtering::case_45 ... ok
[INFO] [stdout] test backuping::filter::tests::filtering::case_41 ... ok
[INFO] [stdout] test backuping::filter::tests::filtering::case_43 ... ok
[INFO] [stdout] test backuping::filter::tests::filtering::case_44 ... ok
[INFO] [stdout] test backuping::filter::tests::filtering::case_48 ... ok
[INFO] [stdout] test backuping::filter::tests::filtering::case_49 ... ok
[INFO] [stdout] test backuping::filter::tests::filtering::case_53 ... ok
[INFO] [stdout] test backuping::filter::tests::filtering::case_52 ... ok
[INFO] [stdout] test backuping::filter::tests::filtering::case_51 ... ok
[INFO] [stdout] test backuping::filter::tests::parsing::case_01 ... ok
[INFO] [stdout] test backuping::filter::tests::parsing::case_02 ... ok
[INFO] [stdout] test backuping::filter::tests::parsing::case_03 ... ok
[INFO] [stdout] test backuping::filter::tests::parsing::case_04 ... ok
[INFO] [stdout] test backuping::filter::tests::parsing::case_05 ... ok
[INFO] [stdout] test backuping::filter::tests::parsing::case_06 ... ok
[INFO] [stdout] test backuping::filter::tests::parsing::case_07 ... ok
[INFO] [stdout] test backuping::filter::tests::parsing::case_08 ... ok
[INFO] [stdout] test backuping::filter::tests::parsing::case_09 ... ok
[INFO] [stdout] test backuping::filter::tests::parsing::case_10 ... ok
[INFO] [stdout] test backuping::filter::tests::filtering::case_46 ... ok
[INFO] [stdout] test backuping::filter::tests::filtering::case_47 ... ok
[INFO] [stdout] test backuping::filter::tests::filtering::case_50 ... ok
[INFO] [stderr] fatal: Unable to create '/opt/rustwide/workdir/.git/index.lock': Read-only file system
[INFO] [stdout] test tests::backup ... FAILED
[INFO] [stdout] test util::file_reader::tests::file_reader ... ok
[INFO] [stdout] 
[INFO] [stdout] failures:
[INFO] [stdout] 
[INFO] [stdout] ---- tests::backup stdout ----
[INFO] [stdout] Error: "exit status: 128"
[INFO] [stdout] 
[INFO] [stdout] 
[INFO] [stdout] failures:
[INFO] [stdout]     tests::backup
[INFO] [stdout] 
[INFO] [stdout] test result: FAILED. 64 passed; 1 failed; 0 ignored; 0 measured; 0 filtered out; finished in 2.27s
[INFO] [stdout] 
[INFO] [stderr] error: test failed, to rerun pass `--bin vsb`
[INFO] running `Command { std: "docker" "inspect" "a4e3a260bd3295409109f6f8cfc9814b4381d3e98f595a5e90e082c3c977009f", kill_on_drop: false }`
[INFO] running `Command { std: "docker" "rm" "-f" "a4e3a260bd3295409109f6f8cfc9814b4381d3e98f595a5e90e082c3c977009f", kill_on_drop: false }`
[INFO] [stdout] a4e3a260bd3295409109f6f8cfc9814b4381d3e98f595a5e90e082c3c977009f
