[INFO] cloning repository https://github.com/Kn-Ht/bingbang
[INFO] running `Command { std: "git" "-c" "credential.helper=" "-c" "credential.helper=/workspace/cargo-home/bin/git-credential-null" "clone" "--bare" "https://github.com/Kn-Ht/bingbang" "/workspace/cache/git-repos/https%3A%2F%2Fgithub.com%2FKn-Ht%2Fbingbang", kill_on_drop: false }`
[INFO] [stderr] Cloning into bare repository '/workspace/cache/git-repos/https%3A%2F%2Fgithub.com%2FKn-Ht%2Fbingbang'...
[INFO] running `Command { std: "git" "rev-parse" "HEAD", kill_on_drop: false }`
[INFO] [stdout] 2c2f4072771e83a1c3fa51836440b76c59b64980
[INFO] testing Kn-Ht/bingbang against 1.75.0 for beta-1.76-1
[INFO] running `Command { std: "git" "clone" "/workspace/cache/git-repos/https%3A%2F%2Fgithub.com%2FKn-Ht%2Fbingbang" "/workspace/builds/worker-0-tc1/source", kill_on_drop: false }`
[INFO] [stderr] Cloning into '/workspace/builds/worker-0-tc1/source'...
[INFO] [stderr] done.
[INFO] validating manifest of git repo https://github.com/Kn-Ht/bingbang on toolchain 1.75.0
[INFO] running `Command { std: CARGO_HOME="/workspace/cargo-home" RUSTUP_HOME="/workspace/rustup-home" "/workspace/cargo-home/bin/cargo" "+1.75.0" "metadata" "--manifest-path" "Cargo.toml" "--no-deps", kill_on_drop: false }`
[INFO] started tweaking git repo https://github.com/Kn-Ht/bingbang
[INFO] finished tweaking git repo https://github.com/Kn-Ht/bingbang
[INFO] tweaked toml for git repo https://github.com/Kn-Ht/bingbang written to /workspace/builds/worker-0-tc1/source/Cargo.toml
[INFO] crate git repo https://github.com/Kn-Ht/bingbang already has a lockfile, it will not be regenerated
[INFO] running `Command { std: CARGO_HOME="/workspace/cargo-home" RUSTUP_HOME="/workspace/rustup-home" "/workspace/cargo-home/bin/cargo" "+1.75.0" "fetch" "--manifest-path" "Cargo.toml", kill_on_drop: false }`
[INFO] [stderr]     Blocking waiting for file lock on package cache
[INFO] running `Command { std: "docker" "create" "-v" "/var/lib/crater-agent-workspace/builds/worker-0-tc1/target:/opt/rustwide/target:rw,Z" "-v" "/var/lib/crater-agent-workspace/builds/worker-0-tc1/source:/opt/rustwide/workdir:ro,Z" "-v" "/var/lib/crater-agent-workspace/cargo-home:/opt/rustwide/cargo-home:ro,Z" "-v" "/var/lib/crater-agent-workspace/rustup-home:/opt/rustwide/rustup-home:ro,Z" "-e" "SOURCE_DIR=/opt/rustwide/workdir" "-e" "CARGO_TARGET_DIR=/opt/rustwide/target" "-e" "CARGO_HOME=/opt/rustwide/cargo-home" "-e" "RUSTUP_HOME=/opt/rustwide/rustup-home" "-w" "/opt/rustwide/workdir" "-m" "1610612736" "--user" "0:0" "--network" "none" "ghcr.io/rust-lang/crates-build-env/linux@sha256:2788e3201cd34a07e3172128adcd8b3090168a8e3bcc40d7c032b9dda1df7d1c" "/opt/rustwide/cargo-home/bin/cargo" "+1.75.0" "metadata" "--no-deps" "--format-version=1", kill_on_drop: false }`
[INFO] [stdout] 6151da2cfa88229a32733d4d7ecb76b04bab25752d29f1d4debdf240b9256c65
[INFO] running `Command { std: "docker" "start" "-a" "6151da2cfa88229a32733d4d7ecb76b04bab25752d29f1d4debdf240b9256c65", kill_on_drop: false }`
[INFO] running `Command { std: "docker" "inspect" "6151da2cfa88229a32733d4d7ecb76b04bab25752d29f1d4debdf240b9256c65", kill_on_drop: false }`
[INFO] running `Command { std: "docker" "rm" "-f" "6151da2cfa88229a32733d4d7ecb76b04bab25752d29f1d4debdf240b9256c65", kill_on_drop: false }`
[INFO] [stdout] 6151da2cfa88229a32733d4d7ecb76b04bab25752d29f1d4debdf240b9256c65
[INFO] running `Command { std: "docker" "create" "-v" "/var/lib/crater-agent-workspace/builds/worker-0-tc1/target:/opt/rustwide/target:rw,Z" "-v" "/var/lib/crater-agent-workspace/builds/worker-0-tc1/source:/opt/rustwide/workdir:ro,Z" "-v" "/var/lib/crater-agent-workspace/cargo-home:/opt/rustwide/cargo-home:ro,Z" "-v" "/var/lib/crater-agent-workspace/rustup-home:/opt/rustwide/rustup-home:ro,Z" "-e" "SOURCE_DIR=/opt/rustwide/workdir" "-e" "CARGO_TARGET_DIR=/opt/rustwide/target" "-e" "CARGO_INCREMENTAL=0" "-e" "RUST_BACKTRACE=full" "-e" "RUSTFLAGS=--cap-lints=warn" "-e" "RUSTDOCFLAGS=--cap-lints=warn" "-e" "CARGO_HOME=/opt/rustwide/cargo-home" "-e" "RUSTUP_HOME=/opt/rustwide/rustup-home" "-w" "/opt/rustwide/workdir" "-m" "1610612736" "--user" "0:0" "--network" "none" "ghcr.io/rust-lang/crates-build-env/linux@sha256:2788e3201cd34a07e3172128adcd8b3090168a8e3bcc40d7c032b9dda1df7d1c" "/opt/rustwide/cargo-home/bin/cargo" "+1.75.0" "build" "--frozen" "--message-format=json", kill_on_drop: false }`
[INFO] [stdout] ac4908c8be173d6a4866e6c751e53f3b5da7d1bbd0092a945001f28c81aa5db8
[INFO] running `Command { std: "docker" "start" "-a" "ac4908c8be173d6a4866e6c751e53f3b5da7d1bbd0092a945001f28c81aa5db8", kill_on_drop: false }`
[INFO] [stderr]    Compiling autocfg v1.1.0
[INFO] [stderr]    Compiling libc v0.2.144
[INFO] [stderr]    Compiling iana-time-zone v0.1.56
[INFO] [stderr]    Compiling num-traits v0.2.15
[INFO] [stderr]    Compiling num-integer v0.1.45
[INFO] [stderr]    Compiling time v0.1.45
[INFO] [stderr]    Compiling chrono v0.4.24
[INFO] [stderr]    Compiling bingbang v0.1.0 (/opt/rustwide/workdir)
[INFO] [stdout] warning: unused import: `compile::compile`
[INFO] [stdout]   --> src/main.rs:14:5
[INFO] [stdout]    |
[INFO] [stdout] 14 | use compile::compile;
[INFO] [stdout]    |     ^^^^^^^^^^^^^^^^
[INFO] [stdout]    |
[INFO] [stdout]    = note: `#[warn(unused_imports)]` on by default
[INFO] [stdout] 
[INFO] [stdout] 
[INFO] [stdout] warning: unreachable statement
[INFO] [stdout]   --> src/compile.rs:9:5
[INFO] [stdout]    |
[INFO] [stdout] 7  |       todo!();
[INFO] [stdout]    |       ------- any code following this expression is unreachable
[INFO] [stdout] 8  |
[INFO] [stdout] 9  | /     if std::path::Path::new("out.rs").is_file() {
[INFO] [stdout] 10 | |         std::fs::remove_file("out.rs").unwrap();
[INFO] [stdout] 11 | |     }
[INFO] [stdout]    | |_____^ unreachable statement
[INFO] [stdout]    |
[INFO] [stdout]    = note: `#[warn(unreachable_code)]` on by default
[INFO] [stdout] 
[INFO] [stdout] 
[INFO] [stdout] warning: unused variable: `body`
[INFO] [stdout]    --> src/interpret.rs:359:25
[INFO] [stdout]     |
[INFO] [stdout] 359 |             Instr::Loop(body) => {
[INFO] [stdout]     |                         ^^^^ help: if this is intentional, prefix it with an underscore: `_body`
[INFO] [stdout]     |
[INFO] [stdout]     = note: `#[warn(unused_variables)]` on by default
[INFO] [stdout] 
[INFO] [stdout] 
[INFO] [stdout] warning: unused variable: `instructions`
[INFO] [stdout]  --> src/compile.rs:6:16
[INFO] [stdout]   |
[INFO] [stdout] 6 | pub fn compile(instructions: &mut Vec<Instr>) {
[INFO] [stdout]   |                ^^^^^^^^^^^^ help: if this is intentional, prefix it with an underscore: `_instructions`
[INFO] [stdout] 
[INFO] [stdout] 
[INFO] [stdout] warning: constant `LOOP_IN` is never used
[INFO] [stdout]   --> src/instruction.rs:22:11
[INFO] [stdout]    |
[INFO] [stdout] 22 | pub const LOOP_IN: char = '(';
[INFO] [stdout]    |           ^^^^^^^
[INFO] [stdout]    |
[INFO] [stdout]    = note: `#[warn(dead_code)]` on by default
[INFO] [stdout] 
[INFO] [stdout] 
[INFO] [stdout] warning: constant `LOOP_OUT` is never used
[INFO] [stdout]   --> src/instruction.rs:23:11
[INFO] [stdout]    |
[INFO] [stdout] 23 | pub const LOOP_OUT: char = ')';
[INFO] [stdout]    |           ^^^^^^^^
[INFO] [stdout] 
[INFO] [stdout] 
[INFO] [stdout] warning: variant `Loop` is never constructed
[INFO] [stdout]   --> src/instruction.rs:51:5
[INFO] [stdout]    |
[INFO] [stdout] 30 | pub enum Instr {
[INFO] [stdout]    |          ----- variant in this enum
[INFO] [stdout] ...
[INFO] [stdout] 51 |     Loop(Body),
[INFO] [stdout]    |     ^^^^
[INFO] [stdout]    |
[INFO] [stdout]    = note: `Instr` has a derived impl for the trait `Debug`, but this is intentionally ignored during dead code analysis
[INFO] [stdout] 
[INFO] [stdout] 
[INFO] [stdout] warning: function `compile` is never used
[INFO] [stdout]  --> src/compile.rs:6:8
[INFO] [stdout]   |
[INFO] [stdout] 6 | pub fn compile(instructions: &mut Vec<Instr>) {
[INFO] [stdout]   |        ^^^^^^^
[INFO] [stdout] 
[INFO] [stdout] 
[INFO] [stdout] warning: unused `Result` that must be used
[INFO] [stdout]   --> src/compile.rs:26:17
[INFO] [stdout]    |
[INFO] [stdout] 26 |                 writeln!(out_file, "{}", format!("; --- push {n} to stack\nPUSH {}", *n as i32));
[INFO] [stdout]    |                 ^^^^^^^^^^^^^^^^^^^^^^^^^^^^^^^^^^^^^^^^^^^^^^^^^^^^^^^^^^^^^^^^^^^^^^^^^^^^^^^^
[INFO] [stdout]    |
[INFO] [stdout]    = note: this `Result` may be an `Err` variant, which should be handled
[INFO] [stdout]    = note: `#[warn(unused_must_use)]` on by default
[INFO] [stdout]    = note: this warning originates in the macro `writeln` (in Nightly builds, run with -Z macro-backtrace for more info)
[INFO] [stdout] 
[INFO] [stdout] 
[INFO] [stdout] warning: 9 warnings emitted
[INFO] [stdout] 
[INFO] [stdout] 
[INFO] [stderr]     Finished dev [unoptimized + debuginfo] target(s) in 3.94s
[INFO] running `Command { std: "docker" "inspect" "ac4908c8be173d6a4866e6c751e53f3b5da7d1bbd0092a945001f28c81aa5db8", kill_on_drop: false }`
[INFO] running `Command { std: "docker" "rm" "-f" "ac4908c8be173d6a4866e6c751e53f3b5da7d1bbd0092a945001f28c81aa5db8", kill_on_drop: false }`
[INFO] [stdout] ac4908c8be173d6a4866e6c751e53f3b5da7d1bbd0092a945001f28c81aa5db8
[INFO] running `Command { std: "docker" "create" "-v" "/var/lib/crater-agent-workspace/builds/worker-0-tc1/target:/opt/rustwide/target:rw,Z" "-v" "/var/lib/crater-agent-workspace/builds/worker-0-tc1/source:/opt/rustwide/workdir:ro,Z" "-v" "/var/lib/crater-agent-workspace/cargo-home:/opt/rustwide/cargo-home:ro,Z" "-v" "/var/lib/crater-agent-workspace/rustup-home:/opt/rustwide/rustup-home:ro,Z" "-e" "SOURCE_DIR=/opt/rustwide/workdir" "-e" "CARGO_TARGET_DIR=/opt/rustwide/target" "-e" "CARGO_INCREMENTAL=0" "-e" "RUST_BACKTRACE=full" "-e" "RUSTFLAGS=--cap-lints=warn" "-e" "RUSTDOCFLAGS=--cap-lints=warn" "-e" "CARGO_HOME=/opt/rustwide/cargo-home" "-e" "RUSTUP_HOME=/opt/rustwide/rustup-home" "-w" "/opt/rustwide/workdir" "-m" "1610612736" "--user" "0:0" "--network" "none" "ghcr.io/rust-lang/crates-build-env/linux@sha256:2788e3201cd34a07e3172128adcd8b3090168a8e3bcc40d7c032b9dda1df7d1c" "/opt/rustwide/cargo-home/bin/cargo" "+1.75.0" "test" "--frozen" "--no-run" "--message-format=json", kill_on_drop: false }`
[INFO] [stdout] 8ae1a775bd59034afd94bfdc1efe563d7bff5b281c3aa42d2401405c00cb4598
[INFO] running `Command { std: "docker" "start" "-a" "8ae1a775bd59034afd94bfdc1efe563d7bff5b281c3aa42d2401405c00cb4598", kill_on_drop: false }`
[INFO] [stderr]    Compiling bingbang v0.1.0 (/opt/rustwide/workdir)
[INFO] [stdout] warning: unused import: `compile::compile`
[INFO] [stdout]   --> src/main.rs:14:5
[INFO] [stdout]    |
[INFO] [stdout] 14 | use compile::compile;
[INFO] [stdout]    |     ^^^^^^^^^^^^^^^^
[INFO] [stdout]    |
[INFO] [stdout]    = note: `#[warn(unused_imports)]` on by default
[INFO] [stdout] 
[INFO] [stdout] 
[INFO] [stdout] warning: unreachable statement
[INFO] [stdout]   --> src/compile.rs:9:5
[INFO] [stdout]    |
[INFO] [stdout] 7  |       todo!();
[INFO] [stdout]    |       ------- any code following this expression is unreachable
[INFO] [stdout] 8  |
[INFO] [stdout] 9  | /     if std::path::Path::new("out.rs").is_file() {
[INFO] [stdout] 10 | |         std::fs::remove_file("out.rs").unwrap();
[INFO] [stdout] 11 | |     }
[INFO] [stdout]    | |_____^ unreachable statement
[INFO] [stdout]    |
[INFO] [stdout]    = note: `#[warn(unreachable_code)]` on by default
[INFO] [stdout] 
[INFO] [stdout] 
[INFO] [stdout] warning: unused variable: `body`
[INFO] [stdout]    --> src/interpret.rs:359:25
[INFO] [stdout]     |
[INFO] [stdout] 359 |             Instr::Loop(body) => {
[INFO] [stdout]     |                         ^^^^ help: if this is intentional, prefix it with an underscore: `_body`
[INFO] [stdout]     |
[INFO] [stdout]     = note: `#[warn(unused_variables)]` on by default
[INFO] [stdout] 
[INFO] [stdout] 
[INFO] [stdout] warning: unused variable: `instructions`
[INFO] [stdout]  --> src/compile.rs:6:16
[INFO] [stdout]   |
[INFO] [stdout] 6 | pub fn compile(instructions: &mut Vec<Instr>) {
[INFO] [stdout]   |                ^^^^^^^^^^^^ help: if this is intentional, prefix it with an underscore: `_instructions`
[INFO] [stdout] 
[INFO] [stdout] 
[INFO] [stdout] warning: constant `LOOP_IN` is never used
[INFO] [stdout]   --> src/instruction.rs:22:11
[INFO] [stdout]    |
[INFO] [stdout] 22 | pub const LOOP_IN: char = '(';
[INFO] [stdout]    |           ^^^^^^^
[INFO] [stdout]    |
[INFO] [stdout]    = note: `#[warn(dead_code)]` on by default
[INFO] [stdout] 
[INFO] [stdout] 
[INFO] [stdout] warning: constant `LOOP_OUT` is never used
[INFO] [stdout]   --> src/instruction.rs:23:11
[INFO] [stdout]    |
[INFO] [stdout] 23 | pub const LOOP_OUT: char = ')';
[INFO] [stdout]    |           ^^^^^^^^
[INFO] [stdout] 
[INFO] [stdout] 
[INFO] [stdout] warning: variant `Loop` is never constructed
[INFO] [stdout]   --> src/instruction.rs:51:5
[INFO] [stdout]    |
[INFO] [stdout] 30 | pub enum Instr {
[INFO] [stdout]    |          ----- variant in this enum
[INFO] [stdout] ...
[INFO] [stdout] 51 |     Loop(Body),
[INFO] [stdout]    |     ^^^^
[INFO] [stdout]    |
[INFO] [stdout]    = note: `Instr` has a derived impl for the trait `Debug`, but this is intentionally ignored during dead code analysis
[INFO] [stdout] 
[INFO] [stdout] 
[INFO] [stdout] warning: unused `Result` that must be used
[INFO] [stdout]   --> src/compile.rs:26:17
[INFO] [stdout]    |
[INFO] [stdout] 26 |                 writeln!(out_file, "{}", format!("; --- push {n} to stack\nPUSH {}", *n as i32));
[INFO] [stdout]    |                 ^^^^^^^^^^^^^^^^^^^^^^^^^^^^^^^^^^^^^^^^^^^^^^^^^^^^^^^^^^^^^^^^^^^^^^^^^^^^^^^^
[INFO] [stdout]    |
[INFO] [stdout]    = note: this `Result` may be an `Err` variant, which should be handled
[INFO] [stdout]    = note: `#[warn(unused_must_use)]` on by default
[INFO] [stdout]    = note: this warning originates in the macro `writeln` (in Nightly builds, run with -Z macro-backtrace for more info)
[INFO] [stdout] 
[INFO] [stdout] 
[INFO] [stdout] warning: 8 warnings emitted
[INFO] [stdout] 
[INFO] [stdout] 
[INFO] [stderr]     Finished test [unoptimized + debuginfo] target(s) in 0.60s
[INFO] running `Command { std: "docker" "inspect" "8ae1a775bd59034afd94bfdc1efe563d7bff5b281c3aa42d2401405c00cb4598", kill_on_drop: false }`
[INFO] running `Command { std: "docker" "rm" "-f" "8ae1a775bd59034afd94bfdc1efe563d7bff5b281c3aa42d2401405c00cb4598", kill_on_drop: false }`
[INFO] [stdout] 8ae1a775bd59034afd94bfdc1efe563d7bff5b281c3aa42d2401405c00cb4598
[INFO] running `Command { std: "docker" "create" "-v" "/var/lib/crater-agent-workspace/builds/worker-0-tc1/target:/opt/rustwide/target:rw,Z" "-v" "/var/lib/crater-agent-workspace/builds/worker-0-tc1/source:/opt/rustwide/workdir:ro,Z" "-v" "/var/lib/crater-agent-workspace/cargo-home:/opt/rustwide/cargo-home:ro,Z" "-v" "/var/lib/crater-agent-workspace/rustup-home:/opt/rustwide/rustup-home:ro,Z" "-e" "SOURCE_DIR=/opt/rustwide/workdir" "-e" "CARGO_TARGET_DIR=/opt/rustwide/target" "-e" "CARGO_INCREMENTAL=0" "-e" "RUST_BACKTRACE=full" "-e" "RUSTFLAGS=--cap-lints=warn" "-e" "RUSTDOCFLAGS=--cap-lints=warn" "-e" "CARGO_HOME=/opt/rustwide/cargo-home" "-e" "RUSTUP_HOME=/opt/rustwide/rustup-home" "-w" "/opt/rustwide/workdir" "-m" "1610612736" "--user" "0:0" "--network" "none" "ghcr.io/rust-lang/crates-build-env/linux@sha256:2788e3201cd34a07e3172128adcd8b3090168a8e3bcc40d7c032b9dda1df7d1c" "/opt/rustwide/cargo-home/bin/cargo" "+1.75.0" "test" "--frozen", kill_on_drop: false }`
[INFO] [stdout] 0a3a90ead15a1dc3a79ec8f6d72b1806e10f89bbfda38f62b2f54075ed0612a9
[INFO] running `Command { std: "docker" "start" "-a" "0a3a90ead15a1dc3a79ec8f6d72b1806e10f89bbfda38f62b2f54075ed0612a9", kill_on_drop: false }`
[INFO] [stderr] warning: unused import: `compile::compile`
[INFO] [stderr]   --> src/main.rs:14:5
[INFO] [stderr]    |
[INFO] [stderr] 14 | use compile::compile;
[INFO] [stderr]    |     ^^^^^^^^^^^^^^^^
[INFO] [stderr]    |
[INFO] [stderr]    = note: `#[warn(unused_imports)]` on by default
[INFO] [stderr] 
[INFO] [stderr] warning: unreachable statement
[INFO] [stderr]   --> src/compile.rs:9:5
[INFO] [stderr]    |
[INFO] [stderr] 7  |       todo!();
[INFO] [stderr]    |       ------- any code following this expression is unreachable
[INFO] [stderr] 8  |
[INFO] [stderr] 9  | /     if std::path::Path::new("out.rs").is_file() {
[INFO] [stderr] 10 | |         std::fs::remove_file("out.rs").unwrap();
[INFO] [stderr] 11 | |     }
[INFO] [stderr]    | |_____^ unreachable statement
[INFO] [stderr]    |
[INFO] [stderr]    = note: `#[warn(unreachable_code)]` on by default
[INFO] [stderr] 
[INFO] [stderr] warning: unused variable: `body`
[INFO] [stderr]    --> src/interpret.rs:359:25
[INFO] [stderr]     |
[INFO] [stderr] 359 |             Instr::Loop(body) => {
[INFO] [stderr]     |                         ^^^^ help: if this is intentional, prefix it with an underscore: `_body`
[INFO] [stderr]     |
[INFO] [stderr]     = note: `#[warn(unused_variables)]` on by default
[INFO] [stderr] 
[INFO] [stderr] warning: unused variable: `instructions`
[INFO] [stderr]  --> src/compile.rs:6:16
[INFO] [stderr]   |
[INFO] [stderr] 6 | pub fn compile(instructions: &mut Vec<Instr>) {
[INFO] [stderr]   |                ^^^^^^^^^^^^ help: if this is intentional, prefix it with an underscore: `_instructions`
[INFO] [stderr] 
[INFO] [stderr] warning: constant `LOOP_IN` is never used
[INFO] [stderr]   --> src/instruction.rs:22:11
[INFO] [stderr]    |
[INFO] [stderr] 22 | pub const LOOP_IN: char = '(';
[INFO] [stderr]    |           ^^^^^^^
[INFO] [stderr]    |
[INFO] [stderr]    = note: `#[warn(dead_code)]` on by default
[INFO] [stderr] 
[INFO] [stderr] warning: constant `LOOP_OUT` is never used
[INFO] [stderr]   --> src/instruction.rs:23:11
[INFO] [stderr]    |
[INFO] [stderr] 23 | pub const LOOP_OUT: char = ')';
[INFO] [stderr]    |           ^^^^^^^^
[INFO] [stderr] 
[INFO] [stderr] warning: variant `Loop` is never constructed
[INFO] [stderr]   --> src/instruction.rs:51:5
[INFO] [stderr]    |
[INFO] [stderr] 30 | pub enum Instr {
[INFO] [stderr]    |          ----- variant in this enum
[INFO] [stderr] ...
[INFO] [stderr] 51 |     Loop(Body),
[INFO] [stderr]    |     ^^^^
[INFO] [stderr]    |
[INFO] [stderr]    = note: `Instr` has a derived impl for the trait `Debug`, but this is intentionally ignored during dead code analysis
[INFO] [stderr] 
[INFO] [stderr] warning: unused `Result` that must be used
[INFO] [stderr]   --> src/compile.rs:26:17
[INFO] [stderr]    |
[INFO] [stderr] 26 |                 writeln!(out_file, "{}", format!("; --- push {n} to stack\nPUSH {}", *n as i32));
[INFO] [stderr]    |                 ^^^^^^^^^^^^^^^^^^^^^^^^^^^^^^^^^^^^^^^^^^^^^^^^^^^^^^^^^^^^^^^^^^^^^^^^^^^^^^^^
[INFO] [stderr]    |
[INFO] [stderr]    = note: this `Result` may be an `Err` variant, which should be handled
[INFO] [stderr]    = note: `#[warn(unused_must_use)]` on by default
[INFO] [stderr]    = note: this warning originates in the macro `writeln` (in Nightly builds, run with -Z macro-backtrace for more info)
[INFO] [stderr] 
[INFO] [stderr] warning: `bingbang` (bin "bingbang" test) generated 8 warnings (run `cargo fix --bin "bingbang" --tests` to apply 3 suggestions)
[INFO] [stderr]     Finished test [unoptimized + debuginfo] target(s) in 0.01s
[INFO] [stderr]      Running unittests src/main.rs (/opt/rustwide/target/debug/deps/bingbang-64fa2b926537a388)
[INFO] [stdout] 
[INFO] [stdout] running 4 tests
[INFO] [stdout] test test::basic_math ... ok
[INFO] [stdout] test test::hello_world ... ok
[INFO] [stdout] test test::parse_numbers ... ok
[INFO] [stdout] test test::test_asm ... FAILED
[INFO] [stdout] 
[INFO] [stdout] failures:
[INFO] [stdout] 
[INFO] [stdout] ---- test::test_asm stdout ----
[INFO] [stdout] thread 'test::test_asm' panicked at src/compile.rs:7:5:
[INFO] [stdout] not yet implemented
[INFO] [stdout] stack backtrace:
[INFO] [stdout]    0:     0x557a3867773c - std::backtrace_rs::backtrace::libunwind::trace::ha637c64ce894333a
[INFO] [stdout]                                at /rustc/82e1608dfa6e0b5569232559e3d385fea5a93112/library/std/src/../../backtrace/src/backtrace/libunwind.rs:104:5
[INFO] [stdout]    1:     0x557a3867773c - std::backtrace_rs::backtrace::trace_unsynchronized::h47f62dea28e0c88d
[INFO] [stdout]                                at /rustc/82e1608dfa6e0b5569232559e3d385fea5a93112/library/std/src/../../backtrace/src/backtrace/mod.rs:66:5
[INFO] [stdout]    2:     0x557a3867773c - std::sys_common::backtrace::_print_fmt::h9eef0abe20ede486
[INFO] [stdout]                                at /rustc/82e1608dfa6e0b5569232559e3d385fea5a93112/library/std/src/sys_common/backtrace.rs:67:5
[INFO] [stdout]    3:     0x557a3867773c - <std::sys_common::backtrace::_print::DisplayBacktrace as core::fmt::Display>::fmt::hed7f999df88cc644
[INFO] [stdout]                                at /rustc/82e1608dfa6e0b5569232559e3d385fea5a93112/library/std/src/sys_common/backtrace.rs:44:22
[INFO] [stdout]    4:     0x557a386a20a0 - core::fmt::rt::Argument::fmt::h1539a9308b8d058d
[INFO] [stdout]                                at /rustc/82e1608dfa6e0b5569232559e3d385fea5a93112/library/core/src/fmt/rt.rs:142:9
[INFO] [stdout]    5:     0x557a386a20a0 - core::fmt::write::h3a39390d8560d9c9
[INFO] [stdout]                                at /rustc/82e1608dfa6e0b5569232559e3d385fea5a93112/library/core/src/fmt/mod.rs:1120:17
[INFO] [stdout]    6:     0x557a386750ef - std::io::Write::write_fmt::h040b369f3a0f9cbc
[INFO] [stdout]                                at /rustc/82e1608dfa6e0b5569232559e3d385fea5a93112/library/std/src/io/mod.rs:1762:15
[INFO] [stdout]    7:     0x557a38677524 - std::sys_common::backtrace::_print::h894006fb5c6f3d45
[INFO] [stdout]                                at /rustc/82e1608dfa6e0b5569232559e3d385fea5a93112/library/std/src/sys_common/backtrace.rs:47:5
[INFO] [stdout]    8:     0x557a38677524 - std::sys_common::backtrace::print::h23a2d212c6fff936
[INFO] [stdout]                                at /rustc/82e1608dfa6e0b5569232559e3d385fea5a93112/library/std/src/sys_common/backtrace.rs:34:9
[INFO] [stdout]    9:     0x557a386791e7 - std::panicking::default_hook::{{closure}}::h8a1d2ee00185001a
[INFO] [stdout]   10:     0x557a38678ed3 - std::panicking::default_hook::h6038f2eba384e475
[INFO] [stdout]                                at /rustc/82e1608dfa6e0b5569232559e3d385fea5a93112/library/std/src/panicking.rs:289:9
[INFO] [stdout]   11:     0x557a386498e7 - <alloc::boxed::Box<F,A> as core::ops::function::Fn<Args>>::call::h0ad024c9bdc6d768
[INFO] [stdout]                                at /rustc/82e1608dfa6e0b5569232559e3d385fea5a93112/library/alloc/src/boxed.rs:2021:9
[INFO] [stdout]   12:     0x557a386498e7 - test::test_main::{{closure}}::h7500b54257359db6
[INFO] [stdout]                                at /rustc/82e1608dfa6e0b5569232559e3d385fea5a93112/library/test/src/lib.rs:138:21
[INFO] [stdout]   13:     0x557a386797f8 - <alloc::boxed::Box<F,A> as core::ops::function::Fn<Args>>::call::h1f8f335eaa9cfaee
[INFO] [stdout]                                at /rustc/82e1608dfa6e0b5569232559e3d385fea5a93112/library/alloc/src/boxed.rs:2021:9
[INFO] [stdout]   14:     0x557a386797f8 - std::panicking::rust_panic_with_hook::h2b5517d590cab22e
[INFO] [stdout]                                at /rustc/82e1608dfa6e0b5569232559e3d385fea5a93112/library/std/src/panicking.rs:783:13
[INFO] [stdout]   15:     0x557a38679519 - std::panicking::begin_panic_handler::{{closure}}::h233112c06e0ef43e
[INFO] [stdout]                                at /rustc/82e1608dfa6e0b5569232559e3d385fea5a93112/library/std/src/panicking.rs:649:13
[INFO] [stdout]   16:     0x557a38677c06 - std::sys_common::backtrace::__rust_end_short_backtrace::h6e893f24d7ebbff8
[INFO] [stdout]                                at /rustc/82e1608dfa6e0b5569232559e3d385fea5a93112/library/std/src/sys_common/backtrace.rs:170:18
[INFO] [stdout]   17:     0x557a386792b2 - rust_begin_unwind
[INFO] [stdout]                                at /rustc/82e1608dfa6e0b5569232559e3d385fea5a93112/library/std/src/panicking.rs:645:5
[INFO] [stdout]   18:     0x557a38609cf5 - core::panicking::panic_fmt::hbf0e066aabfa482c
[INFO] [stdout]                                at /rustc/82e1608dfa6e0b5569232559e3d385fea5a93112/library/core/src/panicking.rs:72:14
[INFO] [stdout]   19:     0x557a38609d93 - core::panicking::panic::h195fc2a96298d4c3
[INFO] [stdout]                                at /rustc/82e1608dfa6e0b5569232559e3d385fea5a93112/library/core/src/panicking.rs:127:5
[INFO] [stdout]   20:     0x557a386117b5 - bingbang::compile::compile::hc7658474c5d120b9
[INFO] [stdout]                                at /opt/rustwide/workdir/src/compile.rs:7:5
[INFO] [stdout]   21:     0x557a3860e74b - bingbang::test::test_asm::h06d12cc41e7db632
[INFO] [stdout]                                at /opt/rustwide/workdir/src/main.rs:150:9
[INFO] [stdout]   22:     0x557a3860e6a7 - bingbang::test::test_asm::{{closure}}::hb78609a9a9d4b1dc
[INFO] [stdout]                                at /opt/rustwide/workdir/src/main.rs:148:18
[INFO] [stdout]   23:     0x557a3860ad96 - core::ops::function::FnOnce::call_once::h5d825a03df6ad4a7
[INFO] [stdout]                                at /rustc/82e1608dfa6e0b5569232559e3d385fea5a93112/library/core/src/ops/function.rs:250:5
[INFO] [stdout]   24:     0x557a3864ef3f - core::ops::function::FnOnce::call_once::h2b5d431d5046312d
[INFO] [stdout]                                at /rustc/82e1608dfa6e0b5569232559e3d385fea5a93112/library/core/src/ops/function.rs:250:5
[INFO] [stdout]   25:     0x557a3864ef3f - test::__rust_begin_short_backtrace::h7714669af176e207
[INFO] [stdout]                                at /rustc/82e1608dfa6e0b5569232559e3d385fea5a93112/library/test/src/lib.rs:628:18
[INFO] [stdout]   26:     0x557a3864df55 - test::run_test_in_process::{{closure}}::h85218797dcbcec12
[INFO] [stdout]                                at /rustc/82e1608dfa6e0b5569232559e3d385fea5a93112/library/test/src/lib.rs:651:60
[INFO] [stdout]   27:     0x557a3864df55 - <core::panic::unwind_safe::AssertUnwindSafe<F> as core::ops::function::FnOnce<()>>::call_once::h76c106ea31c14d7b
[INFO] [stdout]                                at /rustc/82e1608dfa6e0b5569232559e3d385fea5a93112/library/core/src/panic/unwind_safe.rs:272:9
[INFO] [stdout]   28:     0x557a3864df55 - std::panicking::try::do_call::h3bd5d0f6620ee946
[INFO] [stdout]                                at /rustc/82e1608dfa6e0b5569232559e3d385fea5a93112/library/std/src/panicking.rs:552:40
[INFO] [stdout]   29:     0x557a3864df55 - std::panicking::try::h232e535e4744fe31
[INFO] [stdout]                                at /rustc/82e1608dfa6e0b5569232559e3d385fea5a93112/library/std/src/panicking.rs:516:19
[INFO] [stdout]   30:     0x557a3864df55 - std::panic::catch_unwind::h3ce3bd6ca8dbac68
[INFO] [stdout]                                at /rustc/82e1608dfa6e0b5569232559e3d385fea5a93112/library/std/src/panic.rs:142:14
[INFO] [stdout]   31:     0x557a3864df55 - test::run_test_in_process::hc97b257c9621286a
[INFO] [stdout]                                at /rustc/82e1608dfa6e0b5569232559e3d385fea5a93112/library/test/src/lib.rs:651:27
[INFO] [stdout]   32:     0x557a3864df55 - test::run_test::{{closure}}::h2aa798823a438d38
[INFO] [stdout]                                at /rustc/82e1608dfa6e0b5569232559e3d385fea5a93112/library/test/src/lib.rs:574:43
[INFO] [stdout]   33:     0x557a38616216 - test::run_test::{{closure}}::h87d231c78fb59832
[INFO] [stdout]                                at /rustc/82e1608dfa6e0b5569232559e3d385fea5a93112/library/test/src/lib.rs:602:41
[INFO] [stdout]   34:     0x557a38616216 - std::sys_common::backtrace::__rust_begin_short_backtrace::he6df152596625789
[INFO] [stdout]                                at /rustc/82e1608dfa6e0b5569232559e3d385fea5a93112/library/std/src/sys_common/backtrace.rs:154:18
[INFO] [stdout]   35:     0x557a3861b2c7 - std::thread::Builder::spawn_unchecked_::{{closure}}::{{closure}}::ha94be15d1e0acf36
[INFO] [stdout]                                at /rustc/82e1608dfa6e0b5569232559e3d385fea5a93112/library/std/src/thread/mod.rs:529:17
[INFO] [stdout]   36:     0x557a3861b2c7 - <core::panic::unwind_safe::AssertUnwindSafe<F> as core::ops::function::FnOnce<()>>::call_once::h9dc6bd6372f16606
[INFO] [stdout]                                at /rustc/82e1608dfa6e0b5569232559e3d385fea5a93112/library/core/src/panic/unwind_safe.rs:272:9
[INFO] [stdout]   37:     0x557a3861b2c7 - std::panicking::try::do_call::h9057517f80303cd4
[INFO] [stdout]                                at /rustc/82e1608dfa6e0b5569232559e3d385fea5a93112/library/std/src/panicking.rs:552:40
[INFO] [stdout]   38:     0x557a3861b2c7 - std::panicking::try::he3a30b11ee45340c
[INFO] [stdout]                                at /rustc/82e1608dfa6e0b5569232559e3d385fea5a93112/library/std/src/panicking.rs:516:19
[INFO] [stdout]   39:     0x557a3861b2c7 - std::panic::catch_unwind::h410458cfd3528b8b
[INFO] [stdout]                                at /rustc/82e1608dfa6e0b5569232559e3d385fea5a93112/library/std/src/panic.rs:142:14
[INFO] [stdout]   40:     0x557a3861b2c7 - std::thread::Builder::spawn_unchecked_::{{closure}}::h72ac3bdb567b737b
[INFO] [stdout]                                at /rustc/82e1608dfa6e0b5569232559e3d385fea5a93112/library/std/src/thread/mod.rs:528:30
[INFO] [stdout]   41:     0x557a3861b2c7 - core::ops::function::FnOnce::call_once{{vtable.shim}}::h38f34da3654a8344
[INFO] [stdout]                                at /rustc/82e1608dfa6e0b5569232559e3d385fea5a93112/library/core/src/ops/function.rs:250:5
[INFO] [stdout]   42:     0x557a3867e285 - <alloc::boxed::Box<F,A> as core::ops::function::FnOnce<Args>>::call_once::hc7eafaff61e32df9
[INFO] [stdout]                                at /rustc/82e1608dfa6e0b5569232559e3d385fea5a93112/library/alloc/src/boxed.rs:2007:9
[INFO] [stdout]   43:     0x557a3867e285 - <alloc::boxed::Box<F,A> as core::ops::function::FnOnce<Args>>::call_once::h6ba4a5de48dd2304
[INFO] [stdout]                                at /rustc/82e1608dfa6e0b5569232559e3d385fea5a93112/library/alloc/src/boxed.rs:2007:9
[INFO] [stdout]   44:     0x557a3867e285 - std::sys::unix::thread::Thread::new::thread_start::he469335aef763e45
[INFO] [stdout]                                at /rustc/82e1608dfa6e0b5569232559e3d385fea5a93112/library/std/src/sys/unix/thread.rs:108:17
[INFO] [stdout]   45:     0x7f335faddac3 - <unknown>
[INFO] [stdout]   46:     0x7f335fb6ebf4 - __clone
[INFO] [stdout]   47:                0x0 - <unknown>
[INFO] [stdout] 
[INFO] [stdout] 
[INFO] [stdout] failures:
[INFO] [stdout]     test::test_asm
[INFO] [stdout] 
[INFO] [stdout] test result: FAILED. 3 passed; 1 failed; 0 ignored; 0 measured; 0 filtered out; finished in 0.02s
[INFO] [stdout] 
[INFO] [stderr] error: test failed, to rerun pass `--bin bingbang`
[INFO] running `Command { std: "docker" "inspect" "0a3a90ead15a1dc3a79ec8f6d72b1806e10f89bbfda38f62b2f54075ed0612a9", kill_on_drop: false }`
[INFO] running `Command { std: "docker" "rm" "-f" "0a3a90ead15a1dc3a79ec8f6d72b1806e10f89bbfda38f62b2f54075ed0612a9", kill_on_drop: false }`
[INFO] [stdout] 0a3a90ead15a1dc3a79ec8f6d72b1806e10f89bbfda38f62b2f54075ed0612a9
[INFO] testing Kn-Ht/bingbang against beta-2023-12-22 for beta-1.76-1
[INFO] running `Command { std: "git" "clone" "/workspace/cache/git-repos/https%3A%2F%2Fgithub.com%2FKn-Ht%2Fbingbang" "/workspace/builds/worker-0-tc2/source", kill_on_drop: false }`
[INFO] [stderr] Cloning into '/workspace/builds/worker-0-tc2/source'...
[INFO] [stderr] done.
[INFO] validating manifest of git repo https://github.com/Kn-Ht/bingbang on toolchain beta-2023-12-22
[INFO] running `Command { std: CARGO_HOME="/workspace/cargo-home" RUSTUP_HOME="/workspace/rustup-home" "/workspace/cargo-home/bin/cargo" "+beta-2023-12-22" "metadata" "--manifest-path" "Cargo.toml" "--no-deps", kill_on_drop: false }`
[INFO] started tweaking git repo https://github.com/Kn-Ht/bingbang
[INFO] finished tweaking git repo https://github.com/Kn-Ht/bingbang
[INFO] tweaked toml for git repo https://github.com/Kn-Ht/bingbang written to /workspace/builds/worker-0-tc2/source/Cargo.toml
[INFO] crate git repo https://github.com/Kn-Ht/bingbang already has a lockfile, it will not be regenerated
[INFO] running `Command { std: CARGO_HOME="/workspace/cargo-home" RUSTUP_HOME="/workspace/rustup-home" "/workspace/cargo-home/bin/cargo" "+beta-2023-12-22" "fetch" "--manifest-path" "Cargo.toml", kill_on_drop: false }`
[INFO] [stderr]     Blocking waiting for file lock on package cache
[INFO] running `Command { std: "docker" "create" "-v" "/var/lib/crater-agent-workspace/builds/worker-0-tc2/target:/opt/rustwide/target:rw,Z" "-v" "/var/lib/crater-agent-workspace/builds/worker-0-tc2/source:/opt/rustwide/workdir:ro,Z" "-v" "/var/lib/crater-agent-workspace/cargo-home:/opt/rustwide/cargo-home:ro,Z" "-v" "/var/lib/crater-agent-workspace/rustup-home:/opt/rustwide/rustup-home:ro,Z" "-e" "SOURCE_DIR=/opt/rustwide/workdir" "-e" "CARGO_TARGET_DIR=/opt/rustwide/target" "-e" "CARGO_HOME=/opt/rustwide/cargo-home" "-e" "RUSTUP_HOME=/opt/rustwide/rustup-home" "-w" "/opt/rustwide/workdir" "-m" "1610612736" "--user" "0:0" "--network" "none" "ghcr.io/rust-lang/crates-build-env/linux@sha256:2788e3201cd34a07e3172128adcd8b3090168a8e3bcc40d7c032b9dda1df7d1c" "/opt/rustwide/cargo-home/bin/cargo" "+beta-2023-12-22" "metadata" "--no-deps" "--format-version=1", kill_on_drop: false }`
[INFO] [stdout] a30c4538a3f4ebed28a3586077f7bca80ef835ff0bbb73758b79ab7c73a56841
[INFO] running `Command { std: "docker" "start" "-a" "a30c4538a3f4ebed28a3586077f7bca80ef835ff0bbb73758b79ab7c73a56841", kill_on_drop: false }`
[INFO] running `Command { std: "docker" "inspect" "a30c4538a3f4ebed28a3586077f7bca80ef835ff0bbb73758b79ab7c73a56841", kill_on_drop: false }`
[INFO] running `Command { std: "docker" "rm" "-f" "a30c4538a3f4ebed28a3586077f7bca80ef835ff0bbb73758b79ab7c73a56841", kill_on_drop: false }`
[INFO] [stdout] a30c4538a3f4ebed28a3586077f7bca80ef835ff0bbb73758b79ab7c73a56841
[INFO] running `Command { std: "docker" "create" "-v" "/var/lib/crater-agent-workspace/builds/worker-0-tc2/target:/opt/rustwide/target:rw,Z" "-v" "/var/lib/crater-agent-workspace/builds/worker-0-tc2/source:/opt/rustwide/workdir:ro,Z" "-v" "/var/lib/crater-agent-workspace/cargo-home:/opt/rustwide/cargo-home:ro,Z" "-v" "/var/lib/crater-agent-workspace/rustup-home:/opt/rustwide/rustup-home:ro,Z" "-e" "SOURCE_DIR=/opt/rustwide/workdir" "-e" "CARGO_TARGET_DIR=/opt/rustwide/target" "-e" "CARGO_INCREMENTAL=0" "-e" "RUST_BACKTRACE=full" "-e" "RUSTFLAGS=--cap-lints=warn" "-e" "RUSTDOCFLAGS=--cap-lints=warn" "-e" "CARGO_HOME=/opt/rustwide/cargo-home" "-e" "RUSTUP_HOME=/opt/rustwide/rustup-home" "-w" "/opt/rustwide/workdir" "-m" "1610612736" "--user" "0:0" "--network" "none" "ghcr.io/rust-lang/crates-build-env/linux@sha256:2788e3201cd34a07e3172128adcd8b3090168a8e3bcc40d7c032b9dda1df7d1c" "/opt/rustwide/cargo-home/bin/cargo" "+beta-2023-12-22" "build" "--frozen" "--message-format=json", kill_on_drop: false }`
[INFO] [stdout] c889870e85e2454c7eb5dcc6c126fb687f691fcf9c31063e780bd431ddc63678
[INFO] running `Command { std: "docker" "start" "-a" "c889870e85e2454c7eb5dcc6c126fb687f691fcf9c31063e780bd431ddc63678", kill_on_drop: false }`
[INFO] [stderr]    Compiling autocfg v1.1.0
[INFO] [stderr]    Compiling libc v0.2.144
[INFO] [stderr]    Compiling iana-time-zone v0.1.56
[INFO] [stderr]    Compiling num-traits v0.2.15
[INFO] [stderr]    Compiling num-integer v0.1.45
[INFO] [stderr]    Compiling time v0.1.45
[INFO] [stderr]    Compiling chrono v0.4.24
[INFO] [stderr]    Compiling bingbang v0.1.0 (/opt/rustwide/workdir)
[INFO] [stdout] warning: unused import: `compile::compile`
[INFO] [stdout]   --> src/main.rs:14:5
[INFO] [stdout]    |
[INFO] [stdout] 14 | use compile::compile;
[INFO] [stdout]    |     ^^^^^^^^^^^^^^^^
[INFO] [stdout]    |
[INFO] [stdout]    = note: `#[warn(unused_imports)]` on by default
[INFO] [stdout] 
[INFO] [stdout] 
[INFO] [stdout] warning: unreachable statement
[INFO] [stdout]   --> src/compile.rs:9:5
[INFO] [stdout]    |
[INFO] [stdout] 7  |       todo!();
[INFO] [stdout]    |       ------- any code following this expression is unreachable
[INFO] [stdout] 8  |
[INFO] [stdout] 9  | /     if std::path::Path::new("out.rs").is_file() {
[INFO] [stdout] 10 | |         std::fs::remove_file("out.rs").unwrap();
[INFO] [stdout] 11 | |     }
[INFO] [stdout]    | |_____^ unreachable statement
[INFO] [stdout]    |
[INFO] [stdout]    = note: `#[warn(unreachable_code)]` on by default
[INFO] [stdout] 
[INFO] [stdout] 
[INFO] [stdout] warning: unused variable: `body`
[INFO] [stdout]    --> src/interpret.rs:359:25
[INFO] [stdout]     |
[INFO] [stdout] 359 |             Instr::Loop(body) => {
[INFO] [stdout]     |                         ^^^^ help: if this is intentional, prefix it with an underscore: `_body`
[INFO] [stdout]     |
[INFO] [stdout]     = note: `#[warn(unused_variables)]` on by default
[INFO] [stdout] 
[INFO] [stdout] 
[INFO] [stdout] warning: unused variable: `instructions`
[INFO] [stdout]  --> src/compile.rs:6:16
[INFO] [stdout]   |
[INFO] [stdout] 6 | pub fn compile(instructions: &mut Vec<Instr>) {
[INFO] [stdout]   |                ^^^^^^^^^^^^ help: if this is intentional, prefix it with an underscore: `_instructions`
[INFO] [stdout] 
[INFO] [stdout] 
[INFO] [stdout] warning: constant `LOOP_IN` is never used
[INFO] [stdout]   --> src/instruction.rs:22:11
[INFO] [stdout]    |
[INFO] [stdout] 22 | pub const LOOP_IN: char = '(';
[INFO] [stdout]    |           ^^^^^^^
[INFO] [stdout]    |
[INFO] [stdout]    = note: `#[warn(dead_code)]` on by default
[INFO] [stdout] 
[INFO] [stdout] 
[INFO] [stdout] warning: constant `LOOP_OUT` is never used
[INFO] [stdout]   --> src/instruction.rs:23:11
[INFO] [stdout]    |
[INFO] [stdout] 23 | pub const LOOP_OUT: char = ')';
[INFO] [stdout]    |           ^^^^^^^^
[INFO] [stdout] 
[INFO] [stdout] 
[INFO] [stdout] warning: variant `Loop` is never constructed
[INFO] [stdout]   --> src/instruction.rs:51:5
[INFO] [stdout]    |
[INFO] [stdout] 30 | pub enum Instr {
[INFO] [stdout]    |          ----- variant in this enum
[INFO] [stdout] ...
[INFO] [stdout] 51 |     Loop(Body),
[INFO] [stdout]    |     ^^^^
[INFO] [stdout]    |
[INFO] [stdout]    = note: `Instr` has a derived impl for the trait `Debug`, but this is intentionally ignored during dead code analysis
[INFO] [stdout] 
[INFO] [stdout] 
[INFO] [stdout] warning: function `compile` is never used
[INFO] [stdout]  --> src/compile.rs:6:8
[INFO] [stdout]   |
[INFO] [stdout] 6 | pub fn compile(instructions: &mut Vec<Instr>) {
[INFO] [stdout]   |        ^^^^^^^
[INFO] [stdout] 
[INFO] [stdout] 
[INFO] [stdout] warning: unused `Result` that must be used
[INFO] [stdout]   --> src/compile.rs:26:17
[INFO] [stdout]    |
[INFO] [stdout] 26 |                 writeln!(out_file, "{}", format!("; --- push {n} to stack\nPUSH {}", *n as i32));
[INFO] [stdout]    |                 ^^^^^^^^^^^^^^^^^^^^^^^^^^^^^^^^^^^^^^^^^^^^^^^^^^^^^^^^^^^^^^^^^^^^^^^^^^^^^^^^
[INFO] [stdout]    |
[INFO] [stdout]    = note: this `Result` may be an `Err` variant, which should be handled
[INFO] [stdout]    = note: `#[warn(unused_must_use)]` on by default
[INFO] [stdout]    = note: this warning originates in the macro `writeln` (in Nightly builds, run with -Z macro-backtrace for more info)
[INFO] [stdout] 
[INFO] [stdout] 
[INFO] [stdout] warning: 9 warnings emitted
[INFO] [stdout] 
[INFO] [stdout] 
[INFO] [stderr]     Finished dev [unoptimized + debuginfo] target(s) in 3.42s
[INFO] running `Command { std: "docker" "inspect" "c889870e85e2454c7eb5dcc6c126fb687f691fcf9c31063e780bd431ddc63678", kill_on_drop: false }`
[INFO] running `Command { std: "docker" "rm" "-f" "c889870e85e2454c7eb5dcc6c126fb687f691fcf9c31063e780bd431ddc63678", kill_on_drop: false }`
[INFO] [stdout] c889870e85e2454c7eb5dcc6c126fb687f691fcf9c31063e780bd431ddc63678
[INFO] running `Command { std: "docker" "create" "-v" "/var/lib/crater-agent-workspace/builds/worker-0-tc2/target:/opt/rustwide/target:rw,Z" "-v" "/var/lib/crater-agent-workspace/builds/worker-0-tc2/source:/opt/rustwide/workdir:ro,Z" "-v" "/var/lib/crater-agent-workspace/cargo-home:/opt/rustwide/cargo-home:ro,Z" "-v" "/var/lib/crater-agent-workspace/rustup-home:/opt/rustwide/rustup-home:ro,Z" "-e" "SOURCE_DIR=/opt/rustwide/workdir" "-e" "CARGO_TARGET_DIR=/opt/rustwide/target" "-e" "CARGO_INCREMENTAL=0" "-e" "RUST_BACKTRACE=full" "-e" "RUSTFLAGS=--cap-lints=warn" "-e" "RUSTDOCFLAGS=--cap-lints=warn" "-e" "CARGO_HOME=/opt/rustwide/cargo-home" "-e" "RUSTUP_HOME=/opt/rustwide/rustup-home" "-w" "/opt/rustwide/workdir" "-m" "1610612736" "--user" "0:0" "--network" "none" "ghcr.io/rust-lang/crates-build-env/linux@sha256:2788e3201cd34a07e3172128adcd8b3090168a8e3bcc40d7c032b9dda1df7d1c" "/opt/rustwide/cargo-home/bin/cargo" "+beta-2023-12-22" "test" "--frozen" "--no-run" "--message-format=json", kill_on_drop: false }`
[INFO] [stdout] 58d73ae910e0a16379c3ed1f026644d7be81a677e3d3ceb471ca718a05c3336c
[INFO] running `Command { std: "docker" "start" "-a" "58d73ae910e0a16379c3ed1f026644d7be81a677e3d3ceb471ca718a05c3336c", kill_on_drop: false }`
[INFO] [stderr]    Compiling bingbang v0.1.0 (/opt/rustwide/workdir)
[INFO] [stdout] warning: unused import: `compile::compile`
[INFO] [stdout]   --> src/main.rs:14:5
[INFO] [stdout]    |
[INFO] [stdout] 14 | use compile::compile;
[INFO] [stdout]    |     ^^^^^^^^^^^^^^^^
[INFO] [stdout]    |
[INFO] [stdout]    = note: `#[warn(unused_imports)]` on by default
[INFO] [stdout] 
[INFO] [stdout] 
[INFO] [stdout] warning: unreachable statement
[INFO] [stdout]   --> src/compile.rs:9:5
[INFO] [stdout]    |
[INFO] [stdout] 7  |       todo!();
[INFO] [stdout]    |       ------- any code following this expression is unreachable
[INFO] [stdout] 8  |
[INFO] [stdout] 9  | /     if std::path::Path::new("out.rs").is_file() {
[INFO] [stdout] 10 | |         std::fs::remove_file("out.rs").unwrap();
[INFO] [stdout] 11 | |     }
[INFO] [stdout]    | |_____^ unreachable statement
[INFO] [stdout]    |
[INFO] [stdout]    = note: `#[warn(unreachable_code)]` on by default
[INFO] [stdout] 
[INFO] [stdout] 
[INFO] [stdout] warning: unused variable: `body`
[INFO] [stdout]    --> src/interpret.rs:359:25
[INFO] [stdout]     |
[INFO] [stdout] 359 |             Instr::Loop(body) => {
[INFO] [stdout]     |                         ^^^^ help: if this is intentional, prefix it with an underscore: `_body`
[INFO] [stdout]     |
[INFO] [stdout]     = note: `#[warn(unused_variables)]` on by default
[INFO] [stdout] 
[INFO] [stdout] 
[INFO] [stdout] warning: unused variable: `instructions`
[INFO] [stdout]  --> src/compile.rs:6:16
[INFO] [stdout]   |
[INFO] [stdout] 6 | pub fn compile(instructions: &mut Vec<Instr>) {
[INFO] [stdout]   |                ^^^^^^^^^^^^ help: if this is intentional, prefix it with an underscore: `_instructions`
[INFO] [stdout] 
[INFO] [stdout] 
[INFO] [stdout] warning: constant `LOOP_IN` is never used
[INFO] [stdout]   --> src/instruction.rs:22:11
[INFO] [stdout]    |
[INFO] [stdout] 22 | pub const LOOP_IN: char = '(';
[INFO] [stdout]    |           ^^^^^^^
[INFO] [stdout]    |
[INFO] [stdout]    = note: `#[warn(dead_code)]` on by default
[INFO] [stdout] 
[INFO] [stdout] 
[INFO] [stdout] warning: constant `LOOP_OUT` is never used
[INFO] [stdout]   --> src/instruction.rs:23:11
[INFO] [stdout]    |
[INFO] [stdout] 23 | pub const LOOP_OUT: char = ')';
[INFO] [stdout]    |           ^^^^^^^^
[INFO] [stdout] 
[INFO] [stdout] 
[INFO] [stdout] warning: variant `Loop` is never constructed
[INFO] [stdout]   --> src/instruction.rs:51:5
[INFO] [stdout]    |
[INFO] [stdout] 30 | pub enum Instr {
[INFO] [stdout]    |          ----- variant in this enum
[INFO] [stdout] ...
[INFO] [stdout] 51 |     Loop(Body),
[INFO] [stdout]    |     ^^^^
[INFO] [stdout]    |
[INFO] [stdout]    = note: `Instr` has a derived impl for the trait `Debug`, but this is intentionally ignored during dead code analysis
[INFO] [stdout] 
[INFO] [stdout] 
[INFO] [stdout] warning: unused `Result` that must be used
[INFO] [stdout]   --> src/compile.rs:26:17
[INFO] [stdout]    |
[INFO] [stdout] 26 |                 writeln!(out_file, "{}", format!("; --- push {n} to stack\nPUSH {}", *n as i32));
[INFO] [stdout]    |                 ^^^^^^^^^^^^^^^^^^^^^^^^^^^^^^^^^^^^^^^^^^^^^^^^^^^^^^^^^^^^^^^^^^^^^^^^^^^^^^^^
[INFO] [stdout]    |
[INFO] [stdout]    = note: this `Result` may be an `Err` variant, which should be handled
[INFO] [stdout]    = note: `#[warn(unused_must_use)]` on by default
[INFO] [stdout]    = note: this warning originates in the macro `writeln` (in Nightly builds, run with -Z macro-backtrace for more info)
[INFO] [stdout] 
[INFO] [stdout] 
[INFO] [stdout] warning: 8 warnings emitted
[INFO] [stdout] 
[INFO] [stdout] 
[INFO] [stderr]     Finished test [unoptimized + debuginfo] target(s) in 0.66s
[INFO] running `Command { std: "docker" "inspect" "58d73ae910e0a16379c3ed1f026644d7be81a677e3d3ceb471ca718a05c3336c", kill_on_drop: false }`
[INFO] running `Command { std: "docker" "rm" "-f" "58d73ae910e0a16379c3ed1f026644d7be81a677e3d3ceb471ca718a05c3336c", kill_on_drop: false }`
[INFO] [stdout] 58d73ae910e0a16379c3ed1f026644d7be81a677e3d3ceb471ca718a05c3336c
[INFO] running `Command { std: "docker" "create" "-v" "/var/lib/crater-agent-workspace/builds/worker-0-tc2/target:/opt/rustwide/target:rw,Z" "-v" "/var/lib/crater-agent-workspace/builds/worker-0-tc2/source:/opt/rustwide/workdir:ro,Z" "-v" "/var/lib/crater-agent-workspace/cargo-home:/opt/rustwide/cargo-home:ro,Z" "-v" "/var/lib/crater-agent-workspace/rustup-home:/opt/rustwide/rustup-home:ro,Z" "-e" "SOURCE_DIR=/opt/rustwide/workdir" "-e" "CARGO_TARGET_DIR=/opt/rustwide/target" "-e" "CARGO_INCREMENTAL=0" "-e" "RUST_BACKTRACE=full" "-e" "RUSTFLAGS=--cap-lints=warn" "-e" "RUSTDOCFLAGS=--cap-lints=warn" "-e" "CARGO_HOME=/opt/rustwide/cargo-home" "-e" "RUSTUP_HOME=/opt/rustwide/rustup-home" "-w" "/opt/rustwide/workdir" "-m" "1610612736" "--user" "0:0" "--network" "none" "ghcr.io/rust-lang/crates-build-env/linux@sha256:2788e3201cd34a07e3172128adcd8b3090168a8e3bcc40d7c032b9dda1df7d1c" "/opt/rustwide/cargo-home/bin/cargo" "+beta-2023-12-22" "test" "--frozen", kill_on_drop: false }`
[INFO] [stdout] bd3919c9b9490f889300c0ace96753db0c139ec49d52d43ffb14f8ba31e395a4
[INFO] running `Command { std: "docker" "start" "-a" "bd3919c9b9490f889300c0ace96753db0c139ec49d52d43ffb14f8ba31e395a4", kill_on_drop: false }`
[INFO] [stderr] warning: unused import: `compile::compile`
[INFO] [stderr]   --> src/main.rs:14:5
[INFO] [stderr]    |
[INFO] [stderr] 14 | use compile::compile;
[INFO] [stderr]    |     ^^^^^^^^^^^^^^^^
[INFO] [stderr]    |
[INFO] [stderr]    = note: `#[warn(unused_imports)]` on by default
[INFO] [stderr] 
[INFO] [stderr] warning: unreachable statement
[INFO] [stderr]   --> src/compile.rs:9:5
[INFO] [stderr]    |
[INFO] [stderr] 7  |       todo!();
[INFO] [stderr]    |       ------- any code following this expression is unreachable
[INFO] [stderr] 8  |
[INFO] [stderr] 9  | /     if std::path::Path::new("out.rs").is_file() {
[INFO] [stderr] 10 | |         std::fs::remove_file("out.rs").unwrap();
[INFO] [stderr] 11 | |     }
[INFO] [stderr]    | |_____^ unreachable statement
[INFO] [stderr]    |
[INFO] [stderr]    = note: `#[warn(unreachable_code)]` on by default
[INFO] [stderr] 
[INFO] [stderr] warning: unused variable: `body`
[INFO] [stderr]    --> src/interpret.rs:359:25
[INFO] [stderr]     |
[INFO] [stderr] 359 |             Instr::Loop(body) => {
[INFO] [stderr]     |                         ^^^^ help: if this is intentional, prefix it with an underscore: `_body`
[INFO] [stderr]     |
[INFO] [stderr]     = note: `#[warn(unused_variables)]` on by default
[INFO] [stderr] 
[INFO] [stderr] warning: unused variable: `instructions`
[INFO] [stderr]  --> src/compile.rs:6:16
[INFO] [stderr]   |
[INFO] [stderr] 6 | pub fn compile(instructions: &mut Vec<Instr>) {
[INFO] [stderr]   |                ^^^^^^^^^^^^ help: if this is intentional, prefix it with an underscore: `_instructions`
[INFO] [stderr] 
[INFO] [stderr] warning: constant `LOOP_IN` is never used
[INFO] [stderr]   --> src/instruction.rs:22:11
[INFO] [stderr]    |
[INFO] [stderr] 22 | pub const LOOP_IN: char = '(';
[INFO] [stderr]    |           ^^^^^^^
[INFO] [stderr]    |
[INFO] [stderr]    = note: `#[warn(dead_code)]` on by default
[INFO] [stderr] 
[INFO] [stderr] warning: constant `LOOP_OUT` is never used
[INFO] [stderr]   --> src/instruction.rs:23:11
[INFO] [stderr]    |
[INFO] [stderr] 23 | pub const LOOP_OUT: char = ')';
[INFO] [stderr]    |           ^^^^^^^^
[INFO] [stderr] 
[INFO] [stderr] warning: variant `Loop` is never constructed
[INFO] [stderr]   --> src/instruction.rs:51:5
[INFO] [stderr]    |
[INFO] [stderr] 30 | pub enum Instr {
[INFO] [stderr]    |          ----- variant in this enum
[INFO] [stderr] ...
[INFO] [stderr] 51 |     Loop(Body),
[INFO] [stderr]    |     ^^^^
[INFO] [stderr]    |
[INFO] [stderr]    = note: `Instr` has a derived impl for the trait `Debug`, but this is intentionally ignored during dead code analysis
[INFO] [stderr] 
[INFO] [stderr] warning: unused `Result` that must be used
[INFO] [stderr]   --> src/compile.rs:26:17
[INFO] [stderr]    |
[INFO] [stderr] 26 |                 writeln!(out_file, "{}", format!("; --- push {n} to stack\nPUSH {}", *n as i32));
[INFO] [stderr]    |                 ^^^^^^^^^^^^^^^^^^^^^^^^^^^^^^^^^^^^^^^^^^^^^^^^^^^^^^^^^^^^^^^^^^^^^^^^^^^^^^^^
[INFO] [stderr]    |
[INFO] [stderr]    = note: this `Result` may be an `Err` variant, which should be handled
[INFO] [stderr]    = note: `#[warn(unused_must_use)]` on by default
[INFO] [stderr]    = note: this warning originates in the macro `writeln` (in Nightly builds, run with -Z macro-backtrace for more info)
[INFO] [stderr] 
[INFO] [stderr] warning: `bingbang` (bin "bingbang" test) generated 8 warnings (run `cargo fix --bin "bingbang" --tests` to apply 3 suggestions)
[INFO] [stderr]     Finished test [unoptimized + debuginfo] target(s) in 0.03s
[INFO] [stderr]      Running unittests src/main.rs (/opt/rustwide/target/debug/deps/bingbang-fa00b434d67dddc3)
[INFO] [stdout] 
[INFO] [stdout] running 4 tests
[INFO] [stdout] test test::basic_math ... ok
[INFO] [stdout] test test::parse_numbers ... ok
[INFO] [stdout] test test::hello_world ... ok
[INFO] [stdout] test test::test_asm ... FAILED
[INFO] [stdout] 
[INFO] [stdout] failures:
[INFO] [stdout] 
[INFO] [stdout] ---- test::test_asm stdout ----
[INFO] [stdout] thread 'test::test_asm' panicked at src/compile.rs:7:5:
[INFO] [stdout] not yet implemented
[INFO] [stdout] stack backtrace:
[INFO] [stdout]    0:     0x559dff6d4f06 - std::backtrace_rs::backtrace::libunwind::trace::h261606ad26a499c1
[INFO] [stdout]                                at /rustc/0e09125c6c3c2fd70d7de961bcf0e51575235fad/library/std/src/../../backtrace/src/backtrace/libunwind.rs:104:5
[INFO] [stdout]    1:     0x559dff6d4f06 - std::backtrace_rs::backtrace::trace_unsynchronized::hd183f0625477fb28
[INFO] [stdout]                                at /rustc/0e09125c6c3c2fd70d7de961bcf0e51575235fad/library/std/src/../../backtrace/src/backtrace/mod.rs:66:5
[INFO] [stdout]    2:     0x559dff6d4f06 - std::sys_common::backtrace::_print_fmt::hd7f8fef21b4eda67
[INFO] [stdout]                                at /rustc/0e09125c6c3c2fd70d7de961bcf0e51575235fad/library/std/src/sys_common/backtrace.rs:68:5
[INFO] [stdout]    3:     0x559dff6d4f06 - <std::sys_common::backtrace::_print::DisplayBacktrace as core::fmt::Display>::fmt::h623d9b51f2f453f1
[INFO] [stdout]                                at /rustc/0e09125c6c3c2fd70d7de961bcf0e51575235fad/library/std/src/sys_common/backtrace.rs:44:22
[INFO] [stdout]    4:     0x559dff6feb60 - core::fmt::rt::Argument::fmt::h9f417ac76a86f368
[INFO] [stdout]                                at /rustc/0e09125c6c3c2fd70d7de961bcf0e51575235fad/library/core/src/fmt/rt.rs:142:9
[INFO] [stdout]    5:     0x559dff6feb60 - core::fmt::write::hc9b6faf4ac2aeff7
[INFO] [stdout]                                at /rustc/0e09125c6c3c2fd70d7de961bcf0e51575235fad/library/core/src/fmt/mod.rs:1120:17
[INFO] [stdout]    6:     0x559dff6d296f - std::io::Write::write_fmt::he04625a3a989fec3
[INFO] [stdout]                                at /rustc/0e09125c6c3c2fd70d7de961bcf0e51575235fad/library/std/src/io/mod.rs:1810:15
[INFO] [stdout]    7:     0x559dff6d4ce4 - std::sys_common::backtrace::_print::hd5d66399c7df88a2
[INFO] [stdout]                                at /rustc/0e09125c6c3c2fd70d7de961bcf0e51575235fad/library/std/src/sys_common/backtrace.rs:47:5
[INFO] [stdout]    8:     0x559dff6d4ce4 - std::sys_common::backtrace::print::he81ed2da642d37e5
[INFO] [stdout]                                at /rustc/0e09125c6c3c2fd70d7de961bcf0e51575235fad/library/std/src/sys_common/backtrace.rs:34:9
[INFO] [stdout]    9:     0x559dff6d6a57 - std::panicking::default_hook::{{closure}}::h85773f4fa117163d
[INFO] [stdout]   10:     0x559dff6d673d - std::panicking::default_hook::h6a1694a91d09b278
[INFO] [stdout]                                at /rustc/0e09125c6c3c2fd70d7de961bcf0e51575235fad/library/std/src/panicking.rs:289:9
[INFO] [stdout]   11:     0x559dff6a6917 - <alloc::boxed::Box<F,A> as core::ops::function::Fn<Args>>::call::h616ac37fa3cd6c8f
[INFO] [stdout]                                at /rustc/0e09125c6c3c2fd70d7de961bcf0e51575235fad/library/alloc/src/boxed.rs:2029:9
[INFO] [stdout]   12:     0x559dff6a6917 - test::test_main::{{closure}}::h00d84697cefdcbb6
[INFO] [stdout]                                at /rustc/0e09125c6c3c2fd70d7de961bcf0e51575235fad/library/test/src/lib.rs:138:21
[INFO] [stdout]   13:     0x559dff6d7076 - <alloc::boxed::Box<F,A> as core::ops::function::Fn<Args>>::call::hcb3fe3b9bb537ba8
[INFO] [stdout]                                at /rustc/0e09125c6c3c2fd70d7de961bcf0e51575235fad/library/alloc/src/boxed.rs:2029:9
[INFO] [stdout]   14:     0x559dff6d7076 - std::panicking::rust_panic_with_hook::h0a7ad96e90f7145b
[INFO] [stdout]                                at /rustc/0e09125c6c3c2fd70d7de961bcf0e51575235fad/library/std/src/panicking.rs:783:13
[INFO] [stdout]   15:     0x559dff6d6d89 - std::panicking::begin_panic_handler::{{closure}}::h7919090525c6485e
[INFO] [stdout]                                at /rustc/0e09125c6c3c2fd70d7de961bcf0e51575235fad/library/std/src/panicking.rs:649:13
[INFO] [stdout]   16:     0x559dff6d5406 - std::sys_common::backtrace::__rust_end_short_backtrace::hf3289479464f7dfe
[INFO] [stdout]                                at /rustc/0e09125c6c3c2fd70d7de961bcf0e51575235fad/library/std/src/sys_common/backtrace.rs:171:18
[INFO] [stdout]   17:     0x559dff6d6b20 - rust_begin_unwind
[INFO] [stdout]                                at /rustc/0e09125c6c3c2fd70d7de961bcf0e51575235fad/library/std/src/panicking.rs:645:5
[INFO] [stdout]   18:     0x559dff665cd5 - core::panicking::panic_fmt::hcc9f77c5c132af55
[INFO] [stdout]                                at /rustc/0e09125c6c3c2fd70d7de961bcf0e51575235fad/library/core/src/panicking.rs:72:14
[INFO] [stdout]   19:     0x559dff665d93 - core::panicking::panic::h5a1259c1164bd480
[INFO] [stdout]                                at /rustc/0e09125c6c3c2fd70d7de961bcf0e51575235fad/library/core/src/panicking.rs:144:5
[INFO] [stdout]   20:     0x559dff669b35 - bingbang::compile::compile::h382de3f9d6d5b189
[INFO] [stdout]                                at /opt/rustwide/workdir/src/compile.rs:7:5
[INFO] [stdout]   21:     0x559dff66a64b - bingbang::test::test_asm::h89afe776c4980f5b
[INFO] [stdout]                                at /opt/rustwide/workdir/src/main.rs:150:9
[INFO] [stdout]   22:     0x559dff66a5a7 - bingbang::test::test_asm::{{closure}}::h82b28a38c7e771ce
[INFO] [stdout]                                at /opt/rustwide/workdir/src/main.rs:148:18
[INFO] [stdout]   23:     0x559dff66ab26 - core::ops::function::FnOnce::call_once::hbe90e1f15fb3b83e
[INFO] [stdout]                                at /rustc/0e09125c6c3c2fd70d7de961bcf0e51575235fad/library/core/src/ops/function.rs:250:5
[INFO] [stdout]   24:     0x559dff6ac1ef - core::ops::function::FnOnce::call_once::hd64d26f405258157
[INFO] [stdout]                                at /rustc/0e09125c6c3c2fd70d7de961bcf0e51575235fad/library/core/src/ops/function.rs:250:5
[INFO] [stdout]   25:     0x559dff6ac1ef - test::__rust_begin_short_backtrace::he21b0b7a6d731bf9
[INFO] [stdout]                                at /rustc/0e09125c6c3c2fd70d7de961bcf0e51575235fad/library/test/src/lib.rs:627:18
[INFO] [stdout]   26:     0x559dff6aaf71 - test::run_test_in_process::{{closure}}::hf5c73986d7bdfde2
[INFO] [stdout]                                at /rustc/0e09125c6c3c2fd70d7de961bcf0e51575235fad/library/test/src/lib.rs:650:60
[INFO] [stdout]   27:     0x559dff6aaf71 - <core::panic::unwind_safe::AssertUnwindSafe<F> as core::ops::function::FnOnce<()>>::call_once::h330011ad032aadc0
[INFO] [stdout]                                at /rustc/0e09125c6c3c2fd70d7de961bcf0e51575235fad/library/core/src/panic/unwind_safe.rs:272:9
[INFO] [stdout]   28:     0x559dff6aaf71 - std::panicking::try::do_call::he61b0a958b795a41
[INFO] [stdout]                                at /rustc/0e09125c6c3c2fd70d7de961bcf0e51575235fad/library/std/src/panicking.rs:552:40
[INFO] [stdout]   29:     0x559dff6aaf71 - std::panicking::try::h7309da130f906eb7
[INFO] [stdout]                                at /rustc/0e09125c6c3c2fd70d7de961bcf0e51575235fad/library/std/src/panicking.rs:516:19
[INFO] [stdout]   30:     0x559dff6aaf71 - std::panic::catch_unwind::hc5c3a06fdaf0a92a
[INFO] [stdout]                                at /rustc/0e09125c6c3c2fd70d7de961bcf0e51575235fad/library/std/src/panic.rs:142:14
[INFO] [stdout]   31:     0x559dff6aaf71 - test::run_test_in_process::h7e7b7c71c3324e0f
[INFO] [stdout]                                at /rustc/0e09125c6c3c2fd70d7de961bcf0e51575235fad/library/test/src/lib.rs:650:27
[INFO] [stdout]   32:     0x559dff6aaf71 - test::run_test::{{closure}}::h1f509f28f5cf20b1
[INFO] [stdout]                                at /rustc/0e09125c6c3c2fd70d7de961bcf0e51575235fad/library/test/src/lib.rs:573:43
[INFO] [stdout]   33:     0x559dff6722a6 - test::run_test::{{closure}}::h1754218abf443f6d
[INFO] [stdout]                                at /rustc/0e09125c6c3c2fd70d7de961bcf0e51575235fad/library/test/src/lib.rs:601:41
[INFO] [stdout]   34:     0x559dff6722a6 - std::sys_common::backtrace::__rust_begin_short_backtrace::h2ee174b9d5954948
[INFO] [stdout]                                at /rustc/0e09125c6c3c2fd70d7de961bcf0e51575235fad/library/std/src/sys_common/backtrace.rs:155:18
[INFO] [stdout]   35:     0x559dff677307 - std::thread::Builder::spawn_unchecked_::{{closure}}::{{closure}}::hf60bee9c1a17ef09
[INFO] [stdout]                                at /rustc/0e09125c6c3c2fd70d7de961bcf0e51575235fad/library/std/src/thread/mod.rs:529:17
[INFO] [stdout]   36:     0x559dff677307 - <core::panic::unwind_safe::AssertUnwindSafe<F> as core::ops::function::FnOnce<()>>::call_once::h33d0dddec5216160
[INFO] [stdout]                                at /rustc/0e09125c6c3c2fd70d7de961bcf0e51575235fad/library/core/src/panic/unwind_safe.rs:272:9
[INFO] [stdout]   37:     0x559dff677307 - std::panicking::try::do_call::h144b3048b546f835
[INFO] [stdout]                                at /rustc/0e09125c6c3c2fd70d7de961bcf0e51575235fad/library/std/src/panicking.rs:552:40
[INFO] [stdout]   38:     0x559dff677307 - std::panicking::try::h978244d04646189f
[INFO] [stdout]                                at /rustc/0e09125c6c3c2fd70d7de961bcf0e51575235fad/library/std/src/panicking.rs:516:19
[INFO] [stdout]   39:     0x559dff677307 - std::panic::catch_unwind::hdf436369d188fe86
[INFO] [stdout]                                at /rustc/0e09125c6c3c2fd70d7de961bcf0e51575235fad/library/std/src/panic.rs:142:14
[INFO] [stdout]   40:     0x559dff677307 - std::thread::Builder::spawn_unchecked_::{{closure}}::h87329cbdd33c79ec
[INFO] [stdout]                                at /rustc/0e09125c6c3c2fd70d7de961bcf0e51575235fad/library/std/src/thread/mod.rs:528:30
[INFO] [stdout]   41:     0x559dff677307 - core::ops::function::FnOnce::call_once{{vtable.shim}}::h401abbe67897d450
[INFO] [stdout]                                at /rustc/0e09125c6c3c2fd70d7de961bcf0e51575235fad/library/core/src/ops/function.rs:250:5
[INFO] [stdout]   42:     0x559dff6dbb25 - <alloc::boxed::Box<F,A> as core::ops::function::FnOnce<Args>>::call_once::h5d7c8f150ab9c84c
[INFO] [stdout]                                at /rustc/0e09125c6c3c2fd70d7de961bcf0e51575235fad/library/alloc/src/boxed.rs:2015:9
[INFO] [stdout]   43:     0x559dff6dbb25 - <alloc::boxed::Box<F,A> as core::ops::function::FnOnce<Args>>::call_once::h570d5b005c242c15
[INFO] [stdout]                                at /rustc/0e09125c6c3c2fd70d7de961bcf0e51575235fad/library/alloc/src/boxed.rs:2015:9
[INFO] [stdout]   44:     0x559dff6dbb25 - std::sys::unix::thread::Thread::new::thread_start::h36b0a20c0b2361ad
[INFO] [stdout]                                at /rustc/0e09125c6c3c2fd70d7de961bcf0e51575235fad/library/std/src/sys/unix/thread.rs:108:17
[INFO] [stdout]   45:     0x7f727a324ac3 - <unknown>
[INFO] [stdout]   46:     0x7f727a3b5bf4 - __clone
[INFO] [stdout]   47:                0x0 - <unknown>
[INFO] [stdout] 
[INFO] [stdout] 
[INFO] [stdout] failures:
[INFO] [stdout]     test::test_asm
[INFO] [stdout] 
[INFO] [stdout] test result: FAILED. 3 passed; 1 failed; 0 ignored; 0 measured; 0 filtered out; finished in 0.04s
[INFO] [stdout] 
[INFO] [stderr] error: test failed, to rerun pass `--bin bingbang`
[INFO] running `Command { std: "docker" "inspect" "bd3919c9b9490f889300c0ace96753db0c139ec49d52d43ffb14f8ba31e395a4", kill_on_drop: false }`
[INFO] running `Command { std: "docker" "rm" "-f" "bd3919c9b9490f889300c0ace96753db0c139ec49d52d43ffb14f8ba31e395a4", kill_on_drop: false }`
[INFO] [stdout] bd3919c9b9490f889300c0ace96753db0c139ec49d52d43ffb14f8ba31e395a4
