[INFO] cloning repository https://github.com/JosephLing/rubyToSwaggerDocs
[INFO] running `Command { std: "git" "-c" "credential.helper=" "-c" "credential.helper=/workspace/cargo-home/bin/git-credential-null" "clone" "--bare" "https://github.com/JosephLing/rubyToSwaggerDocs" "/workspace/cache/git-repos/https%3A%2F%2Fgithub.com%2FJosephLing%2FrubyToSwaggerDocs", kill_on_drop: false }`
[INFO] [stderr] Cloning into bare repository '/workspace/cache/git-repos/https%3A%2F%2Fgithub.com%2FJosephLing%2FrubyToSwaggerDocs'...
[INFO] running `Command { std: "git" "rev-parse" "HEAD", kill_on_drop: false }`
[INFO] [stdout] f242185d1345e7c8bb0e220626d746077add15d3
[INFO] testing JosephLing/rubyToSwaggerDocs against 1.75.0 for beta-1.76-1
[INFO] running `Command { std: "git" "clone" "/workspace/cache/git-repos/https%3A%2F%2Fgithub.com%2FJosephLing%2FrubyToSwaggerDocs" "/workspace/builds/worker-7-tc1/source", kill_on_drop: false }`
[INFO] [stderr] Cloning into '/workspace/builds/worker-7-tc1/source'...
[INFO] [stderr] done.
[INFO] validating manifest of git repo https://github.com/JosephLing/rubyToSwaggerDocs on toolchain 1.75.0
[INFO] running `Command { std: CARGO_HOME="/workspace/cargo-home" RUSTUP_HOME="/workspace/rustup-home" "/workspace/cargo-home/bin/cargo" "+1.75.0" "metadata" "--manifest-path" "Cargo.toml" "--no-deps", kill_on_drop: false }`
[INFO] started tweaking git repo https://github.com/JosephLing/rubyToSwaggerDocs
[INFO] finished tweaking git repo https://github.com/JosephLing/rubyToSwaggerDocs
[INFO] tweaked toml for git repo https://github.com/JosephLing/rubyToSwaggerDocs written to /workspace/builds/worker-7-tc1/source/Cargo.toml
[INFO] crate git repo https://github.com/JosephLing/rubyToSwaggerDocs already has a lockfile, it will not be regenerated
[INFO] running `Command { std: CARGO_HOME="/workspace/cargo-home" RUSTUP_HOME="/workspace/rustup-home" "/workspace/cargo-home/bin/cargo" "+1.75.0" "fetch" "--manifest-path" "Cargo.toml", kill_on_drop: false }`
[INFO] [stderr]     Updating crates.io index
[INFO] [stderr]  Downloading crates ...
[INFO] [stderr]   Downloaded argh_shared v0.1.4
[INFO] [stderr]   Downloaded argh_derive v0.1.4
[INFO] [stderr]   Downloaded argh v0.1.4
[INFO] [stderr]   Downloaded lib-ruby-parser v3.0.0
[INFO] running `Command { std: "docker" "create" "-v" "/var/lib/crater-agent-workspace/builds/worker-7-tc1/target:/opt/rustwide/target:rw,Z" "-v" "/var/lib/crater-agent-workspace/builds/worker-7-tc1/source:/opt/rustwide/workdir:ro,Z" "-v" "/var/lib/crater-agent-workspace/cargo-home:/opt/rustwide/cargo-home:ro,Z" "-v" "/var/lib/crater-agent-workspace/rustup-home:/opt/rustwide/rustup-home:ro,Z" "-e" "SOURCE_DIR=/opt/rustwide/workdir" "-e" "CARGO_TARGET_DIR=/opt/rustwide/target" "-e" "CARGO_HOME=/opt/rustwide/cargo-home" "-e" "RUSTUP_HOME=/opt/rustwide/rustup-home" "-w" "/opt/rustwide/workdir" "-m" "1610612736" "--user" "0:0" "--network" "none" "ghcr.io/rust-lang/crates-build-env/linux@sha256:2788e3201cd34a07e3172128adcd8b3090168a8e3bcc40d7c032b9dda1df7d1c" "/opt/rustwide/cargo-home/bin/cargo" "+1.75.0" "metadata" "--no-deps" "--format-version=1", kill_on_drop: false }`
[INFO] [stdout] fe7dc8bfdade8fc7a5eae3120132f2c5ed7f9597a9b7d1c1dc4f6d60dc270867
[INFO] running `Command { std: "docker" "start" "-a" "fe7dc8bfdade8fc7a5eae3120132f2c5ed7f9597a9b7d1c1dc4f6d60dc270867", kill_on_drop: false }`
[INFO] running `Command { std: "docker" "inspect" "fe7dc8bfdade8fc7a5eae3120132f2c5ed7f9597a9b7d1c1dc4f6d60dc270867", kill_on_drop: false }`
[INFO] running `Command { std: "docker" "rm" "-f" "fe7dc8bfdade8fc7a5eae3120132f2c5ed7f9597a9b7d1c1dc4f6d60dc270867", kill_on_drop: false }`
[INFO] [stdout] fe7dc8bfdade8fc7a5eae3120132f2c5ed7f9597a9b7d1c1dc4f6d60dc270867
[INFO] running `Command { std: "docker" "create" "-v" "/var/lib/crater-agent-workspace/builds/worker-7-tc1/target:/opt/rustwide/target:rw,Z" "-v" "/var/lib/crater-agent-workspace/builds/worker-7-tc1/source:/opt/rustwide/workdir:ro,Z" "-v" "/var/lib/crater-agent-workspace/cargo-home:/opt/rustwide/cargo-home:ro,Z" "-v" "/var/lib/crater-agent-workspace/rustup-home:/opt/rustwide/rustup-home:ro,Z" "-e" "SOURCE_DIR=/opt/rustwide/workdir" "-e" "CARGO_TARGET_DIR=/opt/rustwide/target" "-e" "CARGO_INCREMENTAL=0" "-e" "RUST_BACKTRACE=full" "-e" "RUSTFLAGS=--cap-lints=warn" "-e" "RUSTDOCFLAGS=--cap-lints=warn" "-e" "CARGO_HOME=/opt/rustwide/cargo-home" "-e" "RUSTUP_HOME=/opt/rustwide/rustup-home" "-w" "/opt/rustwide/workdir" "-m" "1610612736" "--user" "0:0" "--network" "none" "ghcr.io/rust-lang/crates-build-env/linux@sha256:2788e3201cd34a07e3172128adcd8b3090168a8e3bcc40d7c032b9dda1df7d1c" "/opt/rustwide/cargo-home/bin/cargo" "+1.75.0" "build" "--frozen" "--message-format=json", kill_on_drop: false }`
[INFO] [stdout] 1189daf3b589720e7f48cbdacfa909e094bd8e0efb68b1502079469b1b6fd7bb
[INFO] running `Command { std: "docker" "start" "-a" "1189daf3b589720e7f48cbdacfa909e094bd8e0efb68b1502079469b1b6fd7bb", kill_on_drop: false }`
[INFO] [stderr]    Compiling proc-macro2 v1.0.24
[INFO] [stderr]    Compiling unicode-xid v0.2.1
[INFO] [stderr]    Compiling syn v1.0.60
[INFO] [stderr]    Compiling unicode-segmentation v1.7.1
[INFO] [stderr]    Compiling argh_shared v0.1.4
[INFO] [stderr]    Compiling lib-ruby-parser v3.0.0
[INFO] [stderr]    Compiling walkdir v2.3.1
[INFO] [stderr]    Compiling heck v0.3.2
[INFO] [stderr]    Compiling quote v1.0.9
[INFO] [stderr]    Compiling argh_derive v0.1.4
[INFO] [stderr]    Compiling argh v0.1.4
[INFO] [stderr]    Compiling rts v0.1.0 (/opt/rustwide/workdir)
[INFO] [stdout] warning: unused variable: `files`
[INFO] [stdout]   --> src/parser_parser.rs:11:30
[INFO] [stdout]    |
[INFO] [stdout] 11 | pub fn parse(file: RubyFile, files: &Vec<RubyFile>) -> Result<RubyFile, String> {
[INFO] [stdout]    |                              ^^^^^ help: if this is intentional, prefix it with an underscore: `_files`
[INFO] [stdout]    |
[INFO] [stdout]    = note: `#[warn(unused_variables)]` on by default
[INFO] [stdout] 
[INFO] [stdout] 
[INFO] [stdout] warning: function `parse` is never used
[INFO] [stdout]   --> src/parser_parser.rs:11:8
[INFO] [stdout]    |
[INFO] [stdout] 11 | pub fn parse(file: RubyFile, files: &Vec<RubyFile>) -> Result<RubyFile, String> {
[INFO] [stdout]    |        ^^^^^
[INFO] [stdout]    |
[INFO] [stdout]    = note: `#[warn(dead_code)]` on by default
[INFO] [stdout] 
[INFO] [stdout] 
[INFO] [stdout] warning: call to `.clone()` on a reference in this situation does nothing
[INFO] [stdout]   --> src/routes.rs:24:62
[INFO] [stdout]    |
[INFO] [stdout] 24 |             _ => Err(format!("unknown Request method '{}'", s.clone()))?,
[INFO] [stdout]    |                                                              ^^^^^^^^ help: remove this redundant call
[INFO] [stdout]    |
[INFO] [stdout]    = note: the type `str` does not implement `Clone`, so calling `clone` on `&str` copies the reference, which does not do anything and can be removed
[INFO] [stdout]    = note: `#[warn(noop_method_call)]` on by default
[INFO] [stdout] 
[INFO] [stdout] 
[INFO] [stdout] warning: 3 warnings emitted
[INFO] [stdout] 
[INFO] [stdout] 
[INFO] [stderr]     Finished dev [unoptimized + debuginfo] target(s) in 10.27s
[INFO] running `Command { std: "docker" "inspect" "1189daf3b589720e7f48cbdacfa909e094bd8e0efb68b1502079469b1b6fd7bb", kill_on_drop: false }`
[INFO] running `Command { std: "docker" "rm" "-f" "1189daf3b589720e7f48cbdacfa909e094bd8e0efb68b1502079469b1b6fd7bb", kill_on_drop: false }`
[INFO] [stdout] 1189daf3b589720e7f48cbdacfa909e094bd8e0efb68b1502079469b1b6fd7bb
[INFO] running `Command { std: "docker" "create" "-v" "/var/lib/crater-agent-workspace/builds/worker-7-tc1/target:/opt/rustwide/target:rw,Z" "-v" "/var/lib/crater-agent-workspace/builds/worker-7-tc1/source:/opt/rustwide/workdir:ro,Z" "-v" "/var/lib/crater-agent-workspace/cargo-home:/opt/rustwide/cargo-home:ro,Z" "-v" "/var/lib/crater-agent-workspace/rustup-home:/opt/rustwide/rustup-home:ro,Z" "-e" "SOURCE_DIR=/opt/rustwide/workdir" "-e" "CARGO_TARGET_DIR=/opt/rustwide/target" "-e" "CARGO_INCREMENTAL=0" "-e" "RUST_BACKTRACE=full" "-e" "RUSTFLAGS=--cap-lints=warn" "-e" "RUSTDOCFLAGS=--cap-lints=warn" "-e" "CARGO_HOME=/opt/rustwide/cargo-home" "-e" "RUSTUP_HOME=/opt/rustwide/rustup-home" "-w" "/opt/rustwide/workdir" "-m" "1610612736" "--user" "0:0" "--network" "none" "ghcr.io/rust-lang/crates-build-env/linux@sha256:2788e3201cd34a07e3172128adcd8b3090168a8e3bcc40d7c032b9dda1df7d1c" "/opt/rustwide/cargo-home/bin/cargo" "+1.75.0" "test" "--frozen" "--no-run" "--message-format=json", kill_on_drop: false }`
[INFO] [stdout] 75b29707ce1bbda861c0a58f6aaa56a68985df63b3f0b4b3152ab2c879224225
[INFO] running `Command { std: "docker" "start" "-a" "75b29707ce1bbda861c0a58f6aaa56a68985df63b3f0b4b3152ab2c879224225", kill_on_drop: false }`
[INFO] [stderr]    Compiling difference v2.0.0
[INFO] [stderr]    Compiling ansi_term v0.11.0
[INFO] [stdout] warning: unused variable: `files`
[INFO] [stdout]   --> src/parser_parser.rs:11:30
[INFO] [stdout]    |
[INFO] [stdout] 11 | pub fn parse(file: RubyFile, files: &Vec<RubyFile>) -> Result<RubyFile, String> {
[INFO] [stdout]    |                              ^^^^^ help: if this is intentional, prefix it with an underscore: `_files`
[INFO] [stdout]    |
[INFO] [stdout]    = note: `#[warn(unused_variables)]` on by default
[INFO] [stdout] 
[INFO] [stdout] 
[INFO] [stdout] warning: function `parse` is never used
[INFO] [stdout]   --> src/parser_parser.rs:11:8
[INFO] [stdout]    |
[INFO] [stdout] 11 | pub fn parse(file: RubyFile, files: &Vec<RubyFile>) -> Result<RubyFile, String> {
[INFO] [stdout]    |        ^^^^^
[INFO] [stdout]    |
[INFO] [stdout]    = note: `#[warn(dead_code)]` on by default
[INFO] [stdout] 
[INFO] [stdout] 
[INFO] [stdout] warning: call to `.clone()` on a reference in this situation does nothing
[INFO] [stdout]   --> src/routes.rs:24:62
[INFO] [stdout]    |
[INFO] [stdout] 24 |             _ => Err(format!("unknown Request method '{}'", s.clone()))?,
[INFO] [stdout]    |                                                              ^^^^^^^^ help: remove this redundant call
[INFO] [stdout]    |
[INFO] [stdout]    = note: the type `str` does not implement `Clone`, so calling `clone` on `&str` copies the reference, which does not do anything and can be removed
[INFO] [stdout]    = note: `#[warn(noop_method_call)]` on by default
[INFO] [stdout] 
[INFO] [stdout] 
[INFO] [stdout] warning: 3 warnings emitted
[INFO] [stdout] 
[INFO] [stdout] 
[INFO] [stderr]    Compiling pretty_assertions v0.6.1
[INFO] [stderr]    Compiling rts v0.1.0 (/opt/rustwide/workdir)
[INFO] [stdout] warning: unused variable: `files`
[INFO] [stdout]   --> src/parser_parser.rs:11:30
[INFO] [stdout]    |
[INFO] [stdout] 11 | pub fn parse(file: RubyFile, files: &Vec<RubyFile>) -> Result<RubyFile, String> {
[INFO] [stdout]    |                              ^^^^^ help: if this is intentional, prefix it with an underscore: `_files`
[INFO] [stdout]    |
[INFO] [stdout]    = note: `#[warn(unused_variables)]` on by default
[INFO] [stdout] 
[INFO] [stdout] 
[INFO] [stdout] warning: call to `.clone()` on a reference in this situation does nothing
[INFO] [stdout]   --> src/routes.rs:24:62
[INFO] [stdout]    |
[INFO] [stdout] 24 |             _ => Err(format!("unknown Request method '{}'", s.clone()))?,
[INFO] [stdout]    |                                                              ^^^^^^^^ help: remove this redundant call
[INFO] [stdout]    |
[INFO] [stdout]    = note: the type `str` does not implement `Clone`, so calling `clone` on `&str` copies the reference, which does not do anything and can be removed
[INFO] [stdout]    = note: `#[warn(noop_method_call)]` on by default
[INFO] [stdout] 
[INFO] [stdout] 
[INFO] [stdout] warning: 2 warnings emitted
[INFO] [stdout] 
[INFO] [stdout] 
[INFO] [stderr]     Finished test [unoptimized + debuginfo] target(s) in 2.20s
[INFO] running `Command { std: "docker" "inspect" "75b29707ce1bbda861c0a58f6aaa56a68985df63b3f0b4b3152ab2c879224225", kill_on_drop: false }`
[INFO] running `Command { std: "docker" "rm" "-f" "75b29707ce1bbda861c0a58f6aaa56a68985df63b3f0b4b3152ab2c879224225", kill_on_drop: false }`
[INFO] [stdout] 75b29707ce1bbda861c0a58f6aaa56a68985df63b3f0b4b3152ab2c879224225
[INFO] running `Command { std: "docker" "create" "-v" "/var/lib/crater-agent-workspace/builds/worker-7-tc1/target:/opt/rustwide/target:rw,Z" "-v" "/var/lib/crater-agent-workspace/builds/worker-7-tc1/source:/opt/rustwide/workdir:ro,Z" "-v" "/var/lib/crater-agent-workspace/cargo-home:/opt/rustwide/cargo-home:ro,Z" "-v" "/var/lib/crater-agent-workspace/rustup-home:/opt/rustwide/rustup-home:ro,Z" "-e" "SOURCE_DIR=/opt/rustwide/workdir" "-e" "CARGO_TARGET_DIR=/opt/rustwide/target" "-e" "CARGO_INCREMENTAL=0" "-e" "RUST_BACKTRACE=full" "-e" "RUSTFLAGS=--cap-lints=warn" "-e" "RUSTDOCFLAGS=--cap-lints=warn" "-e" "CARGO_HOME=/opt/rustwide/cargo-home" "-e" "RUSTUP_HOME=/opt/rustwide/rustup-home" "-w" "/opt/rustwide/workdir" "-m" "1610612736" "--user" "0:0" "--network" "none" "ghcr.io/rust-lang/crates-build-env/linux@sha256:2788e3201cd34a07e3172128adcd8b3090168a8e3bcc40d7c032b9dda1df7d1c" "/opt/rustwide/cargo-home/bin/cargo" "+1.75.0" "test" "--frozen", kill_on_drop: false }`
[INFO] [stdout] 2fb2df8709920b42683f7b6efe6017b29280222e235521cd49567512a0b400d8
[INFO] running `Command { std: "docker" "start" "-a" "2fb2df8709920b42683f7b6efe6017b29280222e235521cd49567512a0b400d8", kill_on_drop: false }`
[INFO] [stderr] warning: unused variable: `files`
[INFO] [stderr]   --> src/parser_parser.rs:11:30
[INFO] [stderr]    |
[INFO] [stderr] 11 | pub fn parse(file: RubyFile, files: &Vec<RubyFile>) -> Result<RubyFile, String> {
[INFO] [stderr]    |                              ^^^^^ help: if this is intentional, prefix it with an underscore: `_files`
[INFO] [stderr]    |
[INFO] [stderr]    = note: `#[warn(unused_variables)]` on by default
[INFO] [stderr] 
[INFO] [stderr] warning: function `parse` is never used
[INFO] [stderr]   --> src/parser_parser.rs:11:8
[INFO] [stderr]    |
[INFO] [stderr] 11 | pub fn parse(file: RubyFile, files: &Vec<RubyFile>) -> Result<RubyFile, String> {
[INFO] [stderr]    |        ^^^^^
[INFO] [stderr]    |
[INFO] [stderr]    = note: `#[warn(dead_code)]` on by default
[INFO] [stderr] 
[INFO] [stderr] warning: call to `.clone()` on a reference in this situation does nothing
[INFO] [stderr]   --> src/routes.rs:24:62
[INFO] [stderr]    |
[INFO] [stderr] 24 |             _ => Err(format!("unknown Request method '{}'", s.clone()))?,
[INFO] [stderr]    |                                                              ^^^^^^^^ help: remove this redundant call
[INFO] [stderr]    |
[INFO] [stderr]    = note: the type `str` does not implement `Clone`, so calling `clone` on `&str` copies the reference, which does not do anything and can be removed
[INFO] [stderr]    = note: `#[warn(noop_method_call)]` on by default
[INFO] [stderr] 
[INFO] [stderr] warning: `rts` (lib) generated 3 warnings (run `cargo fix --lib -p rts` to apply 2 suggestions)
[INFO] [stderr] warning: `rts` (lib test) generated 2 warnings (2 duplicates)
[INFO] [stderr]     Finished test [unoptimized + debuginfo] target(s) in 0.03s
[INFO] [stderr]      Running unittests src/lib.rs (/opt/rustwide/target/debug/deps/rts-01d6857bfc330af5)
[INFO] [stdout] 
[INFO] [stdout] running 17 tests
[INFO] [stdout] test parser_parser::second_parser::basic_integration ... ignored, WIP
[INFO] [stdout] test parser_parser::second_parser::helpers_and_concerns::basic ... ignored, WIP
[INFO] [stdout] test parser_parser::second_parser::inheritance_class::basic ... ignored, WIP
[INFO] [stdout] test params::params_tests::params_without_any_index ... ok
[INFO] [stdout] test params::params_tests::params_require ... ok
[INFO] [stdout] test params::params_tests::params_if ... ok
[INFO] [stdout] test params::params_tests::params_send ... ok
[INFO] [stdout] test params::params_tests::params_index ... ok
[INFO] [stdout] test ruby_parser::file_tests::parse_test2 ... ok
[INFO] [stdout] test ruby_parser::file_tests::parse_test ... ok
[INFO] [stdout] test ruby_parser::file_tests::parse_test3 ... ok
[INFO] [stdout] test ruby_parser::file_tests::parse_test4 ... ok
[INFO] [stdout] test ruby_parser::file_tests::parse_test5 ... ok
[INFO] [stdout] test params::params_tests::params_require_complex ... ok
[INFO] [stdout] test routes::routes_parsing::parse ... ok
[INFO] [stdout] test params::params_tests::send_method ... ok
[INFO] [stdout] test ruby_parser::file_tests::parse_test6 ... FAILED
[INFO] [stdout] 
[INFO] [stdout] failures:
[INFO] [stdout] 
[INFO] [stdout] ---- ruby_parser::file_tests::parse_test6 stdout ----
[INFO] [stdout] Ok(RubyFile { controllers: [Controller { name: "VersionController", parent: "ApplicationController", methods: [Method { name: "version", params: [], returns: [], private: false }], actions: [] }], modules: [], requires: [] })
[INFO] [stdout] thread 'ruby_parser::file_tests::parse_test6' panicked at src/ruby_parser.rs:704:9:
[INFO] [stdout] assertion failed: `(left == right)`
[INFO] [stdout] 
[INFO] [stdout] [1mDiff[0m [31m< left[0m / [32mright >[0m :
[INFO] [stdout]  RubyFile {
[INFO] [stdout]      controllers: [
[INFO] [stdout]          Controller {
[INFO] [stdout]              name: "VersionController",
[INFO] [stdout]              parent: "ApplicationController",
[INFO] [stdout]              methods: [
[INFO] [stdout]                  Method {
[INFO] [stdout]                      name: "version",
[INFO] [stdout] [31m<[0m[31m                    params: [[0m[31m],[0m
[INFO] [stdout] [32m>[0m[32m                    params: [[0m[1;48;5;22;32m[0m
[INFO] [stdout] [1;32m>[0m[1;48;5;22;32m                        "cat",[0m
[INFO] [stdout] [1;32m>[0m[1;48;5;22;32m                    [0m[32m],[0m
[INFO] [stdout]                      returns: [],
[INFO] [stdout]                      private: false,
[INFO] [stdout]                  },
[INFO] [stdout]              ],
[INFO] [stdout]              actions: [],
[INFO] [stdout]          },
[INFO] [stdout]      ],
[INFO] [stdout]      modules: [],
[INFO] [stdout]      requires: [],
[INFO] [stdout]  }
[INFO] [stdout] 
[INFO] [stdout] 
[INFO] [stdout] stack backtrace:
[INFO] [stdout]    0:     0x5561165f62bc - std::backtrace_rs::backtrace::libunwind::trace::ha637c64ce894333a
[INFO] [stdout]                                at /rustc/82e1608dfa6e0b5569232559e3d385fea5a93112/library/std/src/../../backtrace/src/backtrace/libunwind.rs:104:5
[INFO] [stdout]    1:     0x5561165f62bc - std::backtrace_rs::backtrace::trace_unsynchronized::h47f62dea28e0c88d
[INFO] [stdout]                                at /rustc/82e1608dfa6e0b5569232559e3d385fea5a93112/library/std/src/../../backtrace/src/backtrace/mod.rs:66:5
[INFO] [stdout]    2:     0x5561165f62bc - std::sys_common::backtrace::_print_fmt::h9eef0abe20ede486
[INFO] [stdout]                                at /rustc/82e1608dfa6e0b5569232559e3d385fea5a93112/library/std/src/sys_common/backtrace.rs:67:5
[INFO] [stdout]    3:     0x5561165f62bc - <std::sys_common::backtrace::_print::DisplayBacktrace as core::fmt::Display>::fmt::hed7f999df88cc644
[INFO] [stdout]                                at /rustc/82e1608dfa6e0b5569232559e3d385fea5a93112/library/std/src/sys_common/backtrace.rs:44:22
[INFO] [stdout]    4:     0x5561166202f0 - core::fmt::rt::Argument::fmt::h1539a9308b8d058d
[INFO] [stdout]                                at /rustc/82e1608dfa6e0b5569232559e3d385fea5a93112/library/core/src/fmt/rt.rs:142:9
[INFO] [stdout]    5:     0x5561166202f0 - core::fmt::write::h3a39390d8560d9c9
[INFO] [stdout]                                at /rustc/82e1608dfa6e0b5569232559e3d385fea5a93112/library/core/src/fmt/mod.rs:1120:17
[INFO] [stdout]    6:     0x5561165f3c6f - std::io::Write::write_fmt::h040b369f3a0f9cbc
[INFO] [stdout]                                at /rustc/82e1608dfa6e0b5569232559e3d385fea5a93112/library/std/src/io/mod.rs:1762:15
[INFO] [stdout]    7:     0x5561165f60a4 - std::sys_common::backtrace::_print::h894006fb5c6f3d45
[INFO] [stdout]                                at /rustc/82e1608dfa6e0b5569232559e3d385fea5a93112/library/std/src/sys_common/backtrace.rs:47:5
[INFO] [stdout]    8:     0x5561165f60a4 - std::sys_common::backtrace::print::h23a2d212c6fff936
[INFO] [stdout]                                at /rustc/82e1608dfa6e0b5569232559e3d385fea5a93112/library/std/src/sys_common/backtrace.rs:34:9
[INFO] [stdout]    9:     0x5561165f7d67 - std::panicking::default_hook::{{closure}}::h8a1d2ee00185001a
[INFO] [stdout]   10:     0x5561165f7a53 - std::panicking::default_hook::h6038f2eba384e475
[INFO] [stdout]                                at /rustc/82e1608dfa6e0b5569232559e3d385fea5a93112/library/std/src/panicking.rs:289:9
[INFO] [stdout]   11:     0x55611644a827 - <alloc::boxed::Box<F,A> as core::ops::function::Fn<Args>>::call::h0ad024c9bdc6d768
[INFO] [stdout]                                at /rustc/82e1608dfa6e0b5569232559e3d385fea5a93112/library/alloc/src/boxed.rs:2021:9
[INFO] [stdout]   12:     0x55611644a827 - test::test_main::{{closure}}::h7500b54257359db6
[INFO] [stdout]                                at /rustc/82e1608dfa6e0b5569232559e3d385fea5a93112/library/test/src/lib.rs:138:21
[INFO] [stdout]   13:     0x5561165f8378 - <alloc::boxed::Box<F,A> as core::ops::function::Fn<Args>>::call::h1f8f335eaa9cfaee
[INFO] [stdout]                                at /rustc/82e1608dfa6e0b5569232559e3d385fea5a93112/library/alloc/src/boxed.rs:2021:9
[INFO] [stdout]   14:     0x5561165f8378 - std::panicking::rust_panic_with_hook::h2b5517d590cab22e
[INFO] [stdout]                                at /rustc/82e1608dfa6e0b5569232559e3d385fea5a93112/library/std/src/panicking.rs:783:13
[INFO] [stdout]   15:     0x5561165f80ce - std::panicking::begin_panic_handler::{{closure}}::h233112c06e0ef43e
[INFO] [stdout]                                at /rustc/82e1608dfa6e0b5569232559e3d385fea5a93112/library/std/src/panicking.rs:657:13
[INFO] [stdout]   16:     0x5561165f6786 - std::sys_common::backtrace::__rust_end_short_backtrace::h6e893f24d7ebbff8
[INFO] [stdout]                                at /rustc/82e1608dfa6e0b5569232559e3d385fea5a93112/library/std/src/sys_common/backtrace.rs:170:18
[INFO] [stdout]   17:     0x5561165f7e32 - rust_begin_unwind
[INFO] [stdout]                                at /rustc/82e1608dfa6e0b5569232559e3d385fea5a93112/library/std/src/panicking.rs:645:5
[INFO] [stdout]   18:     0x5561163d6d55 - core::panicking::panic_fmt::hbf0e066aabfa482c
[INFO] [stdout]                                at /rustc/82e1608dfa6e0b5569232559e3d385fea5a93112/library/core/src/panicking.rs:72:14
[INFO] [stdout]   19:     0x5561163fa8f2 - rts::ruby_parser::file_tests::parse_test6::he540d4568bdd2f98
[INFO] [stdout]                                at /opt/rustwide/workdir/src/ruby_parser.rs:704:9
[INFO] [stdout]   20:     0x5561163f9e17 - rts::ruby_parser::file_tests::parse_test6::{{closure}}::ha0f0e6c4ba901513
[INFO] [stdout]                                at /opt/rustwide/workdir/src/ruby_parser.rs:674:21
[INFO] [stdout]   21:     0x5561163ecd86 - core::ops::function::FnOnce::call_once::h8b81aa47033e4943
[INFO] [stdout]                                at /rustc/82e1608dfa6e0b5569232559e3d385fea5a93112/library/core/src/ops/function.rs:250:5
[INFO] [stdout]   22:     0x55611644fe7f - core::ops::function::FnOnce::call_once::h2b5d431d5046312d
[INFO] [stdout]                                at /rustc/82e1608dfa6e0b5569232559e3d385fea5a93112/library/core/src/ops/function.rs:250:5
[INFO] [stdout]   23:     0x55611644fe7f - test::__rust_begin_short_backtrace::h7714669af176e207
[INFO] [stdout]                                at /rustc/82e1608dfa6e0b5569232559e3d385fea5a93112/library/test/src/lib.rs:628:18
[INFO] [stdout]   24:     0x55611644ee95 - test::run_test_in_process::{{closure}}::h85218797dcbcec12
[INFO] [stdout]                                at /rustc/82e1608dfa6e0b5569232559e3d385fea5a93112/library/test/src/lib.rs:651:60
[INFO] [stdout]   25:     0x55611644ee95 - <core::panic::unwind_safe::AssertUnwindSafe<F> as core::ops::function::FnOnce<()>>::call_once::h76c106ea31c14d7b
[INFO] [stdout]                                at /rustc/82e1608dfa6e0b5569232559e3d385fea5a93112/library/core/src/panic/unwind_safe.rs:272:9
[INFO] [stdout]   26:     0x55611644ee95 - std::panicking::try::do_call::h3bd5d0f6620ee946
[INFO] [stdout]                                at /rustc/82e1608dfa6e0b5569232559e3d385fea5a93112/library/std/src/panicking.rs:552:40
[INFO] [stdout]   27:     0x55611644ee95 - std::panicking::try::h232e535e4744fe31
[INFO] [stdout]                                at /rustc/82e1608dfa6e0b5569232559e3d385fea5a93112/library/std/src/panicking.rs:516:19
[INFO] [stdout]   28:     0x55611644ee95 - std::panic::catch_unwind::h3ce3bd6ca8dbac68
[INFO] [stdout]                                at /rustc/82e1608dfa6e0b5569232559e3d385fea5a93112/library/std/src/panic.rs:142:14
[INFO] [stdout]   29:     0x55611644ee95 - test::run_test_in_process::hc97b257c9621286a
[INFO] [stdout]                                at /rustc/82e1608dfa6e0b5569232559e3d385fea5a93112/library/test/src/lib.rs:651:27
[INFO] [stdout]   30:     0x55611644ee95 - test::run_test::{{closure}}::h2aa798823a438d38
[INFO] [stdout]                                at /rustc/82e1608dfa6e0b5569232559e3d385fea5a93112/library/test/src/lib.rs:574:43
[INFO] [stdout]   31:     0x556116417156 - test::run_test::{{closure}}::h87d231c78fb59832
[INFO] [stdout]                                at /rustc/82e1608dfa6e0b5569232559e3d385fea5a93112/library/test/src/lib.rs:602:41
[INFO] [stdout]   32:     0x556116417156 - std::sys_common::backtrace::__rust_begin_short_backtrace::he6df152596625789
[INFO] [stdout]                                at /rustc/82e1608dfa6e0b5569232559e3d385fea5a93112/library/std/src/sys_common/backtrace.rs:154:18
[INFO] [stdout]   33:     0x55611641c207 - std::thread::Builder::spawn_unchecked_::{{closure}}::{{closure}}::ha94be15d1e0acf36
[INFO] [stdout]                                at /rustc/82e1608dfa6e0b5569232559e3d385fea5a93112/library/std/src/thread/mod.rs:529:17
[INFO] [stdout]   34:     0x55611641c207 - <core::panic::unwind_safe::AssertUnwindSafe<F> as core::ops::function::FnOnce<()>>::call_once::h9dc6bd6372f16606
[INFO] [stdout]                                at /rustc/82e1608dfa6e0b5569232559e3d385fea5a93112/library/core/src/panic/unwind_safe.rs:272:9
[INFO] [stdout]   35:     0x55611641c207 - std::panicking::try::do_call::h9057517f80303cd4
[INFO] [stdout]                                at /rustc/82e1608dfa6e0b5569232559e3d385fea5a93112/library/std/src/panicking.rs:552:40
[INFO] [stdout]   36:     0x55611641c207 - std::panicking::try::he3a30b11ee45340c
[INFO] [stdout]                                at /rustc/82e1608dfa6e0b5569232559e3d385fea5a93112/library/std/src/panicking.rs:516:19
[INFO] [stdout]   37:     0x55611641c207 - std::panic::catch_unwind::h410458cfd3528b8b
[INFO] [stdout]                                at /rustc/82e1608dfa6e0b5569232559e3d385fea5a93112/library/std/src/panic.rs:142:14
[INFO] [stdout]   38:     0x55611641c207 - std::thread::Builder::spawn_unchecked_::{{closure}}::h72ac3bdb567b737b
[INFO] [stdout]                                at /rustc/82e1608dfa6e0b5569232559e3d385fea5a93112/library/std/src/thread/mod.rs:528:30
[INFO] [stdout]   39:     0x55611641c207 - core::ops::function::FnOnce::call_once{{vtable.shim}}::h38f34da3654a8344
[INFO] [stdout]                                at /rustc/82e1608dfa6e0b5569232559e3d385fea5a93112/library/core/src/ops/function.rs:250:5
[INFO] [stdout]   40:     0x5561165fce05 - <alloc::boxed::Box<F,A> as core::ops::function::FnOnce<Args>>::call_once::hc7eafaff61e32df9
[INFO] [stdout]                                at /rustc/82e1608dfa6e0b5569232559e3d385fea5a93112/library/alloc/src/boxed.rs:2007:9
[INFO] [stdout]   41:     0x5561165fce05 - <alloc::boxed::Box<F,A> as core::ops::function::FnOnce<Args>>::call_once::h6ba4a5de48dd2304
[INFO] [stdout]                                at /rustc/82e1608dfa6e0b5569232559e3d385fea5a93112/library/alloc/src/boxed.rs:2007:9
[INFO] [stdout]   42:     0x5561165fce05 - std::sys::unix::thread::Thread::new::thread_start::he469335aef763e45
[INFO] [stdout]                                at /rustc/82e1608dfa6e0b5569232559e3d385fea5a93112/library/std/src/sys/unix/thread.rs:108:17
[INFO] [stdout]   43:     0x7f3a5d9e3ac3 - <unknown>
[INFO] [stdout]   44:     0x7f3a5da74bf4 - __clone
[INFO] [stdout]   45:                0x0 - <unknown>
[INFO] [stdout] 
[INFO] [stdout] 
[INFO] [stdout] failures:
[INFO] [stdout]     ruby_parser::file_tests::parse_test6
[INFO] [stdout] 
[INFO] [stdout] test result: FAILED. 13 passed; 1 failed; 3 ignored; 0 measured; 0 filtered out; finished in 0.07s
[INFO] [stdout] 
[INFO] [stderr] error: test failed, to rerun pass `--lib`
[INFO] running `Command { std: "docker" "inspect" "2fb2df8709920b42683f7b6efe6017b29280222e235521cd49567512a0b400d8", kill_on_drop: false }`
[INFO] running `Command { std: "docker" "rm" "-f" "2fb2df8709920b42683f7b6efe6017b29280222e235521cd49567512a0b400d8", kill_on_drop: false }`
[INFO] [stdout] 2fb2df8709920b42683f7b6efe6017b29280222e235521cd49567512a0b400d8
