[INFO] cloning repository https://github.com/JoonHoSon/rust_wikibooks
[INFO] running `Command { std: "git" "-c" "credential.helper=" "-c" "credential.helper=/workspace/cargo-home/bin/git-credential-null" "clone" "--bare" "https://github.com/JoonHoSon/rust_wikibooks" "/workspace/cache/git-repos/https%3A%2F%2Fgithub.com%2FJoonHoSon%2Frust_wikibooks", kill_on_drop: false }`
[INFO] [stderr] Cloning into bare repository '/workspace/cache/git-repos/https%3A%2F%2Fgithub.com%2FJoonHoSon%2Frust_wikibooks'...
[INFO] running `Command { std: "git" "rev-parse" "HEAD", kill_on_drop: false }`
[INFO] [stdout] 9c7a9b74638ba10f56ceb35771b357b8254395bb
[INFO] testing JoonHoSon/rust_wikibooks against 1.75.0 for beta-1.76-1
[INFO] running `Command { std: "git" "clone" "/workspace/cache/git-repos/https%3A%2F%2Fgithub.com%2FJoonHoSon%2Frust_wikibooks" "/workspace/builds/worker-2-tc1/source", kill_on_drop: false }`
[INFO] [stderr] Cloning into '/workspace/builds/worker-2-tc1/source'...
[INFO] [stderr] done.
[INFO] validating manifest of git repo https://github.com/JoonHoSon/rust_wikibooks on toolchain 1.75.0
[INFO] running `Command { std: CARGO_HOME="/workspace/cargo-home" RUSTUP_HOME="/workspace/rustup-home" "/workspace/cargo-home/bin/cargo" "+1.75.0" "metadata" "--manifest-path" "Cargo.toml" "--no-deps", kill_on_drop: false }`
[INFO] started tweaking git repo https://github.com/JoonHoSon/rust_wikibooks
[INFO] finished tweaking git repo https://github.com/JoonHoSon/rust_wikibooks
[INFO] tweaked toml for git repo https://github.com/JoonHoSon/rust_wikibooks written to /workspace/builds/worker-2-tc1/source/Cargo.toml
[INFO] crate git repo https://github.com/JoonHoSon/rust_wikibooks already has a lockfile, it will not be regenerated
[INFO] running `Command { std: CARGO_HOME="/workspace/cargo-home" RUSTUP_HOME="/workspace/rustup-home" "/workspace/cargo-home/bin/cargo" "+1.75.0" "fetch" "--manifest-path" "Cargo.toml", kill_on_drop: false }`
[INFO] [stderr] warning: virtual workspace defaulting to `resolver = "1"` despite one or more workspace members being on edition 2021 which implies `resolver = "2"`
[INFO] [stderr] note: to keep the current resolver, specify `workspace.resolver = "1"` in the workspace root's manifest
[INFO] [stderr] note: to use the edition 2021 resolver, specify `workspace.resolver = "2"` in the workspace root's manifest
[INFO] [stderr] note: for more details see https://doc.rust-lang.org/cargo/reference/resolver.html#resolver-versions
[INFO] [stderr]     Updating crates.io index
[INFO] [stderr]  Downloading crates ...
[INFO] [stderr]   Downloaded peg-runtime v0.8.1
[INFO] [stderr]   Downloaded peg v0.8.1
[INFO] [stderr]   Downloaded globset v0.4.11
[INFO] [stderr]   Downloaded peg-macros v0.8.1
[INFO] [stderr]   Downloaded serde v1.0.173
[INFO] [stderr]   Downloaded serde_derive v1.0.173
[INFO] [stderr]   Downloaded rpn_calc_joonhoson v0.0.1
[INFO] running `Command { std: "docker" "create" "-v" "/var/lib/crater-agent-workspace/builds/worker-2-tc1/target:/opt/rustwide/target:rw,Z" "-v" "/var/lib/crater-agent-workspace/builds/worker-2-tc1/source:/opt/rustwide/workdir:ro,Z" "-v" "/var/lib/crater-agent-workspace/cargo-home:/opt/rustwide/cargo-home:ro,Z" "-v" "/var/lib/crater-agent-workspace/rustup-home:/opt/rustwide/rustup-home:ro,Z" "-e" "SOURCE_DIR=/opt/rustwide/workdir" "-e" "CARGO_TARGET_DIR=/opt/rustwide/target" "-e" "CARGO_HOME=/opt/rustwide/cargo-home" "-e" "RUSTUP_HOME=/opt/rustwide/rustup-home" "-w" "/opt/rustwide/workdir" "-m" "1610612736" "--user" "0:0" "--network" "none" "ghcr.io/rust-lang/crates-build-env/linux@sha256:2788e3201cd34a07e3172128adcd8b3090168a8e3bcc40d7c032b9dda1df7d1c" "/opt/rustwide/cargo-home/bin/cargo" "+1.75.0" "metadata" "--no-deps" "--format-version=1", kill_on_drop: false }`
[INFO] [stdout] 61201bc871a59b34cc34ae5afc9a96a64fa79f47ac41a38d6d5d3e435fb00209
[INFO] running `Command { std: "docker" "start" "-a" "61201bc871a59b34cc34ae5afc9a96a64fa79f47ac41a38d6d5d3e435fb00209", kill_on_drop: false }`
[INFO] running `Command { std: "docker" "inspect" "61201bc871a59b34cc34ae5afc9a96a64fa79f47ac41a38d6d5d3e435fb00209", kill_on_drop: false }`
[INFO] running `Command { std: "docker" "rm" "-f" "61201bc871a59b34cc34ae5afc9a96a64fa79f47ac41a38d6d5d3e435fb00209", kill_on_drop: false }`
[INFO] [stdout] 61201bc871a59b34cc34ae5afc9a96a64fa79f47ac41a38d6d5d3e435fb00209
[INFO] running `Command { std: "docker" "create" "-v" "/var/lib/crater-agent-workspace/builds/worker-2-tc1/target:/opt/rustwide/target:rw,Z" "-v" "/var/lib/crater-agent-workspace/builds/worker-2-tc1/source:/opt/rustwide/workdir:ro,Z" "-v" "/var/lib/crater-agent-workspace/cargo-home:/opt/rustwide/cargo-home:ro,Z" "-v" "/var/lib/crater-agent-workspace/rustup-home:/opt/rustwide/rustup-home:ro,Z" "-e" "SOURCE_DIR=/opt/rustwide/workdir" "-e" "CARGO_TARGET_DIR=/opt/rustwide/target" "-e" "CARGO_INCREMENTAL=0" "-e" "RUST_BACKTRACE=full" "-e" "RUSTFLAGS=--cap-lints=warn" "-e" "RUSTDOCFLAGS=--cap-lints=warn" "-e" "CARGO_HOME=/opt/rustwide/cargo-home" "-e" "RUSTUP_HOME=/opt/rustwide/rustup-home" "-w" "/opt/rustwide/workdir" "-m" "1610612736" "--user" "0:0" "--network" "none" "ghcr.io/rust-lang/crates-build-env/linux@sha256:2788e3201cd34a07e3172128adcd8b3090168a8e3bcc40d7c032b9dda1df7d1c" "/opt/rustwide/cargo-home/bin/cargo" "+1.75.0" "build" "--frozen" "--message-format=json", kill_on_drop: false }`
[INFO] [stdout] f18b6e992f129fab8ef931314cf92d1f8ed895eff3ad14e64001e39ea990d420
[INFO] running `Command { std: "docker" "start" "-a" "f18b6e992f129fab8ef931314cf92d1f8ed895eff3ad14e64001e39ea990d420", kill_on_drop: false }`
[INFO] [stderr] warning: virtual workspace defaulting to `resolver = "1"` despite one or more workspace members being on edition 2021 which implies `resolver = "2"`
[INFO] [stderr] note: to keep the current resolver, specify `workspace.resolver = "1"` in the workspace root's manifest
[INFO] [stderr] note: to use the edition 2021 resolver, specify `workspace.resolver = "2"` in the workspace root's manifest
[INFO] [stderr] note: for more details see https://doc.rust-lang.org/cargo/reference/resolver.html#resolver-versions
[INFO] [stderr]    Compiling libc v0.2.147
[INFO] [stderr]    Compiling proc-macro2 v1.0.64
[INFO] [stderr]    Compiling unicode-ident v1.0.10
[INFO] [stderr]    Compiling quote v1.0.29
[INFO] [stderr]    Compiling once_cell v1.18.0
[INFO] [stderr]    Compiling log v0.4.19
[INFO] [stderr]    Compiling memchr v2.5.0
[INFO] [stderr]    Compiling lock_api v0.4.10
[INFO] [stderr]    Compiling pin-project-lite v0.2.10
[INFO] [stderr]    Compiling num-traits v0.2.15
[INFO] [stderr]    Compiling crossbeam-utils v0.8.16
[INFO] [stderr]    Compiling futures-core v0.3.28
[INFO] [stderr]    Compiling memoffset v0.9.0
[INFO] [stderr]    Compiling ppv-lite86 v0.2.17
[INFO] [stderr]    Compiling smallvec v1.11.0
[INFO] [stderr]    Compiling aho-corasick v1.0.2
[INFO] [stderr]    Compiling crossbeam-epoch v0.9.15
[INFO] [stderr]    Compiling bytes v1.4.0
[INFO] [stderr]    Compiling syn v2.0.25
[INFO] [stderr]    Compiling regex-syntax v0.7.4
[INFO] [stderr]    Compiling parking_lot_core v0.9.8
[INFO] [stderr]    Compiling rayon-core v1.11.0
[INFO] [stderr]    Compiling getrandom v0.2.10
[INFO] [stderr]    Compiling num_cpus v1.16.0
[INFO] [stderr]    Compiling rand_core v0.6.4
[INFO] [stderr]    Compiling jobserver v0.1.26
[INFO] [stderr]    Compiling crossbeam-deque v0.8.3
[INFO] [stderr]    Compiling rand_chacha v0.3.1
[INFO] [stderr]    Compiling cc v1.0.79
[INFO] [stderr]    Compiling crossbeam-channel v0.5.8
[INFO] [stderr]    Compiling rand v0.8.5
[INFO] [stderr]    Compiling uncased v0.9.9
[INFO] [stderr]    Compiling num-integer v0.1.45
[INFO] [stderr]    Compiling tokio v1.29.1
[INFO] [stderr]    Compiling itoa v1.0.9
[INFO] [stderr]    Compiling regex-automata v0.3.3
[INFO] [stderr]    Compiling simd-adler32 v0.3.5
[INFO] [stderr]    Compiling parking_lot v0.12.1
[INFO] [stderr]    Compiling mio v0.8.8
[INFO] [stderr]    Compiling socket2 v0.4.9
[INFO] [stderr]    Compiling signal-hook-registry v1.4.1
[INFO] [stderr]    Compiling fnv v1.0.7
[INFO] [stderr]    Compiling futures-sink v0.3.28
[INFO] [stderr]    Compiling tracing-core v0.1.31
[INFO] [stderr]    Compiling either v1.8.1
[INFO] [stderr]    Compiling siphasher v0.3.10
[INFO] [stderr]    Compiling typenum v1.16.0
[INFO] [stderr]    Compiling tracing v0.1.37
[INFO] [stderr]    Compiling phf_shared v0.10.0
[INFO] [stderr]    Compiling rayon v1.7.0
[INFO] [stderr]    Compiling miniz_oxide v0.7.1
[INFO] [stderr]    Compiling generic-array v0.14.7
[INFO] [stderr]    Compiling futures-task v0.3.28
[INFO] [stderr]    Compiling serde v1.0.173
[INFO] [stderr]    Compiling weezl v0.1.7
[INFO] [stderr]    Compiling regex v1.9.1
[INFO] [stderr]    Compiling zstd-sys v2.0.8+zstd.1.5.5
[INFO] [stderr]    Compiling thiserror v1.0.43
[INFO] [stderr]    Compiling serde_derive v1.0.173
[INFO] [stderr]    Compiling wasm-bindgen-shared v0.2.87
[INFO] [stderr]    Compiling percent-encoding v2.3.0
[INFO] [stderr]    Compiling futures-util v0.3.28
[INFO] [stderr]    Compiling hound v3.5.0
[INFO] [stderr]    Compiling flate2 v1.0.26
[INFO] [stderr]    Compiling phf_generator v0.10.0
[INFO] [stderr]    Compiling paste v1.0.14
[INFO] [stderr]    Compiling syn v1.0.109
[INFO] [stderr]    Compiling tokio-macros v2.1.0
[INFO] [stderr]    Compiling thiserror-impl v1.0.43
[INFO] [stderr]    Compiling color_quant v1.1.0
[INFO] [stderr]    Compiling phf_codegen v0.10.0
[INFO] [stderr]    Compiling parse-zoneinfo v0.3.0
[INFO] [stderr]    Compiling phf v0.10.1
[INFO] [stderr]    Compiling http v0.2.9
[INFO] [stderr]    Compiling miniz_oxide v0.4.4
[INFO] [stderr]    Compiling slab v0.4.8
[INFO] [stderr]    Compiling indexmap v1.9.3
[INFO] [stderr]    Compiling bytemuck v1.13.1
[INFO] [stderr]    Compiling alloc-no-stdlib v2.0.4
[INFO] [stderr]    Compiling tinyvec_macros v0.1.1
[INFO] [stderr]    Compiling ucd-trie v0.1.6
[INFO] [stderr]    Compiling bumpalo v3.13.0
[INFO] [stderr]    Compiling adler32 v1.2.0
[INFO] [stderr]    Compiling zstd-safe v6.0.6
[INFO] [stderr]    Compiling local-waker v0.1.3
[INFO] [stderr]    Compiling wasm-bindgen-backend v0.2.87
[INFO] [stderr]    Compiling tinyvec v1.6.0
[INFO] [stderr]    Compiling alloc-stdlib v0.2.2
[INFO] [stderr]    Compiling chrono-tz-build v0.0.2
[INFO] [stderr]    Compiling pest v2.7.1
[INFO] [stderr]    Compiling pin-project-internal v1.1.2
[INFO] [stderr]    Compiling crypto-common v0.1.6
[INFO] [stderr]    Compiling block-buffer v0.10.4
[INFO] [stderr]    Compiling bytestring v1.3.0
[INFO] [stderr]    Compiling bstr v1.6.0
[INFO] [stderr]    Compiling ahash v0.8.3
[INFO] [stderr]    Compiling num-iter v0.1.43
[INFO] [stderr]    Compiling num-rational v0.3.2
[INFO] [stderr]    Compiling libm v0.2.7
[INFO] [stderr]    Compiling peg-runtime v0.8.1
[INFO] [stderr]    Compiling serde_json v1.0.103
[INFO] [stderr]    Compiling rustix v0.38.4
[INFO] [stderr]    Compiling time-core v0.1.1
[INFO] [stderr]    Compiling hashbrown v0.12.3
[INFO] [stderr]    Compiling unic-common v0.9.0
[INFO] [stderr]    Compiling httparse v1.8.0
[INFO] [stderr]    Compiling ryu v1.0.15
[INFO] [stderr]    Compiling same-file v1.0.6
[INFO] [stderr]    Compiling unic-char-range v0.9.0
[INFO] [stderr]    Compiling unic-char-property v0.9.0
[INFO] [stderr]    Compiling walkdir v2.3.3
[INFO] [stderr]    Compiling pin-project v1.1.2
[INFO] [stderr]    Compiling peg-macros v0.8.1
[INFO] [stderr]    Compiling unic-ucd-version v0.9.0
[INFO] [stderr]    Compiling time-macros v0.2.10
[INFO] [stderr]    Compiling pest_meta v2.7.1
[INFO] [stderr]    Compiling globset v0.4.11
[INFO] [stderr]    Compiling tokio-util v0.7.8
[INFO] [stderr]    Compiling actix-rt v2.8.0
[INFO] [stderr]    Compiling digest v0.10.7
[INFO] [stderr]    Compiling actix-service v2.0.2
[INFO] [stderr]    Compiling wasm-bindgen-macro-support v0.2.87
[INFO] [stderr]    Compiling unicode-normalization v0.1.22
[INFO] [stderr]    Compiling chrono-tz v0.6.1
[INFO] [stderr]    Compiling brotli-decompressor v2.3.4
[INFO] [stderr]    Compiling actix-utils v3.0.1
[INFO] [stderr]    Compiling deflate v0.8.6
[INFO] [stderr]    Compiling miniz_oxide v0.3.7
[INFO] [stderr]    Compiling jpeg-decoder v0.1.22
[INFO] [stderr]    Compiling form_urlencoded v1.2.0
[INFO] [stderr]    Compiling nanorand v0.7.0
[INFO] [stderr]    Compiling spin v0.9.8
[INFO] [stderr]    Compiling thread_local v1.1.4
[INFO] [stderr]    Compiling ahash v0.7.6
[INFO] [stderr]    Compiling cookie v0.16.2
[INFO] [stderr]    Compiling encoding_rs v0.8.32
[INFO] [stderr]    Compiling num-rational v0.4.1
[INFO] [stderr]    Compiling convert_case v0.4.0
[INFO] [stderr]    Compiling wasm-bindgen v0.2.87
[INFO] [stderr]    Compiling unicode-bidi v0.3.13
[INFO] [stderr]    Compiling iana-time-zone v0.1.57
[INFO] [stderr]    Compiling bitflags v2.3.3
[INFO] [stderr]    Compiling cpufeatures v0.2.9
[INFO] [stderr]    Compiling linux-raw-sys v0.4.3
[INFO] [stderr]    Compiling chrono v0.4.26
[INFO] [stderr]    Compiling idna v0.4.0
[INFO] [stderr]    Compiling sha1 v0.10.5
[INFO] [stderr]    Compiling derive_more v0.99.17
[INFO] [stderr]    Compiling tiff v0.6.1
[INFO] [stderr]    Compiling brotli v3.3.4
[INFO] [stderr]    Compiling flume v0.10.14
[INFO] [stderr]    Compiling ignore v0.4.20
[INFO] [stderr]    Compiling wasm-bindgen-macro v0.2.87
[INFO] [stderr]    Compiling png v0.16.8
[INFO] [stderr]    Compiling h2 v0.3.20
[INFO] [stderr]    Compiling time v0.3.23
[INFO] [stderr]    Compiling peg v0.8.1
[INFO] [stderr]    Compiling actix-codec v0.5.1
[INFO] [stderr]    Compiling pest_generator v2.7.1
[INFO] [stderr]    Compiling unic-ucd-segment v0.9.0
[INFO] [stderr]    Compiling actix-router v0.5.1
[INFO] [stderr]    Compiling local-channel v0.1.3
[INFO] [stderr]    Compiling gif v0.11.4
[INFO] [stderr]    Compiling jpeg-decoder v0.3.0
[INFO] [stderr]    Compiling zune-inflate v0.2.54
[INFO] [stderr]    Compiling fdeflate v0.3.0
[INFO] [stderr]    Compiling num-bigint v0.4.3
[INFO] [stderr]    Compiling scoped_threadpool v0.1.9
[INFO] [stderr]    Compiling half v2.2.1
[INFO] [stderr]    Compiling bit_field v0.10.2
[INFO] [stderr]    Compiling lebe v0.5.2
[INFO] [stderr]    Compiling language-tags v0.3.2
[INFO] [stderr]    Compiling peg-runtime v0.7.0
[INFO] [stderr]    Compiling mime v0.3.17
[INFO] [stderr]    Compiling deunicode v0.4.3
[INFO] [stderr]    Compiling base64 v0.21.2
[INFO] [stderr]    Compiling httpdate v1.0.2
[INFO] [stderr]    Compiling peg-macros v0.7.0
[INFO] [stderr]    Compiling slug v0.1.4
[INFO] [stderr]    Compiling exr v1.7.0
[INFO] [stderr]    Compiling png v0.17.9
[INFO] [stderr]    Compiling image v0.23.14
[INFO] [stderr]    Compiling actix-web-codegen v4.2.0
[INFO] [stderr]    Compiling tiff v0.8.1
[INFO] [stderr]    Compiling unic-segment v0.9.0
[INFO] [stderr]    Compiling pest_derive v2.7.1
[INFO] [stderr]    Compiling humansize v2.1.3
[INFO] [stderr]    Compiling globwalk v0.8.1
[INFO] [stderr]    Compiling is-terminal v0.4.9
[INFO] [stderr]    Compiling url v2.4.0
[INFO] [stderr]    Compiling serde_urlencoded v0.7.1
[INFO] [stderr]    Compiling actix-server v2.2.0
[INFO] [stderr]    Compiling qoi v0.4.1
[INFO] [stderr]    Compiling gif v0.12.0
[INFO] [stderr]    Compiling actix-macros v0.2.4
[INFO] [stderr]    Compiling ffi_mul v0.1.0 (/opt/rustwide/workdir/ffi_mul)
[INFO] [stderr]    Compiling image v0.24.6
[INFO] [stderr]    Compiling colored v2.0.4
[INFO] [stderr]    Compiling peg v0.7.0
[INFO] [stderr]    Compiling rpn_calc_joonhoson v0.0.1
[INFO] [stderr]    Compiling mytree v0.1.0 (/opt/rustwide/workdir/mytree)
[INFO] [stderr]    Compiling rpn_test v0.1.0 (/opt/rustwide/workdir/rpn_test)
[INFO] [stderr]    Compiling wasm_tomato v0.1.0 (/opt/rustwide/workdir/wasm_tomato)
[INFO] [stderr]    Compiling wasm_hello v0.1.0 (/opt/rustwide/workdir/wasm_hello)
[INFO] [stderr]    Compiling peg_plus v0.1.0 (/opt/rustwide/workdir/peg_plus)
[INFO] [stderr]    Compiling peg_tomato v0.1.0 (/opt/rustwide/workdir/peg_tomato)
[INFO] [stderr]    Compiling tera v1.19.0
[INFO] [stderr]    Compiling peg_calc v0.1.0 (/opt/rustwide/workdir/peg_calc)
[INFO] [stderr]    Compiling enc_save_load v0.1.0 (/opt/rustwide/workdir/enc_save_load)
[INFO] [stderr]    Compiling async_longtime v0.1.0 (/opt/rustwide/workdir/async_longtime)
[INFO] [stderr]    Compiling async_spawn v0.1.0 (/opt/rustwide/workdir/async_spawn)
[INFO] [stderr]    Compiling mml v0.1.0 (/opt/rustwide/workdir/mml)
[INFO] [stderr]    Compiling pow1234_5678 v0.1.0 (/opt/rustwide/workdir/pow1234_5678)
[INFO] [stderr]    Compiling pulsewave v0.1.0 (/opt/rustwide/workdir/pulsewave)
[INFO] [stderr]    Compiling sawwave v0.1.0 (/opt/rustwide/workdir/sawwave)
[INFO] [stderr]    Compiling sine_melody v0.1.0 (/opt/rustwide/workdir/sine_melody)
[INFO] [stderr]    Compiling fm_synth v0.1.0 (/opt/rustwide/workdir/fm_synth)
[INFO] [stderr]    Compiling squarewave v0.1.0 (/opt/rustwide/workdir/squarewave)
[INFO] [stderr]    Compiling trianglewave v0.1.0 (/opt/rustwide/workdir/trianglewave)
[INFO] [stderr]    Compiling sinewave v0.1.0 (/opt/rustwide/workdir/sinewave)
[INFO] [stderr]    Compiling bingocard_vec v0.1.0 (/opt/rustwide/workdir/bingocard_vec)
[INFO] [stderr]    Compiling dice v0.1.0 (/opt/rustwide/workdir/dice)
[INFO] [stderr]    Compiling maze v0.1.0 (/opt/rustwide/workdir/maze)
[INFO] [stderr]    Compiling bingocard v0.1.0 (/opt/rustwide/workdir/bingocard)
[INFO] [stderr]    Compiling counter v0.1.0 (/opt/rustwide/workdir/counter)
[INFO] [stderr]    Compiling bmi_struct v0.1.0 (/opt/rustwide/workdir/bmi_struct)
[INFO] [stderr]    Compiling str_hex v0.1.0 (/opt/rustwide/workdir/str_hex)
[INFO] [stderr]    Compiling rand_xorshift v0.1.0 (/opt/rustwide/workdir/rand_xorshift)
[INFO] [stderr]    Compiling caesar_enc2 v0.1.0 (/opt/rustwide/workdir/caesar_enc2)
[INFO] [stderr]    Compiling str_tochars v0.1.0 (/opt/rustwide/workdir/str_tochars)
[INFO] [stderr]    Compiling threadtest v0.1.0 (/opt/rustwide/workdir/threadtest)
[INFO] [stderr]    Compiling match_fizzbuzz v0.1.0 (/opt/rustwide/workdir/match_fizzbuzz)
[INFO] [stderr]    Compiling str_substr v0.1.0 (/opt/rustwide/workdir/str_substr)
[INFO] [stderr]    Compiling str_find v0.1.0 (/opt/rustwide/workdir/str_find)
[INFO] [stderr]    Compiling str_index_fix v0.1.0 (/opt/rustwide/workdir/str_index_fix)
[INFO] [stderr]    Compiling iter_prime v0.1.0 (/opt/rustwide/workdir/iter_prime)
[INFO] [stderr]    Compiling dictionary v0.1.0 (/opt/rustwide/workdir/dictionary)
[INFO] [stderr]    Compiling cur_files v0.1.0 (/opt/rustwide/workdir/cur_files)
[INFO] [stderr]    Compiling mod_random v0.1.0 (/opt/rustwide/workdir/mod_random)
[INFO] [stderr]    Compiling caesar_enc v0.1.0 (/opt/rustwide/workdir/caesar_enc1)
[INFO] [stderr]    Compiling macro_hashmap v0.1.0 (/opt/rustwide/workdir/macro_hashmap)
[INFO] [stderr]    Compiling macro_echo_num v0.1.0 (/opt/rustwide/workdir/macro_echo_num)
[INFO] [stderr]    Compiling chat_client v0.1.0 (/opt/rustwide/workdir/chat_client)
[INFO] [stderr]    Compiling chat_server v0.1.0 (/opt/rustwide/workdir/chat_server)
[INFO] [stderr]    Compiling mytest_data v0.1.0 (/opt/rustwide/workdir/mytest_data)
[INFO] [stderr]    Compiling sum_args v0.1.0 (/opt/rustwide/workdir/sum_args)
[INFO] [stderr]    Compiling str_static v0.1.0 (/opt/rustwide/workdir/str_static)
[INFO] [stderr]    Compiling gugu v0.1.0 (/opt/rustwide/workdir/gugu)
[INFO] [stderr]    Compiling str_replace v0.1.0 (/opt/rustwide/workdir/str_replace)
[INFO] [stderr]    Compiling rec_fib v0.1.0 (/opt/rustwide/workdir/rec_fib)
[INFO] [stderr]    Compiling list_fix v0.1.0 (/opt/rustwide/workdir/list_fix)
[INFO] [stderr]    Compiling struct_new v0.1.0 (/opt/rustwide/workdir/struct_new)
[INFO] [stderr]    Compiling calc_price v0.1.0 (/opt/rustwide/workdir/calc_price)
[INFO] [stderr]    Compiling read_file v0.1.0 (/opt/rustwide/workdir/read_file)
[INFO] [stderr]    Compiling check_range v0.1.0 (/opt/rustwide/workdir/check_range)
[INFO] [stderr]    Compiling macro_bmi v0.1.0 (/opt/rustwide/workdir/macro_bmi)
[INFO] [stderr]    Compiling wallet v0.1.0 (/opt/rustwide/workdir/wallet)
[INFO] [stderr]    Compiling mytest v0.1.0 (/opt/rustwide/workdir/mytest)
[INFO] [stderr]    Compiling bmi v0.1.0 (/opt/rustwide/workdir/bmi)
[INFO] [stderr]    Compiling coin v0.1.0 (/opt/rustwide/workdir/coin)
[INFO] [stderr]    Compiling rc_test_fix v0.1.0 (/opt/rustwide/workdir/rc_test_fix)
[INFO] [stderr]    Compiling calc_multi v0.1.0 (/opt/rustwide/workdir/calc_multi)
[INFO] [stderr]    Compiling iter_fib v0.1.0 (/opt/rustwide/workdir/iter_fib)
[INFO] [stderr]    Compiling mytest2 v0.1.0 (/opt/rustwide/workdir/mytest2)
[INFO] [stderr]    Compiling list_enum v0.1.0 (/opt/rustwide/workdir/list_enum)
[INFO] [stderr]    Compiling mycalc_python v0.1.0 (/opt/rustwide/workdir/mycalc_python)
[INFO] [stderr]    Compiling dlist v0.1.0 (/opt/rustwide/workdir/dlist)
[INFO] [stderr]    Compiling prime100 v0.1.0 (/opt/rustwide/workdir/prime100)
[INFO] [stderr]    Compiling fizzbuzz_file v0.1.0 (/opt/rustwide/workdir/fizzbuzz_file)
[INFO] [stderr]    Compiling struct_wh v0.1.0 (/opt/rustwide/workdir/struct_wh)
[INFO] [stderr]    Compiling add_generics v0.1.0 (/opt/rustwide/workdir/add_generics)
[INFO] [stderr]    Compiling macro_html v0.1.0 (/opt/rustwide/workdir/macro_html)
[INFO] [stderr]    Compiling str_split_telno v0.1.0 (/opt/rustwide/workdir/str_split_telno)
[INFO] [stderr]    Compiling mpsctest v0.1.0 (/opt/rustwide/workdir/mpsctest)
[INFO] [stderr]    Compiling slist v0.1.0 (/opt/rustwide/workdir/slist)
[INFO] [stderr]    Compiling iter_array_string_fix v0.1.0 (/opt/rustwide/workdir/iter_array_string_fix)
[INFO] [stderr]    Compiling struct_method_generics v0.1.0 (/opt/rustwide/workdir/struct_method_generics)
[INFO] [stderr]    Compiling korean_month v0.1.0 (/opt/rustwide/workdir/korean_month)
[INFO] [stderr]    Compiling check3 v0.1.0 (/opt/rustwide/workdir/check3)
[INFO] [stderr]    Compiling trait_treasurebox v0.1.0 (/opt/rustwide/workdir/trait_treasurebox)
[INFO] [stderr]    Compiling tuple_goods_struct v0.1.0 (/opt/rustwide/workdir/tuple_goods_struct)
[INFO] [stderr]    Compiling macro_for v0.1.0 (/opt/rustwide/workdir/macro_for)
[INFO] [stderr]    Compiling fobonacci v0.1.0 (/opt/rustwide/workdir/fibonacci)
[INFO] [stderr]    Compiling calc_single v0.1.0 (/opt/rustwide/workdir/calc_single)
[INFO] [stderr]    Compiling rand v0.1.0 (/opt/rustwide/workdir/rand)
[INFO] [stderr]    Compiling struct_copy_fix v0.1.0 (/opt/rustwide/workdir/struct_copy_fix)
[INFO] [stderr]    Compiling str_tobytes v0.1.0 (/opt/rustwide/workdir/str_tobytes)
[INFO] [stderr]    Compiling era_name v0.1.0 (/opt/rustwide/workdir/era_name)
[INFO] [stderr]    Compiling globalvars v0.1.0 (/opt/rustwide/workdir/globalvars)
[INFO] [stderr]    Compiling owner_func_mut v0.1.0 (/opt/rustwide/workdir/owner_func_mut)
[INFO] [stderr]    Compiling fizzbuzz v0.1.0 (/opt/rustwide/workdir/fizzbuzz)
[INFO] [stderr]    Compiling mutarg v0.1.0 (/opt/rustwide/workdir/mutarg)
[INFO] [stderr]    Compiling counter_fix v0.1.0 (/opt/rustwide/workdir/counter_fix)
[INFO] [stderr]    Compiling bmi_checker v0.1.0 (/opt/rustwide/workdir/bmi_checker)
[INFO] [stderr]    Compiling mytest_struct v0.1.0 (/opt/rustwide/workdir/mytest_struct)
[INFO] [stderr]    Compiling rand_global v0.1.0 (/opt/rustwide/workdir/rand_global)
[INFO] [stderr]    Compiling rpn_calc_joonhoson v0.0.1 (/opt/rustwide/workdir/rpn_calc)
[INFO] [stderr]    Compiling findfile v0.1.0 (/opt/rustwide/workdir/findfile)
[INFO] [stderr]    Compiling print_args_vec v0.1.0 (/opt/rustwide/workdir/print_args_vec)
[INFO] [stderr]    Compiling sum_textfile v0.1.0 (/opt/rustwide/workdir/sum_textfile)
[INFO] [stderr]    Compiling macro_echo_nums v0.1.0 (/opt/rustwide/workdir/macro_echo_nums)
[INFO] [stderr]    Compiling fizzbuzz_file2 v0.1.0 (/opt/rustwide/workdir/fizzbuzz_file2)
[INFO] [stderr]    Compiling rc_mod_fix v0.1.0 (/opt/rustwide/workdir/rc_mod_fix)
[INFO] [stderr]    Compiling method_bmi v0.1.0 (/opt/rustwide/workdir/method_bmi)
[INFO] [stderr]    Compiling match_bmi v0.1.0 (/opt/rustwide/workdir/match_bmi)
[INFO] [stderr]    Compiling image_checkerboard v0.1.0 (/opt/rustwide/workdir/image_checkerboard)
[INFO] [stderr]    Compiling image_thumb v0.1.0 (/opt/rustwide/workdir/image_thumb)
[INFO] [stderr]    Compiling image_filter v0.1.0 (/opt/rustwide/workdir/image_filter)
[INFO] [stderr]    Compiling zstd v0.12.4
[INFO] [stderr]    Compiling actix-http v3.3.1
[INFO] [stderr]    Compiling actix-web v4.3.1
[INFO] [stderr]    Compiling web_bmi v0.1.0 (/opt/rustwide/workdir/web_bmi)
[INFO] [stderr]     Finished dev [unoptimized + debuginfo] target(s) in 2m 02s
[INFO] running `Command { std: "docker" "inspect" "f18b6e992f129fab8ef931314cf92d1f8ed895eff3ad14e64001e39ea990d420", kill_on_drop: false }`
[INFO] running `Command { std: "docker" "rm" "-f" "f18b6e992f129fab8ef931314cf92d1f8ed895eff3ad14e64001e39ea990d420", kill_on_drop: false }`
[INFO] [stdout] f18b6e992f129fab8ef931314cf92d1f8ed895eff3ad14e64001e39ea990d420
[INFO] running `Command { std: "docker" "create" "-v" "/var/lib/crater-agent-workspace/builds/worker-2-tc1/target:/opt/rustwide/target:rw,Z" "-v" "/var/lib/crater-agent-workspace/builds/worker-2-tc1/source:/opt/rustwide/workdir:ro,Z" "-v" "/var/lib/crater-agent-workspace/cargo-home:/opt/rustwide/cargo-home:ro,Z" "-v" "/var/lib/crater-agent-workspace/rustup-home:/opt/rustwide/rustup-home:ro,Z" "-e" "SOURCE_DIR=/opt/rustwide/workdir" "-e" "CARGO_TARGET_DIR=/opt/rustwide/target" "-e" "CARGO_INCREMENTAL=0" "-e" "RUST_BACKTRACE=full" "-e" "RUSTFLAGS=--cap-lints=warn" "-e" "RUSTDOCFLAGS=--cap-lints=warn" "-e" "CARGO_HOME=/opt/rustwide/cargo-home" "-e" "RUSTUP_HOME=/opt/rustwide/rustup-home" "-w" "/opt/rustwide/workdir" "-m" "1610612736" "--user" "0:0" "--network" "none" "ghcr.io/rust-lang/crates-build-env/linux@sha256:2788e3201cd34a07e3172128adcd8b3090168a8e3bcc40d7c032b9dda1df7d1c" "/opt/rustwide/cargo-home/bin/cargo" "+1.75.0" "test" "--frozen" "--no-run" "--message-format=json", kill_on_drop: false }`
[INFO] [stdout] 394c0c1f000ab06a63ceb32f533c4a5629aa0044d7a8b4bd0a6d1e52cf209c09
[INFO] running `Command { std: "docker" "start" "-a" "394c0c1f000ab06a63ceb32f533c4a5629aa0044d7a8b4bd0a6d1e52cf209c09", kill_on_drop: false }`
[INFO] [stderr] warning: virtual workspace defaulting to `resolver = "1"` despite one or more workspace members being on edition 2021 which implies `resolver = "2"`
[INFO] [stderr] note: to keep the current resolver, specify `workspace.resolver = "1"` in the workspace root's manifest
[INFO] [stderr] note: to use the edition 2021 resolver, specify `workspace.resolver = "2"` in the workspace root's manifest
[INFO] [stderr] note: for more details see https://doc.rust-lang.org/cargo/reference/resolver.html#resolver-versions
[INFO] [stderr]    Compiling pow1234_5678 v0.1.0 (/opt/rustwide/workdir/pow1234_5678)
[INFO] [stderr]    Compiling ffi_mul v0.1.0 (/opt/rustwide/workdir/ffi_mul)
[INFO] [stderr]    Compiling rpn_test v0.1.0 (/opt/rustwide/workdir/rpn_test)
[INFO] [stderr]    Compiling image_filter v0.1.0 (/opt/rustwide/workdir/image_filter)
[INFO] [stderr]    Compiling web_bmi v0.1.0 (/opt/rustwide/workdir/web_bmi)
[INFO] [stderr]    Compiling mytree v0.1.0 (/opt/rustwide/workdir/mytree)
[INFO] [stderr]    Compiling image_thumb v0.1.0 (/opt/rustwide/workdir/image_thumb)
[INFO] [stderr]    Compiling image_checkerboard v0.1.0 (/opt/rustwide/workdir/image_checkerboard)
[INFO] [stderr]    Compiling peg_tomato v0.1.0 (/opt/rustwide/workdir/peg_tomato)
[INFO] [stderr]    Compiling wasm_tomato v0.1.0 (/opt/rustwide/workdir/wasm_tomato)
[INFO] [stderr]    Compiling peg_calc v0.1.0 (/opt/rustwide/workdir/peg_calc)
[INFO] [stderr]    Compiling peg_plus v0.1.0 (/opt/rustwide/workdir/peg_plus)
[INFO] [stderr]    Compiling enc_save_load v0.1.0 (/opt/rustwide/workdir/enc_save_load)
[INFO] [stderr]    Compiling wasm_hello v0.1.0 (/opt/rustwide/workdir/wasm_hello)
[INFO] [stderr]    Compiling sinewave v0.1.0 (/opt/rustwide/workdir/sinewave)
[INFO] [stderr]    Compiling pulsewave v0.1.0 (/opt/rustwide/workdir/pulsewave)
[INFO] [stderr]    Compiling sawwave v0.1.0 (/opt/rustwide/workdir/sawwave)
[INFO] [stderr]    Compiling fm_synth v0.1.0 (/opt/rustwide/workdir/fm_synth)
[INFO] [stderr]    Compiling squarewave v0.1.0 (/opt/rustwide/workdir/squarewave)
[INFO] [stderr]    Compiling mml v0.1.0 (/opt/rustwide/workdir/mml)
[INFO] [stderr]    Compiling trianglewave v0.1.0 (/opt/rustwide/workdir/trianglewave)
[INFO] [stderr]    Compiling sine_melody v0.1.0 (/opt/rustwide/workdir/sine_melody)
[INFO] [stderr]    Compiling async_longtime v0.1.0 (/opt/rustwide/workdir/async_longtime)
[INFO] [stderr]    Compiling async_spawn v0.1.0 (/opt/rustwide/workdir/async_spawn)
[INFO] [stderr]    Compiling maze v0.1.0 (/opt/rustwide/workdir/maze)
[INFO] [stderr]    Compiling bingocard_vec v0.1.0 (/opt/rustwide/workdir/bingocard_vec)
[INFO] [stderr]    Compiling bingocard v0.1.0 (/opt/rustwide/workdir/bingocard)
[INFO] [stderr]    Compiling dice v0.1.0 (/opt/rustwide/workdir/dice)
[INFO] [stderr]    Compiling trait_treasurebox v0.1.0 (/opt/rustwide/workdir/trait_treasurebox)
[INFO] [stderr]    Compiling era_name v0.1.0 (/opt/rustwide/workdir/era_name)
[INFO] [stderr]    Compiling rand_xorshift v0.1.0 (/opt/rustwide/workdir/rand_xorshift)
[INFO] [stderr]    Compiling str_index_fix v0.1.0 (/opt/rustwide/workdir/str_index_fix)
[INFO] [stderr]    Compiling chat_server v0.1.0 (/opt/rustwide/workdir/chat_server)
[INFO] [stderr]    Compiling sum_args v0.1.0 (/opt/rustwide/workdir/sum_args)
[INFO] [stderr]    Compiling dlist v0.1.0 (/opt/rustwide/workdir/dlist)
[INFO] [stderr]    Compiling mytest_data v0.1.0 (/opt/rustwide/workdir/mytest_data)
[INFO] [stderr]    Compiling str_hex v0.1.0 (/opt/rustwide/workdir/str_hex)
[INFO] [stderr]    Compiling rc_test_fix v0.1.0 (/opt/rustwide/workdir/rc_test_fix)
[INFO] [stderr]    Compiling list_fix v0.1.0 (/opt/rustwide/workdir/list_fix)
[INFO] [stderr]    Compiling iter_array_string_fix v0.1.0 (/opt/rustwide/workdir/iter_array_string_fix)
[INFO] [stderr]    Compiling mod_random v0.1.0 (/opt/rustwide/workdir/mod_random)
[INFO] [stderr]    Compiling fizzbuzz v0.1.0 (/opt/rustwide/workdir/fizzbuzz)
[INFO] [stderr]    Compiling fizzbuzz_file v0.1.0 (/opt/rustwide/workdir/fizzbuzz_file)
[INFO] [stderr]    Compiling rand v0.1.0 (/opt/rustwide/workdir/rand)
[INFO] [stderr]    Compiling struct_wh v0.1.0 (/opt/rustwide/workdir/struct_wh)
[INFO] [stderr]    Compiling globalvars v0.1.0 (/opt/rustwide/workdir/globalvars)
[INFO] [stderr]    Compiling coin v0.1.0 (/opt/rustwide/workdir/coin)
[INFO] [stderr]    Compiling macro_hashmap v0.1.0 (/opt/rustwide/workdir/macro_hashmap)
[INFO] [stderr]    Compiling rand_global v0.1.0 (/opt/rustwide/workdir/rand_global)
[INFO] [stderr]    Compiling macro_echo_nums v0.1.0 (/opt/rustwide/workdir/macro_echo_nums)
[INFO] [stderr]    Compiling method_bmi v0.1.0 (/opt/rustwide/workdir/method_bmi)
[INFO] [stderr]    Compiling check_range v0.1.0 (/opt/rustwide/workdir/check_range)
[INFO] [stderr]    Compiling read_file v0.1.0 (/opt/rustwide/workdir/read_file)
[INFO] [stderr]    Compiling str_substr v0.1.0 (/opt/rustwide/workdir/str_substr)
[INFO] [stderr]    Compiling slist v0.1.0 (/opt/rustwide/workdir/slist)
[INFO] [stderr]    Compiling bmi_checker v0.1.0 (/opt/rustwide/workdir/bmi_checker)
[INFO] [stderr]    Compiling counter_fix v0.1.0 (/opt/rustwide/workdir/counter_fix)
[INFO] [stderr]    Compiling fizzbuzz_file2 v0.1.0 (/opt/rustwide/workdir/fizzbuzz_file2)
[INFO] [stderr]    Compiling counter v0.1.0 (/opt/rustwide/workdir/counter)
[INFO] [stderr]    Compiling mpsctest v0.1.0 (/opt/rustwide/workdir/mpsctest)
[INFO] [stderr]    Compiling fobonacci v0.1.0 (/opt/rustwide/workdir/fibonacci)
[INFO] [stderr]    Compiling str_static v0.1.0 (/opt/rustwide/workdir/str_static)
[INFO] [stderr]    Compiling caesar_enc v0.1.0 (/opt/rustwide/workdir/caesar_enc1)
[INFO] [stderr]    Compiling iter_prime v0.1.0 (/opt/rustwide/workdir/iter_prime)
[INFO] [stderr]    Compiling macro_echo_num v0.1.0 (/opt/rustwide/workdir/macro_echo_num)
[INFO] [stderr]    Compiling match_fizzbuzz v0.1.0 (/opt/rustwide/workdir/match_fizzbuzz)
[INFO] [stderr]    Compiling macro_for v0.1.0 (/opt/rustwide/workdir/macro_for)
[INFO] [stderr]    Compiling mytest v0.1.0 (/opt/rustwide/workdir/mytest)
[INFO] [stderr]    Compiling owner_func_mut v0.1.0 (/opt/rustwide/workdir/owner_func_mut)
[INFO] [stderr]    Compiling rc_mod_fix v0.1.0 (/opt/rustwide/workdir/rc_mod_fix)
[INFO] [stderr]    Compiling chat_client v0.1.0 (/opt/rustwide/workdir/chat_client)
[INFO] [stderr]    Compiling struct_method_generics v0.1.0 (/opt/rustwide/workdir/struct_method_generics)
[INFO] [stderr]    Compiling match_bmi v0.1.0 (/opt/rustwide/workdir/match_bmi)
[INFO] [stderr]    Compiling str_replace v0.1.0 (/opt/rustwide/workdir/str_replace)
[INFO] [stderr]    Compiling calc_single v0.1.0 (/opt/rustwide/workdir/calc_single)
[INFO] [stderr]    Compiling str_split_telno v0.1.0 (/opt/rustwide/workdir/str_split_telno)
[INFO] [stderr]    Compiling rec_fib v0.1.0 (/opt/rustwide/workdir/rec_fib)
[INFO] [stderr]    Compiling bmi v0.1.0 (/opt/rustwide/workdir/bmi)
[INFO] [stderr]    Compiling caesar_enc2 v0.1.0 (/opt/rustwide/workdir/caesar_enc2)
[INFO] [stderr]    Compiling struct_copy_fix v0.1.0 (/opt/rustwide/workdir/struct_copy_fix)
[INFO] [stderr]    Compiling wallet v0.1.0 (/opt/rustwide/workdir/wallet)
[INFO] [stderr]    Compiling rpn_calc_joonhoson v0.0.1 (/opt/rustwide/workdir/rpn_calc)
[INFO] [stderr]    Compiling mytest2 v0.1.0 (/opt/rustwide/workdir/mytest2)
[INFO] [stderr]    Compiling calc_price v0.1.0 (/opt/rustwide/workdir/calc_price)
[INFO] [stderr]    Compiling threadtest v0.1.0 (/opt/rustwide/workdir/threadtest)
[INFO] [stderr]    Compiling sum_textfile v0.1.0 (/opt/rustwide/workdir/sum_textfile)
[INFO] [stderr]    Compiling mutarg v0.1.0 (/opt/rustwide/workdir/mutarg)
[INFO] [stderr]    Compiling macro_html v0.1.0 (/opt/rustwide/workdir/macro_html)
[INFO] [stderr]    Compiling print_args_vec v0.1.0 (/opt/rustwide/workdir/print_args_vec)
[INFO] [stderr]    Compiling cur_files v0.1.0 (/opt/rustwide/workdir/cur_files)
[INFO] [stderr]    Compiling tuple_goods_struct v0.1.0 (/opt/rustwide/workdir/tuple_goods_struct)
[INFO] [stderr]    Compiling bmi_struct v0.1.0 (/opt/rustwide/workdir/bmi_struct)
[INFO] [stderr]    Compiling calc_multi v0.1.0 (/opt/rustwide/workdir/calc_multi)
[INFO] [stderr]    Compiling iter_fib v0.1.0 (/opt/rustwide/workdir/iter_fib)
[INFO] [stderr]    Compiling list_enum v0.1.0 (/opt/rustwide/workdir/list_enum)
[INFO] [stderr]    Compiling struct_new v0.1.0 (/opt/rustwide/workdir/struct_new)
[INFO] [stderr]    Compiling gugu v0.1.0 (/opt/rustwide/workdir/gugu)
[INFO] [stderr]    Compiling str_tobytes v0.1.0 (/opt/rustwide/workdir/str_tobytes)
[INFO] [stderr]    Compiling dictionary v0.1.0 (/opt/rustwide/workdir/dictionary)
[INFO] [stderr]    Compiling macro_bmi v0.1.0 (/opt/rustwide/workdir/macro_bmi)
[INFO] [stderr]    Compiling mycalc_python v0.1.0 (/opt/rustwide/workdir/mycalc_python)
[INFO] [stderr]    Compiling check3 v0.1.0 (/opt/rustwide/workdir/check3)
[INFO] [stderr]    Compiling korean_month v0.1.0 (/opt/rustwide/workdir/korean_month)
[INFO] [stderr]    Compiling str_find v0.1.0 (/opt/rustwide/workdir/str_find)
[INFO] [stderr]    Compiling prime100 v0.1.0 (/opt/rustwide/workdir/prime100)
[INFO] [stderr]    Compiling findfile v0.1.0 (/opt/rustwide/workdir/findfile)
[INFO] [stderr]    Compiling mytest_struct v0.1.0 (/opt/rustwide/workdir/mytest_struct)
[INFO] [stderr]    Compiling str_tochars v0.1.0 (/opt/rustwide/workdir/str_tochars)
[INFO] [stderr]    Compiling add_generics v0.1.0 (/opt/rustwide/workdir/add_generics)
[INFO] [stderr]     Finished test [unoptimized + debuginfo] target(s) in 15.83s
[INFO] running `Command { std: "docker" "inspect" "394c0c1f000ab06a63ceb32f533c4a5629aa0044d7a8b4bd0a6d1e52cf209c09", kill_on_drop: false }`
[INFO] running `Command { std: "docker" "rm" "-f" "394c0c1f000ab06a63ceb32f533c4a5629aa0044d7a8b4bd0a6d1e52cf209c09", kill_on_drop: false }`
[INFO] [stdout] 394c0c1f000ab06a63ceb32f533c4a5629aa0044d7a8b4bd0a6d1e52cf209c09
[INFO] running `Command { std: "docker" "create" "-v" "/var/lib/crater-agent-workspace/builds/worker-2-tc1/target:/opt/rustwide/target:rw,Z" "-v" "/var/lib/crater-agent-workspace/builds/worker-2-tc1/source:/opt/rustwide/workdir:ro,Z" "-v" "/var/lib/crater-agent-workspace/cargo-home:/opt/rustwide/cargo-home:ro,Z" "-v" "/var/lib/crater-agent-workspace/rustup-home:/opt/rustwide/rustup-home:ro,Z" "-e" "SOURCE_DIR=/opt/rustwide/workdir" "-e" "CARGO_TARGET_DIR=/opt/rustwide/target" "-e" "CARGO_INCREMENTAL=0" "-e" "RUST_BACKTRACE=full" "-e" "RUSTFLAGS=--cap-lints=warn" "-e" "RUSTDOCFLAGS=--cap-lints=warn" "-e" "CARGO_HOME=/opt/rustwide/cargo-home" "-e" "RUSTUP_HOME=/opt/rustwide/rustup-home" "-w" "/opt/rustwide/workdir" "-m" "1610612736" "--user" "0:0" "--network" "none" "ghcr.io/rust-lang/crates-build-env/linux@sha256:2788e3201cd34a07e3172128adcd8b3090168a8e3bcc40d7c032b9dda1df7d1c" "/opt/rustwide/cargo-home/bin/cargo" "+1.75.0" "test" "--frozen", kill_on_drop: false }`
[INFO] [stdout] b7b03c8133bb5d624922a6f119af3f17b24d273e4820c429358d8ddeccaf7a68
[INFO] running `Command { std: "docker" "start" "-a" "b7b03c8133bb5d624922a6f119af3f17b24d273e4820c429358d8ddeccaf7a68", kill_on_drop: false }`
[INFO] [stderr] warning: virtual workspace defaulting to `resolver = "1"` despite one or more workspace members being on edition 2021 which implies `resolver = "2"`
[INFO] [stderr] note: to keep the current resolver, specify `workspace.resolver = "1"` in the workspace root's manifest
[INFO] [stderr] note: to use the edition 2021 resolver, specify `workspace.resolver = "2"` in the workspace root's manifest
[INFO] [stderr] note: for more details see https://doc.rust-lang.org/cargo/reference/resolver.html#resolver-versions
[INFO] [stderr]     Finished test [unoptimized + debuginfo] target(s) in 0.26s
[INFO] [stderr]      Running unittests src/main.rs (/opt/rustwide/target/debug/deps/add_generics-1304eef201f69c83)
[INFO] [stdout] 
[INFO] [stdout] running 0 tests
[INFO] [stdout] 
[INFO] [stdout] test result: ok. 0 passed; 0 failed; 0 ignored; 0 measured; 0 filtered out; finished in 0.00s
[INFO] [stdout] 
[INFO] [stderr]      Running unittests src/main.rs (/opt/rustwide/target/debug/deps/async_longtime-457fb24028a3e7cd)
[INFO] [stdout] 
[INFO] [stdout] running 0 tests
[INFO] [stdout] 
[INFO] [stdout] test result: ok. 0 passed; 0 failed; 0 ignored; 0 measured; 0 filtered out; finished in 0.00s
[INFO] [stdout] 
[INFO] [stderr]      Running unittests src/main.rs (/opt/rustwide/target/debug/deps/async_spawn-337901ea3c045ceb)
[INFO] [stdout] 
[INFO] [stdout] running 0 tests
[INFO] [stdout] 
[INFO] [stdout] test result: ok. 0 passed; 0 failed; 0 ignored; 0 measured; 0 filtered out; finished in 0.00s
[INFO] [stdout] 
[INFO] [stderr]      Running unittests src/main.rs (/opt/rustwide/target/debug/deps/bingocard-35dbc7a604a6b413)
[INFO] [stdout] 
[INFO] [stderr]      Running unittests src/main.rs (/opt/rustwide/target/debug/deps/bingocard_vec-ee0c405f2643ba37)
[INFO] [stdout] running 0 tests
[INFO] [stdout] 
[INFO] [stdout] test result: ok. 0 passed; 0 failed; 0 ignored; 0 measured; 0 filtered out; finished in 0.00s
[INFO] [stdout] 
[INFO] [stdout] 
[INFO] [stdout] running 0 tests
[INFO] [stdout] 
[INFO] [stdout] test result: ok. 0 passed; 0 failed; 0 ignored; 0 measured; 0 filtered out; finished in 0.00s
[INFO] [stdout] 
[INFO] [stderr]      Running unittests src/main.rs (/opt/rustwide/target/debug/deps/bmi-09dbfa054799c6ef)
[INFO] [stdout] 
[INFO] [stdout] running 0 tests
[INFO] [stdout] 
[INFO] [stdout] test result: ok. 0 passed; 0 failed; 0 ignored; 0 measured; 0 filtered out; finished in 0.00s
[INFO] [stdout] 
[INFO] [stderr]      Running unittests src/main.rs (/opt/rustwide/target/debug/deps/bmi_checker-4442c4f4629c8fd0)
[INFO] [stdout] 
[INFO] [stdout] running 0 tests
[INFO] [stdout] 
[INFO] [stderr]      Running unittests src/main.rs (/opt/rustwide/target/debug/deps/bmi_struct-91734da755d128d2)
[INFO] [stdout] test result: ok. 0 passed; 0 failed; 0 ignored; 0 measured; 0 filtered out; finished in 0.00s
[INFO] [stdout] 
[INFO] [stdout] 
[INFO] [stdout] running 0 tests
[INFO] [stdout] 
[INFO] [stdout] test result: ok. 0 passed; 0 failed; 0 ignored; 0 measured; 0 filtered out; finished in 0.00s
[INFO] [stdout] 
[INFO] [stderr]      Running unittests src/main.rs (/opt/rustwide/target/debug/deps/caesar_enc-6f81f6c3a8ab7648)
[INFO] [stdout] 
[INFO] [stdout] running 0 tests
[INFO] [stdout] 
[INFO] [stdout] test result: ok. 0 passed; 0 failed; 0 ignored; 0 measured; 0 filtered out; finished in 0.00s
[INFO] [stdout] 
[INFO] [stderr]      Running unittests src/main.rs (/opt/rustwide/target/debug/deps/caesar_enc2-d49a5dd3d04f4550)
[INFO] [stdout] 
[INFO] [stdout] running 0 tests
[INFO] [stdout] 
[INFO] [stdout] test result: ok. 0 passed; 0 failed; 0 ignored; 0 measured; 0 filtered out; finished in 0.00s
[INFO] [stdout] 
[INFO] [stderr]      Running unittests src/main.rs (/opt/rustwide/target/debug/deps/calc_multi-2d75c3ef4266eff0)
[INFO] [stdout] 
[INFO] [stdout] running 0 tests
[INFO] [stdout] 
[INFO] [stdout] test result: ok. 0 passed; 0 failed; 0 ignored; 0 measured; 0 filtered out; finished in 0.00s
[INFO] [stdout] 
[INFO] [stderr]      Running unittests src/main.rs (/opt/rustwide/target/debug/deps/calc_price-7efb567ff9418bfc)
[INFO] [stdout] 
[INFO] [stdout] running 0 tests
[INFO] [stdout] 
[INFO] [stdout] test result: ok. 0 passed; 0 failed; 0 ignored; 0 measured; 0 filtered out; finished in 0.00s
[INFO] [stdout] 
[INFO] [stderr]      Running unittests src/main.rs (/opt/rustwide/target/debug/deps/calc_single-6fb2b179e6a73650)
[INFO] [stdout] 
[INFO] [stdout] running 0 tests
[INFO] [stdout] 
[INFO] [stdout] test result: ok. 0 passed; 0 failed; 0 ignored; 0 measured; 0 filtered out; finished in 0.00s
[INFO] [stdout] 
[INFO] [stderr]      Running unittests src/main.rs (/opt/rustwide/target/debug/deps/chat_client-bc02fa8d7f599956)
[INFO] [stdout] 
[INFO] [stderr]      Running unittests src/main.rs (/opt/rustwide/target/debug/deps/chat_server-275c26803fa824f7)
[INFO] [stdout] running 0 tests
[INFO] [stdout] 
[INFO] [stdout] test result: ok. 0 passed; 0 failed; 0 ignored; 0 measured; 0 filtered out; finished in 0.00s
[INFO] [stdout] 
[INFO] [stdout] 
[INFO] [stdout] running 0 tests
[INFO] [stdout] 
[INFO] [stdout] test result: ok. 0 passed; 0 failed; 0 ignored; 0 measured; 0 filtered out; finished in 0.00s
[INFO] [stdout] 
[INFO] [stderr]      Running unittests src/main.rs (/opt/rustwide/target/debug/deps/check3-b166211022f447d7)
[INFO] [stdout] 
[INFO] [stdout] running 0 tests
[INFO] [stdout] 
[INFO] [stdout] test result: ok. 0 passed; 0 failed; 0 ignored; 0 measured; 0 filtered out; finished in 0.00s
[INFO] [stdout] 
[INFO] [stderr]      Running unittests src/main.rs (/opt/rustwide/target/debug/deps/check_range-b79c9104e1b48eb4)
[INFO] [stdout] 
[INFO] [stdout] running 0 tests
[INFO] [stdout] 
[INFO] [stdout] test result: ok. 0 passed; 0 failed; 0 ignored; 0 measured; 0 filtered out; finished in 0.00s
[INFO] [stdout] 
[INFO] [stderr]      Running unittests src/main.rs (/opt/rustwide/target/debug/deps/coin-7d6d2e866a7f40d8)
[INFO] [stdout] 
[INFO] [stdout] running 0 tests
[INFO] [stdout] 
[INFO] [stdout] test result: ok. 0 passed; 0 failed; 0 ignored; 0 measured; 0 filtered out; finished in 0.00s
[INFO] [stdout] 
[INFO] [stderr]      Running unittests src/main.rs (/opt/rustwide/target/debug/deps/counter-12d0675c4c7ebebd)
[INFO] [stdout] 
[INFO] [stdout] running 0 tests
[INFO] [stdout] 
[INFO] [stdout] test result: ok. 0 passed; 0 failed; 0 ignored; 0 measured; 0 filtered out; finished in 0.00s
[INFO] [stdout] 
[INFO] [stderr]      Running unittests src/main.rs (/opt/rustwide/target/debug/deps/counter_fix-0649cf9486948b9f)
[INFO] [stdout] 
[INFO] [stdout] running 0 tests
[INFO] [stdout] 
[INFO] [stdout] test result: ok. 0 passed; 0 failed; 0 ignored; 0 measured; 0 filtered out; finished in 0.00s
[INFO] [stdout] 
[INFO] [stderr]      Running unittests src/main.rs (/opt/rustwide/target/debug/deps/cur_files-c7e8d2f98aca119f)
[INFO] [stdout] 
[INFO] [stdout] running 0 tests
[INFO] [stdout] 
[INFO] [stdout] test result: ok. 0 passed; 0 failed; 0 ignored; 0 measured; 0 filtered out; finished in 0.00s
[INFO] [stdout] 
[INFO] [stderr]      Running unittests src/main.rs (/opt/rustwide/target/debug/deps/dice-3ce306c25fa5ed9e)
[INFO] [stdout] 
[INFO] [stdout] running 0 tests
[INFO] [stdout] 
[INFO] [stdout] test result: ok. 0 passed; 0 failed; 0 ignored; 0 measured; 0 filtered out; finished in 0.00s
[INFO] [stdout] 
[INFO] [stderr]      Running unittests src/main.rs (/opt/rustwide/target/debug/deps/dictionary-ff0cfe3933e5f8ae)
[INFO] [stdout] 
[INFO] [stdout] running 0 tests
[INFO] [stdout] 
[INFO] [stdout] test result: ok. 0 passed; 0 failed; 0 ignored; 0 measured; 0 filtered out; finished in 0.00s
[INFO] [stdout] 
[INFO] [stderr]      Running unittests src/main.rs (/opt/rustwide/target/debug/deps/dlist-3db0e852fa3e1b69)
[INFO] [stdout] 
[INFO] [stdout] running 0 tests
[INFO] [stdout] 
[INFO] [stdout] test result: ok. 0 passed; 0 failed; 0 ignored; 0 measured; 0 filtered out; finished in 0.00s
[INFO] [stdout] 
[INFO] [stderr]      Running unittests src/main.rs (/opt/rustwide/target/debug/deps/enc_save_load-c64464def4f9f9fc)
[INFO] [stderr]      Running unittests src/main.rs (/opt/rustwide/target/debug/deps/era_name-a2c6cfa5ca5e24a3)
[INFO] [stdout] 
[INFO] [stdout] running 0 tests
[INFO] [stdout] 
[INFO] [stdout] test result: ok. 0 passed; 0 failed; 0 ignored; 0 measured; 0 filtered out; finished in 0.00s
[INFO] [stdout] 
[INFO] [stdout] 
[INFO] [stdout] running 0 tests
[INFO] [stdout] 
[INFO] [stdout] test result: ok. 0 passed; 0 failed; 0 ignored; 0 measured; 0 filtered out; finished in 0.00s
[INFO] [stdout] 
[INFO] [stderr]      Running unittests src/main.rs (/opt/rustwide/target/debug/deps/ffi_mul-164c8fc08e5b08e7)
[INFO] [stdout] 
[INFO] [stdout] running 0 tests
[INFO] [stderr]      Running unittests src/main.rs (/opt/rustwide/target/debug/deps/findfile-0ba37757cd8d9919)
[INFO] [stdout] 
[INFO] [stdout] test result: ok. 0 passed; 0 failed; 0 ignored; 0 measured; 0 filtered out; finished in 0.00s
[INFO] [stdout] 
[INFO] [stdout] 
[INFO] [stdout] running 0 tests
[INFO] [stdout] 
[INFO] [stdout] test result: ok. 0 passed; 0 failed; 0 ignored; 0 measured; 0 filtered out; finished in 0.00s
[INFO] [stdout] 
[INFO] [stderr]      Running unittests src/main.rs (/opt/rustwide/target/debug/deps/fizzbuzz-ec73cff9a29a44a2)
[INFO] [stdout] 
[INFO] [stdout] running 0 tests
[INFO] [stdout] 
[INFO] [stdout] test result: ok. 0 passed; 0 failed; 0 ignored; 0 measured; 0 filtered out; finished in 0.00s
[INFO] [stdout] 
[INFO] [stderr]      Running unittests src/main.rs (/opt/rustwide/target/debug/deps/fizzbuzz_file-cffcc64c2ee096cc)
[INFO] [stdout] 
[INFO] [stdout] running 0 tests
[INFO] [stdout] 
[INFO] [stdout] test result: ok. 0 passed; 0 failed; 0 ignored; 0 measured; 0 filtered out; finished in 0.00s
[INFO] [stdout] 
[INFO] [stderr]      Running unittests src/main.rs (/opt/rustwide/target/debug/deps/fizzbuzz_file2-e21f3cf69c5a9e0a)
[INFO] [stdout] 
[INFO] [stdout] running 0 tests
[INFO] [stdout] 
[INFO] [stdout] test result: ok. 0 passed; 0 failed; 0 ignored; 0 measured; 0 filtered out; finished in 0.00s
[INFO] [stdout] 
[INFO] [stderr]      Running unittests src/main.rs (/opt/rustwide/target/debug/deps/fm_synth-8f5eab36ebc0f641)
[INFO] [stdout] 
[INFO] [stdout] running 0 tests
[INFO] [stdout] 
[INFO] [stdout] test result: ok. 0 passed; 0 failed; 0 ignored; 0 measured; 0 filtered out; finished in 0.00s
[INFO] [stdout] 
[INFO] [stderr]      Running unittests src/main.rs (/opt/rustwide/target/debug/deps/fobonacci-762e0634cf43a258)
[INFO] [stdout] 
[INFO] [stdout] running 0 tests
[INFO] [stdout] 
[INFO] [stdout] test result: ok. 0 passed; 0 failed; 0 ignored; 0 measured; 0 filtered out; finished in 0.00s
[INFO] [stdout] 
[INFO] [stderr]      Running unittests src/main.rs (/opt/rustwide/target/debug/deps/globalvars-a275fc31b7c23545)
[INFO] [stdout] 
[INFO] [stdout] running 0 tests
[INFO] [stdout] 
[INFO] [stdout] test result: ok. 0 passed; 0 failed; 0 ignored; 0 measured; 0 filtered out; finished in 0.00s
[INFO] [stdout] 
[INFO] [stderr]      Running unittests src/main.rs (/opt/rustwide/target/debug/deps/gugu-1715e626dd39e094)
[INFO] [stdout] 
[INFO] [stdout] running 0 tests
[INFO] [stdout] 
[INFO] [stdout] test result: ok. 0 passed; 0 failed; 0 ignored; 0 measured; 0 filtered out; finished in 0.00s
[INFO] [stdout] 
[INFO] [stderr]      Running unittests src/main.rs (/opt/rustwide/target/debug/deps/image_checkerboard-4c67a70fb6a24923)
[INFO] [stdout] 
[INFO] [stdout] running 0 tests
[INFO] [stdout] 
[INFO] [stdout] test result: ok. 0 passed; 0 failed; 0 ignored; 0 measured; 0 filtered out; finished in 0.00s
[INFO] [stdout] 
[INFO] [stderr]      Running unittests src/main.rs (/opt/rustwide/target/debug/deps/image_filter-9209ab9f008cd9f1)
[INFO] [stdout] 
[INFO] [stdout] running 0 tests
[INFO] [stdout] 
[INFO] [stdout] test result: ok. 0 passed; 0 failed; 0 ignored; 0 measured; 0 filtered out; finished in 0.00s
[INFO] [stdout] 
[INFO] [stderr]      Running unittests src/main.rs (/opt/rustwide/target/debug/deps/image_thumb-29f42db50f62e28f)
[INFO] [stdout] 
[INFO] [stdout] running 0 tests
[INFO] [stdout] 
[INFO] [stdout] test result: ok. 0 passed; 0 failed; 0 ignored; 0 measured; 0 filtered out; finished in 0.00s
[INFO] [stdout] 
[INFO] [stderr]      Running unittests src/main.rs (/opt/rustwide/target/debug/deps/iter_array_string_fix-f831ba61e30361fd)
[INFO] [stdout] 
[INFO] [stdout] running 0 tests
[INFO] [stdout] 
[INFO] [stdout] test result: ok. 0 passed; 0 failed; 0 ignored; 0 measured; 0 filtered out; finished in 0.00s
[INFO] [stdout] 
[INFO] [stderr]      Running unittests src/main.rs (/opt/rustwide/target/debug/deps/iter_fib-95bf41242de66ef0)
[INFO] [stdout] 
[INFO] [stdout] running 0 tests
[INFO] [stdout] 
[INFO] [stdout] test result: ok. 0 passed; 0 failed; 0 ignored; 0 measured; 0 filtered out; finished in 0.00s
[INFO] [stdout] 
[INFO] [stderr]      Running unittests src/main.rs (/opt/rustwide/target/debug/deps/iter_prime-d3a2642cb6cfabb0)
[INFO] [stdout] 
[INFO] [stdout] running 0 tests
[INFO] [stdout] 
[INFO] [stdout] test result: ok. 0 passed; 0 failed; 0 ignored; 0 measured; 0 filtered out; finished in 0.00s
[INFO] [stdout] 
[INFO] [stderr]      Running unittests src/main.rs (/opt/rustwide/target/debug/deps/korean_month-7e4949054aefe1ef)
[INFO] [stdout] 
[INFO] [stdout] running 0 tests
[INFO] [stdout] 
[INFO] [stdout] test result: ok. 0 passed; 0 failed; 0 ignored; 0 measured; 0 filtered out; finished in 0.00s
[INFO] [stdout] 
[INFO] [stderr]      Running unittests src/main.rs (/opt/rustwide/target/debug/deps/list_enum-0ff4e8318e5b447d)
[INFO] [stdout] 
[INFO] [stdout] running 0 tests
[INFO] [stdout] 
[INFO] [stdout] test result: ok. 0 passed; 0 failed; 0 ignored; 0 measured; 0 filtered out; finished in 0.00s
[INFO] [stdout] 
[INFO] [stderr]      Running unittests src/main.rs (/opt/rustwide/target/debug/deps/list_fix-13ce0c3223b46b84)
[INFO] [stdout] 
[INFO] [stdout] running 0 tests
[INFO] [stdout] 
[INFO] [stdout] test result: ok. 0 passed; 0 failed; 0 ignored; 0 measured; 0 filtered out; finished in 0.00s
[INFO] [stdout] 
[INFO] [stderr]      Running unittests src/main.rs (/opt/rustwide/target/debug/deps/macro_bmi-22e878ae8e2247ce)
[INFO] [stdout] 
[INFO] [stdout] running 0 tests
[INFO] [stdout] 
[INFO] [stdout] test result: ok. 0 passed; 0 failed; 0 ignored; 0 measured; 0 filtered out; finished in 0.00s
[INFO] [stdout] 
[INFO] [stderr]      Running unittests src/main.rs (/opt/rustwide/target/debug/deps/macro_echo_num-66509e55c608a8c3)
[INFO] [stdout] 
[INFO] [stdout] running 0 tests
[INFO] [stdout] 
[INFO] [stdout] test result: ok. 0 passed; 0 failed; 0 ignored; 0 measured; 0 filtered out; finished in 0.00s
[INFO] [stdout] 
[INFO] [stderr]      Running unittests src/main.rs (/opt/rustwide/target/debug/deps/macro_echo_nums-274ec488adfab22e)
[INFO] [stdout] 
[INFO] [stdout] running 0 tests
[INFO] [stdout] 
[INFO] [stdout] test result: ok. 0 passed; 0 failed; 0 ignored; 0 measured; 0 filtered out; finished in 0.00s
[INFO] [stdout] 
[INFO] [stderr]      Running unittests src/main.rs (/opt/rustwide/target/debug/deps/macro_for-5153e07180b8fefd)
[INFO] [stdout] 
[INFO] [stdout] running 0 tests
[INFO] [stdout] 
[INFO] [stdout] test result: ok. 0 passed; 0 failed; 0 ignored; 0 measured; 0 filtered out; finished in 0.00s
[INFO] [stdout] 
[INFO] [stderr]      Running unittests src/main.rs (/opt/rustwide/target/debug/deps/macro_hashmap-e227058725efa7f0)
[INFO] [stdout] 
[INFO] [stdout] running 0 tests
[INFO] [stdout] 
[INFO] [stdout] test result: ok. 0 passed; 0 failed; 0 ignored; 0 measured; 0 filtered out; finished in 0.01s
[INFO] [stdout] 
[INFO] [stderr]      Running unittests src/main.rs (/opt/rustwide/target/debug/deps/macro_html-dc8cdb9c9332ebe5)
[INFO] [stdout] 
[INFO] [stdout] running 0 tests
[INFO] [stdout] 
[INFO] [stdout] test result: ok. 0 passed; 0 failed; 0 ignored; 0 measured; 0 filtered out; finished in 0.00s
[INFO] [stdout] 
[INFO] [stdout] 
[INFO] [stderr]      Running unittests src/main.rs (/opt/rustwide/target/debug/deps/match_bmi-3863db7fa3b194db)
[INFO] [stdout] running 0 tests
[INFO] [stdout] 
[INFO] [stdout] test result: ok. 0 passed; 0 failed; 0 ignored; 0 measured; 0 filtered out; finished in 0.00s
[INFO] [stdout] 
[INFO] [stderr]      Running unittests src/main.rs (/opt/rustwide/target/debug/deps/match_fizzbuzz-4ccf61e8e525c3c9)
[INFO] [stdout] 
[INFO] [stdout] running 0 tests
[INFO] [stdout] 
[INFO] [stdout] test result: ok. 0 passed; 0 failed; 0 ignored; 0 measured; 0 filtered out; finished in 0.00s
[INFO] [stdout] 
[INFO] [stderr]      Running unittests src/main.rs (/opt/rustwide/target/debug/deps/maze-ce9663848c12c3b5)
[INFO] [stdout] 
[INFO] [stdout] running 0 tests
[INFO] [stdout] 
[INFO] [stdout] test result: ok. 0 passed; 0 failed; 0 ignored; 0 measured; 0 filtered out; finished in 0.00s
[INFO] [stdout] 
[INFO] [stderr]      Running unittests src/main.rs (/opt/rustwide/target/debug/deps/method_bmi-e61c160dc84a190e)
[INFO] [stdout] 
[INFO] [stdout] running 0 tests
[INFO] [stdout] 
[INFO] [stdout] test result: ok. 0 passed; 0 failed; 0 ignored; 0 measured; 0 filtered out; finished in 0.00s
[INFO] [stdout] 
[INFO] [stderr]      Running unittests src/main.rs (/opt/rustwide/target/debug/deps/mml-b8464012615ca148)
[INFO] [stdout] 
[INFO] [stdout] running 2 tests
[INFO] [stdout] test mml_parser::mml_parser_test::parse_test ... ok
[INFO] [stdout] test wav_writer::wav_write_test::notes_test ... FAILED
[INFO] [stdout] 
[INFO] [stdout] failures:
[INFO] [stdout] 
[INFO] [stdout] ---- wav_writer::wav_write_test::notes_test stdout ----
[INFO] [stdout] thread 'wav_writer::wav_write_test::notes_test' panicked at mml/src/wav_writer.rs:36:52:
[INFO] [stdout] called `Result::unwrap()` on an `Err` value: IoError(Os { code: 30, kind: ReadOnlyFilesystem, message: "Read-only file system" })
[INFO] [stdout] stack backtrace:
[INFO] [stdout]    0:     0x557062bb407c - std::backtrace_rs::backtrace::libunwind::trace::ha637c64ce894333a
[INFO] [stdout]                                at /rustc/82e1608dfa6e0b5569232559e3d385fea5a93112/library/std/src/../../backtrace/src/backtrace/libunwind.rs:104:5
[INFO] [stdout]    1:     0x557062bb407c - std::backtrace_rs::backtrace::trace_unsynchronized::h47f62dea28e0c88d
[INFO] [stdout]                                at /rustc/82e1608dfa6e0b5569232559e3d385fea5a93112/library/std/src/../../backtrace/src/backtrace/mod.rs:66:5
[INFO] [stdout]    2:     0x557062bb407c - std::sys_common::backtrace::_print_fmt::h9eef0abe20ede486
[INFO] [stdout]                                at /rustc/82e1608dfa6e0b5569232559e3d385fea5a93112/library/std/src/sys_common/backtrace.rs:67:5
[INFO] [stdout]    3:     0x557062bb407c - <std::sys_common::backtrace::_print::DisplayBacktrace as core::fmt::Display>::fmt::hed7f999df88cc644
[INFO] [stdout]                                at /rustc/82e1608dfa6e0b5569232559e3d385fea5a93112/library/std/src/sys_common/backtrace.rs:44:22
[INFO] [stdout]    4:     0x557062bddbc0 - core::fmt::rt::Argument::fmt::h1539a9308b8d058d
[INFO] [stdout]                                at /rustc/82e1608dfa6e0b5569232559e3d385fea5a93112/library/core/src/fmt/rt.rs:142:9
[INFO] [stdout]    5:     0x557062bddbc0 - core::fmt::write::h3a39390d8560d9c9
[INFO] [stdout]                                at /rustc/82e1608dfa6e0b5569232559e3d385fea5a93112/library/core/src/fmt/mod.rs:1120:17
[INFO] [stdout]    6:     0x557062bb1a2f - std::io::Write::write_fmt::h040b369f3a0f9cbc
[INFO] [stdout]                                at /rustc/82e1608dfa6e0b5569232559e3d385fea5a93112/library/std/src/io/mod.rs:1762:15
[INFO] [stdout]    7:     0x557062bb3e64 - std::sys_common::backtrace::_print::h894006fb5c6f3d45
[INFO] [stdout]                                at /rustc/82e1608dfa6e0b5569232559e3d385fea5a93112/library/std/src/sys_common/backtrace.rs:47:5
[INFO] [stdout]    8:     0x557062bb3e64 - std::sys_common::backtrace::print::h23a2d212c6fff936
[INFO] [stdout]                                at /rustc/82e1608dfa6e0b5569232559e3d385fea5a93112/library/std/src/sys_common/backtrace.rs:34:9
[INFO] [stdout]    9:     0x557062bb5b27 - std::panicking::default_hook::{{closure}}::h8a1d2ee00185001a
[INFO] [stdout]   10:     0x557062bb5813 - std::panicking::default_hook::h6038f2eba384e475
[INFO] [stdout]                                at /rustc/82e1608dfa6e0b5569232559e3d385fea5a93112/library/std/src/panicking.rs:289:9
[INFO] [stdout]   11:     0x557062b82467 - <alloc::boxed::Box<F,A> as core::ops::function::Fn<Args>>::call::h0ad024c9bdc6d768
[INFO] [stdout]                                at /rustc/82e1608dfa6e0b5569232559e3d385fea5a93112/library/alloc/src/boxed.rs:2021:9
[INFO] [stdout]   12:     0x557062b82467 - test::test_main::{{closure}}::h7500b54257359db6
[INFO] [stdout]                                at /rustc/82e1608dfa6e0b5569232559e3d385fea5a93112/library/test/src/lib.rs:138:21
[INFO] [stdout]   13:     0x557062bb6138 - <alloc::boxed::Box<F,A> as core::ops::function::Fn<Args>>::call::h1f8f335eaa9cfaee
[INFO] [stdout]                                at /rustc/82e1608dfa6e0b5569232559e3d385fea5a93112/library/alloc/src/boxed.rs:2021:9
[INFO] [stdout]   14:     0x557062bb6138 - std::panicking::rust_panic_with_hook::h2b5517d590cab22e
[INFO] [stdout]                                at /rustc/82e1608dfa6e0b5569232559e3d385fea5a93112/library/std/src/panicking.rs:783:13
[INFO] [stdout]   15:     0x557062bb5e8e - std::panicking::begin_panic_handler::{{closure}}::h233112c06e0ef43e
[INFO] [stdout]                                at /rustc/82e1608dfa6e0b5569232559e3d385fea5a93112/library/std/src/panicking.rs:657:13
[INFO] [stdout]   16:     0x557062bb4546 - std::sys_common::backtrace::__rust_end_short_backtrace::h6e893f24d7ebbff8
[INFO] [stdout]                                at /rustc/82e1608dfa6e0b5569232559e3d385fea5a93112/library/std/src/sys_common/backtrace.rs:170:18
[INFO] [stdout]   17:     0x557062bb5bf2 - rust_begin_unwind
[INFO] [stdout]                                at /rustc/82e1608dfa6e0b5569232559e3d385fea5a93112/library/std/src/panicking.rs:645:5
[INFO] [stdout]   18:     0x557062b46cf5 - core::panicking::panic_fmt::hbf0e066aabfa482c
[INFO] [stdout]                                at /rustc/82e1608dfa6e0b5569232559e3d385fea5a93112/library/core/src/panicking.rs:72:14
[INFO] [stdout]   19:     0x557062b47283 - core::result::unwrap_failed::hddb4fea594200c52
[INFO] [stdout]                                at /rustc/82e1608dfa6e0b5569232559e3d385fea5a93112/library/core/src/result.rs:1653:5
[INFO] [stdout]   20:     0x557062b49da5 - core::result::Result<T,E>::unwrap::hb79c9b96747f7a37
[INFO] [stdout]                                at /rustc/82e1608dfa6e0b5569232559e3d385fea5a93112/library/core/src/result.rs:1077:23
[INFO] [stdout]   21:     0x557062b4dfcf - mml::wav_writer::write::h58cda466c51b98a4
[INFO] [stdout]                                at /opt/rustwide/workdir/mml/src/wav_writer.rs:36:18
[INFO] [stdout]   22:     0x557062b4ea61 - mml::wav_writer::wav_write_test::notes_test::h65d9c1122f34d141
[INFO] [stdout]                                at /opt/rustwide/workdir/mml/src/wav_writer.rs:73:9
[INFO] [stdout]   23:     0x557062b4e927 - mml::wav_writer::wav_write_test::notes_test::{{closure}}::hd9ed07b4cddfd251
[INFO] [stdout]                                at /opt/rustwide/workdir/mml/src/wav_writer.rs:70:20
[INFO] [stdout]   24:     0x557062b49416 - core::ops::function::FnOnce::call_once::hee542af5df17808b
[INFO] [stdout]                                at /rustc/82e1608dfa6e0b5569232559e3d385fea5a93112/library/core/src/ops/function.rs:250:5
[INFO] [stdout]   25:     0x557062b87abf - core::ops::function::FnOnce::call_once::h2b5d431d5046312d
[INFO] [stdout]                                at /rustc/82e1608dfa6e0b5569232559e3d385fea5a93112/library/core/src/ops/function.rs:250:5
[INFO] [stdout]   26:     0x557062b87abf - test::__rust_begin_short_backtrace::h7714669af176e207
[INFO] [stdout]                                at /rustc/82e1608dfa6e0b5569232559e3d385fea5a93112/library/test/src/lib.rs:628:18
[INFO] [stdout]   27:     0x557062b86ad5 - test::run_test_in_process::{{closure}}::h85218797dcbcec12
[INFO] [stdout]                                at /rustc/82e1608dfa6e0b5569232559e3d385fea5a93112/library/test/src/lib.rs:651:60
[INFO] [stdout]   28:     0x557062b86ad5 - <core::panic::unwind_safe::AssertUnwindSafe<F> as core::ops::function::FnOnce<()>>::call_once::h76c106ea31c14d7b
[INFO] [stdout]                                at /rustc/82e1608dfa6e0b5569232559e3d385fea5a93112/library/core/src/panic/unwind_safe.rs:272:9
[INFO] [stdout]   29:     0x557062b86ad5 - std::panicking::try::do_call::h3bd5d0f6620ee946
[INFO] [stdout]                                at /rustc/82e1608dfa6e0b5569232559e3d385fea5a93112/library/std/src/panicking.rs:552:40
[INFO] [stdout]   30:     0x557062b86ad5 - std::panicking::try::h232e535e4744fe31
[INFO] [stdout]                                at /rustc/82e1608dfa6e0b5569232559e3d385fea5a93112/library/std/src/panicking.rs:516:19
[INFO] [stdout]   31:     0x557062b86ad5 - std::panic::catch_unwind::h3ce3bd6ca8dbac68
[INFO] [stdout]                                at /rustc/82e1608dfa6e0b5569232559e3d385fea5a93112/library/std/src/panic.rs:142:14
[INFO] [stdout]   32:     0x557062b86ad5 - test::run_test_in_process::hc97b257c9621286a
[INFO] [stdout]                                at /rustc/82e1608dfa6e0b5569232559e3d385fea5a93112/library/test/src/lib.rs:651:27
[INFO] [stdout]   33:     0x557062b86ad5 - test::run_test::{{closure}}::h2aa798823a438d38
[INFO] [stdout]                                at /rustc/82e1608dfa6e0b5569232559e3d385fea5a93112/library/test/src/lib.rs:574:43
[INFO] [stdout]   34:     0x557062b4ed96 - test::run_test::{{closure}}::h87d231c78fb59832
[INFO] [stdout]                                at /rustc/82e1608dfa6e0b5569232559e3d385fea5a93112/library/test/src/lib.rs:602:41
[INFO] [stdout]   35:     0x557062b4ed96 - std::sys_common::backtrace::__rust_begin_short_backtrace::he6df152596625789
[INFO] [stdout]                                at /rustc/82e1608dfa6e0b5569232559e3d385fea5a93112/library/std/src/sys_common/backtrace.rs:154:18
[INFO] [stdout]   36:     0x557062b53e47 - std::thread::Builder::spawn_unchecked_::{{closure}}::{{closure}}::ha94be15d1e0acf36
[INFO] [stdout]                                at /rustc/82e1608dfa6e0b5569232559e3d385fea5a93112/library/std/src/thread/mod.rs:529:17
[INFO] [stdout]   37:     0x557062b53e47 - <core::panic::unwind_safe::AssertUnwindSafe<F> as core::ops::function::FnOnce<()>>::call_once::h9dc6bd6372f16606
[INFO] [stdout]                                at /rustc/82e1608dfa6e0b5569232559e3d385fea5a93112/library/core/src/panic/unwind_safe.rs:272:9
[INFO] [stdout]   38:     0x557062b53e47 - std::panicking::try::do_call::h9057517f80303cd4
[INFO] [stdout]                                at /rustc/82e1608dfa6e0b5569232559e3d385fea5a93112/library/std/src/panicking.rs:552:40
[INFO] [stdout]   39:     0x557062b53e47 - std::panicking::try::he3a30b11ee45340c
[INFO] [stdout]                                at /rustc/82e1608dfa6e0b5569232559e3d385fea5a93112/library/std/src/panicking.rs:516:19
[INFO] [stdout]   40:     0x557062b53e47 - std::panic::catch_unwind::h410458cfd3528b8b
[INFO] [stdout]                                at /rustc/82e1608dfa6e0b5569232559e3d385fea5a93112/library/std/src/panic.rs:142:14
[INFO] [stdout]   41:     0x557062b53e47 - std::thread::Builder::spawn_unchecked_::{{closure}}::h72ac3bdb567b737b
[INFO] [stdout]                                at /rustc/82e1608dfa6e0b5569232559e3d385fea5a93112/library/std/src/thread/mod.rs:528:30
[INFO] [stdout]   42:     0x557062b53e47 - core::ops::function::FnOnce::call_once{{vtable.shim}}::h38f34da3654a8344
[INFO] [stdout]                                at /rustc/82e1608dfa6e0b5569232559e3d385fea5a93112/library/core/src/ops/function.rs:250:5
[INFO] [stdout]   43:     0x557062bbabc5 - <alloc::boxed::Box<F,A> as core::ops::function::FnOnce<Args>>::call_once::hc7eafaff61e32df9
[INFO] [stdout]                                at /rustc/82e1608dfa6e0b5569232559e3d385fea5a93112/library/alloc/src/boxed.rs:2007:9
[INFO] [stdout]   44:     0x557062bbabc5 - <alloc::boxed::Box<F,A> as core::ops::function::FnOnce<Args>>::call_once::h6ba4a5de48dd2304
[INFO] [stdout]                                at /rustc/82e1608dfa6e0b5569232559e3d385fea5a93112/library/alloc/src/boxed.rs:2007:9
[INFO] [stdout]   45:     0x557062bbabc5 - std::sys::unix::thread::Thread::new::thread_start::he469335aef763e45
[INFO] [stdout]                                at /rustc/82e1608dfa6e0b5569232559e3d385fea5a93112/library/std/src/sys/unix/thread.rs:108:17
[INFO] [stdout]   46:     0x7fe448bafac3 - <unknown>
[INFO] [stdout]   47:     0x7fe448c40bf4 - __clone
[INFO] [stdout]   48:                0x0 - <unknown>
[INFO] [stdout] 
[INFO] [stdout] 
[INFO] [stdout] failures:
[INFO] [stdout]     wav_writer::wav_write_test::notes_test
[INFO] [stdout] 
[INFO] [stdout] test result: FAILED. 1 passed; 1 failed; 0 ignored; 0 measured; 0 filtered out; finished in 0.03s
[INFO] [stdout] 
[INFO] [stderr] error: test failed, to rerun pass `-p mml --bin mml`
[INFO] running `Command { std: "docker" "inspect" "b7b03c8133bb5d624922a6f119af3f17b24d273e4820c429358d8ddeccaf7a68", kill_on_drop: false }`
[INFO] running `Command { std: "docker" "rm" "-f" "b7b03c8133bb5d624922a6f119af3f17b24d273e4820c429358d8ddeccaf7a68", kill_on_drop: false }`
[INFO] [stdout] b7b03c8133bb5d624922a6f119af3f17b24d273e4820c429358d8ddeccaf7a68
