[INFO] cloning repository https://github.com/Jon-Davis/function_group
[INFO] running `Command { std: "git" "-c" "credential.helper=" "-c" "credential.helper=/workspace/cargo-home/bin/git-credential-null" "clone" "--bare" "https://github.com/Jon-Davis/function_group" "/workspace/cache/git-repos/https%3A%2F%2Fgithub.com%2FJon-Davis%2Ffunction_group", kill_on_drop: false }`
[INFO] [stderr] Cloning into bare repository '/workspace/cache/git-repos/https%3A%2F%2Fgithub.com%2FJon-Davis%2Ffunction_group'...
[INFO] running `Command { std: "git" "rev-parse" "HEAD", kill_on_drop: false }`
[INFO] [stdout] bbf251f68e8552dfef1b0e2923affd0cd32de81f
[INFO] testing Jon-Davis/function_group against 1.75.0 for beta-1.76-1
[INFO] running `Command { std: "git" "clone" "/workspace/cache/git-repos/https%3A%2F%2Fgithub.com%2FJon-Davis%2Ffunction_group" "/workspace/builds/worker-1-tc1/source", kill_on_drop: false }`
[INFO] [stderr] Cloning into '/workspace/builds/worker-1-tc1/source'...
[INFO] [stderr] done.
[INFO] validating manifest of git repo https://github.com/Jon-Davis/function_group on toolchain 1.75.0
[INFO] running `Command { std: CARGO_HOME="/workspace/cargo-home" RUSTUP_HOME="/workspace/rustup-home" "/workspace/cargo-home/bin/cargo" "+1.75.0" "metadata" "--manifest-path" "Cargo.toml" "--no-deps", kill_on_drop: false }`
[INFO] started tweaking git repo https://github.com/Jon-Davis/function_group
[INFO] finished tweaking git repo https://github.com/Jon-Davis/function_group
[INFO] tweaked toml for git repo https://github.com/Jon-Davis/function_group written to /workspace/builds/worker-1-tc1/source/Cargo.toml
[INFO] crate git repo https://github.com/Jon-Davis/function_group already has a lockfile, it will not be regenerated
[INFO] running `Command { std: CARGO_HOME="/workspace/cargo-home" RUSTUP_HOME="/workspace/rustup-home" "/workspace/cargo-home/bin/cargo" "+1.75.0" "fetch" "--manifest-path" "Cargo.toml", kill_on_drop: false }`
[INFO] [stderr]  Downloading crates ...
[INFO] [stderr]   Downloaded syn v0.15.30
[INFO] running `Command { std: "docker" "create" "-v" "/var/lib/crater-agent-workspace/builds/worker-1-tc1/target:/opt/rustwide/target:rw,Z" "-v" "/var/lib/crater-agent-workspace/builds/worker-1-tc1/source:/opt/rustwide/workdir:ro,Z" "-v" "/var/lib/crater-agent-workspace/cargo-home:/opt/rustwide/cargo-home:ro,Z" "-v" "/var/lib/crater-agent-workspace/rustup-home:/opt/rustwide/rustup-home:ro,Z" "-e" "SOURCE_DIR=/opt/rustwide/workdir" "-e" "CARGO_TARGET_DIR=/opt/rustwide/target" "-e" "CARGO_HOME=/opt/rustwide/cargo-home" "-e" "RUSTUP_HOME=/opt/rustwide/rustup-home" "-w" "/opt/rustwide/workdir" "-m" "1610612736" "--user" "0:0" "--network" "none" "ghcr.io/rust-lang/crates-build-env/linux@sha256:2788e3201cd34a07e3172128adcd8b3090168a8e3bcc40d7c032b9dda1df7d1c" "/opt/rustwide/cargo-home/bin/cargo" "+1.75.0" "metadata" "--no-deps" "--format-version=1", kill_on_drop: false }`
[INFO] [stdout] c65f03b440cc8696f01effa65c5ea50ef0802ebbd14a5efaf6001115ae849f88
[INFO] running `Command { std: "docker" "start" "-a" "c65f03b440cc8696f01effa65c5ea50ef0802ebbd14a5efaf6001115ae849f88", kill_on_drop: false }`
[INFO] running `Command { std: "docker" "inspect" "c65f03b440cc8696f01effa65c5ea50ef0802ebbd14a5efaf6001115ae849f88", kill_on_drop: false }`
[INFO] running `Command { std: "docker" "rm" "-f" "c65f03b440cc8696f01effa65c5ea50ef0802ebbd14a5efaf6001115ae849f88", kill_on_drop: false }`
[INFO] [stdout] c65f03b440cc8696f01effa65c5ea50ef0802ebbd14a5efaf6001115ae849f88
[INFO] running `Command { std: "docker" "create" "-v" "/var/lib/crater-agent-workspace/builds/worker-1-tc1/target:/opt/rustwide/target:rw,Z" "-v" "/var/lib/crater-agent-workspace/builds/worker-1-tc1/source:/opt/rustwide/workdir:ro,Z" "-v" "/var/lib/crater-agent-workspace/cargo-home:/opt/rustwide/cargo-home:ro,Z" "-v" "/var/lib/crater-agent-workspace/rustup-home:/opt/rustwide/rustup-home:ro,Z" "-e" "SOURCE_DIR=/opt/rustwide/workdir" "-e" "CARGO_TARGET_DIR=/opt/rustwide/target" "-e" "CARGO_INCREMENTAL=0" "-e" "RUST_BACKTRACE=full" "-e" "RUSTFLAGS=--cap-lints=warn" "-e" "RUSTDOCFLAGS=--cap-lints=warn" "-e" "CARGO_HOME=/opt/rustwide/cargo-home" "-e" "RUSTUP_HOME=/opt/rustwide/rustup-home" "-w" "/opt/rustwide/workdir" "-m" "1610612736" "--user" "0:0" "--network" "none" "ghcr.io/rust-lang/crates-build-env/linux@sha256:2788e3201cd34a07e3172128adcd8b3090168a8e3bcc40d7c032b9dda1df7d1c" "/opt/rustwide/cargo-home/bin/cargo" "+1.75.0" "build" "--frozen" "--message-format=json", kill_on_drop: false }`
[INFO] [stdout] 40ce430311bbaa0071a93843051209f51a26af4eb4b735057a77181c67834651
[INFO] running `Command { std: "docker" "start" "-a" "40ce430311bbaa0071a93843051209f51a26af4eb4b735057a77181c67834651", kill_on_drop: false }`
[INFO] [stderr]    Compiling proc-macro2 v0.4.27
[INFO] [stderr]    Compiling unicode-xid v0.1.0
[INFO] [stderr]    Compiling syn v0.15.30
[INFO] [stderr]    Compiling quote v0.6.11
[INFO] [stderr]    Compiling function_group v0.2.4 (/opt/rustwide/workdir)
[INFO] [stderr]     Finished dev [unoptimized + debuginfo] target(s) in 5.32s
[INFO] running `Command { std: "docker" "inspect" "40ce430311bbaa0071a93843051209f51a26af4eb4b735057a77181c67834651", kill_on_drop: false }`
[INFO] running `Command { std: "docker" "rm" "-f" "40ce430311bbaa0071a93843051209f51a26af4eb4b735057a77181c67834651", kill_on_drop: false }`
[INFO] [stdout] 40ce430311bbaa0071a93843051209f51a26af4eb4b735057a77181c67834651
[INFO] running `Command { std: "docker" "create" "-v" "/var/lib/crater-agent-workspace/builds/worker-1-tc1/target:/opt/rustwide/target:rw,Z" "-v" "/var/lib/crater-agent-workspace/builds/worker-1-tc1/source:/opt/rustwide/workdir:ro,Z" "-v" "/var/lib/crater-agent-workspace/cargo-home:/opt/rustwide/cargo-home:ro,Z" "-v" "/var/lib/crater-agent-workspace/rustup-home:/opt/rustwide/rustup-home:ro,Z" "-e" "SOURCE_DIR=/opt/rustwide/workdir" "-e" "CARGO_TARGET_DIR=/opt/rustwide/target" "-e" "CARGO_INCREMENTAL=0" "-e" "RUST_BACKTRACE=full" "-e" "RUSTFLAGS=--cap-lints=warn" "-e" "RUSTDOCFLAGS=--cap-lints=warn" "-e" "CARGO_HOME=/opt/rustwide/cargo-home" "-e" "RUSTUP_HOME=/opt/rustwide/rustup-home" "-w" "/opt/rustwide/workdir" "-m" "1610612736" "--user" "0:0" "--network" "none" "ghcr.io/rust-lang/crates-build-env/linux@sha256:2788e3201cd34a07e3172128adcd8b3090168a8e3bcc40d7c032b9dda1df7d1c" "/opt/rustwide/cargo-home/bin/cargo" "+1.75.0" "test" "--frozen" "--no-run" "--message-format=json", kill_on_drop: false }`
[INFO] [stdout] af82db669490259d630a29889a858f7f0729e2919ef7b484e4d06a2adc6bba20
[INFO] running `Command { std: "docker" "start" "-a" "af82db669490259d630a29889a858f7f0729e2919ef7b484e4d06a2adc6bba20", kill_on_drop: false }`
[INFO] [stderr]    Compiling function_group v0.2.4 (/opt/rustwide/workdir)
[INFO] [stderr]     Finished test [unoptimized + debuginfo] target(s) in 0.74s
[INFO] running `Command { std: "docker" "inspect" "af82db669490259d630a29889a858f7f0729e2919ef7b484e4d06a2adc6bba20", kill_on_drop: false }`
[INFO] running `Command { std: "docker" "rm" "-f" "af82db669490259d630a29889a858f7f0729e2919ef7b484e4d06a2adc6bba20", kill_on_drop: false }`
[INFO] [stdout] af82db669490259d630a29889a858f7f0729e2919ef7b484e4d06a2adc6bba20
[INFO] running `Command { std: "docker" "create" "-v" "/var/lib/crater-agent-workspace/builds/worker-1-tc1/target:/opt/rustwide/target:rw,Z" "-v" "/var/lib/crater-agent-workspace/builds/worker-1-tc1/source:/opt/rustwide/workdir:ro,Z" "-v" "/var/lib/crater-agent-workspace/cargo-home:/opt/rustwide/cargo-home:ro,Z" "-v" "/var/lib/crater-agent-workspace/rustup-home:/opt/rustwide/rustup-home:ro,Z" "-e" "SOURCE_DIR=/opt/rustwide/workdir" "-e" "CARGO_TARGET_DIR=/opt/rustwide/target" "-e" "CARGO_INCREMENTAL=0" "-e" "RUST_BACKTRACE=full" "-e" "RUSTFLAGS=--cap-lints=warn" "-e" "RUSTDOCFLAGS=--cap-lints=warn" "-e" "CARGO_HOME=/opt/rustwide/cargo-home" "-e" "RUSTUP_HOME=/opt/rustwide/rustup-home" "-w" "/opt/rustwide/workdir" "-m" "1610612736" "--user" "0:0" "--network" "none" "ghcr.io/rust-lang/crates-build-env/linux@sha256:2788e3201cd34a07e3172128adcd8b3090168a8e3bcc40d7c032b9dda1df7d1c" "/opt/rustwide/cargo-home/bin/cargo" "+1.75.0" "test" "--frozen", kill_on_drop: false }`
[INFO] [stdout] ee01e37bdf962f03799bfb24a83c4942e0e1b231e047f28983522affd6316f04
[INFO] running `Command { std: "docker" "start" "-a" "ee01e37bdf962f03799bfb24a83c4942e0e1b231e047f28983522affd6316f04", kill_on_drop: false }`
[INFO] [stderr]     Finished test [unoptimized + debuginfo] target(s) in 0.01s
[INFO] [stderr]      Running unittests src/lib.rs (/opt/rustwide/target/debug/deps/function_group-92d5f5400a3edc2c)
[INFO] [stdout] 
[INFO] [stdout] running 0 tests
[INFO] [stdout] 
[INFO] [stdout] test result: ok. 0 passed; 0 failed; 0 ignored; 0 measured; 0 filtered out; finished in 0.00s
[INFO] [stdout] 
[INFO] [stderr]    Doc-tests function_group
[INFO] [stdout] 
[INFO] [stdout] running 5 tests
[INFO] [stdout] test src/lib.rs - (line 23) ... FAILED
[INFO] [stdout] test src/lib.rs - function_group (line 209) ... FAILED
[INFO] [stdout] test src/lib.rs - (line 6) ... FAILED
[INFO] [stdout] test src/lib.rs - function_group (line 192) ... FAILED
[INFO] [stdout] test src/lib.rs - function_group (line 228) ... FAILED
[INFO] [stdout] 
[INFO] [stdout] failures:
[INFO] [stdout] 
[INFO] [stdout] ---- src/lib.rs - (line 23) stdout ----
[INFO] [stdout] error: cannot find macro `function_group` in this scope
[INFO] [stdout]  --> src/lib.rs:25:1
[INFO] [stdout]   |
[INFO] [stdout] 5 | function_group! {
[INFO] [stdout]   | ^^^^^^^^^^^^^^
[INFO] [stdout]   |
[INFO] [stdout] note: `function_group` is imported here, but it is a crate, not a macro
[INFO] [stdout]  --> src/lib.rs:23:1
[INFO] [stdout]   |
[INFO] [stdout] 3 | extern crate r#function_group;
[INFO] [stdout]   | ^^^^^^^^^^^^^^^^^^^^^^^^^^^^^^
[INFO] [stdout] help: consider importing this macro
[INFO] [stdout]   |
[INFO] [stdout] 2 + use function_group::function_group;
[INFO] [stdout]   |
[INFO] [stdout] 
[INFO] [stdout] error: aborting due to previous error
[INFO] [stdout] 
[INFO] [stdout] Couldn't compile the test.
[INFO] [stdout] ---- src/lib.rs - function_group (line 209) stdout ----
[INFO] [stdout] error: cannot find macro `function_group` in this scope
[INFO] [stdout]  --> src/lib.rs:211:1
[INFO] [stdout]   |
[INFO] [stdout] 5 | function_group! {
[INFO] [stdout]   | ^^^^^^^^^^^^^^
[INFO] [stdout]   |
[INFO] [stdout] note: `function_group` is imported here, but it is a crate, not a macro
[INFO] [stdout]  --> src/lib.rs:209:1
[INFO] [stdout]   |
[INFO] [stdout] 3 | extern crate r#function_group;
[INFO] [stdout]   | ^^^^^^^^^^^^^^^^^^^^^^^^^^^^^^
[INFO] [stdout] help: consider importing this macro
[INFO] [stdout]   |
[INFO] [stdout] 2 + use function_group::function_group;
[INFO] [stdout]   |
[INFO] [stdout] 
[INFO] [stdout] error[E0425]: cannot find function `add_to` in this scope
[INFO] [stdout]   --> src/lib.rs:223:1
[INFO] [stdout]    |
[INFO] [stdout] 17 | add_to((&mut x, 5));
[INFO] [stdout]    | ^^^^^^ not found in this scope
[INFO] [stdout] 
[INFO] [stdout] error[E0425]: cannot find function `add_to` in this scope
[INFO] [stdout]   --> src/lib.rs:224:1
[INFO] [stdout]    |
[INFO] [stdout] 18 | add_to((&mut x, 5, 5));
[INFO] [stdout]    | ^^^^^^ not found in this scope
[INFO] [stdout] 
[INFO] [stdout] error: aborting due to 3 previous errors
[INFO] [stdout] 
[INFO] [stdout] For more information about this error, try `rustc --explain E0425`.
[INFO] [stdout] Couldn't compile the test.
[INFO] [stdout] ---- src/lib.rs - (line 6) stdout ----
[INFO] [stdout] error: cannot find macro `function_group` in this scope
[INFO] [stdout]  --> src/lib.rs:8:1
[INFO] [stdout]   |
[INFO] [stdout] 5 | function_group! {
[INFO] [stdout]   | ^^^^^^^^^^^^^^
[INFO] [stdout]   |
[INFO] [stdout] note: `function_group` is imported here, but it is a crate, not a macro
[INFO] [stdout]  --> src/lib.rs:6:1
[INFO] [stdout]   |
[INFO] [stdout] 3 | extern crate r#function_group;
[INFO] [stdout]   | ^^^^^^^^^^^^^^^^^^^^^^^^^^^^^^
[INFO] [stdout] help: consider importing this macro
[INFO] [stdout]   |
[INFO] [stdout] 2 + use function_group::function_group;
[INFO] [stdout]   |
[INFO] [stdout] 
[INFO] [stdout] error: aborting due to previous error
[INFO] [stdout] 
[INFO] [stdout] Couldn't compile the test.
[INFO] [stdout] ---- src/lib.rs - function_group (line 192) stdout ----
[INFO] [stdout] error: cannot find macro `function_group` in this scope
[INFO] [stdout]  --> src/lib.rs:194:1
[INFO] [stdout]   |
[INFO] [stdout] 5 | function_group! {
[INFO] [stdout]   | ^^^^^^^^^^^^^^
[INFO] [stdout]   |
[INFO] [stdout] note: `function_group` is imported here, but it is a crate, not a macro
[INFO] [stdout]  --> src/lib.rs:192:1
[INFO] [stdout]   |
[INFO] [stdout] 3 | extern crate r#function_group;
[INFO] [stdout]   | ^^^^^^^^^^^^^^^^^^^^^^^^^^^^^^
[INFO] [stdout] help: consider importing this macro
[INFO] [stdout]   |
[INFO] [stdout] 2 + use function_group::function_group;
[INFO] [stdout]   |
[INFO] [stdout] 
[INFO] [stdout] error[E0425]: cannot find function `add` in this scope
[INFO] [stdout]   --> src/lib.rs:205:9
[INFO] [stdout]    |
[INFO] [stdout] 16 | assert!(add((5, 5)) == 10);
[INFO] [stdout]    |         ^^^ not found in this scope
[INFO] [stdout] 
[INFO] [stdout] error[E0425]: cannot find function `add` in this scope
[INFO] [stdout]   --> src/lib.rs:206:9
[INFO] [stdout]    |
[INFO] [stdout] 17 | assert!(add((5, 5, 5)) == 15);
[INFO] [stdout]    |         ^^^ not found in this scope
[INFO] [stdout] 
[INFO] [stdout] error: aborting due to 3 previous errors
[INFO] [stdout] 
[INFO] [stdout] For more information about this error, try `rustc --explain E0425`.
[INFO] [stdout] Couldn't compile the test.
[INFO] [stdout] ---- src/lib.rs - function_group (line 228) stdout ----
[INFO] [stdout] error: cannot find macro `function_group` in this scope
[INFO] [stdout]  --> src/lib.rs:231:1
[INFO] [stdout]   |
[INFO] [stdout] 6 | function_group! {
[INFO] [stdout]   | ^^^^^^^^^^^^^^
[INFO] [stdout]   |
[INFO] [stdout] note: `function_group` is imported here, but it is a crate, not a macro
[INFO] [stdout]  --> src/lib.rs:228:1
[INFO] [stdout]   |
[INFO] [stdout] 3 | extern crate r#function_group;
[INFO] [stdout]   | ^^^^^^^^^^^^^^^^^^^^^^^^^^^^^^
[INFO] [stdout] help: consider importing this macro
[INFO] [stdout]   |
[INFO] [stdout] 2 + use function_group::function_group;
[INFO] [stdout]   |
[INFO] [stdout] 
[INFO] [stdout] error[E0599]: no method named `add_to_struct` found for struct `TestStruct` in the current scope
[INFO] [stdout]   --> src/lib.rs:243:3
[INFO] [stdout]    |
[INFO] [stdout] 5  | struct TestStruct(usize);
[INFO] [stdout]    | ----------------- method `add_to_struct` not found for this struct
[INFO] [stdout] ...
[INFO] [stdout] 18 | x.add_to_struct((1,2));
[INFO] [stdout]    |   ^^^^^^^^^^^^^ method not found in `TestStruct`
[INFO] [stdout] 
[INFO] [stdout] error: aborting due to 2 previous errors
[INFO] [stdout] 
[INFO] [stdout] For more information about this error, try `rustc --explain E0599`.
[INFO] [stdout] Couldn't compile the test.
[INFO] [stdout] 
[INFO] [stdout] failures:
[INFO] [stdout]     src/lib.rs - (line 23)
[INFO] [stdout]     src/lib.rs - (line 6)
[INFO] [stdout]     src/lib.rs - function_group (line 192)
[INFO] [stdout]     src/lib.rs - function_group (line 209)
[INFO] [stdout]     src/lib.rs - function_group (line 228)
[INFO] [stdout] 
[INFO] [stdout] test result: FAILED. 0 passed; 5 failed; 0 ignored; 0 measured; 0 filtered out; finished in 0.23s
[INFO] [stdout] 
[INFO] [stderr] error: doctest failed, to rerun pass `--doc`
[INFO] running `Command { std: "docker" "inspect" "ee01e37bdf962f03799bfb24a83c4942e0e1b231e047f28983522affd6316f04", kill_on_drop: false }`
[INFO] running `Command { std: "docker" "rm" "-f" "ee01e37bdf962f03799bfb24a83c4942e0e1b231e047f28983522affd6316f04", kill_on_drop: false }`
[INFO] [stdout] ee01e37bdf962f03799bfb24a83c4942e0e1b231e047f28983522affd6316f04
[INFO] testing Jon-Davis/function_group against beta-2023-12-22 for beta-1.76-1
[INFO] running `Command { std: "git" "clone" "/workspace/cache/git-repos/https%3A%2F%2Fgithub.com%2FJon-Davis%2Ffunction_group" "/workspace/builds/worker-1-tc2/source", kill_on_drop: false }`
[INFO] [stderr] Cloning into '/workspace/builds/worker-1-tc2/source'...
[INFO] [stderr] done.
[INFO] validating manifest of git repo https://github.com/Jon-Davis/function_group on toolchain beta-2023-12-22
[INFO] running `Command { std: CARGO_HOME="/workspace/cargo-home" RUSTUP_HOME="/workspace/rustup-home" "/workspace/cargo-home/bin/cargo" "+beta-2023-12-22" "metadata" "--manifest-path" "Cargo.toml" "--no-deps", kill_on_drop: false }`
[INFO] started tweaking git repo https://github.com/Jon-Davis/function_group
[INFO] finished tweaking git repo https://github.com/Jon-Davis/function_group
[INFO] tweaked toml for git repo https://github.com/Jon-Davis/function_group written to /workspace/builds/worker-1-tc2/source/Cargo.toml
[INFO] crate git repo https://github.com/Jon-Davis/function_group already has a lockfile, it will not be regenerated
[INFO] running `Command { std: CARGO_HOME="/workspace/cargo-home" RUSTUP_HOME="/workspace/rustup-home" "/workspace/cargo-home/bin/cargo" "+beta-2023-12-22" "fetch" "--manifest-path" "Cargo.toml", kill_on_drop: false }`
[INFO] running `Command { std: "docker" "create" "-v" "/var/lib/crater-agent-workspace/builds/worker-1-tc2/target:/opt/rustwide/target:rw,Z" "-v" "/var/lib/crater-agent-workspace/builds/worker-1-tc2/source:/opt/rustwide/workdir:ro,Z" "-v" "/var/lib/crater-agent-workspace/cargo-home:/opt/rustwide/cargo-home:ro,Z" "-v" "/var/lib/crater-agent-workspace/rustup-home:/opt/rustwide/rustup-home:ro,Z" "-e" "SOURCE_DIR=/opt/rustwide/workdir" "-e" "CARGO_TARGET_DIR=/opt/rustwide/target" "-e" "CARGO_HOME=/opt/rustwide/cargo-home" "-e" "RUSTUP_HOME=/opt/rustwide/rustup-home" "-w" "/opt/rustwide/workdir" "-m" "1610612736" "--user" "0:0" "--network" "none" "ghcr.io/rust-lang/crates-build-env/linux@sha256:2788e3201cd34a07e3172128adcd8b3090168a8e3bcc40d7c032b9dda1df7d1c" "/opt/rustwide/cargo-home/bin/cargo" "+beta-2023-12-22" "metadata" "--no-deps" "--format-version=1", kill_on_drop: false }`
[INFO] [stdout] ca989b5d6945b0eda1251766f55430430c914048260ff39097fe1b48b887658c
[INFO] running `Command { std: "docker" "start" "-a" "ca989b5d6945b0eda1251766f55430430c914048260ff39097fe1b48b887658c", kill_on_drop: false }`
[INFO] running `Command { std: "docker" "inspect" "ca989b5d6945b0eda1251766f55430430c914048260ff39097fe1b48b887658c", kill_on_drop: false }`
[INFO] running `Command { std: "docker" "rm" "-f" "ca989b5d6945b0eda1251766f55430430c914048260ff39097fe1b48b887658c", kill_on_drop: false }`
[INFO] [stdout] ca989b5d6945b0eda1251766f55430430c914048260ff39097fe1b48b887658c
[INFO] running `Command { std: "docker" "create" "-v" "/var/lib/crater-agent-workspace/builds/worker-1-tc2/target:/opt/rustwide/target:rw,Z" "-v" "/var/lib/crater-agent-workspace/builds/worker-1-tc2/source:/opt/rustwide/workdir:ro,Z" "-v" "/var/lib/crater-agent-workspace/cargo-home:/opt/rustwide/cargo-home:ro,Z" "-v" "/var/lib/crater-agent-workspace/rustup-home:/opt/rustwide/rustup-home:ro,Z" "-e" "SOURCE_DIR=/opt/rustwide/workdir" "-e" "CARGO_TARGET_DIR=/opt/rustwide/target" "-e" "CARGO_INCREMENTAL=0" "-e" "RUST_BACKTRACE=full" "-e" "RUSTFLAGS=--cap-lints=warn" "-e" "RUSTDOCFLAGS=--cap-lints=warn" "-e" "CARGO_HOME=/opt/rustwide/cargo-home" "-e" "RUSTUP_HOME=/opt/rustwide/rustup-home" "-w" "/opt/rustwide/workdir" "-m" "1610612736" "--user" "0:0" "--network" "none" "ghcr.io/rust-lang/crates-build-env/linux@sha256:2788e3201cd34a07e3172128adcd8b3090168a8e3bcc40d7c032b9dda1df7d1c" "/opt/rustwide/cargo-home/bin/cargo" "+beta-2023-12-22" "build" "--frozen" "--message-format=json", kill_on_drop: false }`
[INFO] [stdout] d56448bbb654a7cd60aced8feb05fc06870221dff110a1b74d10afac4def661d
[INFO] running `Command { std: "docker" "start" "-a" "d56448bbb654a7cd60aced8feb05fc06870221dff110a1b74d10afac4def661d", kill_on_drop: false }`
[INFO] [stderr]    Compiling proc-macro2 v0.4.27
[INFO] [stderr]    Compiling unicode-xid v0.1.0
[INFO] [stderr]    Compiling syn v0.15.30
[INFO] [stderr]    Compiling quote v0.6.11
[INFO] [stderr]    Compiling function_group v0.2.4 (/opt/rustwide/workdir)
[INFO] [stderr]     Finished dev [unoptimized + debuginfo] target(s) in 5.48s
[INFO] running `Command { std: "docker" "inspect" "d56448bbb654a7cd60aced8feb05fc06870221dff110a1b74d10afac4def661d", kill_on_drop: false }`
[INFO] running `Command { std: "docker" "rm" "-f" "d56448bbb654a7cd60aced8feb05fc06870221dff110a1b74d10afac4def661d", kill_on_drop: false }`
[INFO] [stdout] d56448bbb654a7cd60aced8feb05fc06870221dff110a1b74d10afac4def661d
[INFO] running `Command { std: "docker" "create" "-v" "/var/lib/crater-agent-workspace/builds/worker-1-tc2/target:/opt/rustwide/target:rw,Z" "-v" "/var/lib/crater-agent-workspace/builds/worker-1-tc2/source:/opt/rustwide/workdir:ro,Z" "-v" "/var/lib/crater-agent-workspace/cargo-home:/opt/rustwide/cargo-home:ro,Z" "-v" "/var/lib/crater-agent-workspace/rustup-home:/opt/rustwide/rustup-home:ro,Z" "-e" "SOURCE_DIR=/opt/rustwide/workdir" "-e" "CARGO_TARGET_DIR=/opt/rustwide/target" "-e" "CARGO_INCREMENTAL=0" "-e" "RUST_BACKTRACE=full" "-e" "RUSTFLAGS=--cap-lints=warn" "-e" "RUSTDOCFLAGS=--cap-lints=warn" "-e" "CARGO_HOME=/opt/rustwide/cargo-home" "-e" "RUSTUP_HOME=/opt/rustwide/rustup-home" "-w" "/opt/rustwide/workdir" "-m" "1610612736" "--user" "0:0" "--network" "none" "ghcr.io/rust-lang/crates-build-env/linux@sha256:2788e3201cd34a07e3172128adcd8b3090168a8e3bcc40d7c032b9dda1df7d1c" "/opt/rustwide/cargo-home/bin/cargo" "+beta-2023-12-22" "test" "--frozen" "--no-run" "--message-format=json", kill_on_drop: false }`
[INFO] [stdout] 5bfa24b1d5fda8396c881f0d36bf871b8b4b10cd9627afa32bd8e155a515eac5
[INFO] running `Command { std: "docker" "start" "-a" "5bfa24b1d5fda8396c881f0d36bf871b8b4b10cd9627afa32bd8e155a515eac5", kill_on_drop: false }`
[INFO] [stderr]    Compiling function_group v0.2.4 (/opt/rustwide/workdir)
[INFO] [stderr]     Finished test [unoptimized + debuginfo] target(s) in 0.82s
[INFO] running `Command { std: "docker" "inspect" "5bfa24b1d5fda8396c881f0d36bf871b8b4b10cd9627afa32bd8e155a515eac5", kill_on_drop: false }`
[INFO] running `Command { std: "docker" "rm" "-f" "5bfa24b1d5fda8396c881f0d36bf871b8b4b10cd9627afa32bd8e155a515eac5", kill_on_drop: false }`
[INFO] [stdout] 5bfa24b1d5fda8396c881f0d36bf871b8b4b10cd9627afa32bd8e155a515eac5
[INFO] running `Command { std: "docker" "create" "-v" "/var/lib/crater-agent-workspace/builds/worker-1-tc2/target:/opt/rustwide/target:rw,Z" "-v" "/var/lib/crater-agent-workspace/builds/worker-1-tc2/source:/opt/rustwide/workdir:ro,Z" "-v" "/var/lib/crater-agent-workspace/cargo-home:/opt/rustwide/cargo-home:ro,Z" "-v" "/var/lib/crater-agent-workspace/rustup-home:/opt/rustwide/rustup-home:ro,Z" "-e" "SOURCE_DIR=/opt/rustwide/workdir" "-e" "CARGO_TARGET_DIR=/opt/rustwide/target" "-e" "CARGO_INCREMENTAL=0" "-e" "RUST_BACKTRACE=full" "-e" "RUSTFLAGS=--cap-lints=warn" "-e" "RUSTDOCFLAGS=--cap-lints=warn" "-e" "CARGO_HOME=/opt/rustwide/cargo-home" "-e" "RUSTUP_HOME=/opt/rustwide/rustup-home" "-w" "/opt/rustwide/workdir" "-m" "1610612736" "--user" "0:0" "--network" "none" "ghcr.io/rust-lang/crates-build-env/linux@sha256:2788e3201cd34a07e3172128adcd8b3090168a8e3bcc40d7c032b9dda1df7d1c" "/opt/rustwide/cargo-home/bin/cargo" "+beta-2023-12-22" "test" "--frozen", kill_on_drop: false }`
[INFO] [stdout] 57930721adc216cf95f506ca95249b25df85ac5b75e02de1afeec0c0af35ca8d
[INFO] running `Command { std: "docker" "start" "-a" "57930721adc216cf95f506ca95249b25df85ac5b75e02de1afeec0c0af35ca8d", kill_on_drop: false }`
[INFO] [stderr]     Finished test [unoptimized + debuginfo] target(s) in 0.02s
[INFO] [stderr]      Running unittests src/lib.rs (/opt/rustwide/target/debug/deps/function_group-a0a7601a5086536c)
[INFO] [stdout] 
[INFO] [stdout] running 0 tests
[INFO] [stdout] 
[INFO] [stdout] test result: ok. 0 passed; 0 failed; 0 ignored; 0 measured; 0 filtered out; finished in 0.00s
[INFO] [stdout] 
[INFO] [stderr]    Doc-tests function_group
[INFO] [stdout] 
[INFO] [stdout] running 5 tests
[INFO] [stdout] test src/lib.rs - (line 6) ... FAILED
[INFO] [stdout] test src/lib.rs - function_group (line 209) ... FAILED
[INFO] [stdout] test src/lib.rs - (line 23) ... FAILED
[INFO] [stdout] test src/lib.rs - function_group (line 192) ... FAILED
[INFO] [stdout] test src/lib.rs - function_group (line 228) ... FAILED
[INFO] [stderr] error: doctest failed, to rerun pass `--doc`
[INFO] [stdout] 
[INFO] [stdout] failures:
[INFO] [stdout] 
[INFO] [stdout] ---- src/lib.rs - (line 6) stdout ----
[INFO] [stdout] error: cannot find macro `function_group` in this scope
[INFO] [stdout]  --> src/lib.rs:8:1
[INFO] [stdout]   |
[INFO] [stdout] 5 | function_group! {
[INFO] [stdout]   | ^^^^^^^^^^^^^^
[INFO] [stdout]   |
[INFO] [stdout] note: `function_group` is imported here, but it is a crate, not a macro
[INFO] [stdout]  --> src/lib.rs:6:1
[INFO] [stdout]   |
[INFO] [stdout] 3 | extern crate r#function_group;
[INFO] [stdout]   | ^^^^^^^^^^^^^^^^^^^^^^^^^^^^^^
[INFO] [stdout] help: consider importing this macro
[INFO] [stdout]   |
[INFO] [stdout] 2 + use function_group::function_group;
[INFO] [stdout]   |
[INFO] [stdout] 
[INFO] [stdout] error: aborting due to 1 previous error
[INFO] [stdout] 
[INFO] [stdout] Couldn't compile the test.
[INFO] [stdout] ---- src/lib.rs - function_group (line 209) stdout ----
[INFO] [stdout] error: cannot find macro `function_group` in this scope
[INFO] [stdout]  --> src/lib.rs:211:1
[INFO] [stdout]   |
[INFO] [stdout] 5 | function_group! {
[INFO] [stdout]   | ^^^^^^^^^^^^^^
[INFO] [stdout]   |
[INFO] [stdout] note: `function_group` is imported here, but it is a crate, not a macro
[INFO] [stdout]  --> src/lib.rs:209:1
[INFO] [stdout]   |
[INFO] [stdout] 3 | extern crate r#function_group;
[INFO] [stdout]   | ^^^^^^^^^^^^^^^^^^^^^^^^^^^^^^
[INFO] [stdout] help: consider importing this macro
[INFO] [stdout]   |
[INFO] [stdout] 2 + use function_group::function_group;
[INFO] [stdout]   |
[INFO] [stdout] 
[INFO] [stdout] error[E0425]: cannot find function `add_to` in this scope
[INFO] [stdout]   --> src/lib.rs:223:1
[INFO] [stdout]    |
[INFO] [stdout] 17 | add_to((&mut x, 5));
[INFO] [stdout]    | ^^^^^^ not found in this scope
[INFO] [stdout] 
[INFO] [stdout] error[E0425]: cannot find function `add_to` in this scope
[INFO] [stdout]   --> src/lib.rs:224:1
[INFO] [stdout]    |
[INFO] [stdout] 18 | add_to((&mut x, 5, 5));
[INFO] [stdout]    | ^^^^^^ not found in this scope
[INFO] [stdout] 
[INFO] [stdout] error: aborting due to 3 previous errors
[INFO] [stdout] 
[INFO] [stdout] For more information about this error, try `rustc --explain E0425`.
[INFO] [stdout] Couldn't compile the test.
[INFO] [stdout] ---- src/lib.rs - (line 23) stdout ----
[INFO] [stdout] error: cannot find macro `function_group` in this scope
[INFO] [stdout]  --> src/lib.rs:25:1
[INFO] [stdout]   |
[INFO] [stdout] 5 | function_group! {
[INFO] [stdout]   | ^^^^^^^^^^^^^^
[INFO] [stdout]   |
[INFO] [stdout] note: `function_group` is imported here, but it is a crate, not a macro
[INFO] [stdout]  --> src/lib.rs:23:1
[INFO] [stdout]   |
[INFO] [stdout] 3 | extern crate r#function_group;
[INFO] [stdout]   | ^^^^^^^^^^^^^^^^^^^^^^^^^^^^^^
[INFO] [stdout] help: consider importing this macro
[INFO] [stdout]   |
[INFO] [stdout] 2 + use function_group::function_group;
[INFO] [stdout]   |
[INFO] [stdout] 
[INFO] [stdout] error: aborting due to 1 previous error
[INFO] [stdout] 
[INFO] [stdout] Couldn't compile the test.
[INFO] [stdout] ---- src/lib.rs - function_group (line 192) stdout ----
[INFO] [stdout] error: cannot find macro `function_group` in this scope
[INFO] [stdout]  --> src/lib.rs:194:1
[INFO] [stdout]   |
[INFO] [stdout] 5 | function_group! {
[INFO] [stdout]   | ^^^^^^^^^^^^^^
[INFO] [stdout]   |
[INFO] [stdout] note: `function_group` is imported here, but it is a crate, not a macro
[INFO] [stdout]  --> src/lib.rs:192:1
[INFO] [stdout]   |
[INFO] [stdout] 3 | extern crate r#function_group;
[INFO] [stdout]   | ^^^^^^^^^^^^^^^^^^^^^^^^^^^^^^
[INFO] [stdout] help: consider importing this macro
[INFO] [stdout]   |
[INFO] [stdout] 2 + use function_group::function_group;
[INFO] [stdout]   |
[INFO] [stdout] 
[INFO] [stdout] error[E0425]: cannot find function `add` in this scope
[INFO] [stdout]   --> src/lib.rs:205:9
[INFO] [stdout]    |
[INFO] [stdout] 16 | assert!(add((5, 5)) == 10);
[INFO] [stdout]    |         ^^^ not found in this scope
[INFO] [stdout] 
[INFO] [stdout] error[E0425]: cannot find function `add` in this scope
[INFO] [stdout]   --> src/lib.rs:206:9
[INFO] [stdout]    |
[INFO] [stdout] 17 | assert!(add((5, 5, 5)) == 15);
[INFO] [stdout]    |         ^^^ not found in this scope
[INFO] [stdout] 
[INFO] [stdout] error: aborting due to 3 previous errors
[INFO] [stdout] 
[INFO] [stdout] For more information about this error, try `rustc --explain E0425`.
[INFO] [stdout] Couldn't compile the test.
[INFO] [stdout] ---- src/lib.rs - function_group (line 228) stdout ----
[INFO] [stdout] error: cannot find macro `function_group` in this scope
[INFO] [stdout]  --> src/lib.rs:231:1
[INFO] [stdout]   |
[INFO] [stdout] 6 | function_group! {
[INFO] [stdout]   | ^^^^^^^^^^^^^^
[INFO] [stdout]   |
[INFO] [stdout] note: `function_group` is imported here, but it is a crate, not a macro
[INFO] [stdout]  --> src/lib.rs:228:1
[INFO] [stdout]   |
[INFO] [stdout] 3 | extern crate r#function_group;
[INFO] [stdout]   | ^^^^^^^^^^^^^^^^^^^^^^^^^^^^^^
[INFO] [stdout] help: consider importing this macro
[INFO] [stdout]   |
[INFO] [stdout] 2 + use function_group::function_group;
[INFO] [stdout]   |
[INFO] [stdout] 
[INFO] [stdout] error[E0599]: no method named `add_to_struct` found for struct `TestStruct` in the current scope
[INFO] [stdout]   --> src/lib.rs:243:3
[INFO] [stdout]    |
[INFO] [stdout] 5  | struct TestStruct(usize);
[INFO] [stdout]    | ----------------- method `add_to_struct` not found for this struct
[INFO] [stdout] ...
[INFO] [stdout] 18 | x.add_to_struct((1,2));
[INFO] [stdout]    |   ^^^^^^^^^^^^^ method not found in `TestStruct`
[INFO] [stdout] 
[INFO] [stdout] error: aborting due to 2 previous errors
[INFO] [stdout] 
[INFO] [stdout] For more information about this error, try `rustc --explain E0599`.
[INFO] [stdout] Couldn't compile the test.
[INFO] [stdout] 
[INFO] [stdout] failures:
[INFO] [stdout]     src/lib.rs - (line 23)
[INFO] [stdout]     src/lib.rs - (line 6)
[INFO] [stdout]     src/lib.rs - function_group (line 192)
[INFO] [stdout]     src/lib.rs - function_group (line 209)
[INFO] [stdout]     src/lib.rs - function_group (line 228)
[INFO] [stdout] 
[INFO] [stdout] test result: FAILED. 0 passed; 5 failed; 0 ignored; 0 measured; 0 filtered out; finished in 0.22s
[INFO] [stdout] 
[INFO] running `Command { std: "docker" "inspect" "57930721adc216cf95f506ca95249b25df85ac5b75e02de1afeec0c0af35ca8d", kill_on_drop: false }`
[INFO] running `Command { std: "docker" "rm" "-f" "57930721adc216cf95f506ca95249b25df85ac5b75e02de1afeec0c0af35ca8d", kill_on_drop: false }`
[INFO] [stdout] 57930721adc216cf95f506ca95249b25df85ac5b75e02de1afeec0c0af35ca8d
