[INFO] cloning repository https://github.com/Jo6a/entsoe-rust
[INFO] running `Command { std: "git" "-c" "credential.helper=" "-c" "credential.helper=/workspace/cargo-home/bin/git-credential-null" "clone" "--bare" "https://github.com/Jo6a/entsoe-rust" "/workspace/cache/git-repos/https%3A%2F%2Fgithub.com%2FJo6a%2Fentsoe-rust", kill_on_drop: false }`
[INFO] [stderr] Cloning into bare repository '/workspace/cache/git-repos/https%3A%2F%2Fgithub.com%2FJo6a%2Fentsoe-rust'...
[INFO] running `Command { std: "git" "rev-parse" "HEAD", kill_on_drop: false }`
[INFO] [stdout] 151215c8faee12e0f7ec90ec8fb8f22c96e7c06b
[INFO] testing Jo6a/entsoe-rust against 1.75.0 for beta-1.76-1
[INFO] running `Command { std: "git" "clone" "/workspace/cache/git-repos/https%3A%2F%2Fgithub.com%2FJo6a%2Fentsoe-rust" "/workspace/builds/worker-1-tc1/source", kill_on_drop: false }`
[INFO] [stderr] Cloning into '/workspace/builds/worker-1-tc1/source'...
[INFO] [stderr] done.
[INFO] validating manifest of git repo https://github.com/Jo6a/entsoe-rust on toolchain 1.75.0
[INFO] running `Command { std: CARGO_HOME="/workspace/cargo-home" RUSTUP_HOME="/workspace/rustup-home" "/workspace/cargo-home/bin/cargo" "+1.75.0" "metadata" "--manifest-path" "Cargo.toml" "--no-deps", kill_on_drop: false }`
[INFO] started tweaking git repo https://github.com/Jo6a/entsoe-rust
[INFO] finished tweaking git repo https://github.com/Jo6a/entsoe-rust
[INFO] tweaked toml for git repo https://github.com/Jo6a/entsoe-rust written to /workspace/builds/worker-1-tc1/source/Cargo.toml
[INFO] crate git repo https://github.com/Jo6a/entsoe-rust already has a lockfile, it will not be regenerated
[INFO] running `Command { std: CARGO_HOME="/workspace/cargo-home" RUSTUP_HOME="/workspace/rustup-home" "/workspace/cargo-home/bin/cargo" "+1.75.0" "fetch" "--manifest-path" "Cargo.toml", kill_on_drop: false }`
[INFO] [stderr]  Downloading crates ...
[INFO] [stderr]   Downloaded pest v2.2.1
[INFO] [stderr]   Downloaded plotters-svg v0.3.2
[INFO] [stderr]   Downloaded phf_generator v0.11.0
[INFO] [stderr]   Downloaded plotters v0.3.2
[INFO] [stderr]   Downloaded phf_shared v0.11.0
[INFO] [stderr]   Downloaded phf v0.11.0
[INFO] [stderr]   Downloaded phf_macros v0.11.0
[INFO] [stderr]   Downloaded quick-xml v0.23.0
[INFO] running `Command { std: "docker" "create" "-v" "/var/lib/crater-agent-workspace/builds/worker-1-tc1/target:/opt/rustwide/target:rw,Z" "-v" "/var/lib/crater-agent-workspace/builds/worker-1-tc1/source:/opt/rustwide/workdir:ro,Z" "-v" "/var/lib/crater-agent-workspace/cargo-home:/opt/rustwide/cargo-home:ro,Z" "-v" "/var/lib/crater-agent-workspace/rustup-home:/opt/rustwide/rustup-home:ro,Z" "-e" "SOURCE_DIR=/opt/rustwide/workdir" "-e" "CARGO_TARGET_DIR=/opt/rustwide/target" "-e" "CARGO_HOME=/opt/rustwide/cargo-home" "-e" "RUSTUP_HOME=/opt/rustwide/rustup-home" "-w" "/opt/rustwide/workdir" "-m" "1610612736" "--user" "0:0" "--network" "none" "ghcr.io/rust-lang/crates-build-env/linux@sha256:2788e3201cd34a07e3172128adcd8b3090168a8e3bcc40d7c032b9dda1df7d1c" "/opt/rustwide/cargo-home/bin/cargo" "+1.75.0" "metadata" "--no-deps" "--format-version=1", kill_on_drop: false }`
[INFO] [stdout] 784d97df0db086ae7958b92191c876322b561163bd1e157ef3467318ff484d81
[INFO] running `Command { std: "docker" "start" "-a" "784d97df0db086ae7958b92191c876322b561163bd1e157ef3467318ff484d81", kill_on_drop: false }`
[INFO] running `Command { std: "docker" "inspect" "784d97df0db086ae7958b92191c876322b561163bd1e157ef3467318ff484d81", kill_on_drop: false }`
[INFO] running `Command { std: "docker" "rm" "-f" "784d97df0db086ae7958b92191c876322b561163bd1e157ef3467318ff484d81", kill_on_drop: false }`
[INFO] [stdout] 784d97df0db086ae7958b92191c876322b561163bd1e157ef3467318ff484d81
[INFO] running `Command { std: "docker" "create" "-v" "/var/lib/crater-agent-workspace/builds/worker-1-tc1/target:/opt/rustwide/target:rw,Z" "-v" "/var/lib/crater-agent-workspace/builds/worker-1-tc1/source:/opt/rustwide/workdir:ro,Z" "-v" "/var/lib/crater-agent-workspace/cargo-home:/opt/rustwide/cargo-home:ro,Z" "-v" "/var/lib/crater-agent-workspace/rustup-home:/opt/rustwide/rustup-home:ro,Z" "-e" "SOURCE_DIR=/opt/rustwide/workdir" "-e" "CARGO_TARGET_DIR=/opt/rustwide/target" "-e" "CARGO_INCREMENTAL=0" "-e" "RUST_BACKTRACE=full" "-e" "RUSTFLAGS=--cap-lints=warn" "-e" "RUSTDOCFLAGS=--cap-lints=warn" "-e" "CARGO_HOME=/opt/rustwide/cargo-home" "-e" "RUSTUP_HOME=/opt/rustwide/rustup-home" "-w" "/opt/rustwide/workdir" "-m" "1610612736" "--user" "0:0" "--network" "none" "ghcr.io/rust-lang/crates-build-env/linux@sha256:2788e3201cd34a07e3172128adcd8b3090168a8e3bcc40d7c032b9dda1df7d1c" "/opt/rustwide/cargo-home/bin/cargo" "+1.75.0" "build" "--frozen" "--message-format=json", kill_on_drop: false }`
[INFO] [stdout] 531a0a6c16ec52dd5850923299db1766680d69ff5e10a97125343dc7aba65beb
[INFO] running `Command { std: "docker" "start" "-a" "531a0a6c16ec52dd5850923299db1766680d69ff5e10a97125343dc7aba65beb", kill_on_drop: false }`
[INFO] [stderr]    Compiling cfg-if v1.0.0
[INFO] [stderr]    Compiling proc-macro2 v1.0.42
[INFO] [stderr]    Compiling unicode-ident v1.0.2
[INFO] [stderr]    Compiling syn v1.0.98
[INFO] [stderr]    Compiling libc v0.2.126
[INFO] [stderr]    Compiling pkg-config v0.3.25
[INFO] [stderr]    Compiling cc v1.0.73
[INFO] [stderr]    Compiling log v0.4.17
[INFO] [stderr]    Compiling once_cell v1.13.0
[INFO] [stderr]    Compiling memchr v2.5.0
[INFO] [stderr]    Compiling ucd-trie v0.1.4
[INFO] [stderr]    Compiling pin-project-lite v0.2.9
[INFO] [stderr]    Compiling bytes v1.2.1
[INFO] [stderr]    Compiling futures-core v0.3.21
[INFO] [stderr]    Compiling num-traits v0.2.15
[INFO] [stderr]    Compiling tokio v1.20.1
[INFO] [stderr]    Compiling serde_derive v1.0.143
[INFO] [stderr]    Compiling num-integer v0.1.45
[INFO] [stderr]    Compiling slab v0.4.7
[INFO] [stderr]    Compiling serde v1.0.143
[INFO] [stderr]    Compiling futures-task v0.3.21
[INFO] [stderr]    Compiling tracing-core v0.1.29
[INFO] [stderr]    Compiling indexmap v1.9.1
[INFO] [stderr]    Compiling crc32fast v1.3.2
[INFO] [stderr]    Compiling fnv v1.0.7
[INFO] [stderr]    Compiling foreign-types-shared v0.1.1
[INFO] [stderr]    Compiling cmake v0.1.48
[INFO] [stderr]    Compiling openssl v0.10.41
[INFO] [stderr]    Compiling futures-util v0.3.21
[INFO] [stderr]    Compiling yeslogic-fontconfig-sys v3.2.0
[INFO] [stderr]    Compiling http v0.2.8
[INFO] [stderr]    Compiling foreign-types v0.3.2
[INFO] [stderr]    Compiling num-rational v0.4.1
[INFO] [stderr]    Compiling quote v1.0.20
[INFO] [stderr]    Compiling siphasher v0.3.10
[INFO] [stderr]    Compiling ppv-lite86 v0.2.16
[INFO] [stderr]    Compiling tracing v0.1.36
[INFO] [stderr]    Compiling adler v1.0.2
[INFO] [stderr]    Compiling socket2 v0.4.4
[INFO] [stderr]    Compiling mio v0.8.4
[INFO] [stderr]    Compiling num_cpus v1.13.1
[INFO] [stderr]    Compiling getrandom v0.2.7
[INFO] [stderr]    Compiling adler32 v1.2.0
[INFO] [stderr]    Compiling tinyvec_macros v0.1.0
[INFO] [stderr]    Compiling futures-io v0.3.21
[INFO] [stderr]    Compiling pin-utils v0.1.0
[INFO] [stderr]    Compiling hashbrown v0.12.3
[INFO] [stderr]    Compiling native-tls v0.2.10
[INFO] [stderr]    Compiling futures-channel v0.3.21
[INFO] [stderr]    Compiling httparse v1.7.1
[INFO] [stderr]    Compiling matches v0.1.9
[INFO] [stderr]    Compiling rand_core v0.6.3
[INFO] [stderr]    Compiling openssl-sys v0.9.75
[INFO] [stderr]    Compiling freetype-sys v0.13.1
[INFO] [stderr]    Compiling futures-sink v0.3.21
[INFO] [stderr]    Compiling tinyvec v1.6.0
[INFO] [stderr]    Compiling deflate v1.0.0
[INFO] [stderr]    Compiling rand_chacha v0.3.1
[INFO] [stderr]    Compiling miniz_oxide v0.5.3
[INFO] [stderr]    Compiling libloading v0.7.3
[INFO] [stderr]    Compiling openssl-probe v0.1.5
[INFO] [stderr]    Compiling try-lock v0.2.3
[INFO] [stderr]    Compiling color_quant v1.1.0
[INFO] [stderr]    Compiling byteorder v1.4.3
[INFO] [stderr]    Compiling percent-encoding v2.1.0
[INFO] [stderr]    Compiling want v0.3.0
[INFO] [stderr]    Compiling png v0.17.5
[INFO] [stderr]    Compiling form_urlencoded v1.0.1
[INFO] [stderr]    Compiling dlib v0.5.0
[INFO] [stderr]    Compiling rand v0.8.5
[INFO] [stderr]    Compiling unicode-normalization v0.1.21
[INFO] [stderr]    Compiling http-body v0.4.5
[INFO] [stderr]    Compiling phf_shared v0.11.0
[INFO] [stderr]    Compiling dirs-sys-next v0.1.2
[INFO] [stderr]    Compiling encoding_rs v0.8.31
[INFO] [stderr]    Compiling plotters-backend v0.3.4
[INFO] [stderr]    Compiling jpeg-decoder v0.2.6
[INFO] [stderr]    Compiling unicode-bidi v0.3.8
[INFO] [stderr]    Compiling httpdate v1.0.2
[INFO] [stderr]    Compiling const-cstr v0.3.0
[INFO] [stderr]    Compiling font-kit v0.11.0
[INFO] [stderr]    Compiling weezl v0.1.7
[INFO] [stderr]    Compiling same-file v1.0.6
[INFO] [stderr]    Compiling bytemuck v1.11.0
[INFO] [stderr]    Compiling tower-service v0.3.2
[INFO] [stderr]    Compiling walkdir v2.3.2
[INFO] [stderr]    Compiling idna v0.2.3
[INFO] [stderr]    Compiling gif v0.11.4
[INFO] [stderr]    Compiling phf_generator v0.11.0
[INFO] [stderr]    Compiling dirs-next v2.0.0
[INFO] [stderr]    Compiling freetype v0.7.0
[INFO] [stderr]    Compiling time v0.1.44
[INFO] [stderr]    Compiling float-ord v0.2.0
[INFO] [stderr]    Compiling plotters-svg v0.3.2
[INFO] [stderr]    Compiling image v0.24.3
[INFO] [stderr]    Compiling mime v0.3.16
[INFO] [stderr]    Compiling base64 v0.13.0
[INFO] [stderr]    Compiling ttf-parser v0.15.2
[INFO] [stderr]    Compiling url v2.2.2
[INFO] [stderr]    Compiling ipnet v2.5.0
[INFO] [stderr]    Compiling quick-xml v0.23.0
[INFO] [stderr]    Compiling thiserror-impl v1.0.32
[INFO] [stderr]    Compiling openssl-macros v0.1.0
[INFO] [stderr]    Compiling phf_macros v0.11.0
[INFO] [stderr]    Compiling plotters-bitmap v0.3.2
[INFO] [stderr]    Compiling tokio-util v0.7.3
[INFO] [stderr]    Compiling phf v0.11.0
[INFO] [stderr]    Compiling h2 v0.3.13
[INFO] [stderr]    Compiling thiserror v1.0.32
[INFO] [stderr]    Compiling pest v2.2.1
[INFO] [stderr]    Compiling semver-parser v0.10.2
[INFO] [stderr]    Compiling semver v0.11.0
[INFO] [stderr]    Compiling rustc_version v0.3.3
[INFO] [stderr]    Compiling pathfinder_simd v0.5.1
[INFO] [stderr]    Compiling tokio-native-tls v0.3.0
[INFO] [stderr]    Compiling hyper v0.14.20
[INFO] [stderr]    Compiling pathfinder_geometry v0.5.1
[INFO] [stderr]    Compiling hyper-tls v0.5.0
[INFO] [stderr]    Compiling chrono v0.4.19
[INFO] [stderr]    Compiling serde_urlencoded v0.7.1
[INFO] [stderr]    Compiling serde_json v1.0.82
[INFO] [stderr]    Compiling reqwest v0.11.11
[INFO] [stderr]    Compiling plotters v0.3.2
[INFO] [stderr]    Compiling entsoe-rust v0.1.0 (/opt/rustwide/workdir)
[INFO] [stdout] warning: multiple variants are never constructed
[INFO] [stdout]   --> src/main.rs:9:5
[INFO] [stdout]    |
[INFO] [stdout] 7  | enum QueryChoice {
[INFO] [stdout]    |      ----------- variants in this enum
[INFO] [stdout] 8  |     QueryDayAheadPrices,
[INFO] [stdout] 9  |     QueryNetPosition,
[INFO] [stdout]    |     ^^^^^^^^^^^^^^^^
[INFO] [stdout] 10 |     QueryLoad,
[INFO] [stdout]    |     ^^^^^^^^^
[INFO] [stdout] 11 |     QueryLoadForecast,
[INFO] [stdout]    |     ^^^^^^^^^^^^^^^^^
[INFO] [stdout] 12 |     QueryGenerationForecast,
[INFO] [stdout]    |     ^^^^^^^^^^^^^^^^^^^^^^^
[INFO] [stdout] 13 |     QueryWindAndSolarForecast,
[INFO] [stdout]    |     ^^^^^^^^^^^^^^^^^^^^^^^^^
[INFO] [stdout] 14 |     QueryGeneration,
[INFO] [stdout]    |     ^^^^^^^^^^^^^^^
[INFO] [stdout] 15 |     QueryGenerationPerPlant,
[INFO] [stdout]    |     ^^^^^^^^^^^^^^^^^^^^^^^
[INFO] [stdout] 16 |     QueryInstalledGenerationCapacity,
[INFO] [stdout]    |     ^^^^^^^^^^^^^^^^^^^^^^^^^^^^^^^^
[INFO] [stdout] 17 |     QueryInstalledGenerationCapacityPerUnit,
[INFO] [stdout]    |     ^^^^^^^^^^^^^^^^^^^^^^^^^^^^^^^^^^^^^^^
[INFO] [stdout] 18 |     QueryAggregateWaterReservoirsAndHydroStorage,
[INFO] [stdout]    |     ^^^^^^^^^^^^^^^^^^^^^^^^^^^^^^^^^^^^^^^^^^^^
[INFO] [stdout]    |
[INFO] [stdout]    = note: `#[warn(dead_code)]` on by default
[INFO] [stdout] 
[INFO] [stdout] 
[INFO] [stdout] warning: variants `WriteToCsvFile` and `WriteToJsonFile` are never constructed
[INFO] [stdout]   --> src/main.rs:22:5
[INFO] [stdout]    |
[INFO] [stdout] 21 | enum DataChoice {
[INFO] [stdout]    |      ---------- variants in this enum
[INFO] [stdout] 22 |     WriteToCsvFile,
[INFO] [stdout]    |     ^^^^^^^^^^^^^^
[INFO] [stdout] 23 |     WriteToJsonFile,
[INFO] [stdout]    |     ^^^^^^^^^^^^^^^
[INFO] [stdout] 
[INFO] [stdout] 
[INFO] [stdout] warning: 2 warnings emitted
[INFO] [stdout] 
[INFO] [stdout] 
[INFO] [stderr]     Finished dev [unoptimized + debuginfo] target(s) in 14.17s
[INFO] running `Command { std: "docker" "inspect" "531a0a6c16ec52dd5850923299db1766680d69ff5e10a97125343dc7aba65beb", kill_on_drop: false }`
[INFO] running `Command { std: "docker" "rm" "-f" "531a0a6c16ec52dd5850923299db1766680d69ff5e10a97125343dc7aba65beb", kill_on_drop: false }`
[INFO] [stdout] 531a0a6c16ec52dd5850923299db1766680d69ff5e10a97125343dc7aba65beb
[INFO] running `Command { std: "docker" "create" "-v" "/var/lib/crater-agent-workspace/builds/worker-1-tc1/target:/opt/rustwide/target:rw,Z" "-v" "/var/lib/crater-agent-workspace/builds/worker-1-tc1/source:/opt/rustwide/workdir:ro,Z" "-v" "/var/lib/crater-agent-workspace/cargo-home:/opt/rustwide/cargo-home:ro,Z" "-v" "/var/lib/crater-agent-workspace/rustup-home:/opt/rustwide/rustup-home:ro,Z" "-e" "SOURCE_DIR=/opt/rustwide/workdir" "-e" "CARGO_TARGET_DIR=/opt/rustwide/target" "-e" "CARGO_INCREMENTAL=0" "-e" "RUST_BACKTRACE=full" "-e" "RUSTFLAGS=--cap-lints=warn" "-e" "RUSTDOCFLAGS=--cap-lints=warn" "-e" "CARGO_HOME=/opt/rustwide/cargo-home" "-e" "RUSTUP_HOME=/opt/rustwide/rustup-home" "-w" "/opt/rustwide/workdir" "-m" "1610612736" "--user" "0:0" "--network" "none" "ghcr.io/rust-lang/crates-build-env/linux@sha256:2788e3201cd34a07e3172128adcd8b3090168a8e3bcc40d7c032b9dda1df7d1c" "/opt/rustwide/cargo-home/bin/cargo" "+1.75.0" "test" "--frozen" "--no-run" "--message-format=json", kill_on_drop: false }`
[INFO] [stdout] ae270b25d3fe0eed59e3fa0e4053669306f57442745fe33dbe9e4def88b6b81f
[INFO] running `Command { std: "docker" "start" "-a" "ae270b25d3fe0eed59e3fa0e4053669306f57442745fe33dbe9e4def88b6b81f", kill_on_drop: false }`
[INFO] [stderr]    Compiling entsoe-rust v0.1.0 (/opt/rustwide/workdir)
[INFO] [stdout] warning: multiple variants are never constructed
[INFO] [stdout]   --> src/main.rs:9:5
[INFO] [stdout]    |
[INFO] [stdout] 7  | enum QueryChoice {
[INFO] [stdout]    |      ----------- variants in this enum
[INFO] [stdout] 8  |     QueryDayAheadPrices,
[INFO] [stdout] 9  |     QueryNetPosition,
[INFO] [stdout]    |     ^^^^^^^^^^^^^^^^
[INFO] [stdout] 10 |     QueryLoad,
[INFO] [stdout]    |     ^^^^^^^^^
[INFO] [stdout] 11 |     QueryLoadForecast,
[INFO] [stdout]    |     ^^^^^^^^^^^^^^^^^
[INFO] [stdout] 12 |     QueryGenerationForecast,
[INFO] [stdout]    |     ^^^^^^^^^^^^^^^^^^^^^^^
[INFO] [stdout] 13 |     QueryWindAndSolarForecast,
[INFO] [stdout]    |     ^^^^^^^^^^^^^^^^^^^^^^^^^
[INFO] [stdout] 14 |     QueryGeneration,
[INFO] [stdout]    |     ^^^^^^^^^^^^^^^
[INFO] [stdout] 15 |     QueryGenerationPerPlant,
[INFO] [stdout]    |     ^^^^^^^^^^^^^^^^^^^^^^^
[INFO] [stdout] 16 |     QueryInstalledGenerationCapacity,
[INFO] [stdout]    |     ^^^^^^^^^^^^^^^^^^^^^^^^^^^^^^^^
[INFO] [stdout] 17 |     QueryInstalledGenerationCapacityPerUnit,
[INFO] [stdout]    |     ^^^^^^^^^^^^^^^^^^^^^^^^^^^^^^^^^^^^^^^
[INFO] [stdout] 18 |     QueryAggregateWaterReservoirsAndHydroStorage,
[INFO] [stdout]    |     ^^^^^^^^^^^^^^^^^^^^^^^^^^^^^^^^^^^^^^^^^^^^
[INFO] [stdout]    |
[INFO] [stdout]    = note: `#[warn(dead_code)]` on by default
[INFO] [stdout] 
[INFO] [stdout] 
[INFO] [stdout] warning: variants `WriteToCsvFile` and `WriteToJsonFile` are never constructed
[INFO] [stdout]   --> src/main.rs:22:5
[INFO] [stdout]    |
[INFO] [stdout] 21 | enum DataChoice {
[INFO] [stdout]    |      ---------- variants in this enum
[INFO] [stdout] 22 |     WriteToCsvFile,
[INFO] [stdout]    |     ^^^^^^^^^^^^^^
[INFO] [stdout] 23 |     WriteToJsonFile,
[INFO] [stdout]    |     ^^^^^^^^^^^^^^^
[INFO] [stdout] 
[INFO] [stdout] 
[INFO] [stdout] warning: 2 warnings emitted
[INFO] [stdout] 
[INFO] [stdout] 
[INFO] [stderr]     Finished test [unoptimized + debuginfo] target(s) in 1.76s
[INFO] running `Command { std: "docker" "inspect" "ae270b25d3fe0eed59e3fa0e4053669306f57442745fe33dbe9e4def88b6b81f", kill_on_drop: false }`
[INFO] running `Command { std: "docker" "rm" "-f" "ae270b25d3fe0eed59e3fa0e4053669306f57442745fe33dbe9e4def88b6b81f", kill_on_drop: false }`
[INFO] [stdout] ae270b25d3fe0eed59e3fa0e4053669306f57442745fe33dbe9e4def88b6b81f
[INFO] running `Command { std: "docker" "create" "-v" "/var/lib/crater-agent-workspace/builds/worker-1-tc1/target:/opt/rustwide/target:rw,Z" "-v" "/var/lib/crater-agent-workspace/builds/worker-1-tc1/source:/opt/rustwide/workdir:ro,Z" "-v" "/var/lib/crater-agent-workspace/cargo-home:/opt/rustwide/cargo-home:ro,Z" "-v" "/var/lib/crater-agent-workspace/rustup-home:/opt/rustwide/rustup-home:ro,Z" "-e" "SOURCE_DIR=/opt/rustwide/workdir" "-e" "CARGO_TARGET_DIR=/opt/rustwide/target" "-e" "CARGO_INCREMENTAL=0" "-e" "RUST_BACKTRACE=full" "-e" "RUSTFLAGS=--cap-lints=warn" "-e" "RUSTDOCFLAGS=--cap-lints=warn" "-e" "CARGO_HOME=/opt/rustwide/cargo-home" "-e" "RUSTUP_HOME=/opt/rustwide/rustup-home" "-w" "/opt/rustwide/workdir" "-m" "1610612736" "--user" "0:0" "--network" "none" "ghcr.io/rust-lang/crates-build-env/linux@sha256:2788e3201cd34a07e3172128adcd8b3090168a8e3bcc40d7c032b9dda1df7d1c" "/opt/rustwide/cargo-home/bin/cargo" "+1.75.0" "test" "--frozen", kill_on_drop: false }`
[INFO] [stdout] f21c80aa9a6e3e616ecdc6b7842f7e7b7656048c684e0c7e8e7b0ffe85282005
[INFO] running `Command { std: "docker" "start" "-a" "f21c80aa9a6e3e616ecdc6b7842f7e7b7656048c684e0c7e8e7b0ffe85282005", kill_on_drop: false }`
[INFO] [stderr] warning: multiple variants are never constructed
[INFO] [stderr]   --> src/main.rs:9:5
[INFO] [stderr]    |
[INFO] [stderr] 7  | enum QueryChoice {
[INFO] [stderr]    |      ----------- variants in this enum
[INFO] [stderr] 8  |     QueryDayAheadPrices,
[INFO] [stderr] 9  |     QueryNetPosition,
[INFO] [stderr]    |     ^^^^^^^^^^^^^^^^
[INFO] [stderr] 10 |     QueryLoad,
[INFO] [stderr]    |     ^^^^^^^^^
[INFO] [stderr] 11 |     QueryLoadForecast,
[INFO] [stderr]    |     ^^^^^^^^^^^^^^^^^
[INFO] [stderr] 12 |     QueryGenerationForecast,
[INFO] [stderr]    |     ^^^^^^^^^^^^^^^^^^^^^^^
[INFO] [stderr] 13 |     QueryWindAndSolarForecast,
[INFO] [stderr]    |     ^^^^^^^^^^^^^^^^^^^^^^^^^
[INFO] [stderr] 14 |     QueryGeneration,
[INFO] [stderr]    |     ^^^^^^^^^^^^^^^
[INFO] [stderr] 15 |     QueryGenerationPerPlant,
[INFO] [stderr]    |     ^^^^^^^^^^^^^^^^^^^^^^^
[INFO] [stderr] 16 |     QueryInstalledGenerationCapacity,
[INFO] [stderr]    |     ^^^^^^^^^^^^^^^^^^^^^^^^^^^^^^^^
[INFO] [stderr] 17 |     QueryInstalledGenerationCapacityPerUnit,
[INFO] [stderr]    |     ^^^^^^^^^^^^^^^^^^^^^^^^^^^^^^^^^^^^^^^
[INFO] [stderr] 18 |     QueryAggregateWaterReservoirsAndHydroStorage,
[INFO] [stderr]    |     ^^^^^^^^^^^^^^^^^^^^^^^^^^^^^^^^^^^^^^^^^^^^
[INFO] [stderr]    |
[INFO] [stderr]    = note: `#[warn(dead_code)]` on by default
[INFO] [stderr] 
[INFO] [stderr] warning: variants `WriteToCsvFile` and `WriteToJsonFile` are never constructed
[INFO] [stderr]   --> src/main.rs:22:5
[INFO] [stderr]    |
[INFO] [stderr] 21 | enum DataChoice {
[INFO] [stderr]    |      ---------- variants in this enum
[INFO] [stderr] 22 |     WriteToCsvFile,
[INFO] [stderr]    |     ^^^^^^^^^^^^^^
[INFO] [stderr] 23 |     WriteToJsonFile,
[INFO] [stderr]    |     ^^^^^^^^^^^^^^^
[INFO] [stderr] 
[INFO] [stderr] warning: `entsoe-rust` (bin "entsoe-rust" test) generated 2 warnings
[INFO] [stderr]     Finished test [unoptimized + debuginfo] target(s) in 0.08s
[INFO] [stderr]      Running unittests src/main.rs (/opt/rustwide/target/debug/deps/entsoe_rust-878fbc8ea1425598)
[INFO] [stdout] 
[INFO] [stdout] running 3 tests
[INFO] [stdout] test classes::helper_funcs_tests::tests::write_results_json_test ... FAILED
[INFO] [stdout] test classes::helper_funcs_tests::tests::write_results_csv_test ... FAILED
[INFO] [stderr] thread 'classes::helper_funcs_tests::tests::plot_data_test' panicked at /opt/rustwide/cargo-home/registry/src/index.crates.io-6f17d22bba15001f/plotters-bitmap-0.3.2/src/bitmap_pixel/rgb.rs:215:29:
[INFO] [stderr] misaligned pointer dereference: address must be a multiple of 0x8 but is 0x7fe81a652876
[INFO] [stderr] stack backtrace:
[INFO] [stderr]    0:     0x55a29de645bc - std::backtrace_rs::backtrace::libunwind::trace::ha637c64ce894333a
[INFO] [stderr]                                at /rustc/82e1608dfa6e0b5569232559e3d385fea5a93112/library/std/src/../../backtrace/src/backtrace/libunwind.rs:104:5
[INFO] [stderr]    1:     0x55a29de645bc - std::backtrace_rs::backtrace::trace_unsynchronized::h47f62dea28e0c88d
[INFO] [stderr]                                at /rustc/82e1608dfa6e0b5569232559e3d385fea5a93112/library/std/src/../../backtrace/src/backtrace/mod.rs:66:5
[INFO] [stderr]    2:     0x55a29de645bc - std::sys_common::backtrace::_print_fmt::h9eef0abe20ede486
[INFO] [stderr]                                at /rustc/82e1608dfa6e0b5569232559e3d385fea5a93112/library/std/src/sys_common/backtrace.rs:67:5
[INFO] [stderr]    3:     0x55a29de645bc - <std::sys_common::backtrace::_print::DisplayBacktrace as core::fmt::Display>::fmt::hed7f999df88cc644
[INFO] [stderr]                                at /rustc/82e1608dfa6e0b5569232559e3d385fea5a93112/library/std/src/sys_common/backtrace.rs:44:22
[INFO] [stderr]    4:     0x55a29de8ea60 - core::fmt::rt::Argument::fmt::h1539a9308b8d058d
[INFO] [stderr]                                at /rustc/82e1608dfa6e0b5569232559e3d385fea5a93112/library/core/src/fmt/rt.rs:142:9
[INFO] [stderr]    5:     0x55a29de8ea60 - core::fmt::write::h3a39390d8560d9c9
[INFO] [stderr]                                at /rustc/82e1608dfa6e0b5569232559e3d385fea5a93112/library/core/src/fmt/mod.rs:1120:17
[INFO] [stderr]    6:     0x55a29de61fff - std::io::Write::write_fmt::h5fc9997dfe05f882
[INFO] [stderr]                                at /rustc/82e1608dfa6e0b5569232559e3d385fea5a93112/library/std/src/io/mod.rs:1762:15
[INFO] [stderr]    7:     0x55a29de643a4 - std::sys_common::backtrace::_print::h894006fb5c6f3d45
[INFO] [stderr]                                at /rustc/82e1608dfa6e0b5569232559e3d385fea5a93112/library/std/src/sys_common/backtrace.rs:47:5
[INFO] [stderr]    8:     0x55a29de643a4 - std::sys_common::backtrace::print::h23a2d212c6fff936
[INFO] [stderr]                                at /rustc/82e1608dfa6e0b5569232559e3d385fea5a93112/library/std/src/sys_common/backtrace.rs:34:9
[INFO] [stderr]    9:     0x55a29de66067 - std::panicking::default_hook::{{closure}}::h8a1d2ee00185001a
[INFO] [stderr]   10:     0x55a29de65dcf - std::panicking::default_hook::h6038f2eba384e475
[INFO] [stderr]                                at /rustc/82e1608dfa6e0b5569232559e3d385fea5a93112/library/std/src/panicking.rs:292:9
[INFO] [stderr]   11:     0x55a29dd14777 - <alloc::boxed::Box<F,A> as core::ops::function::Fn<Args>>::call::h0ad024c9bdc6d768
[INFO] [stderr]                                at /rustc/82e1608dfa6e0b5569232559e3d385fea5a93112/library/alloc/src/boxed.rs:2021:9
[INFO] [stderr]   12:     0x55a29dd14777 - test::test_main::{{closure}}::h7500b54257359db6
[INFO] [stderr]                                at /rustc/82e1608dfa6e0b5569232559e3d385fea5a93112/library/test/src/lib.rs:138:21
[INFO] [stderr]   13:     0x55a29de66678 - <alloc::boxed::Box<F,A> as core::ops::function::Fn<Args>>::call::h1f8f335eaa9cfaee
[INFO] [stderr]                                at /rustc/82e1608dfa6e0b5569232559e3d385fea5a93112/library/alloc/src/boxed.rs:2021:9
[INFO] [stderr]   14:     0x55a29de66678 - std::panicking::rust_panic_with_hook::h2b5517d590cab22e
[INFO] [stderr]                                at /rustc/82e1608dfa6e0b5569232559e3d385fea5a93112/library/std/src/panicking.rs:783:13
[INFO] [stderr]   15:     0x55a29de663ce - std::panicking::begin_panic_handler::{{closure}}::h233112c06e0ef43e
[INFO] [stderr]                                at /rustc/82e1608dfa6e0b5569232559e3d385fea5a93112/library/std/src/panicking.rs:657:13
[INFO] [stderr]   16:     0x55a29de64a86 - std::sys_common::backtrace::__rust_end_short_backtrace::h6e893f24d7ebbff8
[INFO] [stderr]                                at /rustc/82e1608dfa6e0b5569232559e3d385fea5a93112/library/std/src/sys_common/backtrace.rs:170:18
[INFO] [stderr]   17:     0x55a29de66132 - rust_begin_unwind
[INFO] [stderr]                                at /rustc/82e1608dfa6e0b5569232559e3d385fea5a93112/library/std/src/panicking.rs:645:5
[INFO] [stderr]   18:     0x55a29dc7b288 - core::panicking::panic_nounwind_fmt::h8767c3f35819d636
[INFO] [stderr]                                at /rustc/82e1608dfa6e0b5569232559e3d385fea5a93112/library/core/src/panicking.rs:106:14
[INFO] [stderr]   19:     0x55a29dc7b4fa - core::panicking::panic_misaligned_pointer_dereference::h69d5e81334dc0203
[INFO] [stderr]                                at /rustc/82e1608dfa6e0b5569232559e3d385fea5a93112/library/core/src/panicking.rs:203:5
[INFO] [stderr]   20:     0x55a29dd7fe8b - <plotters_bitmap::bitmap_pixel::rgb::RGBPixel as plotters_bitmap::bitmap_pixel::pixel_format::PixelFormat>::fill_rect_fast::h701692b591cdf573
[INFO] [stderr]                                at /opt/rustwide/cargo-home/registry/src/index.crates.io-6f17d22bba15001f/plotters-bitmap-0.3.2/src/bitmap_pixel/rgb.rs:215:29
[INFO] [stderr]   21:     0x55a29dcc369c - <plotters_bitmap::bitmap::BitMapBackend<P> as plotters_backend::DrawingBackend>::draw_line::h07bb4773f2e70edc
[INFO] [stderr]                                at /opt/rustwide/cargo-home/registry/src/index.crates.io-6f17d22bba15001f/plotters-bitmap-0.3.2/src/bitmap.rs:259:21
[INFO] [stderr]   22:     0x55a29dc982a0 - plotters_backend::rasterizer::circle::draw_circle::h828554e7e76fdd70
[INFO] [stderr]                                at /opt/rustwide/cargo-home/registry/src/index.crates.io-6f17d22bba15001f/plotters-backend-0.3.4/src/rasterizer/circle.rs:324:27
[INFO] [stderr]   23:     0x55a29dcc47f6 - plotters_backend::DrawingBackend::draw_circle::hece9b1d4c9fb7ef2
[INFO] [stderr]                                at /opt/rustwide/cargo-home/registry/src/index.crates.io-6f17d22bba15001f/plotters-backend-0.3.4/src/lib.rs:204:9
[INFO] [stderr]   24:     0x55a29dcb279a - <plotters::element::basic_shapes::Circle<Coord,Size> as plotters::element::Drawable<DB>>::draw::h7f01a305c5eae120
[INFO] [stderr]                                at /opt/rustwide/cargo-home/registry/src/index.crates.io-6f17d22bba15001f/plotters-0.3.2/src/element/basic_shapes.rs:274:20
[INFO] [stderr]   25:     0x55a29dcba12b - plotters::drawing::area::DrawingArea<DB,CT>::draw::{{closure}}::h078344ee1d06cfd1
[INFO] [stderr]                                at /opt/rustwide/cargo-home/registry/src/index.crates.io-6f17d22bba15001f/plotters-0.3.2/src/drawing/area.rs:328:35
[INFO] [stderr]   26:     0x55a29dcb8a92 - plotters::drawing::area::DrawingArea<DB,CT>::backend_ops::h35e2c4f04cbd0b33
[INFO] [stderr]                                at /opt/rustwide/cargo-home/registry/src/index.crates.io-6f17d22bba15001f/plotters-0.3.2/src/drawing/area.rs:284:13
[INFO] [stderr]   27:     0x55a29dcba082 - plotters::drawing::area::DrawingArea<DB,CT>::draw::hc4cec87a03460d22
[INFO] [stderr]                                at /opt/rustwide/cargo-home/registry/src/index.crates.io-6f17d22bba15001f/plotters-0.3.2/src/drawing/area.rs:328:9
[INFO] [stderr]   28:     0x55a29dcb1432 - plotters::chart::context::ChartContext<DB,CT>::draw_series_impl::ha40a460e4043d902
[INFO] [stderr]                                at /opt/rustwide/cargo-home/registry/src/index.crates.io-6f17d22bba15001f/plotters-0.3.2/src/chart/context.rs:104:13
[INFO] [stderr]   29:     0x55a29dcb1267 - plotters::chart::context::ChartContext<DB,CT>::draw_series::h3622b870c2adc567
[INFO] [stderr]                                at /opt/rustwide/cargo-home/registry/src/index.crates.io-6f17d22bba15001f/plotters-0.3.2/src/chart/context.rs:131:9
[INFO] [stderr]   30:     0x55a29dcc9366 - entsoe_rust::classes::helper_funcs::HelpFuncs::plot_data::h488c726f01876e0e
[INFO] [stderr]                                at /opt/rustwide/workdir/src/classes/helper_funcs.rs:125:9
[INFO] [stderr]   31:     0x55a29dca8b50 - entsoe_rust::classes::helper_funcs_tests::tests::plot_data_test::h62f34c12bac8b21b
[INFO] [stderr]                                at /opt/rustwide/workdir/src/classes/helper_funcs_tests.rs:42:9
[INFO] [stderr]   32:     0x55a29dca8b17 - entsoe_rust::classes::helper_funcs_tests::tests::plot_data_test::{{closure}}::hc600928980bdb4d4
[INFO] [stderr]                                at /opt/rustwide/workdir/src/classes/helper_funcs_tests.rs:40:24
[INFO] [stderr]   33:     0x55a29dcb2cb6 - core::ops::function::FnOnce::call_once::hb404b9e1f8e2aad6
[INFO] [stderr]                                at /rustc/82e1608dfa6e0b5569232559e3d385fea5a93112/library/core/src/ops/function.rs:250:5
[INFO] [stderr]   34:     0x55a29dd19dcf - core::ops::function::FnOnce::call_once::h2b5d431d5046312d
[INFO] [stderr]                                at /rustc/82e1608dfa6e0b5569232559e3d385fea5a93112/library/core/src/ops/function.rs:250:5
[INFO] [stderr]   35:     0x55a29dd19dcf - test::__rust_begin_short_backtrace::h7714669af176e207
[INFO] [stderr]                                at /rustc/82e1608dfa6e0b5569232559e3d385fea5a93112/library/test/src/lib.rs:628:18
[INFO] [stderr]   36:     0x55a29dd18de5 - test::run_test_in_process::{{closure}}::h85218797dcbcec12
[INFO] [stderr]                                at /rustc/82e1608dfa6e0b5569232559e3d385fea5a93112/library/test/src/lib.rs:651:60
[INFO] [stderr]   37:     0x55a29dd18de5 - <core::panic::unwind_safe::AssertUnwindSafe<F> as core::ops::function::FnOnce<()>>::call_once::h76c106ea31c14d7b
[INFO] [stderr]                                at /rustc/82e1608dfa6e0b5569232559e3d385fea5a93112/library/core/src/panic/unwind_safe.rs:272:9
[INFO] [stderr]   38:     0x55a29dd18de5 - std::panicking::try::do_call::h3bd5d0f6620ee946
[INFO] [stderr]                                at /rustc/82e1608dfa6e0b5569232559e3d385fea5a93112/library/std/src/panicking.rs:552:40
[INFO] [stderr]   39:     0x55a29dd18de5 - std::panicking::try::h232e535e4744fe31
[INFO] [stderr]                                at /rustc/82e1608dfa6e0b5569232559e3d385fea5a93112/library/std/src/panicking.rs:516:19
[INFO] [stderr]   40:     0x55a29dd18de5 - std::panic::catch_unwind::h3ce3bd6ca8dbac68
[INFO] [stderr]                                at /rustc/82e1608dfa6e0b5569232559e3d385fea5a93112/library/std/src/panic.rs:142:14
[INFO] [stderr]   41:     0x55a29dd18de5 - test::run_test_in_process::hc97b257c9621286a
[INFO] [stderr]                                at /rustc/82e1608dfa6e0b5569232559e3d385fea5a93112/library/test/src/lib.rs:651:27
[INFO] [stderr]   42:     0x55a29dd18de5 - test::run_test::{{closure}}::h2aa798823a438d38
[INFO] [stderr]                                at /rustc/82e1608dfa6e0b5569232559e3d385fea5a93112/library/test/src/lib.rs:574:43
[INFO] [stderr]   43:     0x55a29dce10a6 - test::run_test::{{closure}}::h87d231c78fb59832
[INFO] [stderr]                                at /rustc/82e1608dfa6e0b5569232559e3d385fea5a93112/library/test/src/lib.rs:602:41
[INFO] [stderr]   44:     0x55a29dce10a6 - std::sys_common::backtrace::__rust_begin_short_backtrace::he6df152596625789
[INFO] [stderr]                                at /rustc/82e1608dfa6e0b5569232559e3d385fea5a93112/library/std/src/sys_common/backtrace.rs:154:18
[INFO] [stderr]   45:     0x55a29dce6157 - std::thread::Builder::spawn_unchecked_::{{closure}}::{{closure}}::ha94be15d1e0acf36
[INFO] [stderr]                                at /rustc/82e1608dfa6e0b5569232559e3d385fea5a93112/library/std/src/thread/mod.rs:529:17
[INFO] [stderr]   46:     0x55a29dce6157 - <core::panic::unwind_safe::AssertUnwindSafe<F> as core::ops::function::FnOnce<()>>::call_once::h9dc6bd6372f16606
[INFO] [stderr]                                at /rustc/82e1608dfa6e0b5569232559e3d385fea5a93112/library/core/src/panic/unwind_safe.rs:272:9
[INFO] [stderr]   47:     0x55a29dce6157 - std::panicking::try::do_call::h9057517f80303cd4
[INFO] [stderr]                                at /rustc/82e1608dfa6e0b5569232559e3d385fea5a93112/library/std/src/panicking.rs:552:40
[INFO] [stderr]   48:     0x55a29dce6157 - std::panicking::try::he3a30b11ee45340c
[INFO] [stderr]                                at /rustc/82e1608dfa6e0b5569232559e3d385fea5a93112/library/std/src/panicking.rs:516:19
[INFO] [stderr]   49:     0x55a29dce6157 - std::panic::catch_unwind::h410458cfd3528b8b
[INFO] [stderr]                                at /rustc/82e1608dfa6e0b5569232559e3d385fea5a93112/library/std/src/panic.rs:142:14
[INFO] [stderr]   50:     0x55a29dce6157 - std::thread::Builder::spawn_unchecked_::{{closure}}::h72ac3bdb567b737b
[INFO] [stderr]                                at /rustc/82e1608dfa6e0b5569232559e3d385fea5a93112/library/std/src/thread/mod.rs:528:30
[INFO] [stderr]   51:     0x55a29dce6157 - core::ops::function::FnOnce::call_once{{vtable.shim}}::h38f34da3654a8344
[INFO] [stderr]                                at /rustc/82e1608dfa6e0b5569232559e3d385fea5a93112/library/core/src/ops/function.rs:250:5
[INFO] [stderr]   52:     0x55a29de6b1c5 - <alloc::boxed::Box<F,A> as core::ops::function::FnOnce<Args>>::call_once::hc7eafaff61e32df9
[INFO] [stderr]                                at /rustc/82e1608dfa6e0b5569232559e3d385fea5a93112/library/alloc/src/boxed.rs:2007:9
[INFO] [stderr]   53:     0x55a29de6b1c5 - <alloc::boxed::Box<F,A> as core::ops::function::FnOnce<Args>>::call_once::h6ba4a5de48dd2304
[INFO] [stderr]                                at /rustc/82e1608dfa6e0b5569232559e3d385fea5a93112/library/alloc/src/boxed.rs:2007:9
[INFO] [stderr]   54:     0x55a29de6b1c5 - std::sys::unix::thread::Thread::new::thread_start::he469335aef763e45
[INFO] [stderr]                                at /rustc/82e1608dfa6e0b5569232559e3d385fea5a93112/library/std/src/sys/unix/thread.rs:108:17
[INFO] [stderr]   55:     0x7fe81abd5ac3 - <unknown>
[INFO] [stderr]   56:     0x7fe81ac66bf4 - __clone
[INFO] [stderr]   57:                0x0 - <unknown>
[INFO] [stderr] thread caused non-unwinding panic. aborting.
[INFO] [stderr] error: test failed, to rerun pass `--bin entsoe-rust`
[INFO] [stderr] 
[INFO] [stderr] Caused by:
[INFO] [stderr]   process didn't exit successfully: `/opt/rustwide/target/debug/deps/entsoe_rust-878fbc8ea1425598` (signal: 6, SIGABRT: process abort signal)
[INFO] running `Command { std: "docker" "inspect" "f21c80aa9a6e3e616ecdc6b7842f7e7b7656048c684e0c7e8e7b0ffe85282005", kill_on_drop: false }`
[INFO] running `Command { std: "docker" "rm" "-f" "f21c80aa9a6e3e616ecdc6b7842f7e7b7656048c684e0c7e8e7b0ffe85282005", kill_on_drop: false }`
[INFO] [stdout] f21c80aa9a6e3e616ecdc6b7842f7e7b7656048c684e0c7e8e7b0ffe85282005
