[INFO] cloning repository https://github.com/Jay-A-McBee/small-axe
[INFO] running `Command { std: "git" "-c" "credential.helper=" "-c" "credential.helper=/workspace/cargo-home/bin/git-credential-null" "clone" "--bare" "https://github.com/Jay-A-McBee/small-axe" "/workspace/cache/git-repos/https%3A%2F%2Fgithub.com%2FJay-A-McBee%2Fsmall-axe", kill_on_drop: false }`
[INFO] [stderr] Cloning into bare repository '/workspace/cache/git-repos/https%3A%2F%2Fgithub.com%2FJay-A-McBee%2Fsmall-axe'...
[INFO] running `Command { std: "git" "rev-parse" "HEAD", kill_on_drop: false }`
[INFO] [stdout] 4238230f4af0feda139185abc678c958d98fcb5e
[INFO] testing Jay-A-McBee/small-axe against 1.75.0 for beta-1.76-1
[INFO] running `Command { std: "git" "clone" "/workspace/cache/git-repos/https%3A%2F%2Fgithub.com%2FJay-A-McBee%2Fsmall-axe" "/workspace/builds/worker-2-tc1/source", kill_on_drop: false }`
[INFO] [stderr] Cloning into '/workspace/builds/worker-2-tc1/source'...
[INFO] [stderr] done.
[INFO] validating manifest of git repo https://github.com/Jay-A-McBee/small-axe on toolchain 1.75.0
[INFO] running `Command { std: CARGO_HOME="/workspace/cargo-home" RUSTUP_HOME="/workspace/rustup-home" "/workspace/cargo-home/bin/cargo" "+1.75.0" "metadata" "--manifest-path" "Cargo.toml" "--no-deps", kill_on_drop: false }`
[INFO] started tweaking git repo https://github.com/Jay-A-McBee/small-axe
[INFO] finished tweaking git repo https://github.com/Jay-A-McBee/small-axe
[INFO] tweaked toml for git repo https://github.com/Jay-A-McBee/small-axe written to /workspace/builds/worker-2-tc1/source/Cargo.toml
[INFO] crate git repo https://github.com/Jay-A-McBee/small-axe already has a lockfile, it will not be regenerated
[INFO] running `Command { std: CARGO_HOME="/workspace/cargo-home" RUSTUP_HOME="/workspace/rustup-home" "/workspace/cargo-home/bin/cargo" "+1.75.0" "fetch" "--manifest-path" "Cargo.toml", kill_on_drop: false }`
[INFO] [stderr]     Blocking waiting for file lock on package cache
[INFO] [stderr]     Blocking waiting for file lock on package cache
[INFO] [stderr]  Downloading crates ...
[INFO] [stderr]   Downloaded concolor v0.0.12
[INFO] [stderr]   Downloaded trycmd v0.14.13
[INFO] [stderr]   Downloaded snapbox v0.4.8
[INFO] running `Command { std: "docker" "create" "-v" "/var/lib/crater-agent-workspace/builds/worker-2-tc1/target:/opt/rustwide/target:rw,Z" "-v" "/var/lib/crater-agent-workspace/builds/worker-2-tc1/source:/opt/rustwide/workdir:ro,Z" "-v" "/var/lib/crater-agent-workspace/cargo-home:/opt/rustwide/cargo-home:ro,Z" "-v" "/var/lib/crater-agent-workspace/rustup-home:/opt/rustwide/rustup-home:ro,Z" "-e" "SOURCE_DIR=/opt/rustwide/workdir" "-e" "CARGO_TARGET_DIR=/opt/rustwide/target" "-e" "CARGO_HOME=/opt/rustwide/cargo-home" "-e" "RUSTUP_HOME=/opt/rustwide/rustup-home" "-w" "/opt/rustwide/workdir" "-m" "1610612736" "--user" "0:0" "--network" "none" "ghcr.io/rust-lang/crates-build-env/linux@sha256:2788e3201cd34a07e3172128adcd8b3090168a8e3bcc40d7c032b9dda1df7d1c" "/opt/rustwide/cargo-home/bin/cargo" "+1.75.0" "metadata" "--no-deps" "--format-version=1", kill_on_drop: false }`
[INFO] [stdout] fbab98d8d34d6e0b72282700e68f8c3ee420d25a67764c6169699c56030ae970
[INFO] running `Command { std: "docker" "start" "-a" "fbab98d8d34d6e0b72282700e68f8c3ee420d25a67764c6169699c56030ae970", kill_on_drop: false }`
[INFO] running `Command { std: "docker" "inspect" "fbab98d8d34d6e0b72282700e68f8c3ee420d25a67764c6169699c56030ae970", kill_on_drop: false }`
[INFO] running `Command { std: "docker" "rm" "-f" "fbab98d8d34d6e0b72282700e68f8c3ee420d25a67764c6169699c56030ae970", kill_on_drop: false }`
[INFO] [stdout] fbab98d8d34d6e0b72282700e68f8c3ee420d25a67764c6169699c56030ae970
[INFO] running `Command { std: "docker" "create" "-v" "/var/lib/crater-agent-workspace/builds/worker-2-tc1/target:/opt/rustwide/target:rw,Z" "-v" "/var/lib/crater-agent-workspace/builds/worker-2-tc1/source:/opt/rustwide/workdir:ro,Z" "-v" "/var/lib/crater-agent-workspace/cargo-home:/opt/rustwide/cargo-home:ro,Z" "-v" "/var/lib/crater-agent-workspace/rustup-home:/opt/rustwide/rustup-home:ro,Z" "-e" "SOURCE_DIR=/opt/rustwide/workdir" "-e" "CARGO_TARGET_DIR=/opt/rustwide/target" "-e" "CARGO_INCREMENTAL=0" "-e" "RUST_BACKTRACE=full" "-e" "RUSTFLAGS=--cap-lints=warn" "-e" "RUSTDOCFLAGS=--cap-lints=warn" "-e" "CARGO_HOME=/opt/rustwide/cargo-home" "-e" "RUSTUP_HOME=/opt/rustwide/rustup-home" "-w" "/opt/rustwide/workdir" "-m" "1610612736" "--user" "0:0" "--network" "none" "ghcr.io/rust-lang/crates-build-env/linux@sha256:2788e3201cd34a07e3172128adcd8b3090168a8e3bcc40d7c032b9dda1df7d1c" "/opt/rustwide/cargo-home/bin/cargo" "+1.75.0" "build" "--frozen" "--message-format=json", kill_on_drop: false }`
[INFO] [stdout] 2466e3a858ad4ebddcf45f0db5ce7f5a2efe32f56f54444feba45981256737d5
[INFO] running `Command { std: "docker" "start" "-a" "2466e3a858ad4ebddcf45f0db5ce7f5a2efe32f56f54444feba45981256737d5", kill_on_drop: false }`
[INFO] [stderr]    Compiling once_cell v1.17.1
[INFO] [stderr]    Compiling same-file v1.0.6
[INFO] [stderr]    Compiling small-axe v0.1.0 (/opt/rustwide/workdir)
[INFO] [stdout] warning: unused import: `std::io::Error`
[INFO] [stdout]  --> src/core/dirent.rs:2:5
[INFO] [stdout]   |
[INFO] [stdout] 2 | use std::io::Error;
[INFO] [stdout]   |     ^^^^^^^^^^^^^^
[INFO] [stdout]   |
[INFO] [stdout]   = note: `#[warn(unused_imports)]` on by default
[INFO] [stdout] 
[INFO] [stdout] 
[INFO] [stdout] warning: unused import: `std::ffi::OsStr`
[INFO] [stdout]  --> src/core/display.rs:1:5
[INFO] [stdout]   |
[INFO] [stdout] 1 | use std::ffi::OsStr;
[INFO] [stdout]   |     ^^^^^^^^^^^^^^^
[INFO] [stdout] 
[INFO] [stdout] 
[INFO] [stdout] warning: unused import: `std::collections::HashSet`
[INFO] [stdout]  --> src/core/tree.rs:2:5
[INFO] [stdout]   |
[INFO] [stdout] 2 | use std::collections::HashSet;
[INFO] [stdout]   |     ^^^^^^^^^^^^^^^^^^^^^^^^^
[INFO] [stdout] 
[INFO] [stdout] 
[INFO] [stdout] warning: field `depth` is never read
[INFO] [stdout]  --> src/core/error.rs:7:5
[INFO] [stdout]   |
[INFO] [stdout] 6 | pub struct Error<'path> {
[INFO] [stdout]   |            ----- field in this struct
[INFO] [stdout] 7 |     depth: usize,
[INFO] [stdout]   |     ^^^^^
[INFO] [stdout]   |
[INFO] [stdout]   = note: `Error` has a derived impl for the trait `Debug`, but this is intentionally ignored during dead code analysis
[INFO] [stdout]   = note: `#[warn(dead_code)]` on by default
[INFO] [stdout] 
[INFO] [stdout] 
[INFO] [stdout] warning: field `path` is never read
[INFO] [stdout]   --> src/core/tree.rs:46:9
[INFO] [stdout]    |
[INFO] [stdout] 45 | struct Visited {
[INFO] [stdout]    |        ------- field in this struct
[INFO] [stdout] 46 |     pub path: PathBuf,
[INFO] [stdout]    |         ^^^^
[INFO] [stdout]    |
[INFO] [stdout]    = note: `Visited` has a derived impl for the trait `Debug`, but this is intentionally ignored during dead code analysis
[INFO] [stdout] 
[INFO] [stdout] 
[INFO] [stdout] warning: 5 warnings emitted
[INFO] [stdout] 
[INFO] [stdout] 
[INFO] [stderr]     Finished dev [unoptimized + debuginfo] target(s) in 1.27s
[INFO] running `Command { std: "docker" "inspect" "2466e3a858ad4ebddcf45f0db5ce7f5a2efe32f56f54444feba45981256737d5", kill_on_drop: false }`
[INFO] running `Command { std: "docker" "rm" "-f" "2466e3a858ad4ebddcf45f0db5ce7f5a2efe32f56f54444feba45981256737d5", kill_on_drop: false }`
[INFO] [stdout] 2466e3a858ad4ebddcf45f0db5ce7f5a2efe32f56f54444feba45981256737d5
[INFO] running `Command { std: "docker" "create" "-v" "/var/lib/crater-agent-workspace/builds/worker-2-tc1/target:/opt/rustwide/target:rw,Z" "-v" "/var/lib/crater-agent-workspace/builds/worker-2-tc1/source:/opt/rustwide/workdir:ro,Z" "-v" "/var/lib/crater-agent-workspace/cargo-home:/opt/rustwide/cargo-home:ro,Z" "-v" "/var/lib/crater-agent-workspace/rustup-home:/opt/rustwide/rustup-home:ro,Z" "-e" "SOURCE_DIR=/opt/rustwide/workdir" "-e" "CARGO_TARGET_DIR=/opt/rustwide/target" "-e" "CARGO_INCREMENTAL=0" "-e" "RUST_BACKTRACE=full" "-e" "RUSTFLAGS=--cap-lints=warn" "-e" "RUSTDOCFLAGS=--cap-lints=warn" "-e" "CARGO_HOME=/opt/rustwide/cargo-home" "-e" "RUSTUP_HOME=/opt/rustwide/rustup-home" "-w" "/opt/rustwide/workdir" "-m" "1610612736" "--user" "0:0" "--network" "none" "ghcr.io/rust-lang/crates-build-env/linux@sha256:2788e3201cd34a07e3172128adcd8b3090168a8e3bcc40d7c032b9dda1df7d1c" "/opt/rustwide/cargo-home/bin/cargo" "+1.75.0" "test" "--frozen" "--no-run" "--message-format=json", kill_on_drop: false }`
[INFO] [stdout] c4b7ef463b0326a5cbad24f6a8b7668850a7f35cb59a8d66ca8e1b849ecaf241
[INFO] running `Command { std: "docker" "start" "-a" "c4b7ef463b0326a5cbad24f6a8b7668850a7f35cb59a8d66ca8e1b849ecaf241", kill_on_drop: false }`
[INFO] [stderr]    Compiling libc v0.2.139
[INFO] [stderr]    Compiling proc-macro2 v1.0.51
[INFO] [stderr]    Compiling unicode-ident v1.0.8
[INFO] [stderr]    Compiling syn v1.0.109
[INFO] [stderr]    Compiling crossbeam-utils v0.8.15
[INFO] [stderr]    Compiling serde_derive v1.0.154
[INFO] [stderr]    Compiling io-lifetimes v1.0.6
[INFO] [stderr]    Compiling rustix v0.36.9
[INFO] [stderr]    Compiling serde v1.0.154
[INFO] [stderr]    Compiling linux-raw-sys v0.1.4
[INFO] [stderr]    Compiling memoffset v0.8.0
[INFO] [stderr]    Compiling crossbeam-epoch v0.9.14
[INFO] [stderr]    Compiling indexmap v1.9.2
[INFO] [stderr]    Compiling rayon-core v1.11.0
[INFO] [stderr]    Compiling concolor-query v0.1.0
[INFO] [stderr]    Compiling fastrand v1.9.0
[INFO] [stderr]    Compiling walkdir v2.3.2
[INFO] [stderr]    Compiling content_inspector v0.2.4
[INFO] [stderr]    Compiling humantime v2.1.0
[INFO] [stderr]    Compiling winnow v0.3.5
[INFO] [stderr]    Compiling either v1.8.1
[INFO] [stderr]    Compiling snapbox-macros v0.3.1
[INFO] [stderr]    Compiling normalize-line-endings v0.3.0
[INFO] [stderr]    Compiling yansi v0.5.1
[INFO] [stderr]    Compiling dunce v1.0.3
[INFO] [stderr]    Compiling similar v2.2.1
[INFO] [stderr]    Compiling glob v0.3.1
[INFO] [stderr]    Compiling shlex v1.1.0
[INFO] [stdout] warning: unused import: `std::io::Error`
[INFO] [stdout]  --> src/core/dirent.rs:2:5
[INFO] [stdout]   |
[INFO] [stdout] 2 | use std::io::Error;
[INFO] [stdout]   |     ^^^^^^^^^^^^^^
[INFO] [stdout]   |
[INFO] [stdout]   = note: `#[warn(unused_imports)]` on by default
[INFO] [stdout] 
[INFO] [stdout] 
[INFO] [stdout] warning: unused import: `std::ffi::OsStr`
[INFO] [stdout]  --> src/core/display.rs:1:5
[INFO] [stdout]   |
[INFO] [stdout] 1 | use std::ffi::OsStr;
[INFO] [stdout]   |     ^^^^^^^^^^^^^^^
[INFO] [stdout] 
[INFO] [stdout] 
[INFO] [stdout] warning: unused import: `std::collections::HashSet`
[INFO] [stdout]  --> src/core/tree.rs:2:5
[INFO] [stdout]   |
[INFO] [stdout] 2 | use std::collections::HashSet;
[INFO] [stdout]   |     ^^^^^^^^^^^^^^^^^^^^^^^^^
[INFO] [stdout] 
[INFO] [stdout] 
[INFO] [stdout] warning: field `depth` is never read
[INFO] [stdout]  --> src/core/error.rs:7:5
[INFO] [stdout]   |
[INFO] [stdout] 6 | pub struct Error<'path> {
[INFO] [stdout]   |            ----- field in this struct
[INFO] [stdout] 7 |     depth: usize,
[INFO] [stdout]   |     ^^^^^
[INFO] [stdout]   |
[INFO] [stdout]   = note: `Error` has a derived impl for the trait `Debug`, but this is intentionally ignored during dead code analysis
[INFO] [stdout]   = note: `#[warn(dead_code)]` on by default
[INFO] [stdout] 
[INFO] [stdout] 
[INFO] [stdout] warning: field `path` is never read
[INFO] [stdout]   --> src/core/tree.rs:46:9
[INFO] [stdout]    |
[INFO] [stdout] 45 | struct Visited {
[INFO] [stdout]    |        ------- field in this struct
[INFO] [stdout] 46 |     pub path: PathBuf,
[INFO] [stdout]    |         ^^^^
[INFO] [stdout]    |
[INFO] [stdout]    = note: `Visited` has a derived impl for the trait `Debug`, but this is intentionally ignored during dead code analysis
[INFO] [stdout] 
[INFO] [stdout] 
[INFO] [stdout] warning: 5 warnings emitted
[INFO] [stdout] 
[INFO] [stdout] 
[INFO] [stderr]    Compiling crossbeam-channel v0.5.7
[INFO] [stderr]    Compiling quote v1.0.23
[INFO] [stderr]    Compiling crossbeam-deque v0.8.3
[INFO] [stderr]    Compiling num_cpus v1.15.0
[INFO] [stderr]    Compiling filetime v0.2.20
[INFO] [stderr]    Compiling os_pipe v1.1.3
[INFO] [stderr]    Compiling wait-timeout v0.2.0
[INFO] [stderr]    Compiling rayon v1.7.0
[INFO] [stderr]    Compiling is-terminal v0.4.4
[INFO] [stderr]    Compiling tempfile v3.4.0
[INFO] [stderr]    Compiling concolor v0.0.12
[INFO] [stderr]    Compiling snapbox v0.4.8
[INFO] [stderr]    Compiling serde_spanned v0.6.1
[INFO] [stderr]    Compiling toml_datetime v0.6.1
[INFO] [stderr]    Compiling humantime-serde v1.1.1
[INFO] [stderr]    Compiling toml_edit v0.19.4
[INFO] [stderr]    Compiling trycmd v0.14.13
[INFO] [stderr]    Compiling small-axe v0.1.0 (/opt/rustwide/workdir)
[INFO] [stdout] warning: unused import: `std::io::Error`
[INFO] [stdout]  --> src/core/dirent.rs:2:5
[INFO] [stdout]   |
[INFO] [stdout] 2 | use std::io::Error;
[INFO] [stdout]   |     ^^^^^^^^^^^^^^
[INFO] [stdout]   |
[INFO] [stdout]   = note: `#[warn(unused_imports)]` on by default
[INFO] [stdout] 
[INFO] [stdout] 
[INFO] [stdout] warning: unused import: `std::ffi::OsStr`
[INFO] [stdout]  --> src/core/display.rs:1:5
[INFO] [stdout]   |
[INFO] [stdout] 1 | use std::ffi::OsStr;
[INFO] [stdout]   |     ^^^^^^^^^^^^^^^
[INFO] [stdout] 
[INFO] [stdout] 
[INFO] [stdout] warning: unused import: `std::collections::HashSet`
[INFO] [stdout]  --> src/core/tree.rs:2:5
[INFO] [stdout]   |
[INFO] [stdout] 2 | use std::collections::HashSet;
[INFO] [stdout]   |     ^^^^^^^^^^^^^^^^^^^^^^^^^
[INFO] [stdout] 
[INFO] [stdout] 
[INFO] [stdout] warning: field `depth` is never read
[INFO] [stdout]  --> src/core/error.rs:7:5
[INFO] [stdout]   |
[INFO] [stdout] 6 | pub struct Error<'path> {
[INFO] [stdout]   |            ----- field in this struct
[INFO] [stdout] 7 |     depth: usize,
[INFO] [stdout]   |     ^^^^^
[INFO] [stdout]   |
[INFO] [stdout]   = note: `Error` has a derived impl for the trait `Debug`, but this is intentionally ignored during dead code analysis
[INFO] [stdout]   = note: `#[warn(dead_code)]` on by default
[INFO] [stdout] 
[INFO] [stdout] 
[INFO] [stdout] warning: field `path` is never read
[INFO] [stdout]   --> src/core/tree.rs:46:9
[INFO] [stdout]    |
[INFO] [stdout] 45 | struct Visited {
[INFO] [stdout]    |        ------- field in this struct
[INFO] [stdout] 46 |     pub path: PathBuf,
[INFO] [stdout]    |         ^^^^
[INFO] [stdout]    |
[INFO] [stdout]    = note: `Visited` has a derived impl for the trait `Debug`, but this is intentionally ignored during dead code analysis
[INFO] [stdout] 
[INFO] [stdout] 
[INFO] [stdout] warning: 5 warnings emitted
[INFO] [stdout] 
[INFO] [stdout] 
[INFO] [stderr]     Finished test [unoptimized + debuginfo] target(s) in 21.91s
[INFO] running `Command { std: "docker" "inspect" "c4b7ef463b0326a5cbad24f6a8b7668850a7f35cb59a8d66ca8e1b849ecaf241", kill_on_drop: false }`
[INFO] running `Command { std: "docker" "rm" "-f" "c4b7ef463b0326a5cbad24f6a8b7668850a7f35cb59a8d66ca8e1b849ecaf241", kill_on_drop: false }`
[INFO] [stdout] c4b7ef463b0326a5cbad24f6a8b7668850a7f35cb59a8d66ca8e1b849ecaf241
[INFO] running `Command { std: "docker" "create" "-v" "/var/lib/crater-agent-workspace/builds/worker-2-tc1/target:/opt/rustwide/target:rw,Z" "-v" "/var/lib/crater-agent-workspace/builds/worker-2-tc1/source:/opt/rustwide/workdir:ro,Z" "-v" "/var/lib/crater-agent-workspace/cargo-home:/opt/rustwide/cargo-home:ro,Z" "-v" "/var/lib/crater-agent-workspace/rustup-home:/opt/rustwide/rustup-home:ro,Z" "-e" "SOURCE_DIR=/opt/rustwide/workdir" "-e" "CARGO_TARGET_DIR=/opt/rustwide/target" "-e" "CARGO_INCREMENTAL=0" "-e" "RUST_BACKTRACE=full" "-e" "RUSTFLAGS=--cap-lints=warn" "-e" "RUSTDOCFLAGS=--cap-lints=warn" "-e" "CARGO_HOME=/opt/rustwide/cargo-home" "-e" "RUSTUP_HOME=/opt/rustwide/rustup-home" "-w" "/opt/rustwide/workdir" "-m" "1610612736" "--user" "0:0" "--network" "none" "ghcr.io/rust-lang/crates-build-env/linux@sha256:2788e3201cd34a07e3172128adcd8b3090168a8e3bcc40d7c032b9dda1df7d1c" "/opt/rustwide/cargo-home/bin/cargo" "+1.75.0" "test" "--frozen", kill_on_drop: false }`
[INFO] [stdout] 57c5f02c75cc27f5651835eedc3c9ac623f0341cd3cb8e4250be7f891678e367
[INFO] running `Command { std: "docker" "start" "-a" "57c5f02c75cc27f5651835eedc3c9ac623f0341cd3cb8e4250be7f891678e367", kill_on_drop: false }`
[INFO] [stderr] warning: unused import: `std::io::Error`
[INFO] [stderr]  --> src/core/dirent.rs:2:5
[INFO] [stderr]   |
[INFO] [stderr] 2 | use std::io::Error;
[INFO] [stderr]   |     ^^^^^^^^^^^^^^
[INFO] [stderr]   |
[INFO] [stderr]   = note: `#[warn(unused_imports)]` on by default
[INFO] [stderr] 
[INFO] [stderr] warning: unused import: `std::ffi::OsStr`
[INFO] [stderr]  --> src/core/display.rs:1:5
[INFO] [stderr]   |
[INFO] [stderr] 1 | use std::ffi::OsStr;
[INFO] [stderr]   |     ^^^^^^^^^^^^^^^
[INFO] [stderr] 
[INFO] [stderr] warning: unused import: `std::collections::HashSet`
[INFO] [stderr]  --> src/core/tree.rs:2:5
[INFO] [stderr]   |
[INFO] [stderr] 2 | use std::collections::HashSet;
[INFO] [stderr]   |     ^^^^^^^^^^^^^^^^^^^^^^^^^
[INFO] [stderr] 
[INFO] [stderr] warning: field `depth` is never read
[INFO] [stderr]  --> src/core/error.rs:7:5
[INFO] [stderr]   |
[INFO] [stderr] 6 | pub struct Error<'path> {
[INFO] [stderr]   |            ----- field in this struct
[INFO] [stderr] 7 |     depth: usize,
[INFO] [stderr]   |     ^^^^^
[INFO] [stderr]   |
[INFO] [stderr]   = note: `Error` has a derived impl for the trait `Debug`, but this is intentionally ignored during dead code analysis
[INFO] [stderr]   = note: `#[warn(dead_code)]` on by default
[INFO] [stderr] 
[INFO] [stderr] warning: field `path` is never read
[INFO] [stderr]   --> src/core/tree.rs:46:9
[INFO] [stderr]    |
[INFO] [stderr] 45 | struct Visited {
[INFO] [stderr]    |        ------- field in this struct
[INFO] [stderr] 46 |     pub path: PathBuf,
[INFO] [stderr]    |         ^^^^
[INFO] [stderr]    |
[INFO] [stderr]    = note: `Visited` has a derived impl for the trait `Debug`, but this is intentionally ignored during dead code analysis
[INFO] [stderr] 
[INFO] [stderr] warning: `small-axe` (bin "tree") generated 5 warnings (run `cargo fix --bin "tree"` to apply 3 suggestions)
[INFO] [stderr] warning: `small-axe` (bin "tree" test) generated 5 warnings (5 duplicates)
[INFO] [stderr]     Finished test [unoptimized + debuginfo] target(s) in 0.05s
[INFO] [stderr]      Running unittests src/main.rs (/opt/rustwide/target/debug/deps/tree-3f49fadc8cf964ce)
[INFO] [stdout] 
[INFO] [stdout] running 27 tests
[INFO] [stdout] test cli::tests::parses_hyphen_delimited_args ... ok
[INFO] [stdout] test cli::tests::parses_non_hyphen_delimited_args ... ok
[INFO] [stdout] test core::colors::test::ls_colors_undefined ... ok
[INFO] [stdout] test core::pattern::pattern_matching_tests::combined_pattern_match ... ok
[INFO] [stdout] test core::pattern::pattern_matching_tests::exclusive_bracket_match_range ... ok
[INFO] [stdout] test core::pattern::pattern_matching_tests::inclusive_bracket_match_enumerated ... ok
[INFO] [stdout] test core::pattern::pattern_matching_tests::inclusive_bracket_match_range ... ok
[INFO] [stdout] test core::colors::test::ls_colors ... ok
[INFO] [stdout] test core::colors::test::ls_colors_delimited ... ok
[INFO] [stdout] test core::pattern::pattern_matching_tests::combined_pattern_match_1 ... ok
[INFO] [stdout] test core::pattern::pattern_parsing_tests::parses_asterisk_pattern_base ... ok
[INFO] [stdout] test core::pattern::pattern_matching_tests::exclusive_bracket_match_range_miss ... ok
[INFO] [stdout] test core::pattern::pattern_matching_tests::one_or_more_surrounded_by_literals ... ok
[INFO] [stdout] test core::pattern::pattern_matching_tests::inclusive_bracket_match_range_miss ... ok
[INFO] [stdout] test core::pattern::pattern_matching_tests::inclusive_bracket_match_multi_range ... ok
[INFO] [stdout] test core::pattern::pattern_matching_tests::combined_pattern_match_miss ... ok
[INFO] [stdout] test core::pattern::pattern_parsing_tests::parses_multi_hyphenated_bracket_ranges ... ok
[INFO] [stdout] test core::pattern::pattern_parsing_tests::parses_enumerated_bracket_set_base ... ok
[INFO] [stdout] test core::pattern::pattern_parsing_tests::parses_hyphenated_bracket_range_base ... ok
[INFO] [stdout] test core::pattern::pattern_matching_tests::one_or_more ... ok
[INFO] [stdout] test core::pattern::pattern_matching_tests::one_or_more_final_pattern ... ok
[INFO] [stdout] test core::pattern::pattern_matching_tests::combined_pattern_miss ... ok
[INFO] [stdout] test core::pattern::pattern_parsing_tests::parses_combined_patterns ... ok
[INFO] [stdout] test core::pattern::pattern_matching_tests::exclusive_bracket_match_enumerated_miss ... ok
[INFO] [stdout] test core::pattern::pattern_matching_tests::inclusive_bracket_match_enumerated_hypen_literal ... ok
[INFO] [stdout] test core::pattern::pattern_matching_tests::one_or_more_miss ... ok
[INFO] [stdout] test core::pattern::pattern_parsing_tests::parses_question_mark_pattern_base ... ok
[INFO] [stdout] 
[INFO] [stdout] test result: ok. 27 passed; 0 failed; 0 ignored; 0 measured; 0 filtered out; finished in 0.02s
[INFO] [stdout] 
[INFO] [stderr]      Running tests/cli_test.rs (/opt/rustwide/target/debug/deps/cli_test-175466a5b8d54e5b)
[INFO] [stdout] 
[INFO] [stdout] running 1 test
[INFO] [stderr] Testing tests/cmd/symlink_flag.trycmd:2 ... failed
[INFO] [stderr] Exit: success
[INFO] [stderr] 
[INFO] [stderr] ---- expected: stdout
[INFO] [stderr] ++++ actual:   stdout
[INFO] [stderr]         1 + 
[INFO] [stderr]    1    2 | mock_dir
[INFO] [stderr]    2    3 | ├─── A
[INFO] [stderr]    3      - │    ├─── A_NESTED
[INFO] [stderr]    4    4 | │    ├─── a.rs
[INFO] [stderr]    5    5 | │    ├─── b.rs
[INFO] [stderr]    6    6 | │    └─── c.rs
[INFO] [stderr]    7    7 | ├─── A.rs
[INFO] [stderr]    8    8 | ├─── B
[INFO] [stderr]           ⋮
[INFO] [stderr]   13   13 | │    ├─── a.rs
[INFO] [stderr]   14   14 | │    ├─── b.rs
[INFO] [stderr]   15   15 | │    └─── c.rs
[INFO] [stderr]   16   16 | └─── sym_linked [Recursion detected] -> tests/mock_dir/A/
[INFO] [stderr]   17   17 | 
[INFO] [stderr]   18      - Total directories: 4 Total files: 10
[INFO] [stderr]        18 + Total directories: 3 Total files: 10
[INFO] [stderr]        19 + 
[INFO] [stderr] stderr:
[INFO] [stderr] 
[INFO] [stderr] Update snapshots with `TRYCMD=overwrite`
[INFO] [stderr] Debug output with `TRYCMD=dump`
[INFO] [stdout] test cli_tests ... FAILED
[INFO] [stdout] 
[INFO] [stdout] failures:
[INFO] [stdout] 
[INFO] [stdout] ---- cli_tests stdout ----
[INFO] [stdout] thread 'cli_tests' panicked at /opt/rustwide/cargo-home/registry/src/index.crates.io-6f17d22bba15001f/trycmd-0.14.13/src/runner.rs:93:17:
[INFO] [stdout] 1 of 1 tests failed
[INFO] [stdout] stack backtrace:
[INFO] [stdout]    0:     0x5557d2989b7c - std::backtrace_rs::backtrace::libunwind::trace::ha637c64ce894333a
[INFO] [stdout]                                at /rustc/82e1608dfa6e0b5569232559e3d385fea5a93112/library/std/src/../../backtrace/src/backtrace/libunwind.rs:104:5
[INFO] [stdout]    1:     0x5557d2989b7c - std::backtrace_rs::backtrace::trace_unsynchronized::h47f62dea28e0c88d
[INFO] [stdout]                                at /rustc/82e1608dfa6e0b5569232559e3d385fea5a93112/library/std/src/../../backtrace/src/backtrace/mod.rs:66:5
[INFO] [stdout]    2:     0x5557d2989b7c - std::sys_common::backtrace::_print_fmt::h9eef0abe20ede486
[INFO] [stdout]                                at /rustc/82e1608dfa6e0b5569232559e3d385fea5a93112/library/std/src/sys_common/backtrace.rs:67:5
[INFO] [stdout]    3:     0x5557d2989b7c - <std::sys_common::backtrace::_print::DisplayBacktrace as core::fmt::Display>::fmt::hed7f999df88cc644
[INFO] [stdout]                                at /rustc/82e1608dfa6e0b5569232559e3d385fea5a93112/library/std/src/sys_common/backtrace.rs:44:22
[INFO] [stdout]    4:     0x5557d29b6eb0 - core::fmt::rt::Argument::fmt::h1539a9308b8d058d
[INFO] [stdout]                                at /rustc/82e1608dfa6e0b5569232559e3d385fea5a93112/library/core/src/fmt/rt.rs:142:9
[INFO] [stdout]    5:     0x5557d29b6eb0 - core::fmt::write::h3a39390d8560d9c9
[INFO] [stdout]                                at /rustc/82e1608dfa6e0b5569232559e3d385fea5a93112/library/core/src/fmt/mod.rs:1120:17
[INFO] [stdout]    6:     0x5557d298669f - std::io::Write::write_fmt::h040b369f3a0f9cbc
[INFO] [stdout]                                at /rustc/82e1608dfa6e0b5569232559e3d385fea5a93112/library/std/src/io/mod.rs:1762:15
[INFO] [stdout]    7:     0x5557d2989964 - std::sys_common::backtrace::_print::h894006fb5c6f3d45
[INFO] [stdout]                                at /rustc/82e1608dfa6e0b5569232559e3d385fea5a93112/library/std/src/sys_common/backtrace.rs:47:5
[INFO] [stdout]    8:     0x5557d2989964 - std::sys_common::backtrace::print::h23a2d212c6fff936
[INFO] [stdout]                                at /rustc/82e1608dfa6e0b5569232559e3d385fea5a93112/library/std/src/sys_common/backtrace.rs:34:9
[INFO] [stdout]    9:     0x5557d298bc47 - std::panicking::default_hook::{{closure}}::h8a1d2ee00185001a
[INFO] [stdout]   10:     0x5557d298b933 - std::panicking::default_hook::h6038f2eba384e475
[INFO] [stdout]                                at /rustc/82e1608dfa6e0b5569232559e3d385fea5a93112/library/std/src/panicking.rs:289:9
[INFO] [stdout]   11:     0x5557d2958657 - <alloc::boxed::Box<F,A> as core::ops::function::Fn<Args>>::call::h0ad024c9bdc6d768
[INFO] [stdout]                                at /rustc/82e1608dfa6e0b5569232559e3d385fea5a93112/library/alloc/src/boxed.rs:2021:9
[INFO] [stdout]   12:     0x5557d2958657 - test::test_main::{{closure}}::h7500b54257359db6
[INFO] [stdout]                                at /rustc/82e1608dfa6e0b5569232559e3d385fea5a93112/library/test/src/lib.rs:138:21
[INFO] [stdout]   13:     0x5557d298c258 - <alloc::boxed::Box<F,A> as core::ops::function::Fn<Args>>::call::h1f8f335eaa9cfaee
[INFO] [stdout]                                at /rustc/82e1608dfa6e0b5569232559e3d385fea5a93112/library/alloc/src/boxed.rs:2021:9
[INFO] [stdout]   14:     0x5557d298c258 - std::panicking::rust_panic_with_hook::h2b5517d590cab22e
[INFO] [stdout]                                at /rustc/82e1608dfa6e0b5569232559e3d385fea5a93112/library/std/src/panicking.rs:783:13
[INFO] [stdout]   15:     0x5557d298bfae - std::panicking::begin_panic_handler::{{closure}}::h233112c06e0ef43e
[INFO] [stdout]                                at /rustc/82e1608dfa6e0b5569232559e3d385fea5a93112/library/std/src/panicking.rs:657:13
[INFO] [stdout]   16:     0x5557d298a046 - std::sys_common::backtrace::__rust_end_short_backtrace::h6e893f24d7ebbff8
[INFO] [stdout]                                at /rustc/82e1608dfa6e0b5569232559e3d385fea5a93112/library/std/src/sys_common/backtrace.rs:170:18
[INFO] [stdout]   17:     0x5557d298bd12 - rust_begin_unwind
[INFO] [stdout]                                at /rustc/82e1608dfa6e0b5569232559e3d385fea5a93112/library/std/src/panicking.rs:645:5
[INFO] [stdout]   18:     0x5557d25f98b5 - core::panicking::panic_fmt::hbf0e066aabfa482c
[INFO] [stdout]                                at /rustc/82e1608dfa6e0b5569232559e3d385fea5a93112/library/core/src/panicking.rs:72:14
[INFO] [stdout]   19:     0x5557d262f78b - trycmd::runner::Runner::run::hb78a25580545aba5
[INFO] [stdout]                                at /opt/rustwide/cargo-home/registry/src/index.crates.io-6f17d22bba15001f/trycmd-0.14.13/src/runner.rs:93:17
[INFO] [stdout]   20:     0x5557d25fe813 - trycmd::cases::TestCases::run::h4d6c46d699e099e6
[INFO] [stdout]                                at /opt/rustwide/cargo-home/registry/src/index.crates.io-6f17d22bba15001f/trycmd-0.14.13/src/cases.rs:165:9
[INFO] [stdout]   21:     0x5557d25fe8ba - <trycmd::cases::TestCases as core::ops::drop::Drop>::drop::hcd1f7726457c751e
[INFO] [stdout]                                at /opt/rustwide/cargo-home/registry/src/index.crates.io-6f17d22bba15001f/trycmd-0.14.13/src/cases.rs:175:13
[INFO] [stdout]   22:     0x5557d2653c97 - core::ptr::drop_in_place<trycmd::cases::TestCases>::hf19e8ffed77e445a
[INFO] [stdout]                                at /rustc/82e1608dfa6e0b5569232559e3d385fea5a93112/library/core/src/ptr/mod.rs:498:1
[INFO] [stdout]   23:     0x5557d25fa819 - cli_test::cli_tests::ha181b69634cac47d
[INFO] [stdout]                                at /opt/rustwide/workdir/tests/cli_test.rs:3:67
[INFO] [stdout]   24:     0x5557d25fa797 - cli_test::cli_tests::{{closure}}::h863091204cbcb3f3
[INFO] [stdout]                                at /opt/rustwide/workdir/tests/cli_test.rs:2:15
[INFO] [stdout]   25:     0x5557d25fa456 - core::ops::function::FnOnce::call_once::h0a892f44ce724c14
[INFO] [stdout]                                at /rustc/82e1608dfa6e0b5569232559e3d385fea5a93112/library/core/src/ops/function.rs:250:5
[INFO] [stdout]   26:     0x5557d295dcaf - core::ops::function::FnOnce::call_once::h2b5d431d5046312d
[INFO] [stdout]                                at /rustc/82e1608dfa6e0b5569232559e3d385fea5a93112/library/core/src/ops/function.rs:250:5
[INFO] [stdout]   27:     0x5557d295dcaf - test::__rust_begin_short_backtrace::h7714669af176e207
[INFO] [stdout]                                at /rustc/82e1608dfa6e0b5569232559e3d385fea5a93112/library/test/src/lib.rs:628:18
[INFO] [stdout]   28:     0x5557d295ccc5 - test::run_test_in_process::{{closure}}::h85218797dcbcec12
[INFO] [stdout]                                at /rustc/82e1608dfa6e0b5569232559e3d385fea5a93112/library/test/src/lib.rs:651:60
[INFO] [stdout]   29:     0x5557d295ccc5 - <core::panic::unwind_safe::AssertUnwindSafe<F> as core::ops::function::FnOnce<()>>::call_once::h76c106ea31c14d7b
[INFO] [stdout]                                at /rustc/82e1608dfa6e0b5569232559e3d385fea5a93112/library/core/src/panic/unwind_safe.rs:272:9
[INFO] [stdout]   30:     0x5557d295ccc5 - std::panicking::try::do_call::h3bd5d0f6620ee946
[INFO] [stdout]                                at /rustc/82e1608dfa6e0b5569232559e3d385fea5a93112/library/std/src/panicking.rs:552:40
[INFO] [stdout]   31:     0x5557d295ccc5 - std::panicking::try::h232e535e4744fe31
[INFO] [stdout]                                at /rustc/82e1608dfa6e0b5569232559e3d385fea5a93112/library/std/src/panicking.rs:516:19
[INFO] [stdout]   32:     0x5557d295ccc5 - std::panic::catch_unwind::h3ce3bd6ca8dbac68
[INFO] [stdout]                                at /rustc/82e1608dfa6e0b5569232559e3d385fea5a93112/library/std/src/panic.rs:142:14
[INFO] [stdout]   33:     0x5557d295ccc5 - test::run_test_in_process::hc97b257c9621286a
[INFO] [stdout]                                at /rustc/82e1608dfa6e0b5569232559e3d385fea5a93112/library/test/src/lib.rs:651:27
[INFO] [stdout]   34:     0x5557d295ccc5 - test::run_test::{{closure}}::h2aa798823a438d38
[INFO] [stdout]                                at /rustc/82e1608dfa6e0b5569232559e3d385fea5a93112/library/test/src/lib.rs:574:43
[INFO] [stdout]   35:     0x5557d2924f86 - test::run_test::{{closure}}::h87d231c78fb59832
[INFO] [stdout]                                at /rustc/82e1608dfa6e0b5569232559e3d385fea5a93112/library/test/src/lib.rs:602:41
[INFO] [stdout]   36:     0x5557d2924f86 - std::sys_common::backtrace::__rust_begin_short_backtrace::he6df152596625789
[INFO] [stdout]                                at /rustc/82e1608dfa6e0b5569232559e3d385fea5a93112/library/std/src/sys_common/backtrace.rs:154:18
[INFO] [stdout]   37:     0x5557d292a037 - std::thread::Builder::spawn_unchecked_::{{closure}}::{{closure}}::ha94be15d1e0acf36
[INFO] [stdout]                                at /rustc/82e1608dfa6e0b5569232559e3d385fea5a93112/library/std/src/thread/mod.rs:529:17
[INFO] [stdout]   38:     0x5557d292a037 - <core::panic::unwind_safe::AssertUnwindSafe<F> as core::ops::function::FnOnce<()>>::call_once::h9dc6bd6372f16606
[INFO] [stdout]                                at /rustc/82e1608dfa6e0b5569232559e3d385fea5a93112/library/core/src/panic/unwind_safe.rs:272:9
[INFO] [stdout]   39:     0x5557d292a037 - std::panicking::try::do_call::h9057517f80303cd4
[INFO] [stdout]                                at /rustc/82e1608dfa6e0b5569232559e3d385fea5a93112/library/std/src/panicking.rs:552:40
[INFO] [stdout]   40:     0x5557d292a037 - std::panicking::try::he3a30b11ee45340c
[INFO] [stdout]                                at /rustc/82e1608dfa6e0b5569232559e3d385fea5a93112/library/std/src/panicking.rs:516:19
[INFO] [stdout]   41:     0x5557d292a037 - std::panic::catch_unwind::h410458cfd3528b8b
[INFO] [stdout]                                at /rustc/82e1608dfa6e0b5569232559e3d385fea5a93112/library/std/src/panic.rs:142:14
[INFO] [stdout]   42:     0x5557d292a037 - std::thread::Builder::spawn_unchecked_::{{closure}}::h72ac3bdb567b737b
[INFO] [stdout]                                at /rustc/82e1608dfa6e0b5569232559e3d385fea5a93112/library/std/src/thread/mod.rs:528:30
[INFO] [stdout]   43:     0x5557d292a037 - core::ops::function::FnOnce::call_once{{vtable.shim}}::h38f34da3654a8344
[INFO] [stdout]                                at /rustc/82e1608dfa6e0b5569232559e3d385fea5a93112/library/core/src/ops/function.rs:250:5
[INFO] [stdout]   44:     0x5557d2992715 - <alloc::boxed::Box<F,A> as core::ops::function::FnOnce<Args>>::call_once::hc7eafaff61e32df9
[INFO] [stdout]                                at /rustc/82e1608dfa6e0b5569232559e3d385fea5a93112/library/alloc/src/boxed.rs:2007:9
[INFO] [stdout]   45:     0x5557d2992715 - <alloc::boxed::Box<F,A> as core::ops::function::FnOnce<Args>>::call_once::h6ba4a5de48dd2304
[INFO] [stdout]                                at /rustc/82e1608dfa6e0b5569232559e3d385fea5a93112/library/alloc/src/boxed.rs:2007:9
[INFO] [stdout]   46:     0x5557d2992715 - std::sys::unix::thread::Thread::new::thread_start::he469335aef763e45
[INFO] [stdout]                                at /rustc/82e1608dfa6e0b5569232559e3d385fea5a93112/library/std/src/sys/unix/thread.rs:108:17
[INFO] [stdout]   47:     0x7fb3a59b6ac3 - <unknown>
[INFO] [stdout]   48:     0x7fb3a5a47bf4 - __clone
[INFO] [stdout]   49:                0x0 - <unknown>
[INFO] [stdout] 
[INFO] [stdout] 
[INFO] [stdout] failures:
[INFO] [stdout]     cli_tests
[INFO] [stdout] 
[INFO] [stdout] test result: FAILED. 0 passed; 1 failed; 0 ignored; 0 measured; 0 filtered out; finished in 0.11s
[INFO] [stdout] 
[INFO] [stderr] error: test failed, to rerun pass `--test cli_test`
[INFO] running `Command { std: "docker" "inspect" "57c5f02c75cc27f5651835eedc3c9ac623f0341cd3cb8e4250be7f891678e367", kill_on_drop: false }`
[INFO] running `Command { std: "docker" "rm" "-f" "57c5f02c75cc27f5651835eedc3c9ac623f0341cd3cb8e4250be7f891678e367", kill_on_drop: false }`
[INFO] [stdout] 57c5f02c75cc27f5651835eedc3c9ac623f0341cd3cb8e4250be7f891678e367
[INFO] testing Jay-A-McBee/small-axe against beta-2023-12-22 for beta-1.76-1
[INFO] running `Command { std: "git" "clone" "/workspace/cache/git-repos/https%3A%2F%2Fgithub.com%2FJay-A-McBee%2Fsmall-axe" "/workspace/builds/worker-2-tc2/source", kill_on_drop: false }`
[INFO] [stderr] Cloning into '/workspace/builds/worker-2-tc2/source'...
[INFO] [stderr] done.
[INFO] validating manifest of git repo https://github.com/Jay-A-McBee/small-axe on toolchain beta-2023-12-22
[INFO] running `Command { std: CARGO_HOME="/workspace/cargo-home" RUSTUP_HOME="/workspace/rustup-home" "/workspace/cargo-home/bin/cargo" "+beta-2023-12-22" "metadata" "--manifest-path" "Cargo.toml" "--no-deps", kill_on_drop: false }`
[INFO] started tweaking git repo https://github.com/Jay-A-McBee/small-axe
[INFO] finished tweaking git repo https://github.com/Jay-A-McBee/small-axe
[INFO] tweaked toml for git repo https://github.com/Jay-A-McBee/small-axe written to /workspace/builds/worker-2-tc2/source/Cargo.toml
[INFO] crate git repo https://github.com/Jay-A-McBee/small-axe already has a lockfile, it will not be regenerated
[INFO] running `Command { std: CARGO_HOME="/workspace/cargo-home" RUSTUP_HOME="/workspace/rustup-home" "/workspace/cargo-home/bin/cargo" "+beta-2023-12-22" "fetch" "--manifest-path" "Cargo.toml", kill_on_drop: false }`
[INFO] running `Command { std: "docker" "create" "-v" "/var/lib/crater-agent-workspace/builds/worker-2-tc2/target:/opt/rustwide/target:rw,Z" "-v" "/var/lib/crater-agent-workspace/builds/worker-2-tc2/source:/opt/rustwide/workdir:ro,Z" "-v" "/var/lib/crater-agent-workspace/cargo-home:/opt/rustwide/cargo-home:ro,Z" "-v" "/var/lib/crater-agent-workspace/rustup-home:/opt/rustwide/rustup-home:ro,Z" "-e" "SOURCE_DIR=/opt/rustwide/workdir" "-e" "CARGO_TARGET_DIR=/opt/rustwide/target" "-e" "CARGO_HOME=/opt/rustwide/cargo-home" "-e" "RUSTUP_HOME=/opt/rustwide/rustup-home" "-w" "/opt/rustwide/workdir" "-m" "1610612736" "--user" "0:0" "--network" "none" "ghcr.io/rust-lang/crates-build-env/linux@sha256:2788e3201cd34a07e3172128adcd8b3090168a8e3bcc40d7c032b9dda1df7d1c" "/opt/rustwide/cargo-home/bin/cargo" "+beta-2023-12-22" "metadata" "--no-deps" "--format-version=1", kill_on_drop: false }`
[INFO] [stdout] 66e81eafd9c119c29ef761d96eac967579b926fbea70dad2b09720f5f6d4ccb2
[INFO] running `Command { std: "docker" "start" "-a" "66e81eafd9c119c29ef761d96eac967579b926fbea70dad2b09720f5f6d4ccb2", kill_on_drop: false }`
[INFO] running `Command { std: "docker" "inspect" "66e81eafd9c119c29ef761d96eac967579b926fbea70dad2b09720f5f6d4ccb2", kill_on_drop: false }`
[INFO] running `Command { std: "docker" "rm" "-f" "66e81eafd9c119c29ef761d96eac967579b926fbea70dad2b09720f5f6d4ccb2", kill_on_drop: false }`
[INFO] [stdout] 66e81eafd9c119c29ef761d96eac967579b926fbea70dad2b09720f5f6d4ccb2
[INFO] running `Command { std: "docker" "create" "-v" "/var/lib/crater-agent-workspace/builds/worker-2-tc2/target:/opt/rustwide/target:rw,Z" "-v" "/var/lib/crater-agent-workspace/builds/worker-2-tc2/source:/opt/rustwide/workdir:ro,Z" "-v" "/var/lib/crater-agent-workspace/cargo-home:/opt/rustwide/cargo-home:ro,Z" "-v" "/var/lib/crater-agent-workspace/rustup-home:/opt/rustwide/rustup-home:ro,Z" "-e" "SOURCE_DIR=/opt/rustwide/workdir" "-e" "CARGO_TARGET_DIR=/opt/rustwide/target" "-e" "CARGO_INCREMENTAL=0" "-e" "RUST_BACKTRACE=full" "-e" "RUSTFLAGS=--cap-lints=warn" "-e" "RUSTDOCFLAGS=--cap-lints=warn" "-e" "CARGO_HOME=/opt/rustwide/cargo-home" "-e" "RUSTUP_HOME=/opt/rustwide/rustup-home" "-w" "/opt/rustwide/workdir" "-m" "1610612736" "--user" "0:0" "--network" "none" "ghcr.io/rust-lang/crates-build-env/linux@sha256:2788e3201cd34a07e3172128adcd8b3090168a8e3bcc40d7c032b9dda1df7d1c" "/opt/rustwide/cargo-home/bin/cargo" "+beta-2023-12-22" "build" "--frozen" "--message-format=json", kill_on_drop: false }`
[INFO] [stdout] aa83c45969e63be3089a5825599a6f58302dfbe38aca7e03a1eaab81a6cca90e
[INFO] running `Command { std: "docker" "start" "-a" "aa83c45969e63be3089a5825599a6f58302dfbe38aca7e03a1eaab81a6cca90e", kill_on_drop: false }`
[INFO] [stderr]    Compiling once_cell v1.17.1
[INFO] [stderr]    Compiling same-file v1.0.6
[INFO] [stderr]    Compiling small-axe v0.1.0 (/opt/rustwide/workdir)
[INFO] [stdout] warning: unused import: `std::io::Error`
[INFO] [stdout]  --> src/core/dirent.rs:2:5
[INFO] [stdout]   |
[INFO] [stdout] 2 | use std::io::Error;
[INFO] [stdout]   |     ^^^^^^^^^^^^^^
[INFO] [stdout]   |
[INFO] [stdout]   = note: `#[warn(unused_imports)]` on by default
[INFO] [stdout] 
[INFO] [stdout] 
[INFO] [stdout] warning: unused import: `std::ffi::OsStr`
[INFO] [stdout]  --> src/core/display.rs:1:5
[INFO] [stdout]   |
[INFO] [stdout] 1 | use std::ffi::OsStr;
[INFO] [stdout]   |     ^^^^^^^^^^^^^^^
[INFO] [stdout] 
[INFO] [stdout] 
[INFO] [stdout] warning: unused import: `std::collections::HashSet`
[INFO] [stdout]  --> src/core/tree.rs:2:5
[INFO] [stdout]   |
[INFO] [stdout] 2 | use std::collections::HashSet;
[INFO] [stdout]   |     ^^^^^^^^^^^^^^^^^^^^^^^^^
[INFO] [stdout] 
[INFO] [stdout] 
[INFO] [stdout] warning: field `depth` is never read
[INFO] [stdout]  --> src/core/error.rs:7:5
[INFO] [stdout]   |
[INFO] [stdout] 6 | pub struct Error<'path> {
[INFO] [stdout]   |            ----- field in this struct
[INFO] [stdout] 7 |     depth: usize,
[INFO] [stdout]   |     ^^^^^
[INFO] [stdout]   |
[INFO] [stdout]   = note: `Error` has a derived impl for the trait `Debug`, but this is intentionally ignored during dead code analysis
[INFO] [stdout]   = note: `#[warn(dead_code)]` on by default
[INFO] [stdout] 
[INFO] [stdout] 
[INFO] [stdout] warning: field `path` is never read
[INFO] [stdout]   --> src/core/tree.rs:46:9
[INFO] [stdout]    |
[INFO] [stdout] 45 | struct Visited {
[INFO] [stdout]    |        ------- field in this struct
[INFO] [stdout] 46 |     pub path: PathBuf,
[INFO] [stdout]    |         ^^^^
[INFO] [stdout]    |
[INFO] [stdout]    = note: `Visited` has a derived impl for the trait `Debug`, but this is intentionally ignored during dead code analysis
[INFO] [stdout] 
[INFO] [stdout] 
[INFO] [stdout] warning: 5 warnings emitted
[INFO] [stdout] 
[INFO] [stdout] 
[INFO] [stderr]     Finished dev [unoptimized + debuginfo] target(s) in 1.44s
[INFO] running `Command { std: "docker" "inspect" "aa83c45969e63be3089a5825599a6f58302dfbe38aca7e03a1eaab81a6cca90e", kill_on_drop: false }`
[INFO] running `Command { std: "docker" "rm" "-f" "aa83c45969e63be3089a5825599a6f58302dfbe38aca7e03a1eaab81a6cca90e", kill_on_drop: false }`
[INFO] [stdout] aa83c45969e63be3089a5825599a6f58302dfbe38aca7e03a1eaab81a6cca90e
[INFO] running `Command { std: "docker" "create" "-v" "/var/lib/crater-agent-workspace/builds/worker-2-tc2/target:/opt/rustwide/target:rw,Z" "-v" "/var/lib/crater-agent-workspace/builds/worker-2-tc2/source:/opt/rustwide/workdir:ro,Z" "-v" "/var/lib/crater-agent-workspace/cargo-home:/opt/rustwide/cargo-home:ro,Z" "-v" "/var/lib/crater-agent-workspace/rustup-home:/opt/rustwide/rustup-home:ro,Z" "-e" "SOURCE_DIR=/opt/rustwide/workdir" "-e" "CARGO_TARGET_DIR=/opt/rustwide/target" "-e" "CARGO_INCREMENTAL=0" "-e" "RUST_BACKTRACE=full" "-e" "RUSTFLAGS=--cap-lints=warn" "-e" "RUSTDOCFLAGS=--cap-lints=warn" "-e" "CARGO_HOME=/opt/rustwide/cargo-home" "-e" "RUSTUP_HOME=/opt/rustwide/rustup-home" "-w" "/opt/rustwide/workdir" "-m" "1610612736" "--user" "0:0" "--network" "none" "ghcr.io/rust-lang/crates-build-env/linux@sha256:2788e3201cd34a07e3172128adcd8b3090168a8e3bcc40d7c032b9dda1df7d1c" "/opt/rustwide/cargo-home/bin/cargo" "+beta-2023-12-22" "test" "--frozen" "--no-run" "--message-format=json", kill_on_drop: false }`
[INFO] [stdout] 73954c6d7f96c7300cb2bf108d399ddb4935314109ecb700e39d9d7c95906150
[INFO] running `Command { std: "docker" "start" "-a" "73954c6d7f96c7300cb2bf108d399ddb4935314109ecb700e39d9d7c95906150", kill_on_drop: false }`
[INFO] [stderr]    Compiling libc v0.2.139
[INFO] [stderr]    Compiling proc-macro2 v1.0.51
[INFO] [stderr]    Compiling unicode-ident v1.0.8
[INFO] [stderr]    Compiling syn v1.0.109
[INFO] [stderr]    Compiling crossbeam-utils v0.8.15
[INFO] [stderr]    Compiling io-lifetimes v1.0.6
[INFO] [stderr]    Compiling serde_derive v1.0.154
[INFO] [stderr]    Compiling rustix v0.36.9
[INFO] [stderr]    Compiling serde v1.0.154
[INFO] [stderr]    Compiling linux-raw-sys v0.1.4
[INFO] [stderr]    Compiling memoffset v0.8.0
[INFO] [stderr]    Compiling crossbeam-epoch v0.9.14
[INFO] [stderr]    Compiling indexmap v1.9.2
[INFO] [stderr]    Compiling rayon-core v1.11.0
[INFO] [stderr]    Compiling concolor-query v0.1.0
[INFO] [stderr]    Compiling fastrand v1.9.0
[INFO] [stderr]    Compiling walkdir v2.3.2
[INFO] [stderr]    Compiling content_inspector v0.2.4
[INFO] [stderr]    Compiling yansi v0.5.1
[INFO] [stderr]    Compiling similar v2.2.1
[INFO] [stderr]    Compiling either v1.8.1
[INFO] [stderr]    Compiling humantime v2.1.0
[INFO] [stderr]    Compiling winnow v0.3.5
[INFO] [stderr]    Compiling normalize-line-endings v0.3.0
[INFO] [stderr]    Compiling dunce v1.0.3
[INFO] [stderr]    Compiling snapbox-macros v0.3.1
[INFO] [stderr]    Compiling shlex v1.1.0
[INFO] [stderr]    Compiling glob v0.3.1
[INFO] [stdout] warning: unused import: `std::io::Error`
[INFO] [stdout]  --> src/core/dirent.rs:2:5
[INFO] [stdout]   |
[INFO] [stdout] 2 | use std::io::Error;
[INFO] [stdout]   |     ^^^^^^^^^^^^^^
[INFO] [stdout]   |
[INFO] [stdout]   = note: `#[warn(unused_imports)]` on by default
[INFO] [stdout] 
[INFO] [stdout] 
[INFO] [stdout] warning: unused import: `std::ffi::OsStr`
[INFO] [stdout]  --> src/core/display.rs:1:5
[INFO] [stdout]   |
[INFO] [stdout] 1 | use std::ffi::OsStr;
[INFO] [stdout]   |     ^^^^^^^^^^^^^^^
[INFO] [stdout] 
[INFO] [stdout] 
[INFO] [stdout] warning: unused import: `std::collections::HashSet`
[INFO] [stdout]  --> src/core/tree.rs:2:5
[INFO] [stdout]   |
[INFO] [stdout] 2 | use std::collections::HashSet;
[INFO] [stdout]   |     ^^^^^^^^^^^^^^^^^^^^^^^^^
[INFO] [stdout] 
[INFO] [stdout] 
[INFO] [stdout] warning: field `depth` is never read
[INFO] [stdout]  --> src/core/error.rs:7:5
[INFO] [stdout]   |
[INFO] [stdout] 6 | pub struct Error<'path> {
[INFO] [stdout]   |            ----- field in this struct
[INFO] [stdout] 7 |     depth: usize,
[INFO] [stdout]   |     ^^^^^
[INFO] [stdout]   |
[INFO] [stdout]   = note: `Error` has a derived impl for the trait `Debug`, but this is intentionally ignored during dead code analysis
[INFO] [stdout]   = note: `#[warn(dead_code)]` on by default
[INFO] [stdout] 
[INFO] [stdout] 
[INFO] [stdout] warning: field `path` is never read
[INFO] [stdout]   --> src/core/tree.rs:46:9
[INFO] [stdout]    |
[INFO] [stdout] 45 | struct Visited {
[INFO] [stdout]    |        ------- field in this struct
[INFO] [stdout] 46 |     pub path: PathBuf,
[INFO] [stdout]    |         ^^^^
[INFO] [stdout]    |
[INFO] [stdout]    = note: `Visited` has a derived impl for the trait `Debug`, but this is intentionally ignored during dead code analysis
[INFO] [stdout] 
[INFO] [stdout] 
[INFO] [stdout] warning: 5 warnings emitted
[INFO] [stdout] 
[INFO] [stdout] 
[INFO] [stderr]    Compiling crossbeam-channel v0.5.7
[INFO] [stderr]    Compiling crossbeam-deque v0.8.3
[INFO] [stderr]    Compiling quote v1.0.23
[INFO] [stderr]    Compiling num_cpus v1.15.0
[INFO] [stderr]    Compiling os_pipe v1.1.3
[INFO] [stderr]    Compiling wait-timeout v0.2.0
[INFO] [stderr]    Compiling filetime v0.2.20
[INFO] [stderr]    Compiling rayon v1.7.0
[INFO] [stderr]    Compiling is-terminal v0.4.4
[INFO] [stderr]    Compiling tempfile v3.4.0
[INFO] [stderr]    Compiling concolor v0.0.12
[INFO] [stderr]    Compiling snapbox v0.4.8
[INFO] [stderr]    Compiling toml_datetime v0.6.1
[INFO] [stderr]    Compiling serde_spanned v0.6.1
[INFO] [stderr]    Compiling humantime-serde v1.1.1
[INFO] [stderr]    Compiling toml_edit v0.19.4
[INFO] [stderr]    Compiling trycmd v0.14.13
[INFO] [stderr]    Compiling small-axe v0.1.0 (/opt/rustwide/workdir)
[INFO] [stdout] warning: unused import: `std::io::Error`
[INFO] [stdout]  --> src/core/dirent.rs:2:5
[INFO] [stdout]   |
[INFO] [stdout] 2 | use std::io::Error;
[INFO] [stdout]   |     ^^^^^^^^^^^^^^
[INFO] [stdout]   |
[INFO] [stdout]   = note: `#[warn(unused_imports)]` on by default
[INFO] [stdout] 
[INFO] [stdout] 
[INFO] [stdout] warning: unused import: `std::ffi::OsStr`
[INFO] [stdout]  --> src/core/display.rs:1:5
[INFO] [stdout]   |
[INFO] [stdout] 1 | use std::ffi::OsStr;
[INFO] [stdout]   |     ^^^^^^^^^^^^^^^
[INFO] [stdout] 
[INFO] [stdout] 
[INFO] [stdout] warning: unused import: `std::collections::HashSet`
[INFO] [stdout]  --> src/core/tree.rs:2:5
[INFO] [stdout]   |
[INFO] [stdout] 2 | use std::collections::HashSet;
[INFO] [stdout]   |     ^^^^^^^^^^^^^^^^^^^^^^^^^
[INFO] [stdout] 
[INFO] [stdout] 
[INFO] [stdout] warning: field `depth` is never read
[INFO] [stdout]  --> src/core/error.rs:7:5
[INFO] [stdout]   |
[INFO] [stdout] 6 | pub struct Error<'path> {
[INFO] [stdout]   |            ----- field in this struct
[INFO] [stdout] 7 |     depth: usize,
[INFO] [stdout]   |     ^^^^^
[INFO] [stdout]   |
[INFO] [stdout]   = note: `Error` has a derived impl for the trait `Debug`, but this is intentionally ignored during dead code analysis
[INFO] [stdout]   = note: `#[warn(dead_code)]` on by default
[INFO] [stdout] 
[INFO] [stdout] 
[INFO] [stdout] warning: field `path` is never read
[INFO] [stdout]   --> src/core/tree.rs:46:9
[INFO] [stdout]    |
[INFO] [stdout] 45 | struct Visited {
[INFO] [stdout]    |        ------- field in this struct
[INFO] [stdout] 46 |     pub path: PathBuf,
[INFO] [stdout]    |         ^^^^
[INFO] [stdout]    |
[INFO] [stdout]    = note: `Visited` has a derived impl for the trait `Debug`, but this is intentionally ignored during dead code analysis
[INFO] [stdout] 
[INFO] [stdout] 
[INFO] [stdout] warning: 5 warnings emitted
[INFO] [stdout] 
[INFO] [stdout] 
[INFO] [stderr]     Finished test [unoptimized + debuginfo] target(s) in 21.12s
[INFO] running `Command { std: "docker" "inspect" "73954c6d7f96c7300cb2bf108d399ddb4935314109ecb700e39d9d7c95906150", kill_on_drop: false }`
[INFO] running `Command { std: "docker" "rm" "-f" "73954c6d7f96c7300cb2bf108d399ddb4935314109ecb700e39d9d7c95906150", kill_on_drop: false }`
[INFO] [stdout] 73954c6d7f96c7300cb2bf108d399ddb4935314109ecb700e39d9d7c95906150
[INFO] running `Command { std: "docker" "create" "-v" "/var/lib/crater-agent-workspace/builds/worker-2-tc2/target:/opt/rustwide/target:rw,Z" "-v" "/var/lib/crater-agent-workspace/builds/worker-2-tc2/source:/opt/rustwide/workdir:ro,Z" "-v" "/var/lib/crater-agent-workspace/cargo-home:/opt/rustwide/cargo-home:ro,Z" "-v" "/var/lib/crater-agent-workspace/rustup-home:/opt/rustwide/rustup-home:ro,Z" "-e" "SOURCE_DIR=/opt/rustwide/workdir" "-e" "CARGO_TARGET_DIR=/opt/rustwide/target" "-e" "CARGO_INCREMENTAL=0" "-e" "RUST_BACKTRACE=full" "-e" "RUSTFLAGS=--cap-lints=warn" "-e" "RUSTDOCFLAGS=--cap-lints=warn" "-e" "CARGO_HOME=/opt/rustwide/cargo-home" "-e" "RUSTUP_HOME=/opt/rustwide/rustup-home" "-w" "/opt/rustwide/workdir" "-m" "1610612736" "--user" "0:0" "--network" "none" "ghcr.io/rust-lang/crates-build-env/linux@sha256:2788e3201cd34a07e3172128adcd8b3090168a8e3bcc40d7c032b9dda1df7d1c" "/opt/rustwide/cargo-home/bin/cargo" "+beta-2023-12-22" "test" "--frozen", kill_on_drop: false }`
[INFO] [stdout] efcf09759f2a33619c8ff820e2e676b6de402dd234c99ff2b4143541ed49e0a1
[INFO] running `Command { std: "docker" "start" "-a" "efcf09759f2a33619c8ff820e2e676b6de402dd234c99ff2b4143541ed49e0a1", kill_on_drop: false }`
[INFO] [stderr] warning: unused import: `std::io::Error`
[INFO] [stderr]  --> src/core/dirent.rs:2:5
[INFO] [stderr]   |
[INFO] [stderr] 2 | use std::io::Error;
[INFO] [stderr]   |     ^^^^^^^^^^^^^^
[INFO] [stderr]   |
[INFO] [stderr]   = note: `#[warn(unused_imports)]` on by default
[INFO] [stderr] 
[INFO] [stderr] warning: unused import: `std::ffi::OsStr`
[INFO] [stderr]  --> src/core/display.rs:1:5
[INFO] [stderr]   |
[INFO] [stderr] 1 | use std::ffi::OsStr;
[INFO] [stderr]   |     ^^^^^^^^^^^^^^^
[INFO] [stderr] 
[INFO] [stderr] warning: unused import: `std::collections::HashSet`
[INFO] [stderr]  --> src/core/tree.rs:2:5
[INFO] [stderr]   |
[INFO] [stderr] 2 | use std::collections::HashSet;
[INFO] [stderr]   |     ^^^^^^^^^^^^^^^^^^^^^^^^^
[INFO] [stderr] 
[INFO] [stderr] warning: field `depth` is never read
[INFO] [stderr]  --> src/core/error.rs:7:5
[INFO] [stderr]   |
[INFO] [stderr] 6 | pub struct Error<'path> {
[INFO] [stderr]   |            ----- field in this struct
[INFO] [stderr] 7 |     depth: usize,
[INFO] [stderr]   |     ^^^^^
[INFO] [stderr]   |
[INFO] [stderr]   = note: `Error` has a derived impl for the trait `Debug`, but this is intentionally ignored during dead code analysis
[INFO] [stderr]   = note: `#[warn(dead_code)]` on by default
[INFO] [stderr] 
[INFO] [stderr] warning: field `path` is never read
[INFO] [stderr]   --> src/core/tree.rs:46:9
[INFO] [stderr]    |
[INFO] [stderr] 45 | struct Visited {
[INFO] [stderr]    |        ------- field in this struct
[INFO] [stderr] 46 |     pub path: PathBuf,
[INFO] [stderr]    |         ^^^^
[INFO] [stderr]    |
[INFO] [stderr]    = note: `Visited` has a derived impl for the trait `Debug`, but this is intentionally ignored during dead code analysis
[INFO] [stderr] 
[INFO] [stderr] warning: `small-axe` (bin "tree") generated 5 warnings (run `cargo fix --bin "tree"` to apply 3 suggestions)
[INFO] [stderr] warning: `small-axe` (bin "tree" test) generated 5 warnings (5 duplicates)
[INFO] [stderr]     Finished test [unoptimized + debuginfo] target(s) in 0.08s
[INFO] [stderr]      Running unittests src/main.rs (/opt/rustwide/target/debug/deps/tree-4dcaadb321af00f6)
[INFO] [stdout] 
[INFO] [stdout] running 27 tests
[INFO] [stdout] test cli::tests::parses_hyphen_delimited_args ... ok
[INFO] [stdout] test core::colors::test::ls_colors_undefined ... ok
[INFO] [stdout] test cli::tests::parses_non_hyphen_delimited_args ... ok
[INFO] [stdout] test core::colors::test::ls_colors_delimited ... ok
[INFO] [stdout] test core::colors::test::ls_colors ... ok
[INFO] [stdout] test core::pattern::pattern_matching_tests::combined_pattern_match ... ok
[INFO] [stdout] test core::pattern::pattern_matching_tests::combined_pattern_match_1 ... ok
[INFO] [stdout] test core::pattern::pattern_matching_tests::combined_pattern_match_miss ... ok
[INFO] [stdout] test core::pattern::pattern_matching_tests::combined_pattern_miss ... ok
[INFO] [stdout] test core::pattern::pattern_matching_tests::inclusive_bracket_match_enumerated ... ok
[INFO] [stdout] test core::pattern::pattern_matching_tests::inclusive_bracket_match_enumerated_hypen_literal ... ok
[INFO] [stdout] test core::pattern::pattern_matching_tests::inclusive_bracket_match_range ... ok
[INFO] [stdout] test core::pattern::pattern_matching_tests::exclusive_bracket_match_range ... ok
[INFO] [stdout] test core::pattern::pattern_matching_tests::exclusive_bracket_match_range_miss ... ok
[INFO] [stdout] test core::pattern::pattern_matching_tests::one_or_more_miss ... ok
[INFO] [stdout] test core::pattern::pattern_matching_tests::one_or_more_surrounded_by_literals ... ok
[INFO] [stdout] test core::pattern::pattern_matching_tests::one_or_more_final_pattern ... ok
[INFO] [stdout] test core::pattern::pattern_matching_tests::inclusive_bracket_match_range_miss ... ok
[INFO] [stdout] test core::pattern::pattern_matching_tests::exclusive_bracket_match_enumerated_miss ... ok
[INFO] [stdout] test core::pattern::pattern_parsing_tests::parses_asterisk_pattern_base ... ok
[INFO] [stdout] test core::pattern::pattern_parsing_tests::parses_combined_patterns ... ok
[INFO] [stdout] test core::pattern::pattern_parsing_tests::parses_enumerated_bracket_set_base ... ok
[INFO] [stdout] test core::pattern::pattern_parsing_tests::parses_hyphenated_bracket_range_base ... ok
[INFO] [stdout] test core::pattern::pattern_parsing_tests::parses_multi_hyphenated_bracket_ranges ... ok
[INFO] [stdout] test core::pattern::pattern_matching_tests::one_or_more ... ok
[INFO] [stdout] test core::pattern::pattern_matching_tests::inclusive_bracket_match_multi_range ... ok
[INFO] [stdout] test core::pattern::pattern_parsing_tests::parses_question_mark_pattern_base ... ok
[INFO] [stdout] 
[INFO] [stdout] test result: ok. 27 passed; 0 failed; 0 ignored; 0 measured; 0 filtered out; finished in 0.01s
[INFO] [stdout] 
[INFO] [stderr]      Running tests/cli_test.rs (/opt/rustwide/target/debug/deps/cli_test-e89fce2427fa7945)
[INFO] [stdout] 
[INFO] [stdout] running 1 test
[INFO] [stderr] Testing tests/cmd/symlink_flag.trycmd:2 ... failed
[INFO] [stderr] Exit: success
[INFO] [stderr] 
[INFO] [stderr] ---- expected: stdout
[INFO] [stderr] ++++ actual:   stdout
[INFO] [stderr]         1 + 
[INFO] [stderr]    1    2 | mock_dir
[INFO] [stderr]    2    3 | ├─── A
[INFO] [stderr]    3      - │    ├─── A_NESTED
[INFO] [stderr]    4    4 | │    ├─── a.rs
[INFO] [stderr]    5    5 | │    ├─── b.rs
[INFO] [stderr]    6    6 | │    └─── c.rs
[INFO] [stderr]    7    7 | ├─── A.rs
[INFO] [stderr]    8    8 | ├─── B
[INFO] [stderr]           ⋮
[INFO] [stderr]   13   13 | │    ├─── a.rs
[INFO] [stderr]   14   14 | │    ├─── b.rs
[INFO] [stderr]   15   15 | │    └─── c.rs
[INFO] [stderr]   16   16 | └─── sym_linked [Recursion detected] -> tests/mock_dir/A/
[INFO] [stderr]   17   17 | 
[INFO] [stderr]   18      - Total directories: 4 Total files: 10
[INFO] [stderr]        18 + Total directories: 3 Total files: 10
[INFO] [stderr]        19 + 
[INFO] [stderr] stderr:
[INFO] [stderr] 
[INFO] [stderr] Update snapshots with `TRYCMD=overwrite`
[INFO] [stderr] Debug output with `TRYCMD=dump`
[INFO] [stdout] test cli_tests ... FAILED
[INFO] [stdout] 
[INFO] [stdout] failures:
[INFO] [stdout] 
[INFO] [stdout] ---- cli_tests stdout ----
[INFO] [stdout] thread 'cli_tests' panicked at /opt/rustwide/cargo-home/registry/src/index.crates.io-6f17d22bba15001f/trycmd-0.14.13/src/runner.rs:93:17:
[INFO] [stdout] 1 of 1 tests failed
[INFO] [stdout] stack backtrace:
[INFO] [stdout]    0:     0x563940ffaae6 - std::backtrace_rs::backtrace::libunwind::trace::h261606ad26a499c1
[INFO] [stdout]                                at /rustc/0e09125c6c3c2fd70d7de961bcf0e51575235fad/library/std/src/../../backtrace/src/backtrace/libunwind.rs:104:5
[INFO] [stdout]    1:     0x563940ffaae6 - std::backtrace_rs::backtrace::trace_unsynchronized::hd183f0625477fb28
[INFO] [stdout]                                at /rustc/0e09125c6c3c2fd70d7de961bcf0e51575235fad/library/std/src/../../backtrace/src/backtrace/mod.rs:66:5
[INFO] [stdout]    2:     0x563940ffaae6 - std::sys_common::backtrace::_print_fmt::hd7f8fef21b4eda67
[INFO] [stdout]                                at /rustc/0e09125c6c3c2fd70d7de961bcf0e51575235fad/library/std/src/sys_common/backtrace.rs:68:5
[INFO] [stdout]    3:     0x563940ffaae6 - <std::sys_common::backtrace::_print::DisplayBacktrace as core::fmt::Display>::fmt::h623d9b51f2f453f1
[INFO] [stdout]                                at /rustc/0e09125c6c3c2fd70d7de961bcf0e51575235fad/library/std/src/sys_common/backtrace.rs:44:22
[INFO] [stdout]    4:     0x563941027180 - core::fmt::rt::Argument::fmt::h9f417ac76a86f368
[INFO] [stdout]                                at /rustc/0e09125c6c3c2fd70d7de961bcf0e51575235fad/library/core/src/fmt/rt.rs:142:9
[INFO] [stdout]    5:     0x563941027180 - core::fmt::write::hc9b6faf4ac2aeff7
[INFO] [stdout]                                at /rustc/0e09125c6c3c2fd70d7de961bcf0e51575235fad/library/core/src/fmt/mod.rs:1120:17
[INFO] [stdout]    6:     0x563940ff760f - std::io::Write::write_fmt::he04625a3a989fec3
[INFO] [stdout]                                at /rustc/0e09125c6c3c2fd70d7de961bcf0e51575235fad/library/std/src/io/mod.rs:1810:15
[INFO] [stdout]    7:     0x563940ffa8c4 - std::sys_common::backtrace::_print::hd5d66399c7df88a2
[INFO] [stdout]                                at /rustc/0e09125c6c3c2fd70d7de961bcf0e51575235fad/library/std/src/sys_common/backtrace.rs:47:5
[INFO] [stdout]    8:     0x563940ffa8c4 - std::sys_common::backtrace::print::he81ed2da642d37e5
[INFO] [stdout]                                at /rustc/0e09125c6c3c2fd70d7de961bcf0e51575235fad/library/std/src/sys_common/backtrace.rs:34:9
[INFO] [stdout]    9:     0x563940ffcc87 - std::panicking::default_hook::{{closure}}::h85773f4fa117163d
[INFO] [stdout]   10:     0x563940ffc96d - std::panicking::default_hook::h6a1694a91d09b278
[INFO] [stdout]                                at /rustc/0e09125c6c3c2fd70d7de961bcf0e51575235fad/library/std/src/panicking.rs:289:9
[INFO] [stdout]   11:     0x563940fc8c37 - <alloc::boxed::Box<F,A> as core::ops::function::Fn<Args>>::call::h616ac37fa3cd6c8f
[INFO] [stdout]                                at /rustc/0e09125c6c3c2fd70d7de961bcf0e51575235fad/library/alloc/src/boxed.rs:2029:9
[INFO] [stdout]   12:     0x563940fc8c37 - test::test_main::{{closure}}::h00d84697cefdcbb6
[INFO] [stdout]                                at /rustc/0e09125c6c3c2fd70d7de961bcf0e51575235fad/library/test/src/lib.rs:138:21
[INFO] [stdout]   13:     0x563940ffd2a6 - <alloc::boxed::Box<F,A> as core::ops::function::Fn<Args>>::call::hcb3fe3b9bb537ba8
[INFO] [stdout]                                at /rustc/0e09125c6c3c2fd70d7de961bcf0e51575235fad/library/alloc/src/boxed.rs:2029:9
[INFO] [stdout]   14:     0x563940ffd2a6 - std::panicking::rust_panic_with_hook::h0a7ad96e90f7145b
[INFO] [stdout]                                at /rustc/0e09125c6c3c2fd70d7de961bcf0e51575235fad/library/std/src/panicking.rs:783:13
[INFO] [stdout]   15:     0x563940ffcff2 - std::panicking::begin_panic_handler::{{closure}}::h7919090525c6485e
[INFO] [stdout]                                at /rustc/0e09125c6c3c2fd70d7de961bcf0e51575235fad/library/std/src/panicking.rs:657:13
[INFO] [stdout]   16:     0x563940ffafe6 - std::sys_common::backtrace::__rust_end_short_backtrace::hf3289479464f7dfe
[INFO] [stdout]                                at /rustc/0e09125c6c3c2fd70d7de961bcf0e51575235fad/library/std/src/sys_common/backtrace.rs:171:18
[INFO] [stdout]   17:     0x563940ffcd50 - rust_begin_unwind
[INFO] [stdout]                                at /rustc/0e09125c6c3c2fd70d7de961bcf0e51575235fad/library/std/src/panicking.rs:645:5
[INFO] [stdout]   18:     0x563940c688e5 - core::panicking::panic_fmt::hcc9f77c5c132af55
[INFO] [stdout]                                at /rustc/0e09125c6c3c2fd70d7de961bcf0e51575235fad/library/core/src/panicking.rs:72:14
[INFO] [stdout]   19:     0x563940c840eb - trycmd::runner::Runner::run::h3ba7c2aecf93d418
[INFO] [stdout]                                at /opt/rustwide/cargo-home/registry/src/index.crates.io-6f17d22bba15001f/trycmd-0.14.13/src/runner.rs:93:17
[INFO] [stdout]   20:     0x563940cbe895 - trycmd::cases::TestCases::run::h973678c22d97cbc3
[INFO] [stdout]                                at /opt/rustwide/cargo-home/registry/src/index.crates.io-6f17d22bba15001f/trycmd-0.14.13/src/cases.rs:165:9
[INFO] [stdout]   21:     0x563940cbe93a - <trycmd::cases::TestCases as core::ops::drop::Drop>::drop::h020757fd6cb5a5e1
[INFO] [stdout]                                at /opt/rustwide/cargo-home/registry/src/index.crates.io-6f17d22bba15001f/trycmd-0.14.13/src/cases.rs:175:13
[INFO] [stdout]   22:     0x563940cb7637 - core::ptr::drop_in_place<trycmd::cases::TestCases>::h57d1071a9614f875
[INFO] [stdout]                                at /rustc/0e09125c6c3c2fd70d7de961bcf0e51575235fad/library/core/src/ptr/mod.rs:507:1
[INFO] [stdout]   23:     0x563940c69859 - cli_test::cli_tests::hcea95827d6263be7
[INFO] [stdout]                                at /opt/rustwide/workdir/tests/cli_test.rs:3:67
[INFO] [stdout]   24:     0x563940c697d7 - cli_test::cli_tests::{{closure}}::h9b51402a51e08568
[INFO] [stdout]                                at /opt/rustwide/workdir/tests/cli_test.rs:2:15
[INFO] [stdout]   25:     0x563940c69496 - core::ops::function::FnOnce::call_once::h5e9c8790aed8ed18
[INFO] [stdout]                                at /rustc/0e09125c6c3c2fd70d7de961bcf0e51575235fad/library/core/src/ops/function.rs:250:5
[INFO] [stdout]   26:     0x563940fce50f - core::ops::function::FnOnce::call_once::hd64d26f405258157
[INFO] [stdout]                                at /rustc/0e09125c6c3c2fd70d7de961bcf0e51575235fad/library/core/src/ops/function.rs:250:5
[INFO] [stdout]   27:     0x563940fce50f - test::__rust_begin_short_backtrace::he21b0b7a6d731bf9
[INFO] [stdout]                                at /rustc/0e09125c6c3c2fd70d7de961bcf0e51575235fad/library/test/src/lib.rs:627:18
[INFO] [stdout]   28:     0x563940fcd291 - test::run_test_in_process::{{closure}}::hf5c73986d7bdfde2
[INFO] [stdout]                                at /rustc/0e09125c6c3c2fd70d7de961bcf0e51575235fad/library/test/src/lib.rs:650:60
[INFO] [stdout]   29:     0x563940fcd291 - <core::panic::unwind_safe::AssertUnwindSafe<F> as core::ops::function::FnOnce<()>>::call_once::h330011ad032aadc0
[INFO] [stdout]                                at /rustc/0e09125c6c3c2fd70d7de961bcf0e51575235fad/library/core/src/panic/unwind_safe.rs:272:9
[INFO] [stdout]   30:     0x563940fcd291 - std::panicking::try::do_call::he61b0a958b795a41
[INFO] [stdout]                                at /rustc/0e09125c6c3c2fd70d7de961bcf0e51575235fad/library/std/src/panicking.rs:552:40
[INFO] [stdout]   31:     0x563940fcd291 - std::panicking::try::h7309da130f906eb7
[INFO] [stdout]                                at /rustc/0e09125c6c3c2fd70d7de961bcf0e51575235fad/library/std/src/panicking.rs:516:19
[INFO] [stdout]   32:     0x563940fcd291 - std::panic::catch_unwind::hc5c3a06fdaf0a92a
[INFO] [stdout]                                at /rustc/0e09125c6c3c2fd70d7de961bcf0e51575235fad/library/std/src/panic.rs:142:14
[INFO] [stdout]   33:     0x563940fcd291 - test::run_test_in_process::h7e7b7c71c3324e0f
[INFO] [stdout]                                at /rustc/0e09125c6c3c2fd70d7de961bcf0e51575235fad/library/test/src/lib.rs:650:27
[INFO] [stdout]   34:     0x563940fcd291 - test::run_test::{{closure}}::h1f509f28f5cf20b1
[INFO] [stdout]                                at /rustc/0e09125c6c3c2fd70d7de961bcf0e51575235fad/library/test/src/lib.rs:573:43
[INFO] [stdout]   35:     0x563940f945c6 - test::run_test::{{closure}}::h1754218abf443f6d
[INFO] [stdout]                                at /rustc/0e09125c6c3c2fd70d7de961bcf0e51575235fad/library/test/src/lib.rs:601:41
[INFO] [stdout]   36:     0x563940f945c6 - std::sys_common::backtrace::__rust_begin_short_backtrace::h2ee174b9d5954948
[INFO] [stdout]                                at /rustc/0e09125c6c3c2fd70d7de961bcf0e51575235fad/library/std/src/sys_common/backtrace.rs:155:18
[INFO] [stdout]   37:     0x563940f99627 - std::thread::Builder::spawn_unchecked_::{{closure}}::{{closure}}::hf60bee9c1a17ef09
[INFO] [stdout]                                at /rustc/0e09125c6c3c2fd70d7de961bcf0e51575235fad/library/std/src/thread/mod.rs:529:17
[INFO] [stdout]   38:     0x563940f99627 - <core::panic::unwind_safe::AssertUnwindSafe<F> as core::ops::function::FnOnce<()>>::call_once::h33d0dddec5216160
[INFO] [stdout]                                at /rustc/0e09125c6c3c2fd70d7de961bcf0e51575235fad/library/core/src/panic/unwind_safe.rs:272:9
[INFO] [stdout]   39:     0x563940f99627 - std::panicking::try::do_call::h144b3048b546f835
[INFO] [stdout]                                at /rustc/0e09125c6c3c2fd70d7de961bcf0e51575235fad/library/std/src/panicking.rs:552:40
[INFO] [stdout]   40:     0x563940f99627 - std::panicking::try::h978244d04646189f
[INFO] [stdout]                                at /rustc/0e09125c6c3c2fd70d7de961bcf0e51575235fad/library/std/src/panicking.rs:516:19
[INFO] [stdout]   41:     0x563940f99627 - std::panic::catch_unwind::hdf436369d188fe86
[INFO] [stdout]                                at /rustc/0e09125c6c3c2fd70d7de961bcf0e51575235fad/library/std/src/panic.rs:142:14
[INFO] [stdout]   42:     0x563940f99627 - std::thread::Builder::spawn_unchecked_::{{closure}}::h87329cbdd33c79ec
[INFO] [stdout]                                at /rustc/0e09125c6c3c2fd70d7de961bcf0e51575235fad/library/std/src/thread/mod.rs:528:30
[INFO] [stdout]   43:     0x563940f99627 - core::ops::function::FnOnce::call_once{{vtable.shim}}::h401abbe67897d450
[INFO] [stdout]                                at /rustc/0e09125c6c3c2fd70d7de961bcf0e51575235fad/library/core/src/ops/function.rs:250:5
[INFO] [stdout]   44:     0x5639410037c5 - <alloc::boxed::Box<F,A> as core::ops::function::FnOnce<Args>>::call_once::h5d7c8f150ab9c84c
[INFO] [stdout]                                at /rustc/0e09125c6c3c2fd70d7de961bcf0e51575235fad/library/alloc/src/boxed.rs:2015:9
[INFO] [stdout]   45:     0x5639410037c5 - <alloc::boxed::Box<F,A> as core::ops::function::FnOnce<Args>>::call_once::h570d5b005c242c15
[INFO] [stdout]                                at /rustc/0e09125c6c3c2fd70d7de961bcf0e51575235fad/library/alloc/src/boxed.rs:2015:9
[INFO] [stdout]   46:     0x5639410037c5 - std::sys::unix::thread::Thread::new::thread_start::h36b0a20c0b2361ad
[INFO] [stdout]                                at /rustc/0e09125c6c3c2fd70d7de961bcf0e51575235fad/library/std/src/sys/unix/thread.rs:108:17
[INFO] [stdout]   47:     0x7f7bd0569ac3 - <unknown>
[INFO] [stdout]   48:     0x7f7bd05fabf4 - __clone
[INFO] [stdout]   49:                0x0 - <unknown>
[INFO] [stdout] 
[INFO] [stdout] 
[INFO] [stdout] failures:
[INFO] [stdout]     cli_tests
[INFO] [stdout] 
[INFO] [stdout] test result: FAILED. 0 passed; 1 failed; 0 ignored; 0 measured; 0 filtered out; finished in 0.04s
[INFO] [stdout] 
[INFO] [stderr] error: test failed, to rerun pass `--test cli_test`
[INFO] running `Command { std: "docker" "inspect" "efcf09759f2a33619c8ff820e2e676b6de402dd234c99ff2b4143541ed49e0a1", kill_on_drop: false }`
[INFO] running `Command { std: "docker" "rm" "-f" "efcf09759f2a33619c8ff820e2e676b6de402dd234c99ff2b4143541ed49e0a1", kill_on_drop: false }`
[INFO] [stdout] efcf09759f2a33619c8ff820e2e676b6de402dd234c99ff2b4143541ed49e0a1
