[INFO] cloning repository https://github.com/Janarthanam/openai
[INFO] running `Command { std: "git" "-c" "credential.helper=" "-c" "credential.helper=/workspace/cargo-home/bin/git-credential-null" "clone" "--bare" "https://github.com/Janarthanam/openai" "/workspace/cache/git-repos/https%3A%2F%2Fgithub.com%2FJanarthanam%2Fopenai", kill_on_drop: false }`
[INFO] [stderr] Cloning into bare repository '/workspace/cache/git-repos/https%3A%2F%2Fgithub.com%2FJanarthanam%2Fopenai'...
[INFO] running `Command { std: "git" "rev-parse" "HEAD", kill_on_drop: false }`
[INFO] [stdout] b0f6cbed3db7c466db8f038aca9650b006b176ff
[INFO] testing Janarthanam/openai against 1.75.0 for beta-1.76-1
[INFO] running `Command { std: "git" "clone" "/workspace/cache/git-repos/https%3A%2F%2Fgithub.com%2FJanarthanam%2Fopenai" "/workspace/builds/worker-2-tc1/source", kill_on_drop: false }`
[INFO] [stderr] Cloning into '/workspace/builds/worker-2-tc1/source'...
[INFO] [stderr] done.
[INFO] validating manifest of git repo https://github.com/Janarthanam/openai on toolchain 1.75.0
[INFO] running `Command { std: CARGO_HOME="/workspace/cargo-home" RUSTUP_HOME="/workspace/rustup-home" "/workspace/cargo-home/bin/cargo" "+1.75.0" "metadata" "--manifest-path" "Cargo.toml" "--no-deps", kill_on_drop: false }`
[INFO] started tweaking git repo https://github.com/Janarthanam/openai
[INFO] finished tweaking git repo https://github.com/Janarthanam/openai
[INFO] tweaked toml for git repo https://github.com/Janarthanam/openai written to /workspace/builds/worker-2-tc1/source/Cargo.toml
[INFO] crate git repo https://github.com/Janarthanam/openai already has a lockfile, it will not be regenerated
[INFO] running `Command { std: CARGO_HOME="/workspace/cargo-home" RUSTUP_HOME="/workspace/rustup-home" "/workspace/cargo-home/bin/cargo" "+1.75.0" "fetch" "--manifest-path" "Cargo.toml", kill_on_drop: false }`
[INFO] [stderr] warning: dependency (async-trait) specified without providing a local path, Git repository, version, or workspace dependency to use. This will be considered an error in future versions
[INFO] [stderr] warning: dependency (reqwest) specified without providing a local path, Git repository, version, or workspace dependency to use. This will be considered an error in future versions
[INFO] [stderr] warning: dependency (serde) specified without providing a local path, Git repository, version, or workspace dependency to use. This will be considered an error in future versions
[INFO] [stderr] warning: dependency (serde_json) specified without providing a local path, Git repository, version, or workspace dependency to use. This will be considered an error in future versions
[INFO] [stderr] warning: dependency (thiserror) specified without providing a local path, Git repository, version, or workspace dependency to use. This will be considered an error in future versions
[INFO] [stderr] warning: dependency (tokio) specified without providing a local path, Git repository, version, or workspace dependency to use. This will be considered an error in future versions
[INFO] [stderr]  Downloading crates ...
[INFO] [stderr]   Downloaded rustix v0.38.12
[INFO] running `Command { std: "docker" "create" "-v" "/var/lib/crater-agent-workspace/builds/worker-2-tc1/target:/opt/rustwide/target:rw,Z" "-v" "/var/lib/crater-agent-workspace/builds/worker-2-tc1/source:/opt/rustwide/workdir:ro,Z" "-v" "/var/lib/crater-agent-workspace/cargo-home:/opt/rustwide/cargo-home:ro,Z" "-v" "/var/lib/crater-agent-workspace/rustup-home:/opt/rustwide/rustup-home:ro,Z" "-e" "SOURCE_DIR=/opt/rustwide/workdir" "-e" "CARGO_TARGET_DIR=/opt/rustwide/target" "-e" "CARGO_HOME=/opt/rustwide/cargo-home" "-e" "RUSTUP_HOME=/opt/rustwide/rustup-home" "-w" "/opt/rustwide/workdir" "-m" "1610612736" "--user" "0:0" "--network" "none" "ghcr.io/rust-lang/crates-build-env/linux@sha256:2788e3201cd34a07e3172128adcd8b3090168a8e3bcc40d7c032b9dda1df7d1c" "/opt/rustwide/cargo-home/bin/cargo" "+1.75.0" "metadata" "--no-deps" "--format-version=1", kill_on_drop: false }`
[INFO] [stdout] 5920354bb8de23c9f2d9bb53e2cdccc0ce0b626d9f60fc8b35dfe857ac326f6f
[INFO] running `Command { std: "docker" "start" "-a" "5920354bb8de23c9f2d9bb53e2cdccc0ce0b626d9f60fc8b35dfe857ac326f6f", kill_on_drop: false }`
[INFO] running `Command { std: "docker" "inspect" "5920354bb8de23c9f2d9bb53e2cdccc0ce0b626d9f60fc8b35dfe857ac326f6f", kill_on_drop: false }`
[INFO] running `Command { std: "docker" "rm" "-f" "5920354bb8de23c9f2d9bb53e2cdccc0ce0b626d9f60fc8b35dfe857ac326f6f", kill_on_drop: false }`
[INFO] [stdout] 5920354bb8de23c9f2d9bb53e2cdccc0ce0b626d9f60fc8b35dfe857ac326f6f
[INFO] running `Command { std: "docker" "create" "-v" "/var/lib/crater-agent-workspace/builds/worker-2-tc1/target:/opt/rustwide/target:rw,Z" "-v" "/var/lib/crater-agent-workspace/builds/worker-2-tc1/source:/opt/rustwide/workdir:ro,Z" "-v" "/var/lib/crater-agent-workspace/cargo-home:/opt/rustwide/cargo-home:ro,Z" "-v" "/var/lib/crater-agent-workspace/rustup-home:/opt/rustwide/rustup-home:ro,Z" "-e" "SOURCE_DIR=/opt/rustwide/workdir" "-e" "CARGO_TARGET_DIR=/opt/rustwide/target" "-e" "CARGO_INCREMENTAL=0" "-e" "RUST_BACKTRACE=full" "-e" "RUSTFLAGS=--cap-lints=warn" "-e" "RUSTDOCFLAGS=--cap-lints=warn" "-e" "CARGO_HOME=/opt/rustwide/cargo-home" "-e" "RUSTUP_HOME=/opt/rustwide/rustup-home" "-w" "/opt/rustwide/workdir" "-m" "1610612736" "--user" "0:0" "--network" "none" "ghcr.io/rust-lang/crates-build-env/linux@sha256:2788e3201cd34a07e3172128adcd8b3090168a8e3bcc40d7c032b9dda1df7d1c" "/opt/rustwide/cargo-home/bin/cargo" "+1.75.0" "build" "--frozen" "--message-format=json", kill_on_drop: false }`
[INFO] [stdout] f170e5ee9b15a73a70acac02862bf6c30b1e9d1c8957a009a38c0333365da554
[INFO] running `Command { std: "docker" "start" "-a" "f170e5ee9b15a73a70acac02862bf6c30b1e9d1c8957a009a38c0333365da554", kill_on_drop: false }`
[INFO] [stderr] warning: dependency (async-trait) specified without providing a local path, Git repository, version, or workspace dependency to use. This will be considered an error in future versions
[INFO] [stderr] warning: dependency (reqwest) specified without providing a local path, Git repository, version, or workspace dependency to use. This will be considered an error in future versions
[INFO] [stderr] warning: dependency (serde) specified without providing a local path, Git repository, version, or workspace dependency to use. This will be considered an error in future versions
[INFO] [stderr] warning: dependency (serde_json) specified without providing a local path, Git repository, version, or workspace dependency to use. This will be considered an error in future versions
[INFO] [stderr] warning: dependency (thiserror) specified without providing a local path, Git repository, version, or workspace dependency to use. This will be considered an error in future versions
[INFO] [stderr] warning: dependency (tokio) specified without providing a local path, Git repository, version, or workspace dependency to use. This will be considered an error in future versions
[INFO] [stderr]    Compiling proc-macro2 v1.0.66
[INFO] [stderr]    Compiling unicode-ident v1.0.11
[INFO] [stderr]    Compiling libc v0.2.147
[INFO] [stderr]    Compiling autocfg v1.1.0
[INFO] [stderr]    Compiling cfg-if v1.0.0
[INFO] [stderr]    Compiling pin-project-lite v0.2.13
[INFO] [stderr]    Compiling vcpkg v0.2.15
[INFO] [stderr]    Compiling pkg-config v0.3.27
[INFO] [stderr]    Compiling once_cell v1.18.0
[INFO] [stderr]    Compiling parking_lot_core v0.9.8
[INFO] [stderr]    Compiling bytes v1.5.0
[INFO] [stderr]    Compiling lock_api v0.4.10
[INFO] [stderr]    Compiling smallvec v1.11.0
[INFO] [stderr]    Compiling futures-core v0.3.28
[INFO] [stderr]    Compiling scopeguard v1.2.0
[INFO] [stderr]    Compiling itoa v1.0.9
[INFO] [stderr]    Compiling futures-task v0.3.28
[INFO] [stderr]    Compiling quote v1.0.33
[INFO] [stderr]    Compiling cc v1.0.83
[INFO] [stderr]    Compiling indexmap v1.9.3
[INFO] [stderr]    Compiling slab v0.4.9
[INFO] [stderr]    Compiling tracing-core v0.1.31
[INFO] [stderr]    Compiling syn v2.0.30
[INFO] [stderr]    Compiling mio v0.8.8
[INFO] [stderr]    Compiling socket2 v0.5.3
[INFO] [stderr]    Compiling signal-hook-registry v1.4.1
[INFO] [stderr]    Compiling num_cpus v1.16.0
[INFO] [stderr]    Compiling parking_lot v0.12.1
[INFO] [stderr]    Compiling fnv v1.0.7
[INFO] [stderr]    Compiling openssl v0.10.57
[INFO] [stderr]    Compiling foreign-types-shared v0.1.1
[INFO] [stderr]    Compiling futures-util v0.3.28
[INFO] [stderr]    Compiling http v0.2.9
[INFO] [stderr]    Compiling tracing v0.1.37
[INFO] [stderr]    Compiling foreign-types v0.3.2
[INFO] [stderr]    Compiling pin-utils v0.1.0
[INFO] [stderr]    Compiling hashbrown v0.12.3
[INFO] [stderr]    Compiling serde v1.0.188
[INFO] [stderr]    Compiling native-tls v0.2.11
[INFO] [stderr]    Compiling futures-channel v0.3.28
[INFO] [stderr]    Compiling openssl-sys v0.9.93
[INFO] [stderr]    Compiling httparse v1.8.0
[INFO] [stderr]    Compiling tinyvec_macros v0.1.1
[INFO] [stderr]    Compiling futures-sink v0.3.28
[INFO] [stderr]    Compiling bitflags v2.4.0
[INFO] [stderr]    Compiling tinyvec v1.6.0
[INFO] [stderr]    Compiling percent-encoding v2.3.0
[INFO] [stderr]    Compiling try-lock v0.2.4
[INFO] [stderr]    Compiling log v0.4.20
[INFO] [stderr]    Compiling openssl-probe v0.1.5
[INFO] [stderr]    Compiling want v0.3.1
[INFO] [stderr]    Compiling http-body v0.4.5
[INFO] [stderr]    Compiling form_urlencoded v1.2.0
[INFO] [stderr]    Compiling unicode-normalization v0.1.22
[INFO] [stderr]    Compiling socket2 v0.4.9
[INFO] [stderr]    Compiling serde_json v1.0.105
[INFO] [stderr]    Compiling httpdate v1.0.3
[INFO] [stderr]    Compiling tower-service v0.3.2
[INFO] [stderr]    Compiling ryu v1.0.15
[INFO] [stderr]    Compiling unicode-bidi v0.3.13
[INFO] [stderr]    Compiling async-trait v0.1.73
[INFO] [stderr]    Compiling thiserror v1.0.48
[INFO] [stderr]    Compiling encoding_rs v0.8.33
[INFO] [stderr]    Compiling mime v0.3.17
[INFO] [stderr]    Compiling idna v0.4.0
[INFO] [stderr]    Compiling base64 v0.21.3
[INFO] [stderr]    Compiling ipnet v2.8.0
[INFO] [stderr]    Compiling url v2.4.1
[INFO] [stderr]    Compiling tokio-macros v2.1.0
[INFO] [stderr]    Compiling openssl-macros v0.1.1
[INFO] [stderr]    Compiling serde_derive v1.0.188
[INFO] [stderr]    Compiling thiserror-impl v1.0.48
[INFO] [stderr]    Compiling tokio v1.32.0
[INFO] [stderr]    Compiling tokio-util v0.7.8
[INFO] [stderr]    Compiling tokio-native-tls v0.3.1
[INFO] [stderr]    Compiling h2 v0.3.21
[INFO] [stderr]    Compiling serde_urlencoded v0.7.1
[INFO] [stderr]    Compiling hyper v0.14.27
[INFO] [stderr]    Compiling hyper-tls v0.5.0
[INFO] [stderr]    Compiling reqwest v0.11.20
[INFO] [stderr]    Compiling open_ai v0.1.0 (/opt/rustwide/workdir)
[INFO] [stderr]     Finished dev [unoptimized + debuginfo] target(s) in 32.18s
[INFO] running `Command { std: "docker" "inspect" "f170e5ee9b15a73a70acac02862bf6c30b1e9d1c8957a009a38c0333365da554", kill_on_drop: false }`
[INFO] running `Command { std: "docker" "rm" "-f" "f170e5ee9b15a73a70acac02862bf6c30b1e9d1c8957a009a38c0333365da554", kill_on_drop: false }`
[INFO] [stdout] f170e5ee9b15a73a70acac02862bf6c30b1e9d1c8957a009a38c0333365da554
[INFO] running `Command { std: "docker" "create" "-v" "/var/lib/crater-agent-workspace/builds/worker-2-tc1/target:/opt/rustwide/target:rw,Z" "-v" "/var/lib/crater-agent-workspace/builds/worker-2-tc1/source:/opt/rustwide/workdir:ro,Z" "-v" "/var/lib/crater-agent-workspace/cargo-home:/opt/rustwide/cargo-home:ro,Z" "-v" "/var/lib/crater-agent-workspace/rustup-home:/opt/rustwide/rustup-home:ro,Z" "-e" "SOURCE_DIR=/opt/rustwide/workdir" "-e" "CARGO_TARGET_DIR=/opt/rustwide/target" "-e" "CARGO_INCREMENTAL=0" "-e" "RUST_BACKTRACE=full" "-e" "RUSTFLAGS=--cap-lints=warn" "-e" "RUSTDOCFLAGS=--cap-lints=warn" "-e" "CARGO_HOME=/opt/rustwide/cargo-home" "-e" "RUSTUP_HOME=/opt/rustwide/rustup-home" "-w" "/opt/rustwide/workdir" "-m" "1610612736" "--user" "0:0" "--network" "none" "ghcr.io/rust-lang/crates-build-env/linux@sha256:2788e3201cd34a07e3172128adcd8b3090168a8e3bcc40d7c032b9dda1df7d1c" "/opt/rustwide/cargo-home/bin/cargo" "+1.75.0" "test" "--frozen" "--no-run" "--message-format=json", kill_on_drop: false }`
[INFO] [stdout] 7fc05a905fe688b9f33d9962754472b64adc4caab16341e144cbc4ac17ce1beb
[INFO] running `Command { std: "docker" "start" "-a" "7fc05a905fe688b9f33d9962754472b64adc4caab16341e144cbc4ac17ce1beb", kill_on_drop: false }`
[INFO] [stderr] warning: dependency (async-trait) specified without providing a local path, Git repository, version, or workspace dependency to use. This will be considered an error in future versions
[INFO] [stderr] warning: dependency (reqwest) specified without providing a local path, Git repository, version, or workspace dependency to use. This will be considered an error in future versions
[INFO] [stderr] warning: dependency (serde) specified without providing a local path, Git repository, version, or workspace dependency to use. This will be considered an error in future versions
[INFO] [stderr] warning: dependency (serde_json) specified without providing a local path, Git repository, version, or workspace dependency to use. This will be considered an error in future versions
[INFO] [stderr] warning: dependency (thiserror) specified without providing a local path, Git repository, version, or workspace dependency to use. This will be considered an error in future versions
[INFO] [stderr] warning: dependency (tokio) specified without providing a local path, Git repository, version, or workspace dependency to use. This will be considered an error in future versions
[INFO] [stderr]    Compiling diff v0.1.13
[INFO] [stderr]    Compiling yansi v0.5.1
[INFO] [stderr]    Compiling pretty_assertions v1.4.0
[INFO] [stderr]    Compiling open_ai v0.1.0 (/opt/rustwide/workdir)
[INFO] [stderr]     Finished test [unoptimized + debuginfo] target(s) in 3.87s
[INFO] running `Command { std: "docker" "inspect" "7fc05a905fe688b9f33d9962754472b64adc4caab16341e144cbc4ac17ce1beb", kill_on_drop: false }`
[INFO] running `Command { std: "docker" "rm" "-f" "7fc05a905fe688b9f33d9962754472b64adc4caab16341e144cbc4ac17ce1beb", kill_on_drop: false }`
[INFO] [stdout] 7fc05a905fe688b9f33d9962754472b64adc4caab16341e144cbc4ac17ce1beb
[INFO] running `Command { std: "docker" "create" "-v" "/var/lib/crater-agent-workspace/builds/worker-2-tc1/target:/opt/rustwide/target:rw,Z" "-v" "/var/lib/crater-agent-workspace/builds/worker-2-tc1/source:/opt/rustwide/workdir:ro,Z" "-v" "/var/lib/crater-agent-workspace/cargo-home:/opt/rustwide/cargo-home:ro,Z" "-v" "/var/lib/crater-agent-workspace/rustup-home:/opt/rustwide/rustup-home:ro,Z" "-e" "SOURCE_DIR=/opt/rustwide/workdir" "-e" "CARGO_TARGET_DIR=/opt/rustwide/target" "-e" "CARGO_INCREMENTAL=0" "-e" "RUST_BACKTRACE=full" "-e" "RUSTFLAGS=--cap-lints=warn" "-e" "RUSTDOCFLAGS=--cap-lints=warn" "-e" "CARGO_HOME=/opt/rustwide/cargo-home" "-e" "RUSTUP_HOME=/opt/rustwide/rustup-home" "-w" "/opt/rustwide/workdir" "-m" "1610612736" "--user" "0:0" "--network" "none" "ghcr.io/rust-lang/crates-build-env/linux@sha256:2788e3201cd34a07e3172128adcd8b3090168a8e3bcc40d7c032b9dda1df7d1c" "/opt/rustwide/cargo-home/bin/cargo" "+1.75.0" "test" "--frozen", kill_on_drop: false }`
[INFO] [stdout] 086da712e7d2020a87788d623d28fb40ce5f14ed2932aa7eff3aef3979e69dba
[INFO] running `Command { std: "docker" "start" "-a" "086da712e7d2020a87788d623d28fb40ce5f14ed2932aa7eff3aef3979e69dba", kill_on_drop: false }`
[INFO] [stderr] warning: dependency (async-trait) specified without providing a local path, Git repository, version, or workspace dependency to use. This will be considered an error in future versions
[INFO] [stderr] warning: dependency (reqwest) specified without providing a local path, Git repository, version, or workspace dependency to use. This will be considered an error in future versions
[INFO] [stderr] warning: dependency (serde) specified without providing a local path, Git repository, version, or workspace dependency to use. This will be considered an error in future versions
[INFO] [stderr] warning: dependency (serde_json) specified without providing a local path, Git repository, version, or workspace dependency to use. This will be considered an error in future versions
[INFO] [stderr] warning: dependency (thiserror) specified without providing a local path, Git repository, version, or workspace dependency to use. This will be considered an error in future versions
[INFO] [stderr] warning: dependency (tokio) specified without providing a local path, Git repository, version, or workspace dependency to use. This will be considered an error in future versions
[INFO] [stderr]     Finished test [unoptimized + debuginfo] target(s) in 0.11s
[INFO] [stderr]      Running unittests src/lib.rs (/opt/rustwide/target/debug/deps/open_ai-0a157ef732899fae)
[INFO] [stdout] 
[INFO] [stdout] running 2 tests
[INFO] [stdout] test llms::open_ai::tests::test_completion_serialization ... ok
[INFO] [stdout] test llms::open_ai::tests::test_ser_de ... ok
[INFO] [stdout] 
[INFO] [stdout] test result: ok. 2 passed; 0 failed; 0 ignored; 0 measured; 0 filtered out; finished in 0.01s
[INFO] [stdout] 
[INFO] [stderr]      Running tests/llm_tests.rs (/opt/rustwide/target/debug/deps/llm_tests-e62d4f48b78f8826)
[INFO] [stdout] 
[INFO] [stdout] running 3 tests
[INFO] [stdout] test test_macro ... FAILED
[INFO] [stdout] test test_ask_llm ... FAILED
[INFO] [stdout] test test_gpt_complete ... FAILED
[INFO] [stdout] 
[INFO] [stdout] failures:
[INFO] [stdout] 
[INFO] [stdout] ---- test_macro stdout ----
[INFO] [stdout] thread 'test_macro' panicked at tests/llm_tests.rs:30:54:
[INFO] [stdout] called `Result::unwrap()` on an `Err` value: LLMError("No OpenAI api key")
[INFO] [stdout] stack backtrace:
[INFO] [stdout]    0:     0x556499507e0c - std::backtrace_rs::backtrace::libunwind::trace::ha637c64ce894333a
[INFO] [stdout]                                at /rustc/82e1608dfa6e0b5569232559e3d385fea5a93112/library/std/src/../../backtrace/src/backtrace/libunwind.rs:104:5
[INFO] [stdout]    1:     0x556499507e0c - std::backtrace_rs::backtrace::trace_unsynchronized::h47f62dea28e0c88d
[INFO] [stdout]                                at /rustc/82e1608dfa6e0b5569232559e3d385fea5a93112/library/std/src/../../backtrace/src/backtrace/mod.rs:66:5
[INFO] [stdout]    2:     0x556499507e0c - std::sys_common::backtrace::_print_fmt::h9eef0abe20ede486
[INFO] [stdout]                                at /rustc/82e1608dfa6e0b5569232559e3d385fea5a93112/library/std/src/sys_common/backtrace.rs:67:5
[INFO] [stdout]    3:     0x556499507e0c - <std::sys_common::backtrace::_print::DisplayBacktrace as core::fmt::Display>::fmt::hed7f999df88cc644
[INFO] [stdout]                                at /rustc/82e1608dfa6e0b5569232559e3d385fea5a93112/library/std/src/sys_common/backtrace.rs:44:22
[INFO] [stdout]    4:     0x5564995349d0 - core::fmt::rt::Argument::fmt::h1539a9308b8d058d
[INFO] [stdout]                                at /rustc/82e1608dfa6e0b5569232559e3d385fea5a93112/library/core/src/fmt/rt.rs:142:9
[INFO] [stdout]    5:     0x5564995349d0 - core::fmt::write::h3a39390d8560d9c9
[INFO] [stdout]                                at /rustc/82e1608dfa6e0b5569232559e3d385fea5a93112/library/core/src/fmt/mod.rs:1120:17
[INFO] [stdout]    6:     0x556499504cff - std::io::Write::write_fmt::h040b369f3a0f9cbc
[INFO] [stdout]                                at /rustc/82e1608dfa6e0b5569232559e3d385fea5a93112/library/std/src/io/mod.rs:1762:15
[INFO] [stdout]    7:     0x556499507bf4 - std::sys_common::backtrace::_print::h894006fb5c6f3d45
[INFO] [stdout]                                at /rustc/82e1608dfa6e0b5569232559e3d385fea5a93112/library/std/src/sys_common/backtrace.rs:47:5
[INFO] [stdout]    8:     0x556499507bf4 - std::sys_common::backtrace::print::h23a2d212c6fff936
[INFO] [stdout]                                at /rustc/82e1608dfa6e0b5569232559e3d385fea5a93112/library/std/src/sys_common/backtrace.rs:34:9
[INFO] [stdout]    9:     0x5564995098b7 - std::panicking::default_hook::{{closure}}::h8a1d2ee00185001a
[INFO] [stdout]   10:     0x5564995095a3 - std::panicking::default_hook::h6038f2eba384e475
[INFO] [stdout]                                at /rustc/82e1608dfa6e0b5569232559e3d385fea5a93112/library/std/src/panicking.rs:289:9
[INFO] [stdout]   11:     0x556499052e37 - <alloc::boxed::Box<F,A> as core::ops::function::Fn<Args>>::call::h0ad024c9bdc6d768
[INFO] [stdout]                                at /rustc/82e1608dfa6e0b5569232559e3d385fea5a93112/library/alloc/src/boxed.rs:2021:9
[INFO] [stdout]   12:     0x556499052e37 - test::test_main::{{closure}}::h7500b54257359db6
[INFO] [stdout]                                at /rustc/82e1608dfa6e0b5569232559e3d385fea5a93112/library/test/src/lib.rs:138:21
[INFO] [stdout]   13:     0x556499509ec8 - <alloc::boxed::Box<F,A> as core::ops::function::Fn<Args>>::call::h1f8f335eaa9cfaee
[INFO] [stdout]                                at /rustc/82e1608dfa6e0b5569232559e3d385fea5a93112/library/alloc/src/boxed.rs:2021:9
[INFO] [stdout]   14:     0x556499509ec8 - std::panicking::rust_panic_with_hook::h2b5517d590cab22e
[INFO] [stdout]                                at /rustc/82e1608dfa6e0b5569232559e3d385fea5a93112/library/std/src/panicking.rs:783:13
[INFO] [stdout]   15:     0x556499509c1e - std::panicking::begin_panic_handler::{{closure}}::h233112c06e0ef43e
[INFO] [stdout]                                at /rustc/82e1608dfa6e0b5569232559e3d385fea5a93112/library/std/src/panicking.rs:657:13
[INFO] [stdout]   16:     0x5564995082d6 - std::sys_common::backtrace::__rust_end_short_backtrace::h6e893f24d7ebbff8
[INFO] [stdout]                                at /rustc/82e1608dfa6e0b5569232559e3d385fea5a93112/library/std/src/sys_common/backtrace.rs:170:18
[INFO] [stdout]   17:     0x556499509982 - rust_begin_unwind
[INFO] [stdout]                                at /rustc/82e1608dfa6e0b5569232559e3d385fea5a93112/library/std/src/panicking.rs:645:5
[INFO] [stdout]   18:     0x556499016605 - core::panicking::panic_fmt::hbf0e066aabfa482c
[INFO] [stdout]                                at /rustc/82e1608dfa6e0b5569232559e3d385fea5a93112/library/core/src/panicking.rs:72:14
[INFO] [stdout]   19:     0x556499016c33 - core::result::unwrap_failed::hddb4fea594200c52
[INFO] [stdout]                                at /rustc/82e1608dfa6e0b5569232559e3d385fea5a93112/library/core/src/result.rs:1653:5
[INFO] [stdout]   20:     0x556499018969 - core::result::Result<T,E>::unwrap::h893e5e99ab57d2de
[INFO] [stdout]                                at /rustc/82e1608dfa6e0b5569232559e3d385fea5a93112/library/core/src/result.rs:1077:23
[INFO] [stdout]   21:     0x55649901ec11 - llm_tests::test_macro::{{closure}}::h13775fc8eccba329
[INFO] [stdout]                                at /opt/rustwide/workdir/tests/llm_tests.rs:30:22
[INFO] [stdout]   22:     0x55649901d278 - <core::pin::Pin<P> as core::future::future::Future>::poll::h3e5f3c163b56bba6
[INFO] [stdout]                                at /rustc/82e1608dfa6e0b5569232559e3d385fea5a93112/library/core/src/future/future.rs:125:9
[INFO] [stdout]   23:     0x55649901d2cb - <core::pin::Pin<P> as core::future::future::Future>::poll::h407dacbe076e7514
[INFO] [stdout]                                at /rustc/82e1608dfa6e0b5569232559e3d385fea5a93112/library/core/src/future/future.rs:125:9
[INFO] [stdout]   24:     0x55649901cca4 - tokio::runtime::scheduler::current_thread::CoreGuard::block_on::{{closure}}::{{closure}}::{{closure}}::h60d4c03180b0358e
[INFO] [stdout]                                at /opt/rustwide/cargo-home/registry/src/index.crates.io-6f17d22bba15001f/tokio-1.32.0/src/runtime/scheduler/current_thread/mod.rs:665:57
[INFO] [stdout]   25:     0x55649901cbca - tokio::runtime::coop::with_budget::h4f6a2475b99827ce
[INFO] [stdout]                                at /opt/rustwide/cargo-home/registry/src/index.crates.io-6f17d22bba15001f/tokio-1.32.0/src/runtime/coop.rs:107:5
[INFO] [stdout]   26:     0x55649901cbca - tokio::runtime::coop::budget::hfe226bdf01619f75
[INFO] [stdout]                                at /opt/rustwide/cargo-home/registry/src/index.crates.io-6f17d22bba15001f/tokio-1.32.0/src/runtime/coop.rs:73:5
[INFO] [stdout]   27:     0x55649901cbca - tokio::runtime::scheduler::current_thread::CoreGuard::block_on::{{closure}}::{{closure}}::h063ddb12d62290bd
[INFO] [stdout]                                at /opt/rustwide/cargo-home/registry/src/index.crates.io-6f17d22bba15001f/tokio-1.32.0/src/runtime/scheduler/current_thread/mod.rs:665:25
[INFO] [stdout]   28:     0x55649901b85c - tokio::runtime::scheduler::current_thread::Context::enter::hb329a69ee905536c
[INFO] [stdout]                                at /opt/rustwide/cargo-home/registry/src/index.crates.io-6f17d22bba15001f/tokio-1.32.0/src/runtime/scheduler/current_thread/mod.rs:410:19
[INFO] [stdout]   29:     0x55649901c3ce - tokio::runtime::scheduler::current_thread::CoreGuard::block_on::{{closure}}::hc92edf5d6d21c552
[INFO] [stdout]                                at /opt/rustwide/cargo-home/registry/src/index.crates.io-6f17d22bba15001f/tokio-1.32.0/src/runtime/scheduler/current_thread/mod.rs:664:36
[INFO] [stdout]   30:     0x55649901c0db - tokio::runtime::scheduler::current_thread::CoreGuard::enter::{{closure}}::h2ed72f628a5814a7
[INFO] [stdout]                                at /opt/rustwide/cargo-home/registry/src/index.crates.io-6f17d22bba15001f/tokio-1.32.0/src/runtime/scheduler/current_thread/mod.rs:743:68
[INFO] [stdout]   31:     0x55649901a2ab - tokio::runtime::context::scoped::Scoped<T>::set::hca8c614872ddef3f
[INFO] [stdout]                                at /opt/rustwide/cargo-home/registry/src/index.crates.io-6f17d22bba15001f/tokio-1.32.0/src/runtime/context/scoped.rs:40:9
[INFO] [stdout]   32:     0x55649901a059 - tokio::runtime::context::set_scheduler::{{closure}}::hf8dacfebff9031c3
[INFO] [stdout]                                at /opt/rustwide/cargo-home/registry/src/index.crates.io-6f17d22bba15001f/tokio-1.32.0/src/runtime/context.rs:176:26
[INFO] [stdout]   33:     0x556499017436 - std::thread::local::LocalKey<T>::try_with::h2f8561078240fda1
[INFO] [stdout]                                at /rustc/82e1608dfa6e0b5569232559e3d385fea5a93112/library/std/src/thread/local.rs:270:16
[INFO] [stdout]   34:     0x5564990170ca - std::thread::local::LocalKey<T>::with::h0ecd0086e31906dc
[INFO] [stdout]                                at /rustc/82e1608dfa6e0b5569232559e3d385fea5a93112/library/std/src/thread/local.rs:246:9
[INFO] [stdout]   35:     0x55649901a00d - tokio::runtime::context::set_scheduler::hf8d5125e7a1bb0fd
[INFO] [stdout]                                at /opt/rustwide/cargo-home/registry/src/index.crates.io-6f17d22bba15001f/tokio-1.32.0/src/runtime/context.rs:176:9
[INFO] [stdout]   36:     0x55649901be70 - tokio::runtime::scheduler::current_thread::CoreGuard::enter::h3451038c0c879cd3
[INFO] [stdout]                                at /opt/rustwide/cargo-home/registry/src/index.crates.io-6f17d22bba15001f/tokio-1.32.0/src/runtime/scheduler/current_thread/mod.rs:743:27
[INFO] [stdout]   37:     0x55649901c10d - tokio::runtime::scheduler::current_thread::CoreGuard::block_on::h8d617fdeedcca6fc
[INFO] [stdout]                                at /opt/rustwide/cargo-home/registry/src/index.crates.io-6f17d22bba15001f/tokio-1.32.0/src/runtime/scheduler/current_thread/mod.rs:652:19
[INFO] [stdout]   38:     0x55649901b03d - tokio::runtime::scheduler::current_thread::CurrentThread::block_on::{{closure}}::h671ed5e23bbed7f1
[INFO] [stdout]                                at /opt/rustwide/cargo-home/registry/src/index.crates.io-6f17d22bba15001f/tokio-1.32.0/src/runtime/scheduler/current_thread/mod.rs:175:28
[INFO] [stdout]   39:     0x55649901a72a - tokio::runtime::context::runtime::enter_runtime::h8ffba040e976b787
[INFO] [stdout]                                at /opt/rustwide/cargo-home/registry/src/index.crates.io-6f17d22bba15001f/tokio-1.32.0/src/runtime/context/runtime.rs:65:16
[INFO] [stdout]   40:     0x55649901af50 - tokio::runtime::scheduler::current_thread::CurrentThread::block_on::h90956fbd9335c89d
[INFO] [stdout]                                at /opt/rustwide/cargo-home/registry/src/index.crates.io-6f17d22bba15001f/tokio-1.32.0/src/runtime/scheduler/current_thread/mod.rs:167:9
[INFO] [stdout]   41:     0x55649901ad7d - tokio::runtime::runtime::Runtime::block_on::h7c8b76b2ae4fbe40
[INFO] [stdout]                                at /opt/rustwide/cargo-home/registry/src/index.crates.io-6f17d22bba15001f/tokio-1.32.0/src/runtime/runtime.rs:347:47
[INFO] [stdout]   42:     0x55649901e448 - llm_tests::test_macro::h8d243ec9e5dca90b
[INFO] [stdout]                                at /opt/rustwide/workdir/tests/llm_tests.rs:31:5
[INFO] [stdout]   43:     0x55649901e2d7 - llm_tests::test_macro::{{closure}}::h77061970a2b64d4c
[INFO] [stdout]                                at /opt/rustwide/workdir/tests/llm_tests.rs:28:22
[INFO] [stdout]   44:     0x556499018166 - core::ops::function::FnOnce::call_once::h2ba7636524bef633
[INFO] [stdout]                                at /rustc/82e1608dfa6e0b5569232559e3d385fea5a93112/library/core/src/ops/function.rs:250:5
[INFO] [stdout]   45:     0x55649905848f - core::ops::function::FnOnce::call_once::h2b5d431d5046312d
[INFO] [stdout]                                at /rustc/82e1608dfa6e0b5569232559e3d385fea5a93112/library/core/src/ops/function.rs:250:5
[INFO] [stdout]   46:     0x55649905848f - test::__rust_begin_short_backtrace::h7714669af176e207
[INFO] [stdout]                                at /rustc/82e1608dfa6e0b5569232559e3d385fea5a93112/library/test/src/lib.rs:628:18
[INFO] [stdout]   47:     0x5564990574a5 - test::run_test_in_process::{{closure}}::h85218797dcbcec12
[INFO] [stdout]                                at /rustc/82e1608dfa6e0b5569232559e3d385fea5a93112/library/test/src/lib.rs:651:60
[INFO] [stdout]   48:     0x5564990574a5 - <core::panic::unwind_safe::AssertUnwindSafe<F> as core::ops::function::FnOnce<()>>::call_once::h76c106ea31c14d7b
[INFO] [stdout]                                at /rustc/82e1608dfa6e0b5569232559e3d385fea5a93112/library/core/src/panic/unwind_safe.rs:272:9
[INFO] [stdout]   49:     0x5564990574a5 - std::panicking::try::do_call::h3bd5d0f6620ee946
[INFO] [stdout]                                at /rustc/82e1608dfa6e0b5569232559e3d385fea5a93112/library/std/src/panicking.rs:552:40
[INFO] [stdout]   50:     0x5564990574a5 - std::panicking::try::h232e535e4744fe31
[INFO] [stdout]                                at /rustc/82e1608dfa6e0b5569232559e3d385fea5a93112/library/std/src/panicking.rs:516:19
[INFO] [stdout]   51:     0x5564990574a5 - std::panic::catch_unwind::h3ce3bd6ca8dbac68
[INFO] [stdout]                                at /rustc/82e1608dfa6e0b5569232559e3d385fea5a93112/library/std/src/panic.rs:142:14
[INFO] [stdout]   52:     0x5564990574a5 - test::run_test_in_process::hc97b257c9621286a
[INFO] [stdout]                                at /rustc/82e1608dfa6e0b5569232559e3d385fea5a93112/library/test/src/lib.rs:651:27
[INFO] [stdout]   53:     0x5564990574a5 - test::run_test::{{closure}}::h2aa798823a438d38
[INFO] [stdout]                                at /rustc/82e1608dfa6e0b5569232559e3d385fea5a93112/library/test/src/lib.rs:574:43
[INFO] [stdout]   54:     0x55649901f766 - test::run_test::{{closure}}::h87d231c78fb59832
[INFO] [stdout]                                at /rustc/82e1608dfa6e0b5569232559e3d385fea5a93112/library/test/src/lib.rs:602:41
[INFO] [stdout]   55:     0x55649901f766 - std::sys_common::backtrace::__rust_begin_short_backtrace::he6df152596625789
[INFO] [stdout]                                at /rustc/82e1608dfa6e0b5569232559e3d385fea5a93112/library/std/src/sys_common/backtrace.rs:154:18
[INFO] [stdout]   56:     0x556499024817 - std::thread::Builder::spawn_unchecked_::{{closure}}::{{closure}}::ha94be15d1e0acf36
[INFO] [stdout]                                at /rustc/82e1608dfa6e0b5569232559e3d385fea5a93112/library/std/src/thread/mod.rs:529:17
[INFO] [stdout]   57:     0x556499024817 - <core::panic::unwind_safe::AssertUnwindSafe<F> as core::ops::function::FnOnce<()>>::call_once::h9dc6bd6372f16606
[INFO] [stdout]                                at /rustc/82e1608dfa6e0b5569232559e3d385fea5a93112/library/core/src/panic/unwind_safe.rs:272:9
[INFO] [stdout]   58:     0x556499024817 - std::panicking::try::do_call::h9057517f80303cd4
[INFO] [stdout]                                at /rustc/82e1608dfa6e0b5569232559e3d385fea5a93112/library/std/src/panicking.rs:552:40
[INFO] [stdout]   59:     0x556499024817 - std::panicking::try::he3a30b11ee45340c
[INFO] [stdout]                                at /rustc/82e1608dfa6e0b5569232559e3d385fea5a93112/library/std/src/panicking.rs:516:19
[INFO] [stdout]   60:     0x556499024817 - std::panic::catch_unwind::h410458cfd3528b8b
[INFO] [stdout]                                at /rustc/82e1608dfa6e0b5569232559e3d385fea5a93112/library/std/src/panic.rs:142:14
[INFO] [stdout]   61:     0x556499024817 - std::thread::Builder::spawn_unchecked_::{{closure}}::h72ac3bdb567b737b
[INFO] [stdout]                                at /rustc/82e1608dfa6e0b5569232559e3d385fea5a93112/library/std/src/thread/mod.rs:528:30
[INFO] [stdout]   62:     0x556499024817 - core::ops::function::FnOnce::call_once{{vtable.shim}}::h38f34da3654a8344
[INFO] [stdout]                                at /rustc/82e1608dfa6e0b5569232559e3d385fea5a93112/library/core/src/ops/function.rs:250:5
[INFO] [stdout]   63:     0x55649950ebe5 - <alloc::boxed::Box<F,A> as core::ops::function::FnOnce<Args>>::call_once::hc7eafaff61e32df9
[INFO] [stdout]                                at /rustc/82e1608dfa6e0b5569232559e3d385fea5a93112/library/alloc/src/boxed.rs:2007:9
[INFO] [stdout]   64:     0x55649950ebe5 - <alloc::boxed::Box<F,A> as core::ops::function::FnOnce<Args>>::call_once::h6ba4a5de48dd2304
[INFO] [stdout]                                at /rustc/82e1608dfa6e0b5569232559e3d385fea5a93112/library/alloc/src/boxed.rs:2007:9
[INFO] [stdout]   65:     0x55649950ebe5 - std::sys::unix::thread::Thread::new::thread_start::he469335aef763e45
[INFO] [stdout]                                at /rustc/82e1608dfa6e0b5569232559e3d385fea5a93112/library/std/src/sys/unix/thread.rs:108:17
[INFO] [stdout]   66:     0x7fb9bdbd4ac3 - <unknown>
[INFO] [stdout]   67:     0x7fb9bdc65bf4 - __clone
[INFO] [stdout]   68:                0x0 - <unknown>
[INFO] [stdout] 
[INFO] [stdout] ---- test_ask_llm stdout ----
[INFO] [stdout] thread 'test_ask_llm' panicked at tests/llm_tests.rs:23:54:
[INFO] [stdout] called `Result::unwrap()` on an `Err` value: LLMError("No OpenAI api key")
[INFO] [stdout] stack backtrace:
[INFO] [stdout]    0:     0x556499507e0c - std::backtrace_rs::backtrace::libunwind::trace::ha637c64ce894333a
[INFO] [stdout]                                at /rustc/82e1608dfa6e0b5569232559e3d385fea5a93112/library/std/src/../../backtrace/src/backtrace/libunwind.rs:104:5
[INFO] [stdout]    1:     0x556499507e0c - std::backtrace_rs::backtrace::trace_unsynchronized::h47f62dea28e0c88d
[INFO] [stdout]                                at /rustc/82e1608dfa6e0b5569232559e3d385fea5a93112/library/std/src/../../backtrace/src/backtrace/mod.rs:66:5
[INFO] [stdout]    2:     0x556499507e0c - std::sys_common::backtrace::_print_fmt::h9eef0abe20ede486
[INFO] [stdout]                                at /rustc/82e1608dfa6e0b5569232559e3d385fea5a93112/library/std/src/sys_common/backtrace.rs:67:5
[INFO] [stdout]    3:     0x556499507e0c - <std::sys_common::backtrace::_print::DisplayBacktrace as core::fmt::Display>::fmt::hed7f999df88cc644
[INFO] [stdout]                                at /rustc/82e1608dfa6e0b5569232559e3d385fea5a93112/library/std/src/sys_common/backtrace.rs:44:22
[INFO] [stdout]    4:     0x5564995349d0 - core::fmt::rt::Argument::fmt::h1539a9308b8d058d
[INFO] [stdout]                                at /rustc/82e1608dfa6e0b5569232559e3d385fea5a93112/library/core/src/fmt/rt.rs:142:9
[INFO] [stdout]    5:     0x5564995349d0 - core::fmt::write::h3a39390d8560d9c9
[INFO] [stdout]                                at /rustc/82e1608dfa6e0b5569232559e3d385fea5a93112/library/core/src/fmt/mod.rs:1120:17
[INFO] [stdout]    6:     0x556499504cff - std::io::Write::write_fmt::h040b369f3a0f9cbc
[INFO] [stdout]                                at /rustc/82e1608dfa6e0b5569232559e3d385fea5a93112/library/std/src/io/mod.rs:1762:15
[INFO] [stdout]    7:     0x556499507bf4 - std::sys_common::backtrace::_print::h894006fb5c6f3d45
[INFO] [stdout]                                at /rustc/82e1608dfa6e0b5569232559e3d385fea5a93112/library/std/src/sys_common/backtrace.rs:47:5
[INFO] [stdout]    8:     0x556499507bf4 - std::sys_common::backtrace::print::h23a2d212c6fff936
[INFO] [stdout]                                at /rustc/82e1608dfa6e0b5569232559e3d385fea5a93112/library/std/src/sys_common/backtrace.rs:34:9
[INFO] [stdout]    9:     0x5564995098b7 - std::panicking::default_hook::{{closure}}::h8a1d2ee00185001a
[INFO] [stdout]   10:     0x5564995095a3 - std::panicking::default_hook::h6038f2eba384e475
[INFO] [stdout]                                at /rustc/82e1608dfa6e0b5569232559e3d385fea5a93112/library/std/src/panicking.rs:289:9
[INFO] [stdout]   11:     0x556499052e37 - <alloc::boxed::Box<F,A> as core::ops::function::Fn<Args>>::call::h0ad024c9bdc6d768
[INFO] [stdout]                                at /rustc/82e1608dfa6e0b5569232559e3d385fea5a93112/library/alloc/src/boxed.rs:2021:9
[INFO] [stdout]   12:     0x556499052e37 - test::test_main::{{closure}}::h7500b54257359db6
[INFO] [stdout]                                at /rustc/82e1608dfa6e0b5569232559e3d385fea5a93112/library/test/src/lib.rs:138:21
[INFO] [stdout]   13:     0x556499509ec8 - <alloc::boxed::Box<F,A> as core::ops::function::Fn<Args>>::call::h1f8f335eaa9cfaee
[INFO] [stdout]                                at /rustc/82e1608dfa6e0b5569232559e3d385fea5a93112/library/alloc/src/boxed.rs:2021:9
[INFO] [stdout]   14:     0x556499509ec8 - std::panicking::rust_panic_with_hook::h2b5517d590cab22e
[INFO] [stdout]                                at /rustc/82e1608dfa6e0b5569232559e3d385fea5a93112/library/std/src/panicking.rs:783:13
[INFO] [stdout]   15:     0x556499509c1e - std::panicking::begin_panic_handler::{{closure}}::h233112c06e0ef43e
[INFO] [stdout]                                at /rustc/82e1608dfa6e0b5569232559e3d385fea5a93112/library/std/src/panicking.rs:657:13
[INFO] [stdout]   16:     0x5564995082d6 - std::sys_common::backtrace::__rust_end_short_backtrace::h6e893f24d7ebbff8
[INFO] [stdout]                                at /rustc/82e1608dfa6e0b5569232559e3d385fea5a93112/library/std/src/sys_common/backtrace.rs:170:18
[INFO] [stdout]   17:     0x556499509982 - rust_begin_unwind
[INFO] [stdout]                                at /rustc/82e1608dfa6e0b5569232559e3d385fea5a93112/library/std/src/panicking.rs:645:5
[INFO] [stdout]   18:     0x556499016605 - core::panicking::panic_fmt::hbf0e066aabfa482c
[INFO] [stdout]                                at /rustc/82e1608dfa6e0b5569232559e3d385fea5a93112/library/core/src/panicking.rs:72:14
[INFO] [stdout]   19:     0x556499016c33 - core::result::unwrap_failed::hddb4fea594200c52
[INFO] [stdout]                                at /rustc/82e1608dfa6e0b5569232559e3d385fea5a93112/library/core/src/result.rs:1653:5
[INFO] [stdout]   20:     0x556499018969 - core::result::Result<T,E>::unwrap::h893e5e99ab57d2de
[INFO] [stdout]                                at /rustc/82e1608dfa6e0b5569232559e3d385fea5a93112/library/core/src/result.rs:1077:23
[INFO] [stdout]   21:     0x55649901e1a9 - llm_tests::test_ask_llm::{{closure}}::h5c124e099452716f
[INFO] [stdout]                                at /opt/rustwide/workdir/tests/llm_tests.rs:23:22
[INFO] [stdout]   22:     0x55649901d278 - <core::pin::Pin<P> as core::future::future::Future>::poll::h3e5f3c163b56bba6
[INFO] [stdout]                                at /rustc/82e1608dfa6e0b5569232559e3d385fea5a93112/library/core/src/future/future.rs:125:9
[INFO] [stdout]   23:     0x55649901d2cb - <core::pin::Pin<P> as core::future::future::Future>::poll::h407dacbe076e7514
[INFO] [stdout]                                at /rustc/82e1608dfa6e0b5569232559e3d385fea5a93112/library/core/src/future/future.rs:125:9
[INFO] [stdout]   24:     0x55649901cca4 - tokio::runtime::scheduler::current_thread::CoreGuard::block_on::{{closure}}::{{closure}}::{{closure}}::h60d4c03180b0358e
[INFO] [stdout]                                at /opt/rustwide/cargo-home/registry/src/index.crates.io-6f17d22bba15001f/tokio-1.32.0/src/runtime/scheduler/current_thread/mod.rs:665:57
[INFO] [stdout]   25:     0x55649901cbca - tokio::runtime::coop::with_budget::h4f6a2475b99827ce
[INFO] [stdout]                                at /opt/rustwide/cargo-home/registry/src/index.crates.io-6f17d22bba15001f/tokio-1.32.0/src/runtime/coop.rs:107:5
[INFO] [stdout]   26:     0x55649901cbca - tokio::runtime::coop::budget::hfe226bdf01619f75
[INFO] [stdout]                                at /opt/rustwide/cargo-home/registry/src/index.crates.io-6f17d22bba15001f/tokio-1.32.0/src/runtime/coop.rs:73:5
[INFO] [stdout]   27:     0x55649901cbca - tokio::runtime::scheduler::current_thread::CoreGuard::block_on::{{closure}}::{{closure}}::h063ddb12d62290bd
[INFO] [stdout]                                at /opt/rustwide/cargo-home/registry/src/index.crates.io-6f17d22bba15001f/tokio-1.32.0/src/runtime/scheduler/current_thread/mod.rs:665:25
[INFO] [stdout]   28:     0x55649901b85c - tokio::runtime::scheduler::current_thread::Context::enter::hb329a69ee905536c
[INFO] [stdout]                                at /opt/rustwide/cargo-home/registry/src/index.crates.io-6f17d22bba15001f/tokio-1.32.0/src/runtime/scheduler/current_thread/mod.rs:410:19
[INFO] [stdout]   29:     0x55649901c3ce - tokio::runtime::scheduler::current_thread::CoreGuard::block_on::{{closure}}::hc92edf5d6d21c552
[INFO] [stdout]                                at /opt/rustwide/cargo-home/registry/src/index.crates.io-6f17d22bba15001f/tokio-1.32.0/src/runtime/scheduler/current_thread/mod.rs:664:36
[INFO] [stdout]   30:     0x55649901c0db - tokio::runtime::scheduler::current_thread::CoreGuard::enter::{{closure}}::h2ed72f628a5814a7
[INFO] [stdout]                                at /opt/rustwide/cargo-home/registry/src/index.crates.io-6f17d22bba15001f/tokio-1.32.0/src/runtime/scheduler/current_thread/mod.rs:743:68
[INFO] [stdout]   31:     0x55649901a2ab - tokio::runtime::context::scoped::Scoped<T>::set::hca8c614872ddef3f
[INFO] [stdout]                                at /opt/rustwide/cargo-home/registry/src/index.crates.io-6f17d22bba15001f/tokio-1.32.0/src/runtime/context/scoped.rs:40:9
[INFO] [stdout]   32:     0x55649901a059 - tokio::runtime::context::set_scheduler::{{closure}}::hf8dacfebff9031c3
[INFO] [stdout]                                at /opt/rustwide/cargo-home/registry/src/index.crates.io-6f17d22bba15001f/tokio-1.32.0/src/runtime/context.rs:176:26
[INFO] [stdout]   33:     0x556499017436 - std::thread::local::LocalKey<T>::try_with::h2f8561078240fda1
[INFO] [stdout]                                at /rustc/82e1608dfa6e0b5569232559e3d385fea5a93112/library/std/src/thread/local.rs:270:16
[INFO] [stdout]   34:     0x5564990170ca - std::thread::local::LocalKey<T>::with::h0ecd0086e31906dc
[INFO] [stdout]                                at /rustc/82e1608dfa6e0b5569232559e3d385fea5a93112/library/std/src/thread/local.rs:246:9
[INFO] [stdout]   35:     0x55649901a00d - tokio::runtime::context::set_scheduler::hf8d5125e7a1bb0fd
[INFO] [stdout]                                at /opt/rustwide/cargo-home/registry/src/index.crates.io-6f17d22bba15001f/tokio-1.32.0/src/runtime/context.rs:176:9
[INFO] [stdout]   36:     0x55649901be70 - tokio::runtime::scheduler::current_thread::CoreGuard::enter::h3451038c0c879cd3
[INFO] [stdout]                                at /opt/rustwide/cargo-home/registry/src/index.crates.io-6f17d22bba15001f/tokio-1.32.0/src/runtime/scheduler/current_thread/mod.rs:743:27
[INFO] [stdout]   37:     0x55649901c10d - tokio::runtime::scheduler::current_thread::CoreGuard::block_on::h8d617fdeedcca6fc
[INFO] [stdout]                                at /opt/rustwide/cargo-home/registry/src/index.crates.io-6f17d22bba15001f/tokio-1.32.0/src/runtime/scheduler/current_thread/mod.rs:652:19
[INFO] [stdout]   38:     0x55649901b03d - tokio::runtime::scheduler::current_thread::CurrentThread::block_on::{{closure}}::h671ed5e23bbed7f1
[INFO] [stdout]                                at /opt/rustwide/cargo-home/registry/src/index.crates.io-6f17d22bba15001f/tokio-1.32.0/src/runtime/scheduler/current_thread/mod.rs:175:28
[INFO] [stdout]   39:     0x55649901a72a - tokio::runtime::context::runtime::enter_runtime::h8ffba040e976b787
[INFO] [stdout]                                at /opt/rustwide/cargo-home/registry/src/index.crates.io-6f17d22bba15001f/tokio-1.32.0/src/runtime/context/runtime.rs:65:16
[INFO] [stdout]   40:     0x55649901af50 - tokio::runtime::scheduler::current_thread::CurrentThread::block_on::h90956fbd9335c89d
[INFO] [stdout]                                at /opt/rustwide/cargo-home/registry/src/index.crates.io-6f17d22bba15001f/tokio-1.32.0/src/runtime/scheduler/current_thread/mod.rs:167:9
[INFO] [stdout]   41:     0x55649901ad7d - tokio::runtime::runtime::Runtime::block_on::h7c8b76b2ae4fbe40
[INFO] [stdout]                                at /opt/rustwide/cargo-home/registry/src/index.crates.io-6f17d22bba15001f/tokio-1.32.0/src/runtime/runtime.rs:347:47
[INFO] [stdout]   42:     0x55649901da68 - llm_tests::test_ask_llm::hea99d9e9bb7f89ae
[INFO] [stdout]                                at /opt/rustwide/workdir/tests/llm_tests.rs:24:5
[INFO] [stdout]   43:     0x55649901d8f7 - llm_tests::test_ask_llm::{{closure}}::he781dc06a32e4395
[INFO] [stdout]                                at /opt/rustwide/workdir/tests/llm_tests.rs:9:24
[INFO] [stdout]   44:     0x5564990181a6 - core::ops::function::FnOnce::call_once::h5000e2aba733a2d6
[INFO] [stdout]                                at /rustc/82e1608dfa6e0b5569232559e3d385fea5a93112/library/core/src/ops/function.rs:250:5
[INFO] [stdout]   45:     0x55649905848f - core::ops::function::FnOnce::call_once::h2b5d431d5046312d
[INFO] [stdout]                                at /rustc/82e1608dfa6e0b5569232559e3d385fea5a93112/library/core/src/ops/function.rs:250:5
[INFO] [stdout]   46:     0x55649905848f - test::__rust_begin_short_backtrace::h7714669af176e207
[INFO] [stdout]                                at /rustc/82e1608dfa6e0b5569232559e3d385fea5a93112/library/test/src/lib.rs:628:18
[INFO] [stdout]   47:     0x5564990574a5 - test::run_test_in_process::{{closure}}::h85218797dcbcec12
[INFO] [stdout]                                at /rustc/82e1608dfa6e0b5569232559e3d385fea5a93112/library/test/src/lib.rs:651:60
[INFO] [stdout]   48:     0x5564990574a5 - <core::panic::unwind_safe::AssertUnwindSafe<F> as core::ops::function::FnOnce<()>>::call_once::h76c106ea31c14d7b
[INFO] [stdout]                                at /rustc/82e1608dfa6e0b5569232559e3d385fea5a93112/library/core/src/panic/unwind_safe.rs:272:9
[INFO] [stdout]   49:     0x5564990574a5 - std::panicking::try::do_call::h3bd5d0f6620ee946
[INFO] [stdout]                                at /rustc/82e1608dfa6e0b5569232559e3d385fea5a93112/library/std/src/panicking.rs:552:40
[INFO] [stdout]   50:     0x5564990574a5 - std::panicking::try::h232e535e4744fe31
[INFO] [stdout]                                at /rustc/82e1608dfa6e0b5569232559e3d385fea5a93112/library/std/src/panicking.rs:516:19
[INFO] [stdout]   51:     0x5564990574a5 - std::panic::catch_unwind::h3ce3bd6ca8dbac68
[INFO] [stdout]                                at /rustc/82e1608dfa6e0b5569232559e3d385fea5a93112/library/std/src/panic.rs:142:14
[INFO] [stdout]   52:     0x5564990574a5 - test::run_test_in_process::hc97b257c9621286a
[INFO] [stdout]                                at /rustc/82e1608dfa6e0b5569232559e3d385fea5a93112/library/test/src/lib.rs:651:27
[INFO] [stdout]   53:     0x5564990574a5 - test::run_test::{{closure}}::h2aa798823a438d38
[INFO] [stdout]                                at /rustc/82e1608dfa6e0b5569232559e3d385fea5a93112/library/test/src/lib.rs:574:43
[INFO] [stdout]   54:     0x55649901f766 - test::run_test::{{closure}}::h87d231c78fb59832
[INFO] [stdout]                                at /rustc/82e1608dfa6e0b5569232559e3d385fea5a93112/library/test/src/lib.rs:602:41
[INFO] [stdout]   55:     0x55649901f766 - std::sys_common::backtrace::__rust_begin_short_backtrace::he6df152596625789
[INFO] [stdout]                                at /rustc/82e1608dfa6e0b5569232559e3d385fea5a93112/library/std/src/sys_common/backtrace.rs:154:18
[INFO] [stdout]   56:     0x556499024817 - std::thread::Builder::spawn_unchecked_::{{closure}}::{{closure}}::ha94be15d1e0acf36
[INFO] [stdout]                                at /rustc/82e1608dfa6e0b5569232559e3d385fea5a93112/library/std/src/thread/mod.rs:529:17
[INFO] [stdout]   57:     0x556499024817 - <core::panic::unwind_safe::AssertUnwindSafe<F> as core::ops::function::FnOnce<()>>::call_once::h9dc6bd6372f16606
[INFO] [stdout]                                at /rustc/82e1608dfa6e0b5569232559e3d385fea5a93112/library/core/src/panic/unwind_safe.rs:272:9
[INFO] [stdout]   58:     0x556499024817 - std::panicking::try::do_call::h9057517f80303cd4
[INFO] [stdout]                                at /rustc/82e1608dfa6e0b5569232559e3d385fea5a93112/library/std/src/panicking.rs:552:40
[INFO] [stdout]   59:     0x556499024817 - std::panicking::try::he3a30b11ee45340c
[INFO] [stdout]                                at /rustc/82e1608dfa6e0b5569232559e3d385fea5a93112/library/std/src/panicking.rs:516:19
[INFO] [stdout]   60:     0x556499024817 - std::panic::catch_unwind::h410458cfd3528b8b
[INFO] [stdout]                                at /rustc/82e1608dfa6e0b5569232559e3d385fea5a93112/library/std/src/panic.rs:142:14
[INFO] [stdout]   61:     0x556499024817 - std::thread::Builder::spawn_unchecked_::{{closure}}::h72ac3bdb567b737b
[INFO] [stdout]                                at /rustc/82e1608dfa6e0b5569232559e3d385fea5a93112/library/std/src/thread/mod.rs:528:30
[INFO] [stdout]   62:     0x556499024817 - core::ops::function::FnOnce::call_once{{vtable.shim}}::h38f34da3654a8344
[INFO] [stdout]                                at /rustc/82e1608dfa6e0b5569232559e3d385fea5a93112/library/core/src/ops/function.rs:250:5
[INFO] [stdout]   63:     0x55649950ebe5 - <alloc::boxed::Box<F,A> as core::ops::function::FnOnce<Args>>::call_once::hc7eafaff61e32df9
[INFO] [stdout]                                at /rustc/82e1608dfa6e0b5569232559e3d385fea5a93112/library/alloc/src/boxed.rs:2007:9
[INFO] [stdout]   64:     0x55649950ebe5 - <alloc::boxed::Box<F,A> as core::ops::function::FnOnce<Args>>::call_once::h6ba4a5de48dd2304
[INFO] [stdout]                                at /rustc/82e1608dfa6e0b5569232559e3d385fea5a93112/library/alloc/src/boxed.rs:2007:9
[INFO] [stdout]   65:     0x55649950ebe5 - std::sys::unix::thread::Thread::new::thread_start::he469335aef763e45
[INFO] [stdout]                                at /rustc/82e1608dfa6e0b5569232559e3d385fea5a93112/library/std/src/sys/unix/thread.rs:108:17
[INFO] [stdout]   66:     0x7fb9bdbd4ac3 - <unknown>
[INFO] [stdout]   67:     0x7fb9bdc65bf4 - __clone
[INFO] [stdout]   68:                0x0 - <unknown>
[INFO] [stdout] 
[INFO] [stdout] ---- test_gpt_complete stdout ----
[INFO] [stdout] thread 'test_gpt_complete' panicked at tests/llm_tests.rs:41:5:
[INFO] [stdout] assertion failed: result.is_ok()
[INFO] [stdout] stack backtrace:
[INFO] [stdout]    0:     0x556499507e0c - std::backtrace_rs::backtrace::libunwind::trace::ha637c64ce894333a
[INFO] [stdout]                                at /rustc/82e1608dfa6e0b5569232559e3d385fea5a93112/library/std/src/../../backtrace/src/backtrace/libunwind.rs:104:5
[INFO] [stdout]    1:     0x556499507e0c - std::backtrace_rs::backtrace::trace_unsynchronized::h47f62dea28e0c88d
[INFO] [stdout]                                at /rustc/82e1608dfa6e0b5569232559e3d385fea5a93112/library/std/src/../../backtrace/src/backtrace/mod.rs:66:5
[INFO] [stdout]    2:     0x556499507e0c - std::sys_common::backtrace::_print_fmt::h9eef0abe20ede486
[INFO] [stdout]                                at /rustc/82e1608dfa6e0b5569232559e3d385fea5a93112/library/std/src/sys_common/backtrace.rs:67:5
[INFO] [stdout]    3:     0x556499507e0c - <std::sys_common::backtrace::_print::DisplayBacktrace as core::fmt::Display>::fmt::hed7f999df88cc644
[INFO] [stdout]                                at /rustc/82e1608dfa6e0b5569232559e3d385fea5a93112/library/std/src/sys_common/backtrace.rs:44:22
[INFO] [stdout]    4:     0x5564995349d0 - core::fmt::rt::Argument::fmt::h1539a9308b8d058d
[INFO] [stdout]                                at /rustc/82e1608dfa6e0b5569232559e3d385fea5a93112/library/core/src/fmt/rt.rs:142:9
[INFO] [stdout]    5:     0x5564995349d0 - core::fmt::write::h3a39390d8560d9c9
[INFO] [stdout]                                at /rustc/82e1608dfa6e0b5569232559e3d385fea5a93112/library/core/src/fmt/mod.rs:1120:17
[INFO] [stdout]    6:     0x556499504cff - std::io::Write::write_fmt::h040b369f3a0f9cbc
[INFO] [stdout]                                at /rustc/82e1608dfa6e0b5569232559e3d385fea5a93112/library/std/src/io/mod.rs:1762:15
[INFO] [stdout]    7:     0x556499507bf4 - std::sys_common::backtrace::_print::h894006fb5c6f3d45
[INFO] [stdout]                                at /rustc/82e1608dfa6e0b5569232559e3d385fea5a93112/library/std/src/sys_common/backtrace.rs:47:5
[INFO] [stdout]    8:     0x556499507bf4 - std::sys_common::backtrace::print::h23a2d212c6fff936
[INFO] [stdout]                                at /rustc/82e1608dfa6e0b5569232559e3d385fea5a93112/library/std/src/sys_common/backtrace.rs:34:9
[INFO] [stdout]    9:     0x5564995098b7 - std::panicking::default_hook::{{closure}}::h8a1d2ee00185001a
[INFO] [stdout]   10:     0x5564995095a3 - std::panicking::default_hook::h6038f2eba384e475
[INFO] [stdout]                                at /rustc/82e1608dfa6e0b5569232559e3d385fea5a93112/library/std/src/panicking.rs:289:9
[INFO] [stdout]   11:     0x556499052e37 - <alloc::boxed::Box<F,A> as core::ops::function::Fn<Args>>::call::h0ad024c9bdc6d768
[INFO] [stdout]                                at /rustc/82e1608dfa6e0b5569232559e3d385fea5a93112/library/alloc/src/boxed.rs:2021:9
[INFO] [stdout]   12:     0x556499052e37 - test::test_main::{{closure}}::h7500b54257359db6
[INFO] [stdout]                                at /rustc/82e1608dfa6e0b5569232559e3d385fea5a93112/library/test/src/lib.rs:138:21
[INFO] [stdout]   13:     0x556499509ec8 - <alloc::boxed::Box<F,A> as core::ops::function::Fn<Args>>::call::h1f8f335eaa9cfaee
[INFO] [stdout]                                at /rustc/82e1608dfa6e0b5569232559e3d385fea5a93112/library/alloc/src/boxed.rs:2021:9
[INFO] [stdout]   14:     0x556499509ec8 - std::panicking::rust_panic_with_hook::h2b5517d590cab22e
[INFO] [stdout]                                at /rustc/82e1608dfa6e0b5569232559e3d385fea5a93112/library/std/src/panicking.rs:783:13
[INFO] [stdout]   15:     0x556499509be9 - std::panicking::begin_panic_handler::{{closure}}::h233112c06e0ef43e
[INFO] [stdout]                                at /rustc/82e1608dfa6e0b5569232559e3d385fea5a93112/library/std/src/panicking.rs:649:13
[INFO] [stdout]   16:     0x5564995082d6 - std::sys_common::backtrace::__rust_end_short_backtrace::h6e893f24d7ebbff8
[INFO] [stdout]                                at /rustc/82e1608dfa6e0b5569232559e3d385fea5a93112/library/std/src/sys_common/backtrace.rs:170:18
[INFO] [stdout]   17:     0x556499509982 - rust_begin_unwind
[INFO] [stdout]                                at /rustc/82e1608dfa6e0b5569232559e3d385fea5a93112/library/std/src/panicking.rs:645:5
[INFO] [stdout]   18:     0x556499016605 - core::panicking::panic_fmt::hbf0e066aabfa482c
[INFO] [stdout]                                at /rustc/82e1608dfa6e0b5569232559e3d385fea5a93112/library/core/src/panicking.rs:72:14
[INFO] [stdout]   19:     0x5564990166a3 - core::panicking::panic::h195fc2a96298d4c3
[INFO] [stdout]                                at /rustc/82e1608dfa6e0b5569232559e3d385fea5a93112/library/core/src/panicking.rs:127:5
[INFO] [stdout]   20:     0x55649901f330 - llm_tests::test_gpt_complete::{{closure}}::h228e5abf66a2e48f
[INFO] [stdout]                                at /opt/rustwide/workdir/tests/llm_tests.rs:41:5
[INFO] [stdout]   21:     0x55649901d278 - <core::pin::Pin<P> as core::future::future::Future>::poll::h3e5f3c163b56bba6
[INFO] [stdout]                                at /rustc/82e1608dfa6e0b5569232559e3d385fea5a93112/library/core/src/future/future.rs:125:9
[INFO] [stdout]   22:     0x55649901d2cb - <core::pin::Pin<P> as core::future::future::Future>::poll::h407dacbe076e7514
[INFO] [stdout]                                at /rustc/82e1608dfa6e0b5569232559e3d385fea5a93112/library/core/src/future/future.rs:125:9
[INFO] [stdout]   23:     0x55649901cca4 - tokio::runtime::scheduler::current_thread::CoreGuard::block_on::{{closure}}::{{closure}}::{{closure}}::h60d4c03180b0358e
[INFO] [stdout]                                at /opt/rustwide/cargo-home/registry/src/index.crates.io-6f17d22bba15001f/tokio-1.32.0/src/runtime/scheduler/current_thread/mod.rs:665:57
[INFO] [stdout]   24:     0x55649901cbca - tokio::runtime::coop::with_budget::h4f6a2475b99827ce
[INFO] [stdout]                                at /opt/rustwide/cargo-home/registry/src/index.crates.io-6f17d22bba15001f/tokio-1.32.0/src/runtime/coop.rs:107:5
[INFO] [stdout]   25:     0x55649901cbca - tokio::runtime::coop::budget::hfe226bdf01619f75
[INFO] [stdout]                                at /opt/rustwide/cargo-home/registry/src/index.crates.io-6f17d22bba15001f/tokio-1.32.0/src/runtime/coop.rs:73:5
[INFO] [stdout]   26:     0x55649901cbca - tokio::runtime::scheduler::current_thread::CoreGuard::block_on::{{closure}}::{{closure}}::h063ddb12d62290bd
[INFO] [stdout]                                at /opt/rustwide/cargo-home/registry/src/index.crates.io-6f17d22bba15001f/tokio-1.32.0/src/runtime/scheduler/current_thread/mod.rs:665:25
[INFO] [stdout]   27:     0x55649901b85c - tokio::runtime::scheduler::current_thread::Context::enter::hb329a69ee905536c
[INFO] [stdout]                                at /opt/rustwide/cargo-home/registry/src/index.crates.io-6f17d22bba15001f/tokio-1.32.0/src/runtime/scheduler/current_thread/mod.rs:410:19
[INFO] [stdout]   28:     0x55649901c3ce - tokio::runtime::scheduler::current_thread::CoreGuard::block_on::{{closure}}::hc92edf5d6d21c552
[INFO] [stdout]                                at /opt/rustwide/cargo-home/registry/src/index.crates.io-6f17d22bba15001f/tokio-1.32.0/src/runtime/scheduler/current_thread/mod.rs:664:36
[INFO] [stdout]   29:     0x55649901c0db - tokio::runtime::scheduler::current_thread::CoreGuard::enter::{{closure}}::h2ed72f628a5814a7
[INFO] [stdout]                                at /opt/rustwide/cargo-home/registry/src/index.crates.io-6f17d22bba15001f/tokio-1.32.0/src/runtime/scheduler/current_thread/mod.rs:743:68
[INFO] [stdout]   30:     0x55649901a2ab - tokio::runtime::context::scoped::Scoped<T>::set::hca8c614872ddef3f
[INFO] [stdout]                                at /opt/rustwide/cargo-home/registry/src/index.crates.io-6f17d22bba15001f/tokio-1.32.0/src/runtime/context/scoped.rs:40:9
[INFO] [stdout]   31:     0x55649901a059 - tokio::runtime::context::set_scheduler::{{closure}}::hf8dacfebff9031c3
[INFO] [stdout]                                at /opt/rustwide/cargo-home/registry/src/index.crates.io-6f17d22bba15001f/tokio-1.32.0/src/runtime/context.rs:176:26
[INFO] [stdout]   32:     0x556499017436 - std::thread::local::LocalKey<T>::try_with::h2f8561078240fda1
[INFO] [stdout]                                at /rustc/82e1608dfa6e0b5569232559e3d385fea5a93112/library/std/src/thread/local.rs:270:16
[INFO] [stdout]   33:     0x5564990170ca - std::thread::local::LocalKey<T>::with::h0ecd0086e31906dc
[INFO] [stdout]                                at /rustc/82e1608dfa6e0b5569232559e3d385fea5a93112/library/std/src/thread/local.rs:246:9
[INFO] [stdout]   34:     0x55649901a00d - tokio::runtime::context::set_scheduler::hf8d5125e7a1bb0fd
[INFO] [stdout]                                at /opt/rustwide/cargo-home/registry/src/index.crates.io-6f17d22bba15001f/tokio-1.32.0/src/runtime/context.rs:176:9
[INFO] [stdout]   35:     0x55649901be70 - tokio::runtime::scheduler::current_thread::CoreGuard::enter::h3451038c0c879cd3
[INFO] [stdout]                                at /opt/rustwide/cargo-home/registry/src/index.crates.io-6f17d22bba15001f/tokio-1.32.0/src/runtime/scheduler/current_thread/mod.rs:743:27
[INFO] [stdout]   36:     0x55649901c10d - tokio::runtime::scheduler::current_thread::CoreGuard::block_on::h8d617fdeedcca6fc
[INFO] [stdout]                                at /opt/rustwide/cargo-home/registry/src/index.crates.io-6f17d22bba15001f/tokio-1.32.0/src/runtime/scheduler/current_thread/mod.rs:652:19
[INFO] [stdout]   37:     0x55649901b03d - tokio::runtime::scheduler::current_thread::CurrentThread::block_on::{{closure}}::h671ed5e23bbed7f1
[INFO] [stdout]                                at /opt/rustwide/cargo-home/registry/src/index.crates.io-6f17d22bba15001f/tokio-1.32.0/src/runtime/scheduler/current_thread/mod.rs:175:28
[INFO] [stdout]   38:     0x55649901a72a - tokio::runtime::context::runtime::enter_runtime::h8ffba040e976b787
[INFO] [stdout]                                at /opt/rustwide/cargo-home/registry/src/index.crates.io-6f17d22bba15001f/tokio-1.32.0/src/runtime/context/runtime.rs:65:16
[INFO] [stdout]   39:     0x55649901af50 - tokio::runtime::scheduler::current_thread::CurrentThread::block_on::h90956fbd9335c89d
[INFO] [stdout]                                at /opt/rustwide/cargo-home/registry/src/index.crates.io-6f17d22bba15001f/tokio-1.32.0/src/runtime/scheduler/current_thread/mod.rs:167:9
[INFO] [stdout]   40:     0x55649901ad7d - tokio::runtime::runtime::Runtime::block_on::h7c8b76b2ae4fbe40
[INFO] [stdout]                                at /opt/rustwide/cargo-home/registry/src/index.crates.io-6f17d22bba15001f/tokio-1.32.0/src/runtime/runtime.rs:347:47
[INFO] [stdout]   41:     0x55649901efa3 - llm_tests::test_gpt_complete::he5dade72c4e6ee8a
[INFO] [stdout]                                at /opt/rustwide/workdir/tests/llm_tests.rs:43:5
[INFO] [stdout]   42:     0x55649901ee47 - llm_tests::test_gpt_complete::{{closure}}::h9ffa593bf87af5e2
[INFO] [stdout]                                at /opt/rustwide/workdir/tests/llm_tests.rs:35:29
[INFO] [stdout]   43:     0x556499018236 - core::ops::function::FnOnce::call_once::he0372f8a14d1854c
[INFO] [stdout]                                at /rustc/82e1608dfa6e0b5569232559e3d385fea5a93112/library/core/src/ops/function.rs:250:5
[INFO] [stdout]   44:     0x55649905848f - core::ops::function::FnOnce::call_once::h2b5d431d5046312d
[INFO] [stdout]                                at /rustc/82e1608dfa6e0b5569232559e3d385fea5a93112/library/core/src/ops/function.rs:250:5
[INFO] [stdout]   45:     0x55649905848f - test::__rust_begin_short_backtrace::h7714669af176e207
[INFO] [stdout]                                at /rustc/82e1608dfa6e0b5569232559e3d385fea5a93112/library/test/src/lib.rs:628:18
[INFO] [stdout]   46:     0x5564990574a5 - test::run_test_in_process::{{closure}}::h85218797dcbcec12
[INFO] [stdout]                                at /rustc/82e1608dfa6e0b5569232559e3d385fea5a93112/library/test/src/lib.rs:651:60
[INFO] [stdout]   47:     0x5564990574a5 - <core::panic::unwind_safe::AssertUnwindSafe<F> as core::ops::function::FnOnce<()>>::call_once::h76c106ea31c14d7b
[INFO] [stdout]                                at /rustc/82e1608dfa6e0b5569232559e3d385fea5a93112/library/core/src/panic/unwind_safe.rs:272:9
[INFO] [stdout]   48:     0x5564990574a5 - std::panicking::try::do_call::h3bd5d0f6620ee946
[INFO] [stdout]                                at /rustc/82e1608dfa6e0b5569232559e3d385fea5a93112/library/std/src/panicking.rs:552:40
[INFO] [stdout]   49:     0x5564990574a5 - std::panicking::try::h232e535e4744fe31
[INFO] [stdout]                                at /rustc/82e1608dfa6e0b5569232559e3d385fea5a93112/library/std/src/panicking.rs:516:19
[INFO] [stdout]   50:     0x5564990574a5 - std::panic::catch_unwind::h3ce3bd6ca8dbac68
[INFO] [stdout]                                at /rustc/82e1608dfa6e0b5569232559e3d385fea5a93112/library/std/src/panic.rs:142:14
[INFO] [stdout]   51:     0x5564990574a5 - test::run_test_in_process::hc97b257c9621286a
[INFO] [stdout]                                at /rustc/82e1608dfa6e0b5569232559e3d385fea5a93112/library/test/src/lib.rs:651:27
[INFO] [stdout]   52:     0x5564990574a5 - test::run_test::{{closure}}::h2aa798823a438d38
[INFO] [stdout]                                at /rustc/82e1608dfa6e0b5569232559e3d385fea5a93112/library/test/src/lib.rs:574:43
[INFO] [stdout]   53:     0x55649901f766 - test::run_test::{{closure}}::h87d231c78fb59832
[INFO] [stdout]                                at /rustc/82e1608dfa6e0b5569232559e3d385fea5a93112/library/test/src/lib.rs:602:41
[INFO] [stdout]   54:     0x55649901f766 - std::sys_common::backtrace::__rust_begin_short_backtrace::he6df152596625789
[INFO] [stdout]                                at /rustc/82e1608dfa6e0b5569232559e3d385fea5a93112/library/std/src/sys_common/backtrace.rs:154:18
[INFO] [stdout]   55:     0x556499024817 - std::thread::Builder::spawn_unchecked_::{{closure}}::{{closure}}::ha94be15d1e0acf36
[INFO] [stdout]                                at /rustc/82e1608dfa6e0b5569232559e3d385fea5a93112/library/std/src/thread/mod.rs:529:17
[INFO] [stdout]   56:     0x556499024817 - <core::panic::unwind_safe::AssertUnwindSafe<F> as core::ops::function::FnOnce<()>>::call_once::h9dc6bd6372f16606
[INFO] [stdout]                                at /rustc/82e1608dfa6e0b5569232559e3d385fea5a93112/library/core/src/panic/unwind_safe.rs:272:9
[INFO] [stdout]   57:     0x556499024817 - std::panicking::try::do_call::h9057517f80303cd4
[INFO] [stdout]                                at /rustc/82e1608dfa6e0b5569232559e3d385fea5a93112/library/std/src/panicking.rs:552:40
[INFO] [stdout]   58:     0x556499024817 - std::panicking::try::he3a30b11ee45340c
[INFO] [stdout]                                at /rustc/82e1608dfa6e0b5569232559e3d385fea5a93112/library/std/src/panicking.rs:516:19
[INFO] [stdout]   59:     0x556499024817 - std::panic::catch_unwind::h410458cfd3528b8b
[INFO] [stdout]                                at /rustc/82e1608dfa6e0b5569232559e3d385fea5a93112/library/std/src/panic.rs:142:14
[INFO] [stdout]   60:     0x556499024817 - std::thread::Builder::spawn_unchecked_::{{closure}}::h72ac3bdb567b737b
[INFO] [stdout]                                at /rustc/82e1608dfa6e0b5569232559e3d385fea5a93112/library/std/src/thread/mod.rs:528:30
[INFO] [stdout]   61:     0x556499024817 - core::ops::function::FnOnce::call_once{{vtable.shim}}::h38f34da3654a8344
[INFO] [stdout]                                at /rustc/82e1608dfa6e0b5569232559e3d385fea5a93112/library/core/src/ops/function.rs:250:5
[INFO] [stdout]   62:     0x55649950ebe5 - <alloc::boxed::Box<F,A> as core::ops::function::FnOnce<Args>>::call_once::hc7eafaff61e32df9
[INFO] [stdout]                                at /rustc/82e1608dfa6e0b5569232559e3d385fea5a93112/library/alloc/src/boxed.rs:2007:9
[INFO] [stdout]   63:     0x55649950ebe5 - <alloc::boxed::Box<F,A> as core::ops::function::FnOnce<Args>>::call_once::h6ba4a5de48dd2304
[INFO] [stdout]                                at /rustc/82e1608dfa6e0b5569232559e3d385fea5a93112/library/alloc/src/boxed.rs:2007:9
[INFO] [stdout]   64:     0x55649950ebe5 - std::sys::unix::thread::Thread::new::thread_start::he469335aef763e45
[INFO] [stdout]                                at /rustc/82e1608dfa6e0b5569232559e3d385fea5a93112/library/std/src/sys/unix/thread.rs:108:17
[INFO] [stdout]   65:     0x7fb9bdbd4ac3 - <unknown>
[INFO] [stdout]   66:     0x7fb9bdc65bf4 - __clone
[INFO] [stdout]   67:                0x0 - <unknown>
[INFO] [stdout] 
[INFO] [stdout] 
[INFO] [stdout] failures:
[INFO] [stdout]     test_ask_llm
[INFO] [stdout]     test_gpt_complete
[INFO] [stdout]     test_macro
[INFO] [stdout] 
[INFO] [stdout] test result: FAILED. 0 passed; 3 failed; 0 ignored; 0 measured; 0 filtered out; finished in 0.05s
[INFO] [stdout] 
[INFO] [stderr] error: test failed, to rerun pass `--test llm_tests`
[INFO] running `Command { std: "docker" "inspect" "086da712e7d2020a87788d623d28fb40ce5f14ed2932aa7eff3aef3979e69dba", kill_on_drop: false }`
[INFO] running `Command { std: "docker" "rm" "-f" "086da712e7d2020a87788d623d28fb40ce5f14ed2932aa7eff3aef3979e69dba", kill_on_drop: false }`
[INFO] [stdout] 086da712e7d2020a87788d623d28fb40ce5f14ed2932aa7eff3aef3979e69dba
