[INFO] cloning repository https://github.com/IreneKnapp/2020-advent-of-code
[INFO] running `Command { std: "git" "-c" "credential.helper=" "-c" "credential.helper=/workspace/cargo-home/bin/git-credential-null" "clone" "--bare" "https://github.com/IreneKnapp/2020-advent-of-code" "/workspace/cache/git-repos/https%3A%2F%2Fgithub.com%2FIreneKnapp%2F2020-advent-of-code", kill_on_drop: false }`
[INFO] [stderr] Cloning into bare repository '/workspace/cache/git-repos/https%3A%2F%2Fgithub.com%2FIreneKnapp%2F2020-advent-of-code'...
[INFO] running `Command { std: "git" "rev-parse" "HEAD", kill_on_drop: false }`
[INFO] [stdout] 4e80f27c8e64891a488e8563f993e4642898e10e
[INFO] testing IreneKnapp/2020-advent-of-code against 1.75.0 for beta-1.76-1
[INFO] running `Command { std: "git" "clone" "/workspace/cache/git-repos/https%3A%2F%2Fgithub.com%2FIreneKnapp%2F2020-advent-of-code" "/workspace/builds/worker-6-tc1/source", kill_on_drop: false }`
[INFO] [stderr] Cloning into '/workspace/builds/worker-6-tc1/source'...
[INFO] [stderr] done.
[INFO] validating manifest of git repo https://github.com/IreneKnapp/2020-advent-of-code on toolchain 1.75.0
[INFO] running `Command { std: CARGO_HOME="/workspace/cargo-home" RUSTUP_HOME="/workspace/rustup-home" "/workspace/cargo-home/bin/cargo" "+1.75.0" "metadata" "--manifest-path" "Cargo.toml" "--no-deps", kill_on_drop: false }`
[INFO] started tweaking git repo https://github.com/IreneKnapp/2020-advent-of-code
[INFO] finished tweaking git repo https://github.com/IreneKnapp/2020-advent-of-code
[INFO] tweaked toml for git repo https://github.com/IreneKnapp/2020-advent-of-code written to /workspace/builds/worker-6-tc1/source/Cargo.toml
[INFO] crate git repo https://github.com/IreneKnapp/2020-advent-of-code already has a lockfile, it will not be regenerated
[INFO] running `Command { std: CARGO_HOME="/workspace/cargo-home" RUSTUP_HOME="/workspace/rustup-home" "/workspace/cargo-home/bin/cargo" "+1.75.0" "fetch" "--manifest-path" "Cargo.toml", kill_on_drop: false }`
[INFO] [stderr]  Downloading crates ...
[INFO] [stderr]   Downloaded lalrpop v0.19.1
[INFO] [stderr]   Downloaded lalrpop-util v0.19.1
[INFO] [stderr]   Downloaded docopt v1.1.0
[INFO] running `Command { std: "docker" "create" "-v" "/var/lib/crater-agent-workspace/builds/worker-6-tc1/target:/opt/rustwide/target:rw,Z" "-v" "/var/lib/crater-agent-workspace/builds/worker-6-tc1/source:/opt/rustwide/workdir:ro,Z" "-v" "/var/lib/crater-agent-workspace/cargo-home:/opt/rustwide/cargo-home:ro,Z" "-v" "/var/lib/crater-agent-workspace/rustup-home:/opt/rustwide/rustup-home:ro,Z" "-e" "SOURCE_DIR=/opt/rustwide/workdir" "-e" "CARGO_TARGET_DIR=/opt/rustwide/target" "-e" "CARGO_HOME=/opt/rustwide/cargo-home" "-e" "RUSTUP_HOME=/opt/rustwide/rustup-home" "-w" "/opt/rustwide/workdir" "-m" "1610612736" "--user" "0:0" "--network" "none" "ghcr.io/rust-lang/crates-build-env/linux@sha256:2788e3201cd34a07e3172128adcd8b3090168a8e3bcc40d7c032b9dda1df7d1c" "/opt/rustwide/cargo-home/bin/cargo" "+1.75.0" "metadata" "--no-deps" "--format-version=1", kill_on_drop: false }`
[INFO] [stdout] 9bc7ba3ec71eb0a5ea9723668cfb7542a1b175abd73d11dce394f54b8ab8e169
[INFO] running `Command { std: "docker" "start" "-a" "9bc7ba3ec71eb0a5ea9723668cfb7542a1b175abd73d11dce394f54b8ab8e169", kill_on_drop: false }`
[INFO] running `Command { std: "docker" "inspect" "9bc7ba3ec71eb0a5ea9723668cfb7542a1b175abd73d11dce394f54b8ab8e169", kill_on_drop: false }`
[INFO] running `Command { std: "docker" "rm" "-f" "9bc7ba3ec71eb0a5ea9723668cfb7542a1b175abd73d11dce394f54b8ab8e169", kill_on_drop: false }`
[INFO] [stdout] 9bc7ba3ec71eb0a5ea9723668cfb7542a1b175abd73d11dce394f54b8ab8e169
[INFO] running `Command { std: "docker" "create" "-v" "/var/lib/crater-agent-workspace/builds/worker-6-tc1/target:/opt/rustwide/target:rw,Z" "-v" "/var/lib/crater-agent-workspace/builds/worker-6-tc1/source:/opt/rustwide/workdir:ro,Z" "-v" "/var/lib/crater-agent-workspace/cargo-home:/opt/rustwide/cargo-home:ro,Z" "-v" "/var/lib/crater-agent-workspace/rustup-home:/opt/rustwide/rustup-home:ro,Z" "-e" "SOURCE_DIR=/opt/rustwide/workdir" "-e" "CARGO_TARGET_DIR=/opt/rustwide/target" "-e" "CARGO_INCREMENTAL=0" "-e" "RUST_BACKTRACE=full" "-e" "RUSTFLAGS=--cap-lints=warn" "-e" "RUSTDOCFLAGS=--cap-lints=warn" "-e" "CARGO_HOME=/opt/rustwide/cargo-home" "-e" "RUSTUP_HOME=/opt/rustwide/rustup-home" "-w" "/opt/rustwide/workdir" "-m" "1610612736" "--user" "0:0" "--network" "none" "ghcr.io/rust-lang/crates-build-env/linux@sha256:2788e3201cd34a07e3172128adcd8b3090168a8e3bcc40d7c032b9dda1df7d1c" "/opt/rustwide/cargo-home/bin/cargo" "+1.75.0" "build" "--frozen" "--message-format=json", kill_on_drop: false }`
[INFO] [stdout] 986f1a9182dfb713004d2b8e362720dfc7eeeab2490d910516d1264e38ad1647
[INFO] running `Command { std: "docker" "start" "-a" "986f1a9182dfb713004d2b8e362720dfc7eeeab2490d910516d1264e38ad1647", kill_on_drop: false }`
[INFO] [stderr]    Compiling memchr v2.3.4
[INFO] [stderr]    Compiling regex-syntax v0.6.21
[INFO] [stderr]    Compiling proc-macro2 v1.0.24
[INFO] [stderr]    Compiling unicode-xid v0.2.1
[INFO] [stderr]    Compiling thread_local v1.0.1
[INFO] [stderr]    Compiling byteorder v1.3.4
[INFO] [stderr]    Compiling libc v0.2.81
[INFO] [stderr]    Compiling typenum v1.12.0
[INFO] [stderr]    Compiling syn v1.0.53
[INFO] [stderr]    Compiling serde_derive v1.0.118
[INFO] [stderr]    Compiling serde v1.0.118
[INFO] [stderr]    Compiling log v0.4.11
[INFO] [stderr]    Compiling byte-tools v0.3.1
[INFO] [stderr]    Compiling hashbrown v0.9.1
[INFO] [stderr]    Compiling siphasher v0.3.3
[INFO] [stderr]    Compiling indexmap v1.6.1
[INFO] [stderr]    Compiling block-padding v0.1.5
[INFO] [stderr]    Compiling cfg-if v0.1.10
[INFO] [stderr]    Compiling bit-vec v0.6.3
[INFO] [stderr]    Compiling phf_shared v0.8.0
[INFO] [stderr]    Compiling opaque-debug v0.2.3
[INFO] [stderr]    Compiling precomputed-hash v0.1.1
[INFO] [stderr]    Compiling new_debug_unreachable v1.0.4
[INFO] [stderr]    Compiling strsim v0.9.3
[INFO] [stderr]    Compiling fake-simd v0.1.2
[INFO] [stderr]    Compiling either v1.6.1
[INFO] [stderr]    Compiling fixedbitset v0.2.0
[INFO] [stderr]    Compiling bit-set v0.5.2
[INFO] [stderr]    Compiling diff v0.1.12
[INFO] [stderr]    Compiling ena v0.14.0
[INFO] [stderr]    Compiling itertools v0.9.0
[INFO] [stderr]    Compiling aho-corasick v0.7.15
[INFO] [stderr]    Compiling quote v1.0.7
[INFO] [stderr]    Compiling petgraph v0.5.1
[INFO] [stderr]    Compiling dirs v1.0.5
[INFO] [stderr]    Compiling atty v0.2.14
[INFO] [stderr]    Compiling term v0.5.2
[INFO] [stderr]    Compiling ascii-canvas v2.0.0
[INFO] [stderr]    Compiling generic-array v0.12.3
[INFO] [stderr]    Compiling block-buffer v0.7.3
[INFO] [stderr]    Compiling digest v0.8.1
[INFO] [stderr]    Compiling sha2 v0.8.2
[INFO] [stderr]    Compiling regex v1.4.2
[INFO] [stderr]    Compiling lalrpop-util v0.19.1
[INFO] [stderr]    Compiling advent_lib v0.1.0 (/opt/rustwide/workdir/lib)
[INFO] [stderr]    Compiling advent_23 v0.1.0 (/opt/rustwide/workdir/23)
[INFO] [stderr]    Compiling advent_16 v0.1.0 (/opt/rustwide/workdir/16)
[INFO] [stderr]    Compiling advent_08 v0.1.0 (/opt/rustwide/workdir/08)
[INFO] [stderr]    Compiling advent_01 v0.1.0 (/opt/rustwide/workdir/01)
[INFO] [stderr]    Compiling advent_12 v0.1.0 (/opt/rustwide/workdir/12)
[INFO] [stderr]    Compiling advent_10 v0.1.0 (/opt/rustwide/workdir/10)
[INFO] [stderr]    Compiling advent_11 v0.1.0 (/opt/rustwide/workdir/11)
[INFO] [stderr]    Compiling advent_14 v0.1.0 (/opt/rustwide/workdir/14)
[INFO] [stderr]    Compiling advent_20 v0.1.0 (/opt/rustwide/workdir/20)
[INFO] [stderr]    Compiling advent_17 v0.1.0 (/opt/rustwide/workdir/17)
[INFO] [stderr]    Compiling advent_19 v0.1.0 (/opt/rustwide/workdir/19)
[INFO] [stderr]    Compiling advent_25 v0.1.0 (/opt/rustwide/workdir/25)
[INFO] [stderr]    Compiling advent_15 v0.1.0 (/opt/rustwide/workdir/15)
[INFO] [stderr]    Compiling advent_09 v0.1.0 (/opt/rustwide/workdir/09)
[INFO] [stderr]    Compiling advent_07 v0.1.0 (/opt/rustwide/workdir/07)
[INFO] [stderr]    Compiling advent_13 v0.1.0 (/opt/rustwide/workdir/13)
[INFO] [stderr]    Compiling advent_05 v0.1.0 (/opt/rustwide/workdir/05)
[INFO] [stderr]    Compiling advent_02 v0.1.0 (/opt/rustwide/workdir/02)
[INFO] [stderr]    Compiling advent_21 v0.1.0 (/opt/rustwide/workdir/21)
[INFO] [stderr]    Compiling advent_24 v0.1.0 (/opt/rustwide/workdir/24)
[INFO] [stderr]    Compiling advent_04 v0.1.0 (/opt/rustwide/workdir/04)
[INFO] [stderr]    Compiling advent_06 v0.1.0 (/opt/rustwide/workdir/06)
[INFO] [stderr]    Compiling advent_22 v0.1.0 (/opt/rustwide/workdir/22)
[INFO] [stderr]    Compiling advent_03 v0.1.0 (/opt/rustwide/workdir/03)
[INFO] [stderr]    Compiling docopt v1.1.0
[INFO] [stderr]    Compiling string_cache v0.8.1
[INFO] [stderr]    Compiling lalrpop v0.19.1
[INFO] [stderr]    Compiling advent_18 v0.1.0 (/opt/rustwide/workdir/18)
[INFO] [stderr]     Finished dev [unoptimized + debuginfo] target(s) in 12.59s
[INFO] [stderr] warning: the following packages contain code that will be rejected by a future version of Rust: lalrpop v0.19.1
[INFO] [stderr] note: to see what the problems were, use the option `--future-incompat-report`, or run `cargo report future-incompatibilities --id 2`
[INFO] running `Command { std: "docker" "inspect" "986f1a9182dfb713004d2b8e362720dfc7eeeab2490d910516d1264e38ad1647", kill_on_drop: false }`
[INFO] running `Command { std: "docker" "rm" "-f" "986f1a9182dfb713004d2b8e362720dfc7eeeab2490d910516d1264e38ad1647", kill_on_drop: false }`
[INFO] [stdout] 986f1a9182dfb713004d2b8e362720dfc7eeeab2490d910516d1264e38ad1647
[INFO] running `Command { std: "docker" "create" "-v" "/var/lib/crater-agent-workspace/builds/worker-6-tc1/target:/opt/rustwide/target:rw,Z" "-v" "/var/lib/crater-agent-workspace/builds/worker-6-tc1/source:/opt/rustwide/workdir:ro,Z" "-v" "/var/lib/crater-agent-workspace/cargo-home:/opt/rustwide/cargo-home:ro,Z" "-v" "/var/lib/crater-agent-workspace/rustup-home:/opt/rustwide/rustup-home:ro,Z" "-e" "SOURCE_DIR=/opt/rustwide/workdir" "-e" "CARGO_TARGET_DIR=/opt/rustwide/target" "-e" "CARGO_INCREMENTAL=0" "-e" "RUST_BACKTRACE=full" "-e" "RUSTFLAGS=--cap-lints=warn" "-e" "RUSTDOCFLAGS=--cap-lints=warn" "-e" "CARGO_HOME=/opt/rustwide/cargo-home" "-e" "RUSTUP_HOME=/opt/rustwide/rustup-home" "-w" "/opt/rustwide/workdir" "-m" "1610612736" "--user" "0:0" "--network" "none" "ghcr.io/rust-lang/crates-build-env/linux@sha256:2788e3201cd34a07e3172128adcd8b3090168a8e3bcc40d7c032b9dda1df7d1c" "/opt/rustwide/cargo-home/bin/cargo" "+1.75.0" "test" "--frozen" "--no-run" "--message-format=json", kill_on_drop: false }`
[INFO] [stdout] 943eb31669882ee9b99400ce93b4dbc4ba20ec5141bf7728d4514957d48ccf12
[INFO] running `Command { std: "docker" "start" "-a" "943eb31669882ee9b99400ce93b4dbc4ba20ec5141bf7728d4514957d48ccf12", kill_on_drop: false }`
[INFO] [stderr]    Compiling unicode-xid v0.2.1
[INFO] [stderr]    Compiling ryu v1.0.5
[INFO] [stderr]    Compiling serde_json v1.0.60
[INFO] [stderr]    Compiling escargot v0.3.1
[INFO] [stderr]    Compiling predicates-core v1.0.0
[INFO] [stderr]    Compiling itoa v0.4.6
[INFO] [stderr]    Compiling treeline v0.1.0
[INFO] [stderr]    Compiling difference v2.0.0
[INFO] [stderr]    Compiling serde v1.0.118
[INFO] [stderr]    Compiling typenum v1.12.0
[INFO] [stderr]    Compiling byteorder v1.3.4
[INFO] [stderr]    Compiling libc v0.2.81
[INFO] [stderr]    Compiling byte-tools v0.3.1
[INFO] [stderr]    Compiling indexmap v1.6.1
[INFO] [stderr]    Compiling log v0.4.11
[INFO] [stderr]    Compiling hashbrown v0.9.1
[INFO] [stderr]    Compiling siphasher v0.3.3
[INFO] [stderr]    Compiling proc-macro2 v1.0.24
[INFO] [stderr]    Compiling block-padding v0.1.5
[INFO] [stderr]    Compiling predicates-tree v1.0.0
[INFO] [stderr]    Compiling bit-vec v0.6.3
[INFO] [stderr]    Compiling predicates v1.0.5
[INFO] [stderr]    Compiling phf_shared v0.8.0
[INFO] [stderr]    Compiling either v1.6.1
[INFO] [stderr]    Compiling new_debug_unreachable v1.0.4
[INFO] [stderr]    Compiling fake-simd v0.1.2
[INFO] [stderr]    Compiling strsim v0.9.3
[INFO] [stderr]    Compiling fixedbitset v0.2.0
[INFO] [stderr]    Compiling opaque-debug v0.2.3
[INFO] [stderr]    Compiling precomputed-hash v0.1.1
[INFO] [stderr]    Compiling itertools v0.9.0
[INFO] [stderr]    Compiling bit-set v0.5.2
[INFO] [stderr]    Compiling ena v0.14.0
[INFO] [stderr]    Compiling diff v0.1.12
[INFO] [stderr]    Compiling advent_lib v0.1.0 (/opt/rustwide/workdir/lib)
[INFO] [stderr]    Compiling quote v1.0.7
[INFO] [stderr]    Compiling dirs v1.0.5
[INFO] [stderr]    Compiling atty v0.2.14
[INFO] [stderr]    Compiling term v0.5.2
[INFO] [stderr]    Compiling syn v1.0.53
[INFO] [stderr]    Compiling generic-array v0.12.3
[INFO] [stderr]    Compiling petgraph v0.5.1
[INFO] [stderr]    Compiling ascii-canvas v2.0.0
[INFO] [stderr]    Compiling digest v0.8.1
[INFO] [stderr]    Compiling block-buffer v0.7.3
[INFO] [stderr]    Compiling sha2 v0.8.2
[INFO] [stderr]    Compiling serde_derive v1.0.118
[INFO] [stderr]    Compiling docopt v1.1.0
[INFO] [stderr]    Compiling string_cache v0.8.1
[INFO] [stderr]    Compiling lalrpop v0.19.1
[INFO] [stderr]    Compiling assert_cmd v0.10.2
[INFO] [stderr]    Compiling advent_02 v0.1.0 (/opt/rustwide/workdir/02)
[INFO] [stderr]    Compiling advent_09 v0.1.0 (/opt/rustwide/workdir/09)
[INFO] [stderr]    Compiling advent_11 v0.1.0 (/opt/rustwide/workdir/11)
[INFO] [stderr]    Compiling advent_05 v0.1.0 (/opt/rustwide/workdir/05)
[INFO] [stderr]    Compiling advent_07 v0.1.0 (/opt/rustwide/workdir/07)
[INFO] [stderr]    Compiling advent_15 v0.1.0 (/opt/rustwide/workdir/15)
[INFO] [stderr]    Compiling advent_04 v0.1.0 (/opt/rustwide/workdir/04)
[INFO] [stderr]    Compiling advent_13 v0.1.0 (/opt/rustwide/workdir/13)
[INFO] [stderr]    Compiling advent_23 v0.1.0 (/opt/rustwide/workdir/23)
[INFO] [stderr]    Compiling advent_22 v0.1.0 (/opt/rustwide/workdir/22)
[INFO] [stderr]    Compiling advent_01 v0.1.0 (/opt/rustwide/workdir/01)
[INFO] [stderr]    Compiling advent_17 v0.1.0 (/opt/rustwide/workdir/17)
[INFO] [stderr]    Compiling advent_10 v0.1.0 (/opt/rustwide/workdir/10)
[INFO] [stderr]    Compiling advent_24 v0.1.0 (/opt/rustwide/workdir/24)
[INFO] [stderr]    Compiling advent_21 v0.1.0 (/opt/rustwide/workdir/21)
[INFO] [stderr]    Compiling advent_25 v0.1.0 (/opt/rustwide/workdir/25)
[INFO] [stderr]    Compiling advent_19 v0.1.0 (/opt/rustwide/workdir/19)
[INFO] [stderr]    Compiling advent_08 v0.1.0 (/opt/rustwide/workdir/08)
[INFO] [stderr]    Compiling advent_16 v0.1.0 (/opt/rustwide/workdir/16)
[INFO] [stderr]    Compiling advent_12 v0.1.0 (/opt/rustwide/workdir/12)
[INFO] [stderr]    Compiling advent_03 v0.1.0 (/opt/rustwide/workdir/03)
[INFO] [stderr]    Compiling advent_14 v0.1.0 (/opt/rustwide/workdir/14)
[INFO] [stderr]    Compiling advent_06 v0.1.0 (/opt/rustwide/workdir/06)
[INFO] [stderr]    Compiling advent_20 v0.1.0 (/opt/rustwide/workdir/20)
[INFO] [stderr]    Compiling advent_18 v0.1.0 (/opt/rustwide/workdir/18)
[INFO] [stderr]     Finished test [unoptimized + debuginfo] target(s) in 15.58s
[INFO] [stderr] warning: the following packages contain code that will be rejected by a future version of Rust: lalrpop v0.19.1
[INFO] [stderr] note: to see what the problems were, use the option `--future-incompat-report`, or run `cargo report future-incompatibilities --id 2`
[INFO] running `Command { std: "docker" "inspect" "943eb31669882ee9b99400ce93b4dbc4ba20ec5141bf7728d4514957d48ccf12", kill_on_drop: false }`
[INFO] running `Command { std: "docker" "rm" "-f" "943eb31669882ee9b99400ce93b4dbc4ba20ec5141bf7728d4514957d48ccf12", kill_on_drop: false }`
[INFO] [stdout] 943eb31669882ee9b99400ce93b4dbc4ba20ec5141bf7728d4514957d48ccf12
[INFO] running `Command { std: "docker" "create" "-v" "/var/lib/crater-agent-workspace/builds/worker-6-tc1/target:/opt/rustwide/target:rw,Z" "-v" "/var/lib/crater-agent-workspace/builds/worker-6-tc1/source:/opt/rustwide/workdir:ro,Z" "-v" "/var/lib/crater-agent-workspace/cargo-home:/opt/rustwide/cargo-home:ro,Z" "-v" "/var/lib/crater-agent-workspace/rustup-home:/opt/rustwide/rustup-home:ro,Z" "-e" "SOURCE_DIR=/opt/rustwide/workdir" "-e" "CARGO_TARGET_DIR=/opt/rustwide/target" "-e" "CARGO_INCREMENTAL=0" "-e" "RUST_BACKTRACE=full" "-e" "RUSTFLAGS=--cap-lints=warn" "-e" "RUSTDOCFLAGS=--cap-lints=warn" "-e" "CARGO_HOME=/opt/rustwide/cargo-home" "-e" "RUSTUP_HOME=/opt/rustwide/rustup-home" "-w" "/opt/rustwide/workdir" "-m" "1610612736" "--user" "0:0" "--network" "none" "ghcr.io/rust-lang/crates-build-env/linux@sha256:2788e3201cd34a07e3172128adcd8b3090168a8e3bcc40d7c032b9dda1df7d1c" "/opt/rustwide/cargo-home/bin/cargo" "+1.75.0" "test" "--frozen", kill_on_drop: false }`
[INFO] [stdout] f2ffb107a7a512c34567cc72517733dba0979da2d3f4fe028c6c4419559d749c
[INFO] running `Command { std: "docker" "start" "-a" "f2ffb107a7a512c34567cc72517733dba0979da2d3f4fe028c6c4419559d749c", kill_on_drop: false }`
[INFO] [stderr]     Finished test [unoptimized + debuginfo] target(s) in 0.09s
[INFO] [stderr] warning: the following packages contain code that will be rejected by a future version of Rust: lalrpop v0.19.1
[INFO] [stderr] note: to see what the problems were, use the option `--future-incompat-report`, or run `cargo report future-incompatibilities --id 2`
[INFO] [stderr]      Running unittests src/main.rs (/opt/rustwide/target/debug/deps/advent_01-a63de64e29f19d17)
[INFO] [stdout] 
[INFO] [stdout] running 0 tests
[INFO] [stdout] 
[INFO] [stdout] test result: ok. 0 passed; 0 failed; 0 ignored; 0 measured; 0 filtered out; finished in 0.00s
[INFO] [stdout] 
[INFO] [stderr]      Running tests/main.rs (/opt/rustwide/target/debug/deps/main-1370bac6562bef91)
[INFO] [stdout] 
[INFO] [stdout] running 1 test
[INFO] [stdout] test personal_input ... ok
[INFO] [stdout] 
[INFO] [stdout] test result: ok. 1 passed; 0 failed; 0 ignored; 0 measured; 0 filtered out; finished in 3.06s
[INFO] [stdout] 
[INFO] [stderr]      Running unittests src/main.rs (/opt/rustwide/target/debug/deps/advent_02-adf11c016d3593f5)
[INFO] [stdout] 
[INFO] [stdout] running 0 tests
[INFO] [stdout] 
[INFO] [stdout] test result: ok. 0 passed; 0 failed; 0 ignored; 0 measured; 0 filtered out; finished in 0.00s
[INFO] [stdout] 
[INFO] [stderr]      Running tests/main.rs (/opt/rustwide/target/debug/deps/main-e700dc0e932d8304)
[INFO] [stdout] 
[INFO] [stdout] running 1 test
[INFO] [stdout] test personal_input ... ok
[INFO] [stdout] 
[INFO] [stdout] test result: ok. 1 passed; 0 failed; 0 ignored; 0 measured; 0 filtered out; finished in 0.69s
[INFO] [stdout] 
[INFO] [stderr]      Running unittests src/main.rs (/opt/rustwide/target/debug/deps/advent_03-87dcd66f2539fd80)
[INFO] [stdout] 
[INFO] [stdout] running 0 tests
[INFO] [stdout] 
[INFO] [stdout] test result: ok. 0 passed; 0 failed; 0 ignored; 0 measured; 0 filtered out; finished in 0.00s
[INFO] [stdout] 
[INFO] [stderr]      Running tests/main.rs (/opt/rustwide/target/debug/deps/main-68fa501274ca00cf)
[INFO] [stdout] 
[INFO] [stdout] running 1 test
[INFO] [stdout] test personal_input ... ok
[INFO] [stdout] 
[INFO] [stdout] test result: ok. 1 passed; 0 failed; 0 ignored; 0 measured; 0 filtered out; finished in 0.41s
[INFO] [stdout] 
[INFO] [stderr]      Running unittests src/main.rs (/opt/rustwide/target/debug/deps/advent_04-22b2e257dc9c9540)
[INFO] [stdout] 
[INFO] [stdout] running 0 tests
[INFO] [stdout] 
[INFO] [stdout] test result: ok. 0 passed; 0 failed; 0 ignored; 0 measured; 0 filtered out; finished in 0.00s
[INFO] [stdout] 
[INFO] [stderr]      Running tests/main.rs (/opt/rustwide/target/debug/deps/main-0c5360b513584e9c)
[INFO] [stdout] 
[INFO] [stdout] running 1 test
[INFO] [stdout] test personal_input ... ok
[INFO] [stdout] 
[INFO] [stdout] test result: ok. 1 passed; 0 failed; 0 ignored; 0 measured; 0 filtered out; finished in 0.56s
[INFO] [stdout] 
[INFO] [stderr]      Running unittests src/main.rs (/opt/rustwide/target/debug/deps/advent_05-e88b05f786d10797)
[INFO] [stdout] 
[INFO] [stdout] running 0 tests
[INFO] [stdout] 
[INFO] [stdout] test result: ok. 0 passed; 0 failed; 0 ignored; 0 measured; 0 filtered out; finished in 0.00s
[INFO] [stdout] 
[INFO] [stderr]      Running tests/main.rs (/opt/rustwide/target/debug/deps/main-832580b7bb238085)
[INFO] [stdout] 
[INFO] [stdout] running 1 test
[INFO] [stdout] test personal_input ... ok
[INFO] [stdout] 
[INFO] [stdout] test result: ok. 1 passed; 0 failed; 0 ignored; 0 measured; 0 filtered out; finished in 0.48s
[INFO] [stdout] 
[INFO] [stderr]      Running unittests src/main.rs (/opt/rustwide/target/debug/deps/advent_06-e31748f01228ffb7)
[INFO] [stdout] 
[INFO] [stdout] running 0 tests
[INFO] [stdout] 
[INFO] [stdout] test result: ok. 0 passed; 0 failed; 0 ignored; 0 measured; 0 filtered out; finished in 0.00s
[INFO] [stdout] 
[INFO] [stderr]      Running tests/main.rs (/opt/rustwide/target/debug/deps/main-07b0079ff123f3fc)
[INFO] [stdout] 
[INFO] [stdout] running 1 test
[INFO] [stdout] test personal_input ... ok
[INFO] [stdout] 
[INFO] [stdout] test result: ok. 1 passed; 0 failed; 0 ignored; 0 measured; 0 filtered out; finished in 0.94s
[INFO] [stdout] 
[INFO] [stderr]      Running unittests src/main.rs (/opt/rustwide/target/debug/deps/advent_07-07387993ccdddce3)
[INFO] [stdout] 
[INFO] [stdout] running 0 tests
[INFO] [stdout] 
[INFO] [stdout] test result: ok. 0 passed; 0 failed; 0 ignored; 0 measured; 0 filtered out; finished in 0.00s
[INFO] [stdout] 
[INFO] [stderr]      Running tests/main.rs (/opt/rustwide/target/debug/deps/main-02df13d83276f109)
[INFO] [stdout] 
[INFO] [stdout] running 1 test
[INFO] [stdout] test personal_input ... ok
[INFO] [stdout] 
[INFO] [stdout] test result: ok. 1 passed; 0 failed; 0 ignored; 0 measured; 0 filtered out; finished in 0.74s
[INFO] [stdout] 
[INFO] [stderr]      Running unittests src/main.rs (/opt/rustwide/target/debug/deps/advent_08-a438cbe91dfc2f14)
[INFO] [stdout] 
[INFO] [stdout] running 0 tests
[INFO] [stdout] 
[INFO] [stdout] test result: ok. 0 passed; 0 failed; 0 ignored; 0 measured; 0 filtered out; finished in 0.00s
[INFO] [stdout] 
[INFO] [stderr]      Running tests/main.rs (/opt/rustwide/target/debug/deps/main-18bee1b5ce98caa8)
[INFO] [stdout] 
[INFO] [stdout] running 1 test
[INFO] [stdout] test personal_input ... ok
[INFO] [stdout] 
[INFO] [stdout] test result: ok. 1 passed; 0 failed; 0 ignored; 0 measured; 0 filtered out; finished in 0.51s
[INFO] [stdout] 
[INFO] [stderr]      Running unittests src/main.rs (/opt/rustwide/target/debug/deps/advent_09-21c66f3ffd2a3ecd)
[INFO] [stdout] 
[INFO] [stdout] running 0 tests
[INFO] [stdout] 
[INFO] [stdout] test result: ok. 0 passed; 0 failed; 0 ignored; 0 measured; 0 filtered out; finished in 0.00s
[INFO] [stdout] 
[INFO] [stderr]      Running tests/main.rs (/opt/rustwide/target/debug/deps/main-231ac5ed2a51a99e)
[INFO] [stdout] 
[INFO] [stdout] running 1 test
[INFO] [stdout] test personal_input ... ok
[INFO] [stdout] 
[INFO] [stdout] test result: ok. 1 passed; 0 failed; 0 ignored; 0 measured; 0 filtered out; finished in 0.46s
[INFO] [stdout] 
[INFO] [stderr]      Running unittests src/main.rs (/opt/rustwide/target/debug/deps/advent_10-87d334b68b4727d1)
[INFO] [stdout] 
[INFO] [stdout] running 0 tests
[INFO] [stdout] 
[INFO] [stdout] test result: ok. 0 passed; 0 failed; 0 ignored; 0 measured; 0 filtered out; finished in 0.00s
[INFO] [stdout] 
[INFO] [stderr]      Running tests/main.rs (/opt/rustwide/target/debug/deps/main-6893f08c5e5b383b)
[INFO] [stdout] 
[INFO] [stdout] running 1 test
[INFO] [stdout] test personal_input ... ok
[INFO] [stdout] 
[INFO] [stdout] test result: ok. 1 passed; 0 failed; 0 ignored; 0 measured; 0 filtered out; finished in 0.47s
[INFO] [stdout] 
[INFO] [stderr]      Running unittests src/main.rs (/opt/rustwide/target/debug/deps/advent_11-bda081f82c79a747)
[INFO] [stdout] 
[INFO] [stdout] running 0 tests
[INFO] [stdout] 
[INFO] [stdout] test result: ok. 0 passed; 0 failed; 0 ignored; 0 measured; 0 filtered out; finished in 0.00s
[INFO] [stdout] 
[INFO] [stderr]      Running tests/main.rs (/opt/rustwide/target/debug/deps/main-89ae0e525582af37)
[INFO] [stdout] 
[INFO] [stdout] running 1 test
[INFO] [stdout] test personal_input ... ok
[INFO] [stdout] 
[INFO] [stdout] test result: ok. 1 passed; 0 failed; 0 ignored; 0 measured; 0 filtered out; finished in 0.88s
[INFO] [stdout] 
[INFO] [stderr]      Running unittests src/main.rs (/opt/rustwide/target/debug/deps/advent_12-e05232db4e094328)
[INFO] [stdout] 
[INFO] [stdout] running 0 tests
[INFO] [stdout] 
[INFO] [stdout] test result: ok. 0 passed; 0 failed; 0 ignored; 0 measured; 0 filtered out; finished in 0.00s
[INFO] [stdout] 
[INFO] [stderr]      Running tests/main.rs (/opt/rustwide/target/debug/deps/main-449aad5cbda02655)
[INFO] [stdout] 
[INFO] [stdout] running 1 test
[INFO] [stdout] test personal_input ... ok
[INFO] [stdout] 
[INFO] [stdout] test result: ok. 1 passed; 0 failed; 0 ignored; 0 measured; 0 filtered out; finished in 0.38s
[INFO] [stdout] 
[INFO] [stderr]      Running unittests src/main.rs (/opt/rustwide/target/debug/deps/advent_13-45b0b120e06223b2)
[INFO] [stdout] 
[INFO] [stdout] running 0 tests
[INFO] [stdout] 
[INFO] [stdout] test result: ok. 0 passed; 0 failed; 0 ignored; 0 measured; 0 filtered out; finished in 0.00s
[INFO] [stdout] 
[INFO] [stderr]      Running tests/main.rs (/opt/rustwide/target/debug/deps/main-649b12dc10e1b383)
[INFO] [stdout] 
[INFO] [stdout] running 1 test
[INFO] [stdout] test personal_input ... ok
[INFO] [stdout] 
[INFO] [stdout] test result: ok. 1 passed; 0 failed; 0 ignored; 0 measured; 0 filtered out; finished in 0.40s
[INFO] [stdout] 
[INFO] [stderr]      Running unittests src/main.rs (/opt/rustwide/target/debug/deps/advent_14-5e6c6192e6368ed4)
[INFO] [stdout] 
[INFO] [stdout] running 0 tests
[INFO] [stdout] 
[INFO] [stdout] test result: ok. 0 passed; 0 failed; 0 ignored; 0 measured; 0 filtered out; finished in 0.00s
[INFO] [stdout] 
[INFO] [stderr]      Running tests/main.rs (/opt/rustwide/target/debug/deps/main-beb4baefa9c91a19)
[INFO] [stdout] 
[INFO] [stdout] running 1 test
[INFO] [stdout] test personal_input ... ok
[INFO] [stdout] 
[INFO] [stdout] test result: ok. 1 passed; 0 failed; 0 ignored; 0 measured; 0 filtered out; finished in 0.54s
[INFO] [stdout] 
[INFO] [stderr]      Running unittests src/main.rs (/opt/rustwide/target/debug/deps/advent_15-3ac4d8cbf38272f2)
[INFO] [stdout] 
[INFO] [stdout] running 0 tests
[INFO] [stdout] 
[INFO] [stdout] test result: ok. 0 passed; 0 failed; 0 ignored; 0 measured; 0 filtered out; finished in 0.00s
[INFO] [stdout] 
[INFO] [stderr]      Running tests/main.rs (/opt/rustwide/target/debug/deps/main-12d4c82cc8b34bd9)
[INFO] [stdout] 
[INFO] [stdout] running 1 test
[INFO] [stdout] test personal_input ... ok
[INFO] [stdout] 
[INFO] [stdout] test result: ok. 1 passed; 0 failed; 0 ignored; 0 measured; 0 filtered out; finished in 41.31s
[INFO] [stdout] 
[INFO] [stderr]      Running unittests src/main.rs (/opt/rustwide/target/debug/deps/advent_16-d667a07f3341bcb3)
[INFO] [stdout] 
[INFO] [stdout] running 0 tests
[INFO] [stdout] 
[INFO] [stdout] test result: ok. 0 passed; 0 failed; 0 ignored; 0 measured; 0 filtered out; finished in 0.00s
[INFO] [stdout] 
[INFO] [stderr]      Running tests/main.rs (/opt/rustwide/target/debug/deps/main-1120bb2b3bc9e009)
[INFO] [stdout] 
[INFO] [stdout] running 1 test
[INFO] [stdout] test personal_input ... ok
[INFO] [stdout] 
[INFO] [stdout] test result: ok. 1 passed; 0 failed; 0 ignored; 0 measured; 0 filtered out; finished in 0.56s
[INFO] [stdout] 
[INFO] [stderr]      Running unittests src/main.rs (/opt/rustwide/target/debug/deps/advent_17-87e077407878d8c3)
[INFO] [stdout] 
[INFO] [stdout] running 0 tests
[INFO] [stdout] 
[INFO] [stdout] test result: ok. 0 passed; 0 failed; 0 ignored; 0 measured; 0 filtered out; finished in 0.00s
[INFO] [stdout] 
[INFO] [stderr]      Running tests/main.rs (/opt/rustwide/target/debug/deps/main-84b3e9de0c53b21e)
[INFO] [stdout] 
[INFO] [stdout] running 1 test
[INFO] [stdout] test personal_input ... ok
[INFO] [stdout] 
[INFO] [stdout] test result: ok. 1 passed; 0 failed; 0 ignored; 0 measured; 0 filtered out; finished in 4.42s
[INFO] [stdout] 
[INFO] [stderr]      Running unittests src/main.rs (/opt/rustwide/target/debug/deps/advent_18-109424f433b6f542)
[INFO] [stdout] 
[INFO] [stdout] running 0 tests
[INFO] [stdout] 
[INFO] [stdout] test result: ok. 0 passed; 0 failed; 0 ignored; 0 measured; 0 filtered out; finished in 0.00s
[INFO] [stdout] 
[INFO] [stderr]      Running tests/main.rs (/opt/rustwide/target/debug/deps/main-c1a1a3ab352ce9f8)
[INFO] [stdout] 
[INFO] [stdout] running 1 test
[INFO] [stdout] test personal_input ... ok
[INFO] [stdout] 
[INFO] [stdout] test result: ok. 1 passed; 0 failed; 0 ignored; 0 measured; 0 filtered out; finished in 21.28s
[INFO] [stdout] 
[INFO] [stderr]      Running unittests src/main.rs (/opt/rustwide/target/debug/deps/advent_19-6ad1ec44d8f1e350)
[INFO] [stdout] 
[INFO] [stdout] running 0 tests
[INFO] [stdout] 
[INFO] [stdout] test result: ok. 0 passed; 0 failed; 0 ignored; 0 measured; 0 filtered out; finished in 0.00s
[INFO] [stdout] 
[INFO] [stderr]      Running tests/main.rs (/opt/rustwide/target/debug/deps/main-a5e46a84bc2ac65c)
[INFO] [stdout] 
[INFO] [stdout] running 1 test
[INFO] [stdout] test personal_input ... ok
[INFO] [stdout] 
[INFO] [stdout] test result: ok. 1 passed; 0 failed; 0 ignored; 0 measured; 0 filtered out; finished in 1.17s
[INFO] [stdout] 
[INFO] [stderr]      Running unittests src/main.rs (/opt/rustwide/target/debug/deps/advent_20-334cdd874ac808d7)
[INFO] [stdout] 
[INFO] [stdout] running 0 tests
[INFO] [stdout] 
[INFO] [stdout] test result: ok. 0 passed; 0 failed; 0 ignored; 0 measured; 0 filtered out; finished in 0.00s
[INFO] [stdout] 
[INFO] [stderr]      Running tests/main.rs (/opt/rustwide/target/debug/deps/main-08aa6f5971faef24)
[INFO] [stdout] 
[INFO] [stdout] running 1 test
[INFO] [stdout] test personal_input ... ok
[INFO] [stdout] 
[INFO] [stdout] test result: ok. 1 passed; 0 failed; 0 ignored; 0 measured; 0 filtered out; finished in 1.56s
[INFO] [stdout] 
[INFO] [stderr]      Running unittests src/main.rs (/opt/rustwide/target/debug/deps/advent_21-323740eb98ea7eb9)
[INFO] [stdout] 
[INFO] [stdout] running 0 tests
[INFO] [stdout] 
[INFO] [stdout] test result: ok. 0 passed; 0 failed; 0 ignored; 0 measured; 0 filtered out; finished in 0.00s
[INFO] [stdout] 
[INFO] [stderr]      Running tests/main.rs (/opt/rustwide/target/debug/deps/main-e7e211b260bb1c20)
[INFO] [stdout] 
[INFO] [stdout] running 1 test
[INFO] [stdout] test personal_input ... ok
[INFO] [stdout] 
[INFO] [stdout] test result: ok. 1 passed; 0 failed; 0 ignored; 0 measured; 0 filtered out; finished in 0.66s
[INFO] [stdout] 
[INFO] [stderr]      Running unittests src/main.rs (/opt/rustwide/target/debug/deps/advent_22-b5a0f34132009a0f)
[INFO] [stdout] 
[INFO] [stdout] running 0 tests
[INFO] [stdout] 
[INFO] [stdout] test result: ok. 0 passed; 0 failed; 0 ignored; 0 measured; 0 filtered out; finished in 0.00s
[INFO] [stdout] 
[INFO] [stderr]      Running tests/main.rs (/opt/rustwide/target/debug/deps/main-cb2db6d7a716951a)
[INFO] [stdout] 
[INFO] [stdout] running 1 test
[INFO] [stdout] test personal_input ... ok
[INFO] [stdout] 
[INFO] [stdout] test result: ok. 1 passed; 0 failed; 0 ignored; 0 measured; 0 filtered out; finished in 5.65s
[INFO] [stdout] 
[INFO] [stderr]      Running unittests src/main.rs (/opt/rustwide/target/debug/deps/advent_23-5d089c50361e99d1)
[INFO] [stdout] 
[INFO] [stdout] running 0 tests
[INFO] [stdout] 
[INFO] [stdout] test result: ok. 0 passed; 0 failed; 0 ignored; 0 measured; 0 filtered out; finished in 0.00s
[INFO] [stdout] 
[INFO] [stderr]      Running tests/main.rs (/opt/rustwide/target/debug/deps/main-a9f0c1ced47afc89)
[INFO] [stdout] 
[INFO] [stdout] running 1 test
[INFO] [stdout] test personal_input ... ok
[INFO] [stdout] 
[INFO] [stdout] test result: ok. 1 passed; 0 failed; 0 ignored; 0 measured; 0 filtered out; finished in 11.72s
[INFO] [stdout] 
[INFO] [stderr]      Running unittests src/main.rs (/opt/rustwide/target/debug/deps/advent_24-1fe677a075d0a78c)
[INFO] [stdout] 
[INFO] [stdout] running 0 tests
[INFO] [stdout] 
[INFO] [stdout] test result: ok. 0 passed; 0 failed; 0 ignored; 0 measured; 0 filtered out; finished in 0.00s
[INFO] [stdout] 
[INFO] [stderr]      Running tests/main.rs (/opt/rustwide/target/debug/deps/main-aade88ccbf2a5c0c)
[INFO] [stdout] 
[INFO] [stdout] running 1 test
[INFO] [stdout] test personal_input ... ok
[INFO] [stdout] 
[INFO] [stdout] test result: ok. 1 passed; 0 failed; 0 ignored; 0 measured; 0 filtered out; finished in 2.56s
[INFO] [stdout] 
[INFO] [stderr]      Running unittests src/main.rs (/opt/rustwide/target/debug/deps/advent_25-67bf954933ede6d6)
[INFO] [stdout] 
[INFO] [stdout] running 0 tests
[INFO] [stdout] 
[INFO] [stdout] test result: ok. 0 passed; 0 failed; 0 ignored; 0 measured; 0 filtered out; finished in 0.00s
[INFO] [stdout] 
[INFO] [stderr]      Running tests/main.rs (/opt/rustwide/target/debug/deps/main-32ad195d03b2a4af)
[INFO] [stdout] 
[INFO] [stdout] running 1 test
[INFO] [stdout] test personal_input ... FAILED
[INFO] [stdout] 
[INFO] [stdout] failures:
[INFO] [stdout] 
[INFO] [stdout] ---- personal_input stdout ----
[INFO] [stdout] Error: CargoError { cause: Some(CargoError { kind: CommandFailed, context: Some("error: no bin target named `advent_23`\n\n\tDid you mean `advent_25`?\n"), cause: None }) }
[INFO] [stdout] 
[INFO] [stdout] 
[INFO] [stdout] failures:
[INFO] [stdout]     personal_input
[INFO] [stdout] 
[INFO] [stdout] test result: FAILED. 0 passed; 1 failed; 0 ignored; 0 measured; 0 filtered out; finished in 0.08s
[INFO] [stdout] 
[INFO] [stderr] error: test failed, to rerun pass `-p advent_25 --test main`
[INFO] running `Command { std: "docker" "inspect" "f2ffb107a7a512c34567cc72517733dba0979da2d3f4fe028c6c4419559d749c", kill_on_drop: false }`
[INFO] running `Command { std: "docker" "rm" "-f" "f2ffb107a7a512c34567cc72517733dba0979da2d3f4fe028c6c4419559d749c", kill_on_drop: false }`
[INFO] [stdout] f2ffb107a7a512c34567cc72517733dba0979da2d3f4fe028c6c4419559d749c
[INFO] testing IreneKnapp/2020-advent-of-code against beta-2023-12-22 for beta-1.76-1
[INFO] running `Command { std: "git" "clone" "/workspace/cache/git-repos/https%3A%2F%2Fgithub.com%2FIreneKnapp%2F2020-advent-of-code" "/workspace/builds/worker-6-tc2/source", kill_on_drop: false }`
[INFO] [stderr] Cloning into '/workspace/builds/worker-6-tc2/source'...
[INFO] [stderr] done.
[INFO] validating manifest of git repo https://github.com/IreneKnapp/2020-advent-of-code on toolchain beta-2023-12-22
[INFO] running `Command { std: CARGO_HOME="/workspace/cargo-home" RUSTUP_HOME="/workspace/rustup-home" "/workspace/cargo-home/bin/cargo" "+beta-2023-12-22" "metadata" "--manifest-path" "Cargo.toml" "--no-deps", kill_on_drop: false }`
[INFO] started tweaking git repo https://github.com/IreneKnapp/2020-advent-of-code
[INFO] finished tweaking git repo https://github.com/IreneKnapp/2020-advent-of-code
[INFO] tweaked toml for git repo https://github.com/IreneKnapp/2020-advent-of-code written to /workspace/builds/worker-6-tc2/source/Cargo.toml
[INFO] crate git repo https://github.com/IreneKnapp/2020-advent-of-code already has a lockfile, it will not be regenerated
[INFO] running `Command { std: CARGO_HOME="/workspace/cargo-home" RUSTUP_HOME="/workspace/rustup-home" "/workspace/cargo-home/bin/cargo" "+beta-2023-12-22" "fetch" "--manifest-path" "Cargo.toml", kill_on_drop: false }`
[INFO] running `Command { std: "docker" "create" "-v" "/var/lib/crater-agent-workspace/builds/worker-6-tc2/target:/opt/rustwide/target:rw,Z" "-v" "/var/lib/crater-agent-workspace/builds/worker-6-tc2/source:/opt/rustwide/workdir:ro,Z" "-v" "/var/lib/crater-agent-workspace/cargo-home:/opt/rustwide/cargo-home:ro,Z" "-v" "/var/lib/crater-agent-workspace/rustup-home:/opt/rustwide/rustup-home:ro,Z" "-e" "SOURCE_DIR=/opt/rustwide/workdir" "-e" "CARGO_TARGET_DIR=/opt/rustwide/target" "-e" "CARGO_HOME=/opt/rustwide/cargo-home" "-e" "RUSTUP_HOME=/opt/rustwide/rustup-home" "-w" "/opt/rustwide/workdir" "-m" "1610612736" "--user" "0:0" "--network" "none" "ghcr.io/rust-lang/crates-build-env/linux@sha256:2788e3201cd34a07e3172128adcd8b3090168a8e3bcc40d7c032b9dda1df7d1c" "/opt/rustwide/cargo-home/bin/cargo" "+beta-2023-12-22" "metadata" "--no-deps" "--format-version=1", kill_on_drop: false }`
[INFO] [stdout] f28269fe9cc91207143f5d9029869822dd51d4ca409038bc5284e2d56acc7034
[INFO] running `Command { std: "docker" "start" "-a" "f28269fe9cc91207143f5d9029869822dd51d4ca409038bc5284e2d56acc7034", kill_on_drop: false }`
[INFO] running `Command { std: "docker" "inspect" "f28269fe9cc91207143f5d9029869822dd51d4ca409038bc5284e2d56acc7034", kill_on_drop: false }`
[INFO] running `Command { std: "docker" "rm" "-f" "f28269fe9cc91207143f5d9029869822dd51d4ca409038bc5284e2d56acc7034", kill_on_drop: false }`
[INFO] [stdout] f28269fe9cc91207143f5d9029869822dd51d4ca409038bc5284e2d56acc7034
[INFO] running `Command { std: "docker" "create" "-v" "/var/lib/crater-agent-workspace/builds/worker-6-tc2/target:/opt/rustwide/target:rw,Z" "-v" "/var/lib/crater-agent-workspace/builds/worker-6-tc2/source:/opt/rustwide/workdir:ro,Z" "-v" "/var/lib/crater-agent-workspace/cargo-home:/opt/rustwide/cargo-home:ro,Z" "-v" "/var/lib/crater-agent-workspace/rustup-home:/opt/rustwide/rustup-home:ro,Z" "-e" "SOURCE_DIR=/opt/rustwide/workdir" "-e" "CARGO_TARGET_DIR=/opt/rustwide/target" "-e" "CARGO_INCREMENTAL=0" "-e" "RUST_BACKTRACE=full" "-e" "RUSTFLAGS=--cap-lints=warn" "-e" "RUSTDOCFLAGS=--cap-lints=warn" "-e" "CARGO_HOME=/opt/rustwide/cargo-home" "-e" "RUSTUP_HOME=/opt/rustwide/rustup-home" "-w" "/opt/rustwide/workdir" "-m" "1610612736" "--user" "0:0" "--network" "none" "ghcr.io/rust-lang/crates-build-env/linux@sha256:2788e3201cd34a07e3172128adcd8b3090168a8e3bcc40d7c032b9dda1df7d1c" "/opt/rustwide/cargo-home/bin/cargo" "+beta-2023-12-22" "build" "--frozen" "--message-format=json", kill_on_drop: false }`
[INFO] [stdout] f688e088cdbb90af1ef280b64f99366f3463296a4b78cd2536fe4923d79728c4
[INFO] running `Command { std: "docker" "start" "-a" "f688e088cdbb90af1ef280b64f99366f3463296a4b78cd2536fe4923d79728c4", kill_on_drop: false }`
[INFO] [stderr]    Compiling memchr v2.3.4
[INFO] [stderr]    Compiling regex-syntax v0.6.21
[INFO] [stderr]    Compiling proc-macro2 v1.0.24
[INFO] [stderr]    Compiling unicode-xid v0.2.1
[INFO] [stderr]    Compiling syn v1.0.53
[INFO] [stderr]    Compiling typenum v1.12.0
[INFO] [stderr]    Compiling libc v0.2.81
[INFO] [stderr]    Compiling byteorder v1.3.4
[INFO] [stderr]    Compiling serde_derive v1.0.118
[INFO] [stderr]    Compiling serde v1.0.118
[INFO] [stderr]    Compiling log v0.4.11
[INFO] [stderr]    Compiling byte-tools v0.3.1
[INFO] [stderr]    Compiling cfg-if v0.1.10
[INFO] [stderr]    Compiling siphasher v0.3.3
[INFO] [stderr]    Compiling thread_local v1.0.1
[INFO] [stderr]    Compiling indexmap v1.6.1
[INFO] [stderr]    Compiling block-padding v0.1.5
[INFO] [stderr]    Compiling hashbrown v0.9.1
[INFO] [stderr]    Compiling precomputed-hash v0.1.1
[INFO] [stderr]    Compiling bit-vec v0.6.3
[INFO] [stderr]    Compiling either v1.6.1
[INFO] [stderr]    Compiling phf_shared v0.8.0
[INFO] [stderr]    Compiling fixedbitset v0.2.0
[INFO] [stderr]    Compiling opaque-debug v0.2.3
[INFO] [stderr]    Compiling new_debug_unreachable v1.0.4
[INFO] [stderr]    Compiling strsim v0.9.3
[INFO] [stderr]    Compiling fake-simd v0.1.2
[INFO] [stderr]    Compiling bit-set v0.5.2
[INFO] [stderr]    Compiling itertools v0.9.0
[INFO] [stderr]    Compiling ena v0.14.0
[INFO] [stderr]    Compiling diff v0.1.12
[INFO] [stderr]    Compiling aho-corasick v0.7.15
[INFO] [stderr]    Compiling quote v1.0.7
[INFO] [stderr]    Compiling petgraph v0.5.1
[INFO] [stderr]    Compiling dirs v1.0.5
[INFO] [stderr]    Compiling atty v0.2.14
[INFO] [stderr]    Compiling term v0.5.2
[INFO] [stderr]    Compiling ascii-canvas v2.0.0
[INFO] [stderr]    Compiling generic-array v0.12.3
[INFO] [stderr]    Compiling digest v0.8.1
[INFO] [stderr]    Compiling block-buffer v0.7.3
[INFO] [stderr]    Compiling sha2 v0.8.2
[INFO] [stderr]    Compiling regex v1.4.2
[INFO] [stderr]    Compiling lalrpop-util v0.19.1
[INFO] [stderr]    Compiling advent_lib v0.1.0 (/opt/rustwide/workdir/lib)
[INFO] [stderr]    Compiling advent_22 v0.1.0 (/opt/rustwide/workdir/22)
[INFO] [stderr]    Compiling advent_02 v0.1.0 (/opt/rustwide/workdir/02)
[INFO] [stderr]    Compiling advent_03 v0.1.0 (/opt/rustwide/workdir/03)
[INFO] [stderr]    Compiling advent_11 v0.1.0 (/opt/rustwide/workdir/11)
[INFO] [stderr]    Compiling advent_07 v0.1.0 (/opt/rustwide/workdir/07)
[INFO] [stderr]    Compiling advent_21 v0.1.0 (/opt/rustwide/workdir/21)
[INFO] [stderr]    Compiling advent_04 v0.1.0 (/opt/rustwide/workdir/04)
[INFO] [stderr]    Compiling advent_10 v0.1.0 (/opt/rustwide/workdir/10)
[INFO] [stderr]    Compiling advent_12 v0.1.0 (/opt/rustwide/workdir/12)
[INFO] [stderr]    Compiling advent_19 v0.1.0 (/opt/rustwide/workdir/19)
[INFO] [stderr]    Compiling advent_23 v0.1.0 (/opt/rustwide/workdir/23)
[INFO] [stderr]    Compiling advent_24 v0.1.0 (/opt/rustwide/workdir/24)
[INFO] [stderr]    Compiling advent_14 v0.1.0 (/opt/rustwide/workdir/14)
[INFO] [stderr]    Compiling advent_09 v0.1.0 (/opt/rustwide/workdir/09)
[INFO] [stderr]    Compiling advent_20 v0.1.0 (/opt/rustwide/workdir/20)
[INFO] [stderr]    Compiling advent_06 v0.1.0 (/opt/rustwide/workdir/06)
[INFO] [stderr]    Compiling advent_15 v0.1.0 (/opt/rustwide/workdir/15)
[INFO] [stderr]    Compiling advent_05 v0.1.0 (/opt/rustwide/workdir/05)
[INFO] [stderr]    Compiling advent_17 v0.1.0 (/opt/rustwide/workdir/17)
[INFO] [stderr]    Compiling advent_01 v0.1.0 (/opt/rustwide/workdir/01)
[INFO] [stderr]    Compiling advent_13 v0.1.0 (/opt/rustwide/workdir/13)
[INFO] [stderr]    Compiling advent_08 v0.1.0 (/opt/rustwide/workdir/08)
[INFO] [stderr]    Compiling advent_25 v0.1.0 (/opt/rustwide/workdir/25)
[INFO] [stderr]    Compiling advent_16 v0.1.0 (/opt/rustwide/workdir/16)
[INFO] [stderr]    Compiling string_cache v0.8.1
[INFO] [stderr]    Compiling docopt v1.1.0
[INFO] [stderr]    Compiling lalrpop v0.19.1
[INFO] [stderr]    Compiling advent_18 v0.1.0 (/opt/rustwide/workdir/18)
[INFO] [stderr]     Finished dev [unoptimized + debuginfo] target(s) in 13.44s
[INFO] [stderr] warning: the following packages contain code that will be rejected by a future version of Rust: lalrpop v0.19.1
[INFO] [stderr] note: to see what the problems were, use the option `--future-incompat-report`, or run `cargo report future-incompatibilities --id 1`
[INFO] running `Command { std: "docker" "inspect" "f688e088cdbb90af1ef280b64f99366f3463296a4b78cd2536fe4923d79728c4", kill_on_drop: false }`
[INFO] running `Command { std: "docker" "rm" "-f" "f688e088cdbb90af1ef280b64f99366f3463296a4b78cd2536fe4923d79728c4", kill_on_drop: false }`
[INFO] [stdout] f688e088cdbb90af1ef280b64f99366f3463296a4b78cd2536fe4923d79728c4
[INFO] running `Command { std: "docker" "create" "-v" "/var/lib/crater-agent-workspace/builds/worker-6-tc2/target:/opt/rustwide/target:rw,Z" "-v" "/var/lib/crater-agent-workspace/builds/worker-6-tc2/source:/opt/rustwide/workdir:ro,Z" "-v" "/var/lib/crater-agent-workspace/cargo-home:/opt/rustwide/cargo-home:ro,Z" "-v" "/var/lib/crater-agent-workspace/rustup-home:/opt/rustwide/rustup-home:ro,Z" "-e" "SOURCE_DIR=/opt/rustwide/workdir" "-e" "CARGO_TARGET_DIR=/opt/rustwide/target" "-e" "CARGO_INCREMENTAL=0" "-e" "RUST_BACKTRACE=full" "-e" "RUSTFLAGS=--cap-lints=warn" "-e" "RUSTDOCFLAGS=--cap-lints=warn" "-e" "CARGO_HOME=/opt/rustwide/cargo-home" "-e" "RUSTUP_HOME=/opt/rustwide/rustup-home" "-w" "/opt/rustwide/workdir" "-m" "1610612736" "--user" "0:0" "--network" "none" "ghcr.io/rust-lang/crates-build-env/linux@sha256:2788e3201cd34a07e3172128adcd8b3090168a8e3bcc40d7c032b9dda1df7d1c" "/opt/rustwide/cargo-home/bin/cargo" "+beta-2023-12-22" "test" "--frozen" "--no-run" "--message-format=json", kill_on_drop: false }`
[INFO] [stdout] 5aef4a09702d776b28eb48b630dc5ad5b3b01fe91dc419c495b9c7bd4354c29e
[INFO] running `Command { std: "docker" "start" "-a" "5aef4a09702d776b28eb48b630dc5ad5b3b01fe91dc419c495b9c7bd4354c29e", kill_on_drop: false }`
[INFO] [stderr]    Compiling unicode-xid v0.2.1
[INFO] [stderr]    Compiling ryu v1.0.5
[INFO] [stderr]    Compiling serde_json v1.0.60
[INFO] [stderr]    Compiling predicates-core v1.0.0
[INFO] [stderr]    Compiling itoa v0.4.6
[INFO] [stderr]    Compiling escargot v0.3.1
[INFO] [stderr]    Compiling difference v2.0.0
[INFO] [stderr]    Compiling serde v1.0.118
[INFO] [stderr]    Compiling treeline v0.1.0
[INFO] [stderr]    Compiling byteorder v1.3.4
[INFO] [stderr]    Compiling typenum v1.12.0
[INFO] [stderr]    Compiling libc v0.2.81
[INFO] [stderr]    Compiling byte-tools v0.3.1
[INFO] [stderr]    Compiling log v0.4.11
[INFO] [stderr]    Compiling indexmap v1.6.1
[INFO] [stderr]    Compiling hashbrown v0.9.1
[INFO] [stderr]    Compiling siphasher v0.3.3
[INFO] [stderr]    Compiling proc-macro2 v1.0.24
[INFO] [stderr]    Compiling block-padding v0.1.5
[INFO] [stderr]    Compiling predicates-tree v1.0.0
[INFO] [stderr]    Compiling precomputed-hash v0.1.1
[INFO] [stderr]    Compiling predicates v1.0.5
[INFO] [stderr]    Compiling fixedbitset v0.2.0
[INFO] [stderr]    Compiling phf_shared v0.8.0
[INFO] [stderr]    Compiling either v1.6.1
[INFO] [stderr]    Compiling new_debug_unreachable v1.0.4
[INFO] [stderr]    Compiling bit-vec v0.6.3
[INFO] [stderr]    Compiling fake-simd v0.1.2
[INFO] [stderr]    Compiling opaque-debug v0.2.3
[INFO] [stderr]    Compiling strsim v0.9.3
[INFO] [stderr]    Compiling itertools v0.9.0
[INFO] [stderr]    Compiling ena v0.14.0
[INFO] [stderr]    Compiling diff v0.1.12
[INFO] [stderr]    Compiling advent_lib v0.1.0 (/opt/rustwide/workdir/lib)
[INFO] [stderr]    Compiling bit-set v0.5.2
[INFO] [stderr]    Compiling quote v1.0.7
[INFO] [stderr]    Compiling dirs v1.0.5
[INFO] [stderr]    Compiling atty v0.2.14
[INFO] [stderr]    Compiling syn v1.0.53
[INFO] [stderr]    Compiling term v0.5.2
[INFO] [stderr]    Compiling petgraph v0.5.1
[INFO] [stderr]    Compiling generic-array v0.12.3
[INFO] [stderr]    Compiling ascii-canvas v2.0.0
[INFO] [stderr]    Compiling block-buffer v0.7.3
[INFO] [stderr]    Compiling digest v0.8.1
[INFO] [stderr]    Compiling sha2 v0.8.2
[INFO] [stderr]    Compiling serde_derive v1.0.118
[INFO] [stderr]    Compiling string_cache v0.8.1
[INFO] [stderr]    Compiling docopt v1.1.0
[INFO] [stderr]    Compiling lalrpop v0.19.1
[INFO] [stderr]    Compiling assert_cmd v0.10.2
[INFO] [stderr]    Compiling advent_06 v0.1.0 (/opt/rustwide/workdir/06)
[INFO] [stderr]    Compiling advent_24 v0.1.0 (/opt/rustwide/workdir/24)
[INFO] [stderr]    Compiling advent_07 v0.1.0 (/opt/rustwide/workdir/07)
[INFO] [stderr]    Compiling advent_20 v0.1.0 (/opt/rustwide/workdir/20)
[INFO] [stderr]    Compiling advent_17 v0.1.0 (/opt/rustwide/workdir/17)
[INFO] [stderr]    Compiling advent_22 v0.1.0 (/opt/rustwide/workdir/22)
[INFO] [stderr]    Compiling advent_11 v0.1.0 (/opt/rustwide/workdir/11)
[INFO] [stderr]    Compiling advent_02 v0.1.0 (/opt/rustwide/workdir/02)
[INFO] [stderr]    Compiling advent_15 v0.1.0 (/opt/rustwide/workdir/15)
[INFO] [stderr]    Compiling advent_19 v0.1.0 (/opt/rustwide/workdir/19)
[INFO] [stderr]    Compiling advent_03 v0.1.0 (/opt/rustwide/workdir/03)
[INFO] [stderr]    Compiling advent_13 v0.1.0 (/opt/rustwide/workdir/13)
[INFO] [stderr]    Compiling advent_10 v0.1.0 (/opt/rustwide/workdir/10)
[INFO] [stderr]    Compiling advent_05 v0.1.0 (/opt/rustwide/workdir/05)
[INFO] [stderr]    Compiling advent_01 v0.1.0 (/opt/rustwide/workdir/01)
[INFO] [stderr]    Compiling advent_23 v0.1.0 (/opt/rustwide/workdir/23)
[INFO] [stderr]    Compiling advent_12 v0.1.0 (/opt/rustwide/workdir/12)
[INFO] [stderr]    Compiling advent_04 v0.1.0 (/opt/rustwide/workdir/04)
[INFO] [stderr]    Compiling advent_16 v0.1.0 (/opt/rustwide/workdir/16)
[INFO] [stderr]    Compiling advent_21 v0.1.0 (/opt/rustwide/workdir/21)
[INFO] [stderr]    Compiling advent_14 v0.1.0 (/opt/rustwide/workdir/14)
[INFO] [stderr]    Compiling advent_09 v0.1.0 (/opt/rustwide/workdir/09)
[INFO] [stderr]    Compiling advent_08 v0.1.0 (/opt/rustwide/workdir/08)
[INFO] [stderr]    Compiling advent_25 v0.1.0 (/opt/rustwide/workdir/25)
[INFO] [stderr]    Compiling advent_18 v0.1.0 (/opt/rustwide/workdir/18)
[INFO] [stderr]     Finished test [unoptimized + debuginfo] target(s) in 14.29s
[INFO] [stderr] warning: the following packages contain code that will be rejected by a future version of Rust: lalrpop v0.19.1
[INFO] [stderr] note: to see what the problems were, use the option `--future-incompat-report`, or run `cargo report future-incompatibilities --id 1`
[INFO] running `Command { std: "docker" "inspect" "5aef4a09702d776b28eb48b630dc5ad5b3b01fe91dc419c495b9c7bd4354c29e", kill_on_drop: false }`
[INFO] running `Command { std: "docker" "rm" "-f" "5aef4a09702d776b28eb48b630dc5ad5b3b01fe91dc419c495b9c7bd4354c29e", kill_on_drop: false }`
[INFO] [stdout] 5aef4a09702d776b28eb48b630dc5ad5b3b01fe91dc419c495b9c7bd4354c29e
[INFO] running `Command { std: "docker" "create" "-v" "/var/lib/crater-agent-workspace/builds/worker-6-tc2/target:/opt/rustwide/target:rw,Z" "-v" "/var/lib/crater-agent-workspace/builds/worker-6-tc2/source:/opt/rustwide/workdir:ro,Z" "-v" "/var/lib/crater-agent-workspace/cargo-home:/opt/rustwide/cargo-home:ro,Z" "-v" "/var/lib/crater-agent-workspace/rustup-home:/opt/rustwide/rustup-home:ro,Z" "-e" "SOURCE_DIR=/opt/rustwide/workdir" "-e" "CARGO_TARGET_DIR=/opt/rustwide/target" "-e" "CARGO_INCREMENTAL=0" "-e" "RUST_BACKTRACE=full" "-e" "RUSTFLAGS=--cap-lints=warn" "-e" "RUSTDOCFLAGS=--cap-lints=warn" "-e" "CARGO_HOME=/opt/rustwide/cargo-home" "-e" "RUSTUP_HOME=/opt/rustwide/rustup-home" "-w" "/opt/rustwide/workdir" "-m" "1610612736" "--user" "0:0" "--network" "none" "ghcr.io/rust-lang/crates-build-env/linux@sha256:2788e3201cd34a07e3172128adcd8b3090168a8e3bcc40d7c032b9dda1df7d1c" "/opt/rustwide/cargo-home/bin/cargo" "+beta-2023-12-22" "test" "--frozen", kill_on_drop: false }`
[INFO] [stdout] 253ea71f9d57283085ba5a82a2ea3504b5e5c2bb9996c649f1b23b7305aac2a9
[INFO] running `Command { std: "docker" "start" "-a" "253ea71f9d57283085ba5a82a2ea3504b5e5c2bb9996c649f1b23b7305aac2a9", kill_on_drop: false }`
[INFO] [stderr]     Finished test [unoptimized + debuginfo] target(s) in 0.04s
[INFO] [stderr] warning: the following packages contain code that will be rejected by a future version of Rust: lalrpop v0.19.1
[INFO] [stderr] note: to see what the problems were, use the option `--future-incompat-report`, or run `cargo report future-incompatibilities --id 1`
[INFO] [stderr]      Running unittests src/main.rs (/opt/rustwide/target/debug/deps/advent_01-b175bf654f08c999)
[INFO] [stdout] 
[INFO] [stdout] running 0 tests
[INFO] [stdout] 
[INFO] [stdout] test result: ok. 0 passed; 0 failed; 0 ignored; 0 measured; 0 filtered out; finished in 0.00s
[INFO] [stdout] 
[INFO] [stderr]      Running tests/main.rs (/opt/rustwide/target/debug/deps/main-2fe185adb1f01e9e)
[INFO] [stdout] 
[INFO] [stdout] running 1 test
[INFO] [stdout] test personal_input ... ok
[INFO] [stdout] 
[INFO] [stdout] test result: ok. 1 passed; 0 failed; 0 ignored; 0 measured; 0 filtered out; finished in 2.42s
[INFO] [stdout] 
[INFO] [stderr]      Running unittests src/main.rs (/opt/rustwide/target/debug/deps/advent_02-438991d0dc1422eb)
[INFO] [stdout] 
[INFO] [stdout] running 0 tests
[INFO] [stdout] 
[INFO] [stdout] test result: ok. 0 passed; 0 failed; 0 ignored; 0 measured; 0 filtered out; finished in 0.00s
[INFO] [stdout] 
[INFO] [stderr]      Running tests/main.rs (/opt/rustwide/target/debug/deps/main-87a593d2bea52d95)
[INFO] [stdout] 
[INFO] [stdout] running 1 test
[INFO] [stdout] test personal_input ... ok
[INFO] [stdout] 
[INFO] [stdout] test result: ok. 1 passed; 0 failed; 0 ignored; 0 measured; 0 filtered out; finished in 0.45s
[INFO] [stdout] 
[INFO] [stderr]      Running unittests src/main.rs (/opt/rustwide/target/debug/deps/advent_03-37171f49bd1a0b3e)
[INFO] [stdout] 
[INFO] [stdout] running 0 tests
[INFO] [stdout] 
[INFO] [stdout] test result: ok. 0 passed; 0 failed; 0 ignored; 0 measured; 0 filtered out; finished in 0.00s
[INFO] [stdout] 
[INFO] [stderr]      Running tests/main.rs (/opt/rustwide/target/debug/deps/main-b885095266c1fb76)
[INFO] [stdout] 
[INFO] [stdout] running 1 test
[INFO] [stdout] test personal_input ... ok
[INFO] [stdout] 
[INFO] [stdout] test result: ok. 1 passed; 0 failed; 0 ignored; 0 measured; 0 filtered out; finished in 0.35s
[INFO] [stdout] 
[INFO] [stderr]      Running unittests src/main.rs (/opt/rustwide/target/debug/deps/advent_04-735787d3de0c629c)
[INFO] [stdout] 
[INFO] [stdout] running 0 tests
[INFO] [stdout] 
[INFO] [stdout] test result: ok. 0 passed; 0 failed; 0 ignored; 0 measured; 0 filtered out; finished in 0.00s
[INFO] [stdout] 
[INFO] [stderr]      Running tests/main.rs (/opt/rustwide/target/debug/deps/main-86a667547ebab380)
[INFO] [stdout] 
[INFO] [stdout] running 1 test
[INFO] [stdout] test personal_input ... ok
[INFO] [stdout] 
[INFO] [stdout] test result: ok. 1 passed; 0 failed; 0 ignored; 0 measured; 0 filtered out; finished in 0.50s
[INFO] [stdout] 
[INFO] [stderr]      Running unittests src/main.rs (/opt/rustwide/target/debug/deps/advent_05-77dd7d9707373d1b)
[INFO] [stdout] 
[INFO] [stdout] running 0 tests
[INFO] [stdout] 
[INFO] [stdout] test result: ok. 0 passed; 0 failed; 0 ignored; 0 measured; 0 filtered out; finished in 0.00s
[INFO] [stdout] 
[INFO] [stderr]      Running tests/main.rs (/opt/rustwide/target/debug/deps/main-47e74532add6e909)
[INFO] [stdout] 
[INFO] [stdout] running 1 test
[INFO] [stdout] test personal_input ... ok
[INFO] [stdout] 
[INFO] [stdout] test result: ok. 1 passed; 0 failed; 0 ignored; 0 measured; 0 filtered out; finished in 0.42s
[INFO] [stdout] 
[INFO] [stderr]      Running unittests src/main.rs (/opt/rustwide/target/debug/deps/advent_06-ac81da61ee851696)
[INFO] [stdout] 
[INFO] [stdout] running 0 tests
[INFO] [stdout] 
[INFO] [stdout] test result: ok. 0 passed; 0 failed; 0 ignored; 0 measured; 0 filtered out; finished in 0.00s
[INFO] [stdout] 
[INFO] [stderr]      Running tests/main.rs (/opt/rustwide/target/debug/deps/main-299701e131b72c72)
[INFO] [stdout] 
[INFO] [stdout] running 1 test
[INFO] [stdout] test personal_input ... ok
[INFO] [stdout] 
[INFO] [stdout] test result: ok. 1 passed; 0 failed; 0 ignored; 0 measured; 0 filtered out; finished in 0.42s
[INFO] [stdout] 
[INFO] [stderr]      Running unittests src/main.rs (/opt/rustwide/target/debug/deps/advent_07-70e3d90e7d60e227)
[INFO] [stdout] 
[INFO] [stdout] running 0 tests
[INFO] [stdout] 
[INFO] [stdout] test result: ok. 0 passed; 0 failed; 0 ignored; 0 measured; 0 filtered out; finished in 0.00s
[INFO] [stdout] 
[INFO] [stderr]      Running tests/main.rs (/opt/rustwide/target/debug/deps/main-7d3273d2c1a58c61)
[INFO] [stdout] 
[INFO] [stdout] running 1 test
[INFO] [stdout] test personal_input ... ok
[INFO] [stdout] 
[INFO] [stdout] test result: ok. 1 passed; 0 failed; 0 ignored; 0 measured; 0 filtered out; finished in 0.54s
[INFO] [stdout] 
[INFO] [stderr]      Running unittests src/main.rs (/opt/rustwide/target/debug/deps/advent_08-37c1bfb1009273c0)
[INFO] [stdout] 
[INFO] [stdout] running 0 tests
[INFO] [stdout] 
[INFO] [stdout] test result: ok. 0 passed; 0 failed; 0 ignored; 0 measured; 0 filtered out; finished in 0.00s
[INFO] [stdout] 
[INFO] [stderr]      Running tests/main.rs (/opt/rustwide/target/debug/deps/main-e12f43f680eabab7)
[INFO] [stdout] 
[INFO] [stdout] running 1 test
[INFO] [stdout] test personal_input ... ok
[INFO] [stdout] 
[INFO] [stdout] test result: ok. 1 passed; 0 failed; 0 ignored; 0 measured; 0 filtered out; finished in 0.45s
[INFO] [stdout] 
[INFO] [stderr]      Running unittests src/main.rs (/opt/rustwide/target/debug/deps/advent_09-375f373d54031b4e)
[INFO] [stdout] 
[INFO] [stdout] running 0 tests
[INFO] [stdout] 
[INFO] [stdout] test result: ok. 0 passed; 0 failed; 0 ignored; 0 measured; 0 filtered out; finished in 0.00s
[INFO] [stdout] 
[INFO] [stderr]      Running tests/main.rs (/opt/rustwide/target/debug/deps/main-ebcaea9b0691d7bb)
[INFO] [stdout] 
[INFO] [stdout] running 1 test
[INFO] [stdout] test personal_input ... ok
[INFO] [stdout] 
[INFO] [stdout] test result: ok. 1 passed; 0 failed; 0 ignored; 0 measured; 0 filtered out; finished in 0.35s
[INFO] [stdout] 
[INFO] [stderr]      Running unittests src/main.rs (/opt/rustwide/target/debug/deps/advent_10-7a01c9751653c3d4)
[INFO] [stdout] 
[INFO] [stdout] running 0 tests
[INFO] [stdout] 
[INFO] [stdout] test result: ok. 0 passed; 0 failed; 0 ignored; 0 measured; 0 filtered out; finished in 0.00s
[INFO] [stdout] 
[INFO] [stderr]      Running tests/main.rs (/opt/rustwide/target/debug/deps/main-811131220d2815d0)
[INFO] [stdout] 
[INFO] [stdout] running 1 test
[INFO] [stdout] test personal_input ... ok
[INFO] [stdout] 
[INFO] [stdout] test result: ok. 1 passed; 0 failed; 0 ignored; 0 measured; 0 filtered out; finished in 0.38s
[INFO] [stdout] 
[INFO] [stderr]      Running unittests src/main.rs (/opt/rustwide/target/debug/deps/advent_11-a291af8dd51d12b6)
[INFO] [stdout] 
[INFO] [stdout] running 0 tests
[INFO] [stdout] 
[INFO] [stdout] test result: ok. 0 passed; 0 failed; 0 ignored; 0 measured; 0 filtered out; finished in 0.00s
[INFO] [stdout] 
[INFO] [stderr]      Running tests/main.rs (/opt/rustwide/target/debug/deps/main-ab995cfa54062aa8)
[INFO] [stdout] 
[INFO] [stdout] running 1 test
[INFO] [stdout] test personal_input ... ok
[INFO] [stdout] 
[INFO] [stdout] test result: ok. 1 passed; 0 failed; 0 ignored; 0 measured; 0 filtered out; finished in 0.81s
[INFO] [stdout] 
[INFO] [stderr]      Running unittests src/main.rs (/opt/rustwide/target/debug/deps/advent_12-a24a6e4d45d1017b)
[INFO] [stdout] 
[INFO] [stdout] running 0 tests
[INFO] [stdout] 
[INFO] [stdout] test result: ok. 0 passed; 0 failed; 0 ignored; 0 measured; 0 filtered out; finished in 0.00s
[INFO] [stdout] 
[INFO] [stderr]      Running tests/main.rs (/opt/rustwide/target/debug/deps/main-b014861b1c1f7743)
[INFO] [stdout] 
[INFO] [stdout] running 1 test
[INFO] [stdout] test personal_input ... ok
[INFO] [stdout] 
[INFO] [stdout] test result: ok. 1 passed; 0 failed; 0 ignored; 0 measured; 0 filtered out; finished in 0.35s
[INFO] [stdout] 
[INFO] [stderr]      Running unittests src/main.rs (/opt/rustwide/target/debug/deps/advent_13-a581bf79799ca911)
[INFO] [stdout] 
[INFO] [stdout] running 0 tests
[INFO] [stdout] 
[INFO] [stdout] test result: ok. 0 passed; 0 failed; 0 ignored; 0 measured; 0 filtered out; finished in 0.00s
[INFO] [stdout] 
[INFO] [stderr]      Running tests/main.rs (/opt/rustwide/target/debug/deps/main-58b3f62080c66476)
[INFO] [stdout] 
[INFO] [stdout] running 1 test
[INFO] [stdout] test personal_input ... ok
[INFO] [stdout] 
[INFO] [stdout] test result: ok. 1 passed; 0 failed; 0 ignored; 0 measured; 0 filtered out; finished in 0.36s
[INFO] [stdout] 
[INFO] [stderr]      Running unittests src/main.rs (/opt/rustwide/target/debug/deps/advent_14-eb2c7eee51734815)
[INFO] [stdout] 
[INFO] [stdout] running 0 tests
[INFO] [stdout] 
[INFO] [stdout] test result: ok. 0 passed; 0 failed; 0 ignored; 0 measured; 0 filtered out; finished in 0.00s
[INFO] [stdout] 
[INFO] [stderr]      Running tests/main.rs (/opt/rustwide/target/debug/deps/main-f20dc881b65a245e)
[INFO] [stdout] 
[INFO] [stdout] running 1 test
[INFO] [stdout] test personal_input ... ok
[INFO] [stdout] 
[INFO] [stdout] test result: ok. 1 passed; 0 failed; 0 ignored; 0 measured; 0 filtered out; finished in 0.48s
[INFO] [stdout] 
[INFO] [stderr]      Running unittests src/main.rs (/opt/rustwide/target/debug/deps/advent_15-066fd303223f0e53)
[INFO] [stdout] 
[INFO] [stdout] running 0 tests
[INFO] [stdout] 
[INFO] [stdout] test result: ok. 0 passed; 0 failed; 0 ignored; 0 measured; 0 filtered out; finished in 0.00s
[INFO] [stdout] 
[INFO] [stderr]      Running tests/main.rs (/opt/rustwide/target/debug/deps/main-381dc7373a7a1368)
[INFO] [stdout] 
[INFO] [stdout] running 1 test
[INFO] [stdout] test personal_input ... ok
[INFO] [stdout] 
[INFO] [stdout] test result: ok. 1 passed; 0 failed; 0 ignored; 0 measured; 0 filtered out; finished in 42.48s
[INFO] [stdout] 
[INFO] [stderr]      Running unittests src/main.rs (/opt/rustwide/target/debug/deps/advent_16-16320239e3648a4b)
[INFO] [stdout] 
[INFO] [stdout] running 0 tests
[INFO] [stdout] 
[INFO] [stdout] test result: ok. 0 passed; 0 failed; 0 ignored; 0 measured; 0 filtered out; finished in 0.00s
[INFO] [stdout] 
[INFO] [stderr]      Running tests/main.rs (/opt/rustwide/target/debug/deps/main-deaa7241d30326b9)
[INFO] [stdout] 
[INFO] [stdout] running 1 test
[INFO] [stdout] test personal_input ... ok
[INFO] [stdout] 
[INFO] [stdout] test result: ok. 1 passed; 0 failed; 0 ignored; 0 measured; 0 filtered out; finished in 0.55s
[INFO] [stdout] 
[INFO] [stderr]      Running unittests src/main.rs (/opt/rustwide/target/debug/deps/advent_17-1341d639e347e625)
[INFO] [stdout] 
[INFO] [stdout] running 0 tests
[INFO] [stdout] 
[INFO] [stdout] test result: ok. 0 passed; 0 failed; 0 ignored; 0 measured; 0 filtered out; finished in 0.00s
[INFO] [stdout] 
[INFO] [stderr]      Running tests/main.rs (/opt/rustwide/target/debug/deps/main-baec450c0fc8f06c)
[INFO] [stdout] 
[INFO] [stdout] running 1 test
[INFO] [stdout] test personal_input ... ok
[INFO] [stdout] 
[INFO] [stdout] test result: ok. 1 passed; 0 failed; 0 ignored; 0 measured; 0 filtered out; finished in 4.02s
[INFO] [stdout] 
[INFO] [stderr]      Running unittests src/main.rs (/opt/rustwide/target/debug/deps/advent_18-9c085990f5079ee6)
[INFO] [stdout] 
[INFO] [stdout] running 0 tests
[INFO] [stdout] 
[INFO] [stdout] test result: ok. 0 passed; 0 failed; 0 ignored; 0 measured; 0 filtered out; finished in 0.00s
[INFO] [stdout] 
[INFO] [stderr]      Running tests/main.rs (/opt/rustwide/target/debug/deps/main-49910f92e5710979)
[INFO] [stdout] 
[INFO] [stdout] running 1 test
[INFO] [stdout] test personal_input ... ok
[INFO] [stdout] 
[INFO] [stdout] test result: ok. 1 passed; 0 failed; 0 ignored; 0 measured; 0 filtered out; finished in 14.91s
[INFO] [stdout] 
[INFO] [stderr]      Running unittests src/main.rs (/opt/rustwide/target/debug/deps/advent_19-36cead8fe9d559d1)
[INFO] [stdout] 
[INFO] [stdout] running 0 tests
[INFO] [stdout] 
[INFO] [stdout] test result: ok. 0 passed; 0 failed; 0 ignored; 0 measured; 0 filtered out; finished in 0.00s
[INFO] [stdout] 
[INFO] [stderr]      Running tests/main.rs (/opt/rustwide/target/debug/deps/main-a753ef2fd62cd4ef)
[INFO] [stdout] 
[INFO] [stdout] running 1 test
[INFO] [stdout] test personal_input ... ok
[INFO] [stdout] 
[INFO] [stdout] test result: ok. 1 passed; 0 failed; 0 ignored; 0 measured; 0 filtered out; finished in 1.16s
[INFO] [stdout] 
[INFO] [stderr]      Running unittests src/main.rs (/opt/rustwide/target/debug/deps/advent_20-9975ccb50c25d6de)
[INFO] [stdout] 
[INFO] [stdout] running 0 tests
[INFO] [stdout] 
[INFO] [stdout] test result: ok. 0 passed; 0 failed; 0 ignored; 0 measured; 0 filtered out; finished in 0.00s
[INFO] [stdout] 
[INFO] [stderr]      Running tests/main.rs (/opt/rustwide/target/debug/deps/main-c9c87ff5b5cc6d73)
[INFO] [stdout] 
[INFO] [stdout] running 1 test
[INFO] [stdout] test personal_input ... ok
[INFO] [stdout] 
[INFO] [stdout] test result: ok. 1 passed; 0 failed; 0 ignored; 0 measured; 0 filtered out; finished in 1.49s
[INFO] [stdout] 
[INFO] [stderr]      Running unittests src/main.rs (/opt/rustwide/target/debug/deps/advent_21-83d58d61af6e77bd)
[INFO] [stdout] 
[INFO] [stdout] running 0 tests
[INFO] [stdout] 
[INFO] [stdout] test result: ok. 0 passed; 0 failed; 0 ignored; 0 measured; 0 filtered out; finished in 0.00s
[INFO] [stdout] 
[INFO] [stderr]      Running tests/main.rs (/opt/rustwide/target/debug/deps/main-1f637423540cd055)
[INFO] [stdout] 
[INFO] [stdout] running 1 test
[INFO] [stdout] test personal_input ... ok
[INFO] [stdout] 
[INFO] [stdout] test result: ok. 1 passed; 0 failed; 0 ignored; 0 measured; 0 filtered out; finished in 0.55s
[INFO] [stdout] 
[INFO] [stderr]      Running unittests src/main.rs (/opt/rustwide/target/debug/deps/advent_22-370e350d5d8278a5)
[INFO] [stdout] 
[INFO] [stdout] running 0 tests
[INFO] [stdout] 
[INFO] [stdout] test result: ok. 0 passed; 0 failed; 0 ignored; 0 measured; 0 filtered out; finished in 0.00s
[INFO] [stdout] 
[INFO] [stderr]      Running tests/main.rs (/opt/rustwide/target/debug/deps/main-ab1918d96b2bc7a9)
[INFO] [stdout] 
[INFO] [stdout] running 1 test
[INFO] [stdout] test personal_input ... ok
[INFO] [stdout] 
[INFO] [stdout] test result: ok. 1 passed; 0 failed; 0 ignored; 0 measured; 0 filtered out; finished in 5.26s
[INFO] [stdout] 
[INFO] [stderr]      Running unittests src/main.rs (/opt/rustwide/target/debug/deps/advent_23-4671ca8eefb54ceb)
[INFO] [stdout] 
[INFO] [stdout] running 0 tests
[INFO] [stdout] 
[INFO] [stdout] test result: ok. 0 passed; 0 failed; 0 ignored; 0 measured; 0 filtered out; finished in 0.00s
[INFO] [stdout] 
[INFO] [stderr]      Running tests/main.rs (/opt/rustwide/target/debug/deps/main-4e9fd02add76c9f6)
[INFO] [stdout] 
[INFO] [stdout] running 1 test
[INFO] [stdout] test personal_input ... ok
[INFO] [stdout] 
[INFO] [stdout] test result: ok. 1 passed; 0 failed; 0 ignored; 0 measured; 0 filtered out; finished in 10.67s
[INFO] [stdout] 
[INFO] [stderr]      Running unittests src/main.rs (/opt/rustwide/target/debug/deps/advent_24-c9d03c973bfbc550)
[INFO] [stdout] 
[INFO] [stdout] running 0 tests
[INFO] [stdout] 
[INFO] [stdout] test result: ok. 0 passed; 0 failed; 0 ignored; 0 measured; 0 filtered out; finished in 0.00s
[INFO] [stdout] 
[INFO] [stderr]      Running tests/main.rs (/opt/rustwide/target/debug/deps/main-dde2fe4f2ba934c9)
[INFO] [stdout] 
[INFO] [stdout] running 1 test
[INFO] [stdout] test personal_input ... ok
[INFO] [stdout] 
[INFO] [stdout] test result: ok. 1 passed; 0 failed; 0 ignored; 0 measured; 0 filtered out; finished in 2.56s
[INFO] [stdout] 
[INFO] [stderr]      Running unittests src/main.rs (/opt/rustwide/target/debug/deps/advent_25-4c027aa3e730fafe)
[INFO] [stdout] 
[INFO] [stdout] running 0 tests
[INFO] [stdout] 
[INFO] [stdout] test result: ok. 0 passed; 0 failed; 0 ignored; 0 measured; 0 filtered out; finished in 0.00s
[INFO] [stdout] 
[INFO] [stderr]      Running tests/main.rs (/opt/rustwide/target/debug/deps/main-a87ad5cdac86eb30)
[INFO] [stdout] 
[INFO] [stdout] running 1 test
[INFO] [stdout] test personal_input ... FAILED
[INFO] [stdout] 
[INFO] [stdout] failures:
[INFO] [stdout] 
[INFO] [stdout] ---- personal_input stdout ----
[INFO] [stdout] Error: CargoError { cause: Some(CargoError { kind: CommandFailed, context: Some("error: no bin target named `advent_23`\n\n\tDid you mean `advent_25`?\n"), cause: None }) }
[INFO] [stdout] 
[INFO] [stdout] 
[INFO] [stdout] failures:
[INFO] [stdout]     personal_input
[INFO] [stdout] 
[INFO] [stdout] test result: FAILED. 0 passed; 1 failed; 0 ignored; 0 measured; 0 filtered out; finished in 0.09s
[INFO] [stdout] 
[INFO] [stderr] error: test failed, to rerun pass `-p advent_25 --test main`
[INFO] running `Command { std: "docker" "inspect" "253ea71f9d57283085ba5a82a2ea3504b5e5c2bb9996c649f1b23b7305aac2a9", kill_on_drop: false }`
[INFO] running `Command { std: "docker" "rm" "-f" "253ea71f9d57283085ba5a82a2ea3504b5e5c2bb9996c649f1b23b7305aac2a9", kill_on_drop: false }`
[INFO] [stdout] 253ea71f9d57283085ba5a82a2ea3504b5e5c2bb9996c649f1b23b7305aac2a9
