[INFO] cloning repository https://github.com/InternationalDefy/re2
[INFO] running `Command { std: "git" "-c" "credential.helper=" "-c" "credential.helper=/workspace/cargo-home/bin/git-credential-null" "clone" "--bare" "https://github.com/InternationalDefy/re2" "/workspace/cache/git-repos/https%3A%2F%2Fgithub.com%2FInternationalDefy%2Fre2", kill_on_drop: false }`
[INFO] [stderr] Cloning into bare repository '/workspace/cache/git-repos/https%3A%2F%2Fgithub.com%2FInternationalDefy%2Fre2'...
[INFO] running `Command { std: "git" "rev-parse" "HEAD", kill_on_drop: false }`
[INFO] [stdout] 1271d8a99bc4cb222edd94ac14c746dd86794ca3
[INFO] testing InternationalDefy/re2 against 1.75.0 for beta-1.76-1
[INFO] running `Command { std: "git" "clone" "/workspace/cache/git-repos/https%3A%2F%2Fgithub.com%2FInternationalDefy%2Fre2" "/workspace/builds/worker-3-tc1/source", kill_on_drop: false }`
[INFO] [stderr] Cloning into '/workspace/builds/worker-3-tc1/source'...
[INFO] [stderr] done.
[INFO] validating manifest of git repo https://github.com/InternationalDefy/re2 on toolchain 1.75.0
[INFO] running `Command { std: CARGO_HOME="/workspace/cargo-home" RUSTUP_HOME="/workspace/rustup-home" "/workspace/cargo-home/bin/cargo" "+1.75.0" "metadata" "--manifest-path" "Cargo.toml" "--no-deps", kill_on_drop: false }`
[INFO] started tweaking git repo https://github.com/InternationalDefy/re2
[INFO] finished tweaking git repo https://github.com/InternationalDefy/re2
[INFO] tweaked toml for git repo https://github.com/InternationalDefy/re2 written to /workspace/builds/worker-3-tc1/source/Cargo.toml
[INFO] crate git repo https://github.com/InternationalDefy/re2 already has a lockfile, it will not be regenerated
[INFO] running `Command { std: CARGO_HOME="/workspace/cargo-home" RUSTUP_HOME="/workspace/rustup-home" "/workspace/cargo-home/bin/cargo" "+1.75.0" "fetch" "--manifest-path" "Cargo.toml", kill_on_drop: false }`
[INFO] [stderr]  Downloading crates ...
[INFO] [stderr]   Downloaded glutin_glx_sys v0.1.6
[INFO] [stderr]   Downloaded glutin_gles2_sys v0.1.4
[INFO] [stderr]   Downloaded image v0.22.4
[INFO] [stderr]   Downloaded glam v0.8.6
[INFO] [stderr]   Downloaded glutin v0.21.2
[INFO] [stderr]   Downloaded glutin_wgl_sys v0.1.4
[INFO] [stderr]   Downloaded glium v0.25.1
[INFO] running `Command { std: "docker" "create" "-v" "/var/lib/crater-agent-workspace/builds/worker-3-tc1/target:/opt/rustwide/target:rw,Z" "-v" "/var/lib/crater-agent-workspace/builds/worker-3-tc1/source:/opt/rustwide/workdir:ro,Z" "-v" "/var/lib/crater-agent-workspace/cargo-home:/opt/rustwide/cargo-home:ro,Z" "-v" "/var/lib/crater-agent-workspace/rustup-home:/opt/rustwide/rustup-home:ro,Z" "-e" "SOURCE_DIR=/opt/rustwide/workdir" "-e" "CARGO_TARGET_DIR=/opt/rustwide/target" "-e" "CARGO_HOME=/opt/rustwide/cargo-home" "-e" "RUSTUP_HOME=/opt/rustwide/rustup-home" "-w" "/opt/rustwide/workdir" "-m" "1610612736" "--user" "0:0" "--network" "none" "ghcr.io/rust-lang/crates-build-env/linux@sha256:2788e3201cd34a07e3172128adcd8b3090168a8e3bcc40d7c032b9dda1df7d1c" "/opt/rustwide/cargo-home/bin/cargo" "+1.75.0" "metadata" "--no-deps" "--format-version=1", kill_on_drop: false }`
[INFO] [stdout] 9271ffcd9e655dc253616a82092509a4e70395386b0aeffbc57ef0eaeeb66dd6
[INFO] running `Command { std: "docker" "start" "-a" "9271ffcd9e655dc253616a82092509a4e70395386b0aeffbc57ef0eaeeb66dd6", kill_on_drop: false }`
[INFO] running `Command { std: "docker" "inspect" "9271ffcd9e655dc253616a82092509a4e70395386b0aeffbc57ef0eaeeb66dd6", kill_on_drop: false }`
[INFO] running `Command { std: "docker" "rm" "-f" "9271ffcd9e655dc253616a82092509a4e70395386b0aeffbc57ef0eaeeb66dd6", kill_on_drop: false }`
[INFO] [stdout] 9271ffcd9e655dc253616a82092509a4e70395386b0aeffbc57ef0eaeeb66dd6
[INFO] running `Command { std: "docker" "create" "-v" "/var/lib/crater-agent-workspace/builds/worker-3-tc1/target:/opt/rustwide/target:rw,Z" "-v" "/var/lib/crater-agent-workspace/builds/worker-3-tc1/source:/opt/rustwide/workdir:ro,Z" "-v" "/var/lib/crater-agent-workspace/cargo-home:/opt/rustwide/cargo-home:ro,Z" "-v" "/var/lib/crater-agent-workspace/rustup-home:/opt/rustwide/rustup-home:ro,Z" "-e" "SOURCE_DIR=/opt/rustwide/workdir" "-e" "CARGO_TARGET_DIR=/opt/rustwide/target" "-e" "CARGO_INCREMENTAL=0" "-e" "RUST_BACKTRACE=full" "-e" "RUSTFLAGS=--cap-lints=warn" "-e" "RUSTDOCFLAGS=--cap-lints=warn" "-e" "CARGO_HOME=/opt/rustwide/cargo-home" "-e" "RUSTUP_HOME=/opt/rustwide/rustup-home" "-w" "/opt/rustwide/workdir" "-m" "1610612736" "--user" "0:0" "--network" "none" "ghcr.io/rust-lang/crates-build-env/linux@sha256:2788e3201cd34a07e3172128adcd8b3090168a8e3bcc40d7c032b9dda1df7d1c" "/opt/rustwide/cargo-home/bin/cargo" "+1.75.0" "build" "--frozen" "--message-format=json", kill_on_drop: false }`
[INFO] [stdout] e06100a377bc0bb913b9b2ec381af211c4184acec0d05cb48e252b66304aeaab
[INFO] running `Command { std: "docker" "start" "-a" "e06100a377bc0bb913b9b2ec381af211c4184acec0d05cb48e252b66304aeaab", kill_on_drop: false }`
[INFO] [stderr]    Compiling cfg-if v0.1.10
[INFO] [stderr]    Compiling libc v0.2.66
[INFO] [stderr]    Compiling autocfg v1.0.0
[INFO] [stderr]    Compiling xml-rs v0.8.0
[INFO] [stderr]    Compiling lazy_static v1.4.0
[INFO] [stderr]    Compiling semver-parser v0.7.0
[INFO] [stderr]    Compiling proc-macro2 v0.4.30
[INFO] [stderr]    Compiling unicode-xid v0.1.0
[INFO] [stderr]    Compiling cc v1.0.50
[INFO] [stderr]    Compiling byteorder v1.3.2
[INFO] [stderr]    Compiling log v0.4.8
[INFO] [stderr]    Compiling khronos_api v3.1.0
[INFO] [stderr]    Compiling bitflags v1.2.1
[INFO] [stderr]    Compiling autocfg v0.1.7
[INFO] [stderr]    Compiling scopeguard v1.0.0
[INFO] [stderr]    Compiling maybe-uninit v2.0.0
[INFO] [stderr]    Compiling nix v0.14.1
[INFO] [stderr]    Compiling void v1.0.2
[INFO] [stderr]    Compiling pkg-config v0.3.17
[INFO] [stderr]    Compiling arrayvec v0.5.1
[INFO] [stderr]    Compiling downcast-rs v1.1.1
[INFO] [stderr]    Compiling semver v0.9.0
[INFO] [stderr]    Compiling same-file v1.0.6
[INFO] [stderr]    Compiling xdg v2.2.0
[INFO] [stderr]    Compiling lock_api v0.3.4
[INFO] [stderr]    Compiling syn v0.15.44
[INFO] [stderr]    Compiling crossbeam-utils v0.7.0
[INFO] [stderr]    Compiling rustc_version v0.2.3
[INFO] [stderr]    Compiling num-traits v0.2.11
[INFO] [stderr]    Compiling crossbeam-epoch v0.8.0
[INFO] [stderr]    Compiling smallvec v0.6.13
[INFO] [stderr]    Compiling stb_truetype v0.3.1
[INFO] [stderr]    Compiling walkdir v2.3.1
[INFO] [stderr]    Compiling num-integer v0.1.42
[INFO] [stderr]    Compiling rayon-core v1.7.0
[INFO] [stderr]    Compiling memoffset v0.5.3
[INFO] [stderr]    Compiling x11-dl v2.18.5
[INFO] [stderr]    Compiling gl_generator v0.13.1
[INFO] [stderr]    Compiling quote v0.6.13
[INFO] [stderr]    Compiling parking_lot_core v0.6.2
[INFO] [stderr]    Compiling wayland-scanner v0.21.13
[INFO] [stderr]    Compiling parking_lot v0.9.0
[INFO] [stderr]    Compiling memmap v0.7.0
[INFO] [stderr]    Compiling crossbeam-queue v0.2.1
[INFO] [stderr]    Compiling raw-window-handle v0.3.3
[INFO] [stderr]    Compiling num_cpus v1.12.0
[INFO] [stderr]    Compiling shared_library v0.1.9
[INFO] [stderr]    Compiling gl_generator v0.11.0
[INFO] [stderr]    Compiling libloading v0.5.2
[INFO] [stderr]    Compiling backtrace-sys v0.1.32
[INFO] [stderr]    Compiling crossbeam-deque v0.7.2
[INFO] [stderr]    Compiling crc32fast v1.2.0
[INFO] [stderr]    Compiling num-derive v0.2.5
[INFO] [stderr]    Compiling percent-encoding v2.1.0
[INFO] [stderr]    Compiling adler32 v1.0.4
[INFO] [stderr]    Compiling osmesa-sys v0.1.2
[INFO] [stderr]    Compiling num-rational v0.2.3
[INFO] [stderr]    Compiling num-iter v0.1.40
[INFO] [stderr]    Compiling rustc-demangle v0.1.16
[INFO] [stderr]    Compiling lzw v0.10.0
[INFO] [stderr]    Compiling either v1.5.3
[INFO] [stderr]    Compiling dlib v0.4.1
[INFO] [stderr]    Compiling glutin_glx_sys v0.1.6
[INFO] [stderr]    Compiling glutin_egl_sys v0.1.4
[INFO] [stderr]    Compiling wayland-sys v0.21.13
[INFO] [stderr]    Compiling approx v0.3.2
[INFO] [stderr]    Compiling ordered-float v1.0.2
[INFO] [stderr]    Compiling line_drawing v0.7.0
[INFO] [stderr]    Compiling rayon v1.3.0
[INFO] [stderr]    Compiling inflate v0.4.5
[INFO] [stderr]    Compiling rusttype v0.8.2
[INFO] [stderr]    Compiling deflate v0.7.20
[INFO] [stderr]    Compiling glium v0.25.1
[INFO] [stderr]    Compiling getrandom v0.1.14
[INFO] [stderr]    Compiling rusttype v0.7.9
[INFO] [stderr]    Compiling andrew v0.2.1
[INFO] [stderr]    Compiling takeable-option v0.4.0
[INFO] [stderr]    Compiling color_quant v1.0.1
[INFO] [stderr]    Compiling wayland-client v0.21.13
[INFO] [stderr]    Compiling wayland-protocols v0.21.13
[INFO] [stderr]    Compiling fnv v1.0.6
[INFO] [stderr]    Compiling backtrace v0.3.43
[INFO] [stderr]    Compiling gif v0.10.3
[INFO] [stderr]    Compiling png v0.15.3
[INFO] [stderr]    Compiling syn v0.14.9
[INFO] [stderr]    Compiling scoped_threadpool v0.1.9
[INFO] [stderr]    Compiling glam v0.8.6
[INFO] [stderr]    Compiling rand_core v0.5.1
[INFO] [stderr]    Compiling ppv-lite86 v0.2.6
[INFO] [stderr]    Compiling rand_chacha v0.2.2
[INFO] [stderr]    Compiling jpeg-decoder v0.1.18
[INFO] [stderr]    Compiling rand v0.7.3
[INFO] [stderr]    Compiling wayland-commons v0.21.13
[INFO] [stderr]    Compiling re2_derive v0.1.0 (/opt/rustwide/workdir/re2-derive)
[INFO] [stderr]    Compiling tiff v0.3.1
[INFO] [stderr]    Compiling image v0.22.4
[INFO] [stderr]    Compiling smithay-client-toolkit v0.4.6
[INFO] [stderr]    Compiling winit v0.19.5
[INFO] [stderr]    Compiling glutin v0.21.2
[INFO] [stderr]    Compiling re2_core v0.1.0 (/opt/rustwide/workdir/re2-core)
[INFO] [stderr]    Compiling re2_metadata v0.1.0 (/opt/rustwide/workdir/re2-metadata)
[INFO] [stderr]    Compiling re2_scene v0.1.0 (/opt/rustwide/workdir/re2-scene)
[INFO] [stdout] warning: unused attribute
[INFO] [stdout]  --> re2-scene/src/lib.rs:2:1
[INFO] [stdout]   |
[INFO] [stdout] 2 | #[macro_use()]
[INFO] [stdout]   | ^^^^^^^^^^^^^^ help: remove this attribute
[INFO] [stdout]   |
[INFO] [stdout]   = note: attribute `macro_use` with an empty list has no effect
[INFO] [stdout]   = note: `#[warn(unused_attributes)]` on by default
[INFO] [stdout] 
[INFO] [stdout] 
[INFO] [stderr]    Compiling re2_system v0.1.0 (/opt/rustwide/workdir/re2-system)
[INFO] [stdout] warning: unused attribute
[INFO] [stdout]  --> re2-system/src/lib.rs:1:1
[INFO] [stdout]   |
[INFO] [stdout] 1 | #[macro_use()]
[INFO] [stdout]   | ^^^^^^^^^^^^^^ help: remove this attribute
[INFO] [stdout]   |
[INFO] [stdout]   = note: attribute `macro_use` with an empty list has no effect
[INFO] [stdout]   = note: `#[warn(unused_attributes)]` on by default
[INFO] [stdout] 
[INFO] [stdout] 
[INFO] [stdout] warning: 1 warning emitted
[INFO] [stdout] 
[INFO] [stdout] 
[INFO] [stdout] warning: 1 warning emitted
[INFO] [stdout] 
[INFO] [stdout] 
[INFO] [stderr]    Compiling re-2 v0.1.0 (/opt/rustwide/workdir)
[INFO] [stdout] warning: unused `#[macro_use]` import
[INFO] [stdout]  --> src/main.rs:1:1
[INFO] [stdout]   |
[INFO] [stdout] 1 | #[macro_use]
[INFO] [stdout]   | ^^^^^^^^^^^^
[INFO] [stdout]   |
[INFO] [stdout]   = note: `#[warn(unused_imports)]` on by default
[INFO] [stdout] 
[INFO] [stdout] 
[INFO] [stdout] warning: unused import: `re2_core::entity_component::Component`
[INFO] [stdout]  --> src/main.rs:7:5
[INFO] [stdout]   |
[INFO] [stdout] 7 | use re2_core::entity_component::Component;
[INFO] [stdout]   |     ^^^^^^^^^^^^^^^^^^^^^^^^^^^^^^^^^^^^^
[INFO] [stdout] 
[INFO] [stdout] 
[INFO] [stdout] warning: unused import: `re2_core::entity_component::*`
[INFO] [stdout]   --> src/tests/mod.rs:1:5
[INFO] [stdout]    |
[INFO] [stdout] 1  | use re2_core::entity_component::*;
[INFO] [stdout]    |     ^^^^^^^^^^^^^^^^^^^^^^^^^^^^^
[INFO] [stdout]    |
[INFO] [stdout] help: consider adding a `#[cfg(test)]` to the containing module
[INFO] [stdout]   --> src/main.rs:10:1
[INFO] [stdout]    |
[INFO] [stdout] 10 | mod tests;
[INFO] [stdout]    | ^^^^^^^^^^
[INFO] [stdout] 
[INFO] [stdout] 
[INFO] [stdout] warning: unused import: `re2_core::datastructs::*`
[INFO] [stdout]   --> src/tests/mod.rs:2:5
[INFO] [stdout]    |
[INFO] [stdout] 2  | use re2_core::datastructs::*;
[INFO] [stdout]    |     ^^^^^^^^^^^^^^^^^^^^^^^^
[INFO] [stdout]    |
[INFO] [stdout] help: consider adding a `#[cfg(test)]` to the containing module
[INFO] [stdout]   --> src/main.rs:10:1
[INFO] [stdout]    |
[INFO] [stdout] 10 | mod tests;
[INFO] [stdout]    | ^^^^^^^^^^
[INFO] [stdout] 
[INFO] [stdout] 
[INFO] [stdout] warning: unused import: `re2_core::*`
[INFO] [stdout]   --> src/tests/mod.rs:3:5
[INFO] [stdout]    |
[INFO] [stdout] 3  | use re2_core::*;
[INFO] [stdout]    |     ^^^^^^^^^^^
[INFO] [stdout]    |
[INFO] [stdout] help: consider adding a `#[cfg(test)]` to the containing module
[INFO] [stdout]   --> src/main.rs:10:1
[INFO] [stdout]    |
[INFO] [stdout] 10 | mod tests;
[INFO] [stdout]    | ^^^^^^^^^^
[INFO] [stdout] 
[INFO] [stdout] 
[INFO] [stdout] warning: unused import: `re2_derive::*`
[INFO] [stdout]   --> src/tests/mod.rs:4:5
[INFO] [stdout]    |
[INFO] [stdout] 4  | use re2_derive::*;
[INFO] [stdout]    |     ^^^^^^^^^^^^^
[INFO] [stdout]    |
[INFO] [stdout] help: consider adding a `#[cfg(test)]` to the containing module
[INFO] [stdout]   --> src/main.rs:10:1
[INFO] [stdout]    |
[INFO] [stdout] 10 | mod tests;
[INFO] [stdout]    | ^^^^^^^^^^
[INFO] [stdout] 
[INFO] [stdout] 
[INFO] [stdout] warning: unused imports: `MutexGuard`, `Mutex`
[INFO] [stdout]   --> src/tests/mod.rs:5:17
[INFO] [stdout]    |
[INFO] [stdout] 5  | use std::sync::{MutexGuard, Mutex};
[INFO] [stdout]    |                 ^^^^^^^^^^  ^^^^^
[INFO] [stdout]    |
[INFO] [stdout] help: consider adding a `#[cfg(test)]` to the containing module
[INFO] [stdout]   --> src/main.rs:10:1
[INFO] [stdout]    |
[INFO] [stdout] 10 | mod tests;
[INFO] [stdout]    | ^^^^^^^^^^
[INFO] [stdout] 
[INFO] [stdout] 
[INFO] [stdout] warning: unused import: `lazy_static::*`
[INFO] [stdout]   --> src/tests/mod.rs:7:5
[INFO] [stdout]    |
[INFO] [stdout] 7  | use lazy_static::*;
[INFO] [stdout]    |     ^^^^^^^^^^^^^^
[INFO] [stdout]    |
[INFO] [stdout] help: consider adding a `#[cfg(test)]` to the containing module
[INFO] [stdout]   --> src/main.rs:10:1
[INFO] [stdout]    |
[INFO] [stdout] 10 | mod tests;
[INFO] [stdout]    | ^^^^^^^^^^
[INFO] [stdout] 
[INFO] [stdout] 
[INFO] [stdout] warning: unused import: `super::*`
[INFO] [stdout]  --> src/tests/macros.rs:1:5
[INFO] [stdout]   |
[INFO] [stdout] 1 | use super::*;
[INFO] [stdout]   |     ^^^^^^^^
[INFO] [stdout] 
[INFO] [stdout] 
[INFO] [stdout] warning: unused import: `super::*`
[INFO] [stdout]  --> src/tests/test_core.rs:1:5
[INFO] [stdout]   |
[INFO] [stdout] 1 | use super::*;
[INFO] [stdout]   |     ^^^^^^^^
[INFO] [stdout] 
[INFO] [stdout] 
[INFO] [stdout] warning: unused import: `super::*`
[INFO] [stdout]  --> src/tests/test_render.rs:1:5
[INFO] [stdout]   |
[INFO] [stdout] 1 | use super::*;
[INFO] [stdout]   |     ^^^^^^^^
[INFO] [stdout] 
[INFO] [stdout] 
[INFO] [stdout] warning: unused import: `super::*`
[INFO] [stdout]  --> src/tests/test_world.rs:1:5
[INFO] [stdout]   |
[INFO] [stdout] 1 | use super::*;
[INFO] [stdout]   |     ^^^^^^^^
[INFO] [stdout] 
[INFO] [stdout] 
[INFO] [stdout] warning: unused import: `super::*`
[INFO] [stdout]  --> src/tests/test_event.rs:1:5
[INFO] [stdout]   |
[INFO] [stdout] 1 | use super::*;
[INFO] [stdout]   |     ^^^^^^^^
[INFO] [stdout] 
[INFO] [stdout] 
[INFO] [stdout] warning: unused import: `crate::*`
[INFO] [stdout]  --> src/tests/test_main.rs:2:5
[INFO] [stdout]   |
[INFO] [stdout] 2 | use crate::*;
[INFO] [stdout]   |     ^^^^^^^^
[INFO] [stdout] 
[INFO] [stdout] 
[INFO] [stdout] warning: unused import: `re2_core::*`
[INFO] [stdout]  --> src/worlds/mod.rs:1:5
[INFO] [stdout]   |
[INFO] [stdout] 1 | use re2_core::*;
[INFO] [stdout]   |     ^^^^^^^^^^^
[INFO] [stdout] 
[INFO] [stdout] 
[INFO] [stdout] warning: unused import: `re2_metadata::*`
[INFO] [stdout]  --> src/worlds/mod.rs:2:5
[INFO] [stdout]   |
[INFO] [stdout] 2 | use re2_metadata::*;
[INFO] [stdout]   |     ^^^^^^^^^^^^^^^
[INFO] [stdout] 
[INFO] [stdout] 
[INFO] [stdout] warning: unused import: `re2_system::*`
[INFO] [stdout]  --> src/worlds/mod.rs:3:5
[INFO] [stdout]   |
[INFO] [stdout] 3 | use re2_system::*;
[INFO] [stdout]   |     ^^^^^^^^^^^^^
[INFO] [stdout] 
[INFO] [stdout] 
[INFO] [stdout] warning: unused import: `re2_scene::*`
[INFO] [stdout]  --> src/worlds/mod.rs:4:5
[INFO] [stdout]   |
[INFO] [stdout] 4 | use re2_scene::*;
[INFO] [stdout]   |     ^^^^^^^^^^^^
[INFO] [stdout] 
[INFO] [stdout] 
[INFO] [stdout] warning: unused import: `std::rc::Rc`
[INFO] [stdout]  --> src/worlds/mod.rs:6:5
[INFO] [stdout]   |
[INFO] [stdout] 6 | use std::rc::Rc;
[INFO] [stdout]   |     ^^^^^^^^^^^
[INFO] [stdout] 
[INFO] [stdout] 
[INFO] [stdout] warning: unused import: `std::cell::RefCell`
[INFO] [stdout]  --> src/worlds/mod.rs:7:5
[INFO] [stdout]   |
[INFO] [stdout] 7 | use std::cell::RefCell;
[INFO] [stdout]   |     ^^^^^^^^^^^^^^^^^^
[INFO] [stdout] 
[INFO] [stdout] 
[INFO] [stdout] warning: unused import: `lazy_static::*`
[INFO] [stdout]   --> src/worlds/mod.rs:10:5
[INFO] [stdout]    |
[INFO] [stdout] 10 | use lazy_static::*;
[INFO] [stdout]    |     ^^^^^^^^^^^^^^
[INFO] [stdout] 
[INFO] [stdout] 
[INFO] [stdout] warning: unused import: `re2_metadata::*`
[INFO] [stdout]   --> src/main.rs:63:9
[INFO] [stdout]    |
[INFO] [stdout] 63 |     use re2_metadata::*;
[INFO] [stdout]    |         ^^^^^^^^^^^^^^^
[INFO] [stdout] 
[INFO] [stdout] 
[INFO] [stdout] warning: unused import: `Surface`
[INFO] [stdout]   --> src/main.rs:64:25
[INFO] [stdout]    |
[INFO] [stdout] 64 |     use glium::{glutin, Surface};
[INFO] [stdout]    |                         ^^^^^^^
[INFO] [stdout] 
[INFO] [stdout] 
[INFO] [stdout] warning: unused imports: `ControlFlow`, `EventsLoopProxy`
[INFO] [stdout]   --> src/main.rs:65:30
[INFO] [stdout]    |
[INFO] [stdout] 65 |     use glutin::{EventsLoop, EventsLoopProxy, ControlFlow};
[INFO] [stdout]    |                              ^^^^^^^^^^^^^^^  ^^^^^^^^^^^
[INFO] [stdout] 
[INFO] [stdout] 
[INFO] [stdout] warning: unused import: `glutin::Event`
[INFO] [stdout]   --> src/main.rs:66:9
[INFO] [stdout]    |
[INFO] [stdout] 66 |     use glutin::Event;
[INFO] [stdout]    |         ^^^^^^^^^^^^^
[INFO] [stdout] 
[INFO] [stdout] 
[INFO] [stdout] warning: unused imports: `Duration`, `Instant`
[INFO] [stdout]   --> src/main.rs:67:21
[INFO] [stdout]    |
[INFO] [stdout] 67 |     use std::time::{Instant, Duration};
[INFO] [stdout]    |                     ^^^^^^^  ^^^^^^^^
[INFO] [stdout] 
[INFO] [stdout] 
[INFO] [stdout] warning: unused import: `std::thread`
[INFO] [stdout]   --> src/main.rs:68:9
[INFO] [stdout]    |
[INFO] [stdout] 68 |     use std::thread;
[INFO] [stdout]    |         ^^^^^^^^^^^
[INFO] [stdout] 
[INFO] [stdout] 
[INFO] [stdout] warning: `#[macro_use]` only has an effect on `extern crate` and modules
[INFO] [stdout]  --> src/tests/mod.rs:6:1
[INFO] [stdout]   |
[INFO] [stdout] 6 | #[macro_use]
[INFO] [stdout]   | ^^^^^^^^^^^^
[INFO] [stdout]   |
[INFO] [stdout]   = note: `#[warn(unused_attributes)]` on by default
[INFO] [stdout] 
[INFO] [stdout] 
[INFO] [stdout] warning: `#[macro_use]` only has an effect on `extern crate` and modules
[INFO] [stdout]  --> src/tests/test_main.rs:1:1
[INFO] [stdout]   |
[INFO] [stdout] 1 | #[macro_use]
[INFO] [stdout]   | ^^^^^^^^^^^^
[INFO] [stdout] 
[INFO] [stdout] 
[INFO] [stdout] warning: `#[macro_use]` only has an effect on `extern crate` and modules
[INFO] [stdout]  --> src/worlds/mod.rs:9:1
[INFO] [stdout]   |
[INFO] [stdout] 9 | #[macro_use]
[INFO] [stdout]   | ^^^^^^^^^^^^
[INFO] [stdout] 
[INFO] [stdout] 
[INFO] [stdout] warning: unused variable: `display`
[INFO] [stdout]   --> src/main.rs:75:9
[INFO] [stdout]    |
[INFO] [stdout] 75 |     let display = glium::Display::new(wb, cb, &event_loop).unwrap();
[INFO] [stdout]    |         ^^^^^^^ help: if this is intentional, prefix it with an underscore: `_display`
[INFO] [stdout]    |
[INFO] [stdout]    = note: `#[warn(unused_variables)]` on by default
[INFO] [stdout] 
[INFO] [stdout] 
[INFO] [stdout] warning: unused variable: `dev`
[INFO] [stdout]   --> src/main.rs:83:13
[INFO] [stdout]    |
[INFO] [stdout] 83 |         let dev = index % 4;
[INFO] [stdout]    |             ^^^ help: if this is intentional, prefix it with an underscore: `_dev`
[INFO] [stdout] 
[INFO] [stdout] 
[INFO] [stdout] warning: unused variable: `delta`
[INFO] [stdout]   --> src/main.rs:88:13
[INFO] [stdout]    |
[INFO] [stdout] 88 |         let delta = delta.as_secs_f32();
[INFO] [stdout]    |             ^^^^^ help: if this is intentional, prefix it with an underscore: `_delta`
[INFO] [stdout] 
[INFO] [stdout] 
[INFO] [stdout] warning: variable does not need to be mutable
[INFO] [stdout]   --> src/main.rs:71:9
[INFO] [stdout]    |
[INFO] [stdout] 71 |     let mut event_loop = EventsLoop::new();
[INFO] [stdout]    |         ----^^^^^^^^^^
[INFO] [stdout]    |         |
[INFO] [stdout]    |         help: remove this `mut`
[INFO] [stdout]    |
[INFO] [stdout]    = note: `#[warn(unused_mut)]` on by default
[INFO] [stdout] 
[INFO] [stdout] 
[INFO] [stdout] warning: variable does not need to be mutable
[INFO] [stdout]   --> src/main.rs:77:9
[INFO] [stdout]    |
[INFO] [stdout] 77 |     let mut closed = false;
[INFO] [stdout]    |         ----^^^^^^
[INFO] [stdout]    |         |
[INFO] [stdout]    |         help: remove this `mut`
[INFO] [stdout] 
[INFO] [stdout] 
[INFO] [stdout] warning: 35 warnings emitted
[INFO] [stdout] 
[INFO] [stdout] 
[INFO] [stderr]     Finished dev [unoptimized + debuginfo] target(s) in 1m 23s
[INFO] [stderr] warning: the following packages contain code that will be rejected by a future version of Rust: syn v0.14.9
[INFO] [stderr] note: to see what the problems were, use the option `--future-incompat-report`, or run `cargo report future-incompatibilities --id 1`
[INFO] running `Command { std: "docker" "inspect" "e06100a377bc0bb913b9b2ec381af211c4184acec0d05cb48e252b66304aeaab", kill_on_drop: false }`
[INFO] running `Command { std: "docker" "rm" "-f" "e06100a377bc0bb913b9b2ec381af211c4184acec0d05cb48e252b66304aeaab", kill_on_drop: false }`
[INFO] [stdout] e06100a377bc0bb913b9b2ec381af211c4184acec0d05cb48e252b66304aeaab
[INFO] running `Command { std: "docker" "create" "-v" "/var/lib/crater-agent-workspace/builds/worker-3-tc1/target:/opt/rustwide/target:rw,Z" "-v" "/var/lib/crater-agent-workspace/builds/worker-3-tc1/source:/opt/rustwide/workdir:ro,Z" "-v" "/var/lib/crater-agent-workspace/cargo-home:/opt/rustwide/cargo-home:ro,Z" "-v" "/var/lib/crater-agent-workspace/rustup-home:/opt/rustwide/rustup-home:ro,Z" "-e" "SOURCE_DIR=/opt/rustwide/workdir" "-e" "CARGO_TARGET_DIR=/opt/rustwide/target" "-e" "CARGO_INCREMENTAL=0" "-e" "RUST_BACKTRACE=full" "-e" "RUSTFLAGS=--cap-lints=warn" "-e" "RUSTDOCFLAGS=--cap-lints=warn" "-e" "CARGO_HOME=/opt/rustwide/cargo-home" "-e" "RUSTUP_HOME=/opt/rustwide/rustup-home" "-w" "/opt/rustwide/workdir" "-m" "1610612736" "--user" "0:0" "--network" "none" "ghcr.io/rust-lang/crates-build-env/linux@sha256:2788e3201cd34a07e3172128adcd8b3090168a8e3bcc40d7c032b9dda1df7d1c" "/opt/rustwide/cargo-home/bin/cargo" "+1.75.0" "test" "--frozen" "--no-run" "--message-format=json", kill_on_drop: false }`
[INFO] [stdout] 732e381641ec3a936fa5141cab0682a2dc5682b4cca99714ef0254720aedf150
[INFO] running `Command { std: "docker" "start" "-a" "732e381641ec3a936fa5141cab0682a2dc5682b4cca99714ef0254720aedf150", kill_on_drop: false }`
[INFO] [stdout] warning: unused attribute
[INFO] [stdout]  --> re2-scene/src/lib.rs:2:1
[INFO] [stdout]   |
[INFO] [stdout] 2 | #[macro_use()]
[INFO] [stdout]   | ^^^^^^^^^^^^^^ help: remove this attribute
[INFO] [stdout]   |
[INFO] [stdout]   = note: attribute `macro_use` with an empty list has no effect
[INFO] [stdout]   = note: `#[warn(unused_attributes)]` on by default
[INFO] [stdout] 
[INFO] [stdout] 
[INFO] [stdout] warning: 1 warning emitted
[INFO] [stdout] 
[INFO] [stdout] 
[INFO] [stderr]    Compiling re-2 v0.1.0 (/opt/rustwide/workdir)
[INFO] [stdout] warning: unused attribute
[INFO] [stdout]  --> re2-system/src/lib.rs:1:1
[INFO] [stdout]   |
[INFO] [stdout] 1 | #[macro_use()]
[INFO] [stdout]   | ^^^^^^^^^^^^^^ help: remove this attribute
[INFO] [stdout]   |
[INFO] [stdout]   = note: attribute `macro_use` with an empty list has no effect
[INFO] [stdout]   = note: `#[warn(unused_attributes)]` on by default
[INFO] [stdout] 
[INFO] [stdout] 
[INFO] [stdout] warning: 1 warning emitted
[INFO] [stdout] 
[INFO] [stdout] 
[INFO] [stdout] warning: unused `#[macro_use]` import
[INFO] [stdout]  --> src/main.rs:1:1
[INFO] [stdout]   |
[INFO] [stdout] 1 | #[macro_use]
[INFO] [stdout]   | ^^^^^^^^^^^^
[INFO] [stdout]   |
[INFO] [stdout]   = note: `#[warn(unused_imports)]` on by default
[INFO] [stdout] 
[INFO] [stdout] 
[INFO] [stdout] warning: unused import: `re2_core::entity_component::Component`
[INFO] [stdout]  --> src/main.rs:7:5
[INFO] [stdout]   |
[INFO] [stdout] 7 | use re2_core::entity_component::Component;
[INFO] [stdout]   |     ^^^^^^^^^^^^^^^^^^^^^^^^^^^^^^^^^^^^^
[INFO] [stdout] 
[INFO] [stdout] 
[INFO] [stdout] warning: unused import: `super::*`
[INFO] [stdout]  --> src/tests/macros.rs:1:5
[INFO] [stdout]   |
[INFO] [stdout] 1 | use super::*;
[INFO] [stdout]   |     ^^^^^^^^
[INFO] [stdout] 
[INFO] [stdout] 
[INFO] [stdout] warning: unused import: `super::*`
[INFO] [stdout]  --> src/tests/test_render.rs:1:5
[INFO] [stdout]   |
[INFO] [stdout] 1 | use super::*;
[INFO] [stdout]   |     ^^^^^^^^
[INFO] [stdout] 
[INFO] [stdout] 
[INFO] [stdout] warning: unused import: `Surface`
[INFO] [stdout]  --> src/tests/test_render.rs:6:25
[INFO] [stdout]   |
[INFO] [stdout] 6 |     use glium::{glutin, Surface};
[INFO] [stdout]   |                         ^^^^^^^
[INFO] [stdout] 
[INFO] [stdout] 
[INFO] [stdout] warning: unused import: `glutin::EventsLoop`
[INFO] [stdout]  --> src/tests/test_render.rs:7:9
[INFO] [stdout]   |
[INFO] [stdout] 7 |     use glutin::EventsLoop;
[INFO] [stdout]   |         ^^^^^^^^^^^^^^^^^^
[INFO] [stdout] 
[INFO] [stdout] 
[INFO] [stdout] warning: unused import: `super::*`
[INFO] [stdout]  --> src/tests/test_world.rs:1:5
[INFO] [stdout]   |
[INFO] [stdout] 1 | use super::*;
[INFO] [stdout]   |     ^^^^^^^^
[INFO] [stdout] 
[INFO] [stdout] 
[INFO] [stdout] warning: unused import: `Surface`
[INFO] [stdout]  --> src/tests/test_world.rs:6:25
[INFO] [stdout]   |
[INFO] [stdout] 6 |     use glium::{glutin, Surface};
[INFO] [stdout]   |                         ^^^^^^^
[INFO] [stdout] 
[INFO] [stdout] 
[INFO] [stdout] warning: unused import: `glutin::EventsLoop`
[INFO] [stdout]  --> src/tests/test_world.rs:7:9
[INFO] [stdout]   |
[INFO] [stdout] 7 |     use glutin::EventsLoop;
[INFO] [stdout]   |         ^^^^^^^^^^^^^^^^^^
[INFO] [stdout] 
[INFO] [stdout] 
[INFO] [stdout] warning: unused import: `super::*`
[INFO] [stdout]  --> src/tests/test_event.rs:1:5
[INFO] [stdout]   |
[INFO] [stdout] 1 | use super::*;
[INFO] [stdout]   |     ^^^^^^^^
[INFO] [stdout] 
[INFO] [stdout] 
[INFO] [stdout] warning: unused import: `crate::*`
[INFO] [stdout]  --> src/tests/test_main.rs:2:5
[INFO] [stdout]   |
[INFO] [stdout] 2 | use crate::*;
[INFO] [stdout]   |     ^^^^^^^^
[INFO] [stdout] 
[INFO] [stdout] 
[INFO] [stdout] warning: unused import: `Surface`
[INFO] [stdout]  --> src/tests/test_main.rs:7:25
[INFO] [stdout]   |
[INFO] [stdout] 7 |     use glium::{glutin, Surface};
[INFO] [stdout]   |                         ^^^^^^^
[INFO] [stdout] 
[INFO] [stdout] 
[INFO] [stdout] warning: unused import: `glutin::EventsLoop`
[INFO] [stdout]  --> src/tests/test_main.rs:8:9
[INFO] [stdout]   |
[INFO] [stdout] 8 |     use glutin::EventsLoop;
[INFO] [stdout]   |         ^^^^^^^^^^^^^^^^^^
[INFO] [stdout] 
[INFO] [stdout] 
[INFO] [stdout] warning: unused import: `re2_metadata::*`
[INFO] [stdout]   --> src/main.rs:63:9
[INFO] [stdout]    |
[INFO] [stdout] 63 |     use re2_metadata::*;
[INFO] [stdout]    |         ^^^^^^^^^^^^^^^
[INFO] [stdout] 
[INFO] [stdout] 
[INFO] [stdout] warning: unused import: `Surface`
[INFO] [stdout]   --> src/main.rs:64:25
[INFO] [stdout]    |
[INFO] [stdout] 64 |     use glium::{glutin, Surface};
[INFO] [stdout]    |                         ^^^^^^^
[INFO] [stdout] 
[INFO] [stdout] 
[INFO] [stdout] warning: unused imports: `ControlFlow`, `EventsLoopProxy`
[INFO] [stdout]   --> src/main.rs:65:30
[INFO] [stdout]    |
[INFO] [stdout] 65 |     use glutin::{EventsLoop, EventsLoopProxy, ControlFlow};
[INFO] [stdout]    |                              ^^^^^^^^^^^^^^^  ^^^^^^^^^^^
[INFO] [stdout] 
[INFO] [stdout] 
[INFO] [stdout] warning: unused import: `glutin::Event`
[INFO] [stdout]   --> src/main.rs:66:9
[INFO] [stdout]    |
[INFO] [stdout] 66 |     use glutin::Event;
[INFO] [stdout]    |         ^^^^^^^^^^^^^
[INFO] [stdout] 
[INFO] [stdout] 
[INFO] [stdout] warning: unused imports: `Duration`, `Instant`
[INFO] [stdout]   --> src/main.rs:67:21
[INFO] [stdout]    |
[INFO] [stdout] 67 |     use std::time::{Instant, Duration};
[INFO] [stdout]    |                     ^^^^^^^  ^^^^^^^^
[INFO] [stdout] 
[INFO] [stdout] 
[INFO] [stdout] warning: unused import: `std::thread`
[INFO] [stdout]   --> src/main.rs:68:9
[INFO] [stdout]    |
[INFO] [stdout] 68 |     use std::thread;
[INFO] [stdout]    |         ^^^^^^^^^^^
[INFO] [stdout] 
[INFO] [stdout] 
[INFO] [stdout] warning: `#[macro_use]` only has an effect on `extern crate` and modules
[INFO] [stdout]  --> src/tests/mod.rs:6:1
[INFO] [stdout]   |
[INFO] [stdout] 6 | #[macro_use]
[INFO] [stdout]   | ^^^^^^^^^^^^
[INFO] [stdout]   |
[INFO] [stdout]   = note: `#[warn(unused_attributes)]` on by default
[INFO] [stdout] 
[INFO] [stdout] 
[INFO] [stdout] warning: `#[macro_use]` only has an effect on `extern crate` and modules
[INFO] [stdout]  --> src/tests/test_core.rs:9:9
[INFO] [stdout]   |
[INFO] [stdout] 9 |         #[macro_use]
[INFO] [stdout]   |         ^^^^^^^^^^^^
[INFO] [stdout] 
[INFO] [stdout] 
[INFO] [stdout] warning: `#[macro_use]` only has an effect on `extern crate` and modules
[INFO] [stdout]  --> src/tests/test_main.rs:1:1
[INFO] [stdout]   |
[INFO] [stdout] 1 | #[macro_use]
[INFO] [stdout]   | ^^^^^^^^^^^^
[INFO] [stdout] 
[INFO] [stdout] 
[INFO] [stdout] warning: `#[macro_use]` only has an effect on `extern crate` and modules
[INFO] [stdout]  --> src/worlds/mod.rs:9:1
[INFO] [stdout]   |
[INFO] [stdout] 9 | #[macro_use]
[INFO] [stdout]   | ^^^^^^^^^^^^
[INFO] [stdout] 
[INFO] [stdout] 
[INFO] [stdout] warning: unused import: `lazy_static`
[INFO] [stdout]   --> src/worlds/mod.rs:10:5
[INFO] [stdout]    |
[INFO] [stdout] 10 | use lazy_static::*;
[INFO] [stdout]    |     ^^^^^^^^^^^
[INFO] [stdout] 
[INFO] [stdout] 
[INFO] [stdout] warning: variable does not need to be mutable
[INFO] [stdout]   --> src/tests/test_core.rs:17:13
[INFO] [stdout]    |
[INFO] [stdout] 17 |         let mut cst = create_component!{CustomComponent, age : 20, name : String::from("X")};
[INFO] [stdout]    |             ----^^^
[INFO] [stdout]    |             |
[INFO] [stdout]    |             help: remove this `mut`
[INFO] [stdout]    |
[INFO] [stdout]    = note: `#[warn(unused_mut)]` on by default
[INFO] [stdout] 
[INFO] [stdout] 
[INFO] [stdout] warning: unused variable: `vec`
[INFO] [stdout]   --> src/tests/test_core.rs:29:17
[INFO] [stdout]    |
[INFO] [stdout] 29 |         let mut vec = vec!(cst);
[INFO] [stdout]    |                 ^^^ help: if this is intentional, prefix it with an underscore: `_vec`
[INFO] [stdout]    |
[INFO] [stdout]    = note: `#[warn(unused_variables)]` on by default
[INFO] [stdout] 
[INFO] [stdout] 
[INFO] [stdout] warning: variable does not need to be mutable
[INFO] [stdout]   --> src/tests/test_core.rs:28:13
[INFO] [stdout]    |
[INFO] [stdout] 28 |         let mut cst = create_component!{CustomComponent, age : 20, name : String::from("X")};
[INFO] [stdout]    |             ----^^^
[INFO] [stdout]    |             |
[INFO] [stdout]    |             help: remove this `mut`
[INFO] [stdout] 
[INFO] [stdout] 
[INFO] [stdout] warning: variable does not need to be mutable
[INFO] [stdout]   --> src/tests/test_core.rs:29:13
[INFO] [stdout]    |
[INFO] [stdout] 29 |         let mut vec = vec!(cst);
[INFO] [stdout]    |             ----^^^
[INFO] [stdout]    |             |
[INFO] [stdout]    |             help: remove this `mut`
[INFO] [stdout] 
[INFO] [stdout] 
[INFO] [stdout] warning: variable does not need to be mutable
[INFO] [stdout]   --> src/tests/test_core.rs:41:13
[INFO] [stdout]    |
[INFO] [stdout] 41 |         let mut cst = create_component!{CustomComponent, age : 20, name : String::from("X")};
[INFO] [stdout]    |             ----^^^
[INFO] [stdout]    |             |
[INFO] [stdout]    |             help: remove this `mut`
[INFO] [stdout] 
[INFO] [stdout] 
[INFO] [stdout] warning: variable does not need to be mutable
[INFO] [stdout]   --> src/tests/test_core.rs:42:13
[INFO] [stdout]    |
[INFO] [stdout] 42 |         let mut cst2 = create_component!{CustomComponent, age : 30, name : String::from("Y")};
[INFO] [stdout]    |             ----^^^^
[INFO] [stdout]    |             |
[INFO] [stdout]    |             help: remove this `mut`
[INFO] [stdout] 
[INFO] [stdout] 
[INFO] [stdout] warning: unused variable: `display`
[INFO] [stdout]   --> src/main.rs:75:9
[INFO] [stdout]    |
[INFO] [stdout] 75 |     let display = glium::Display::new(wb, cb, &event_loop).unwrap();
[INFO] [stdout]    |         ^^^^^^^ help: if this is intentional, prefix it with an underscore: `_display`
[INFO] [stdout] 
[INFO] [stdout] 
[INFO] [stdout] warning: unused variable: `dev`
[INFO] [stdout]   --> src/main.rs:83:13
[INFO] [stdout]    |
[INFO] [stdout] 83 |         let dev = index % 4;
[INFO] [stdout]    |             ^^^ help: if this is intentional, prefix it with an underscore: `_dev`
[INFO] [stdout] 
[INFO] [stdout] 
[INFO] [stdout] warning: unused variable: `delta`
[INFO] [stdout]   --> src/main.rs:88:13
[INFO] [stdout]    |
[INFO] [stdout] 88 |         let delta = delta.as_secs_f32();
[INFO] [stdout]    |             ^^^^^ help: if this is intentional, prefix it with an underscore: `_delta`
[INFO] [stdout] 
[INFO] [stdout] 
[INFO] [stdout] warning: variable does not need to be mutable
[INFO] [stdout]   --> src/main.rs:71:9
[INFO] [stdout]    |
[INFO] [stdout] 71 |     let mut event_loop = EventsLoop::new();
[INFO] [stdout]    |         ----^^^^^^^^^^
[INFO] [stdout]    |         |
[INFO] [stdout]    |         help: remove this `mut`
[INFO] [stdout] 
[INFO] [stdout] 
[INFO] [stdout] warning: variable does not need to be mutable
[INFO] [stdout]   --> src/main.rs:77:9
[INFO] [stdout]    |
[INFO] [stdout] 77 |     let mut closed = false;
[INFO] [stdout]    |         ----^^^^^^
[INFO] [stdout]    |         |
[INFO] [stdout]    |         help: remove this `mut`
[INFO] [stdout] 
[INFO] [stdout] 
[INFO] [stdout] warning: field `num` is never read
[INFO] [stdout]    --> src/tests/test_core.rs:100:13
[INFO] [stdout]     |
[INFO] [stdout] 99  |         struct SingletonTypeOne {
[INFO] [stdout]     |                ---------------- field in this struct
[INFO] [stdout] 100 |             num : i32,
[INFO] [stdout]     |             ^^^
[INFO] [stdout]     |
[INFO] [stdout]     = note: `SingletonTypeOne` has a derived impl for the trait `Debug`, but this is intentionally ignored during dead code analysis
[INFO] [stdout]     = note: `#[warn(dead_code)]` on by default
[INFO] [stdout] 
[INFO] [stdout] 
[INFO] [stdout] warning: unused borrow that must be used
[INFO] [stdout]    --> src/tests/test_core.rs:144:9
[INFO] [stdout]     |
[INFO] [stdout] 144 |         &RandomPool::get_singleton().pool.insert(String::from("One"), 1);
[INFO] [stdout]     |         ^^^^^^^^^^^^^^^^^^^^^^^^^^^^^^^^^^^^^^^^^^^^^^^^^^^^^^^^^^^^^^^^ the borrow produces a value
[INFO] [stdout]     |
[INFO] [stdout]     = note: `#[warn(unused_must_use)]` on by default
[INFO] [stdout] help: use `let _ = ...` to ignore the resulting value
[INFO] [stdout]     |
[INFO] [stdout] 144 |         let _ = &RandomPool::get_singleton().pool.insert(String::from("One"), 1);
[INFO] [stdout]     |         +++++++
[INFO] [stdout] 
[INFO] [stdout] 
[INFO] [stdout] warning: unused borrow that must be used
[INFO] [stdout]    --> src/tests/test_core.rs:146:9
[INFO] [stdout]     |
[INFO] [stdout] 146 |         &RandomPool::get_singleton().pool.insert(String::from("Two"), 2);
[INFO] [stdout]     |         ^^^^^^^^^^^^^^^^^^^^^^^^^^^^^^^^^^^^^^^^^^^^^^^^^^^^^^^^^^^^^^^^ the borrow produces a value
[INFO] [stdout]     |
[INFO] [stdout] help: use `let _ = ...` to ignore the resulting value
[INFO] [stdout]     |
[INFO] [stdout] 146 |         let _ = &RandomPool::get_singleton().pool.insert(String::from("Two"), 2);
[INFO] [stdout]     |         +++++++
[INFO] [stdout] 
[INFO] [stdout] 
[INFO] [stdout] warning: unused borrow that must be used
[INFO] [stdout]    --> src/tests/test_core.rs:148:9
[INFO] [stdout]     |
[INFO] [stdout] 148 |         &RandomPool::get_singleton().pool.clear();
[INFO] [stdout]     |         ^^^^^^^^^^^^^^^^^^^^^^^^^^^^^^^^^^^^^^^^^ the borrow produces a value
[INFO] [stdout]     |
[INFO] [stdout] help: use `let _ = ...` to ignore the resulting value
[INFO] [stdout]     |
[INFO] [stdout] 148 |         let _ = &RandomPool::get_singleton().pool.clear();
[INFO] [stdout]     |         +++++++
[INFO] [stdout] 
[INFO] [stdout] 
[INFO] [stdout] warning: 39 warnings emitted
[INFO] [stdout] 
[INFO] [stdout] 
[INFO] [stderr]     Finished test [unoptimized + debuginfo] target(s) in 2.53s
[INFO] [stderr] warning: the following packages contain code that will be rejected by a future version of Rust: syn v0.14.9
[INFO] [stderr] note: to see what the problems were, use the option `--future-incompat-report`, or run `cargo report future-incompatibilities --id 1`
[INFO] running `Command { std: "docker" "inspect" "732e381641ec3a936fa5141cab0682a2dc5682b4cca99714ef0254720aedf150", kill_on_drop: false }`
[INFO] running `Command { std: "docker" "rm" "-f" "732e381641ec3a936fa5141cab0682a2dc5682b4cca99714ef0254720aedf150", kill_on_drop: false }`
[INFO] [stdout] 732e381641ec3a936fa5141cab0682a2dc5682b4cca99714ef0254720aedf150
[INFO] running `Command { std: "docker" "create" "-v" "/var/lib/crater-agent-workspace/builds/worker-3-tc1/target:/opt/rustwide/target:rw,Z" "-v" "/var/lib/crater-agent-workspace/builds/worker-3-tc1/source:/opt/rustwide/workdir:ro,Z" "-v" "/var/lib/crater-agent-workspace/cargo-home:/opt/rustwide/cargo-home:ro,Z" "-v" "/var/lib/crater-agent-workspace/rustup-home:/opt/rustwide/rustup-home:ro,Z" "-e" "SOURCE_DIR=/opt/rustwide/workdir" "-e" "CARGO_TARGET_DIR=/opt/rustwide/target" "-e" "CARGO_INCREMENTAL=0" "-e" "RUST_BACKTRACE=full" "-e" "RUSTFLAGS=--cap-lints=warn" "-e" "RUSTDOCFLAGS=--cap-lints=warn" "-e" "CARGO_HOME=/opt/rustwide/cargo-home" "-e" "RUSTUP_HOME=/opt/rustwide/rustup-home" "-w" "/opt/rustwide/workdir" "-m" "1610612736" "--user" "0:0" "--network" "none" "ghcr.io/rust-lang/crates-build-env/linux@sha256:2788e3201cd34a07e3172128adcd8b3090168a8e3bcc40d7c032b9dda1df7d1c" "/opt/rustwide/cargo-home/bin/cargo" "+1.75.0" "test" "--frozen", kill_on_drop: false }`
[INFO] [stdout] 750838246f396035b8e64eda187406d5670000210f576ee2c77b7ddfc1613261
[INFO] running `Command { std: "docker" "start" "-a" "750838246f396035b8e64eda187406d5670000210f576ee2c77b7ddfc1613261", kill_on_drop: false }`
[INFO] [stderr] warning: unused attribute
[INFO] [stderr]  --> re2-scene/src/lib.rs:2:1
[INFO] [stderr]   |
[INFO] [stderr] 2 | #[macro_use()]
[INFO] [stderr]   | ^^^^^^^^^^^^^^ help: remove this attribute
[INFO] [stderr]   |
[INFO] [stderr]   = note: attribute `macro_use` with an empty list has no effect
[INFO] [stderr]   = note: `#[warn(unused_attributes)]` on by default
[INFO] [stderr] 
[INFO] [stderr] warning: `re2_scene` (lib) generated 1 warning (run `cargo fix --lib -p re2_scene` to apply 1 suggestion)
[INFO] [stderr] warning: unused attribute
[INFO] [stderr]  --> re2-system/src/lib.rs:1:1
[INFO] [stderr]   |
[INFO] [stderr] 1 | #[macro_use()]
[INFO] [stderr]   | ^^^^^^^^^^^^^^ help: remove this attribute
[INFO] [stderr]   |
[INFO] [stderr]   = note: attribute `macro_use` with an empty list has no effect
[INFO] [stderr]   = note: `#[warn(unused_attributes)]` on by default
[INFO] [stderr] 
[INFO] [stderr] warning: `re2_system` (lib) generated 1 warning (run `cargo fix --lib -p re2_system` to apply 1 suggestion)
[INFO] [stderr] warning: unused `#[macro_use]` import
[INFO] [stderr]  --> src/main.rs:1:1
[INFO] [stderr]   |
[INFO] [stderr] 1 | #[macro_use]
[INFO] [stderr]   | ^^^^^^^^^^^^
[INFO] [stderr]   |
[INFO] [stderr]   = note: `#[warn(unused_imports)]` on by default
[INFO] [stderr] 
[INFO] [stderr] warning: unused import: `re2_core::entity_component::Component`
[INFO] [stderr]  --> src/main.rs:7:5
[INFO] [stderr]   |
[INFO] [stderr] 7 | use re2_core::entity_component::Component;
[INFO] [stderr]   |     ^^^^^^^^^^^^^^^^^^^^^^^^^^^^^^^^^^^^^
[INFO] [stderr] 
[INFO] [stderr] warning: unused import: `super::*`
[INFO] [stderr]  --> src/tests/macros.rs:1:5
[INFO] [stderr]   |
[INFO] [stderr] 1 | use super::*;
[INFO] [stderr]   |     ^^^^^^^^
[INFO] [stderr] 
[INFO] [stderr] warning: unused import: `super::*`
[INFO] [stderr]  --> src/tests/test_render.rs:1:5
[INFO] [stderr]   |
[INFO] [stderr] 1 | use super::*;
[INFO] [stderr]   |     ^^^^^^^^
[INFO] [stderr] 
[INFO] [stderr] warning: unused import: `Surface`
[INFO] [stderr]  --> src/tests/test_render.rs:6:25
[INFO] [stderr]   |
[INFO] [stderr] 6 |     use glium::{glutin, Surface};
[INFO] [stderr]   |                         ^^^^^^^
[INFO] [stderr] 
[INFO] [stderr] warning: unused import: `glutin::EventsLoop`
[INFO] [stderr]  --> src/tests/test_render.rs:7:9
[INFO] [stderr]   |
[INFO] [stderr] 7 |     use glutin::EventsLoop;
[INFO] [stderr]   |         ^^^^^^^^^^^^^^^^^^
[INFO] [stderr] 
[INFO] [stderr] warning: unused import: `super::*`
[INFO] [stderr]  --> src/tests/test_world.rs:1:5
[INFO] [stderr]   |
[INFO] [stderr] 1 | use super::*;
[INFO] [stderr]   |     ^^^^^^^^
[INFO] [stderr] 
[INFO] [stderr] warning: unused import: `Surface`
[INFO] [stderr]  --> src/tests/test_world.rs:6:25
[INFO] [stderr]   |
[INFO] [stderr] 6 |     use glium::{glutin, Surface};
[INFO] [stderr]   |                         ^^^^^^^
[INFO] [stderr] 
[INFO] [stderr] warning: unused import: `glutin::EventsLoop`
[INFO] [stderr]  --> src/tests/test_world.rs:7:9
[INFO] [stderr]   |
[INFO] [stderr] 7 |     use glutin::EventsLoop;
[INFO] [stderr]   |         ^^^^^^^^^^^^^^^^^^
[INFO] [stderr] 
[INFO] [stderr] warning: unused import: `super::*`
[INFO] [stderr]  --> src/tests/test_event.rs:1:5
[INFO] [stderr]   |
[INFO] [stderr] 1 | use super::*;
[INFO] [stderr]   |     ^^^^^^^^
[INFO] [stderr] 
[INFO] [stderr] warning: unused import: `crate::*`
[INFO] [stderr]  --> src/tests/test_main.rs:2:5
[INFO] [stderr]   |
[INFO] [stderr] 2 | use crate::*;
[INFO] [stderr]   |     ^^^^^^^^
[INFO] [stderr] 
[INFO] [stderr] warning: unused import: `Surface`
[INFO] [stderr]  --> src/tests/test_main.rs:7:25
[INFO] [stderr]   |
[INFO] [stderr] 7 |     use glium::{glutin, Surface};
[INFO] [stderr]   |                         ^^^^^^^
[INFO] [stderr] 
[INFO] [stderr] warning: unused import: `glutin::EventsLoop`
[INFO] [stderr]  --> src/tests/test_main.rs:8:9
[INFO] [stderr]   |
[INFO] [stderr] 8 |     use glutin::EventsLoop;
[INFO] [stderr]   |         ^^^^^^^^^^^^^^^^^^
[INFO] [stderr] 
[INFO] [stderr] warning: unused import: `re2_metadata::*`
[INFO] [stderr]   --> src/main.rs:63:9
[INFO] [stderr]    |
[INFO] [stderr] 63 |     use re2_metadata::*;
[INFO] [stderr]    |         ^^^^^^^^^^^^^^^
[INFO] [stderr] 
[INFO] [stderr] warning: unused import: `Surface`
[INFO] [stderr]   --> src/main.rs:64:25
[INFO] [stderr]    |
[INFO] [stderr] 64 |     use glium::{glutin, Surface};
[INFO] [stderr]    |                         ^^^^^^^
[INFO] [stderr] 
[INFO] [stderr] warning: unused imports: `ControlFlow`, `EventsLoopProxy`
[INFO] [stderr]   --> src/main.rs:65:30
[INFO] [stderr]    |
[INFO] [stderr] 65 |     use glutin::{EventsLoop, EventsLoopProxy, ControlFlow};
[INFO] [stderr]    |                              ^^^^^^^^^^^^^^^  ^^^^^^^^^^^
[INFO] [stderr] 
[INFO] [stderr] warning: unused import: `glutin::Event`
[INFO] [stderr]   --> src/main.rs:66:9
[INFO] [stderr]    |
[INFO] [stderr] 66 |     use glutin::Event;
[INFO] [stderr]    |         ^^^^^^^^^^^^^
[INFO] [stderr] 
[INFO] [stderr] warning: unused imports: `Duration`, `Instant`
[INFO] [stderr]   --> src/main.rs:67:21
[INFO] [stderr]    |
[INFO] [stderr] 67 |     use std::time::{Instant, Duration};
[INFO] [stderr]    |                     ^^^^^^^  ^^^^^^^^
[INFO] [stderr] 
[INFO] [stderr] warning: unused import: `std::thread`
[INFO] [stderr]   --> src/main.rs:68:9
[INFO] [stderr]    |
[INFO] [stderr] 68 |     use std::thread;
[INFO] [stderr]    |         ^^^^^^^^^^^
[INFO] [stderr] 
[INFO] [stderr] warning: `#[macro_use]` only has an effect on `extern crate` and modules
[INFO] [stderr]  --> src/tests/mod.rs:6:1
[INFO] [stderr]   |
[INFO] [stderr] 6 | #[macro_use]
[INFO] [stderr]   | ^^^^^^^^^^^^
[INFO] [stderr]   |
[INFO] [stderr]   = note: `#[warn(unused_attributes)]` on by default
[INFO] [stderr] 
[INFO] [stderr] warning: `#[macro_use]` only has an effect on `extern crate` and modules
[INFO] [stderr]  --> src/tests/test_core.rs:9:9
[INFO] [stderr]   |
[INFO] [stderr] 9 |         #[macro_use]
[INFO] [stderr]   |         ^^^^^^^^^^^^
[INFO] [stderr] 
[INFO] [stderr] warning: `#[macro_use]` only has an effect on `extern crate` and modules
[INFO] [stderr]  --> src/tests/test_main.rs:1:1
[INFO] [stderr]   |
[INFO] [stderr] 1 | #[macro_use]
[INFO] [stderr]   | ^^^^^^^^^^^^
[INFO] [stderr] 
[INFO] [stderr] warning: `#[macro_use]` only has an effect on `extern crate` and modules
[INFO] [stderr]  --> src/worlds/mod.rs:9:1
[INFO] [stderr]   |
[INFO] [stderr] 9 | #[macro_use]
[INFO] [stderr]   | ^^^^^^^^^^^^
[INFO] [stderr] 
[INFO] [stderr] warning: unused import: `lazy_static`
[INFO] [stderr]   --> src/worlds/mod.rs:10:5
[INFO] [stderr]    |
[INFO] [stderr] 10 | use lazy_static::*;
[INFO] [stderr]    |     ^^^^^^^^^^^
[INFO] [stderr] 
[INFO] [stderr] warning: variable does not need to be mutable
[INFO] [stderr]   --> src/tests/test_core.rs:17:13
[INFO] [stderr]    |
[INFO] [stderr] 17 |         let mut cst = create_component!{CustomComponent, age : 20, name : String::from("X")};
[INFO] [stderr]    |             ----^^^
[INFO] [stderr]    |             |
[INFO] [stderr]    |             help: remove this `mut`
[INFO] [stderr]    |
[INFO] [stderr]    = note: `#[warn(unused_mut)]` on by default
[INFO] [stderr] 
[INFO] [stderr] warning: unused variable: `vec`
[INFO] [stderr]   --> src/tests/test_core.rs:29:17
[INFO] [stderr]    |
[INFO] [stderr] 29 |         let mut vec = vec!(cst);
[INFO] [stderr]    |                 ^^^ help: if this is intentional, prefix it with an underscore: `_vec`
[INFO] [stderr]    |
[INFO] [stderr]    = note: `#[warn(unused_variables)]` on by default
[INFO] [stderr] 
[INFO] [stderr] warning: variable does not need to be mutable
[INFO] [stderr]   --> src/tests/test_core.rs:28:13
[INFO] [stderr]    |
[INFO] [stderr] 28 |         let mut cst = create_component!{CustomComponent, age : 20, name : String::from("X")};
[INFO] [stderr]    |             ----^^^
[INFO] [stderr]    |             |
[INFO] [stderr]    |             help: remove this `mut`
[INFO] [stderr] 
[INFO] [stderr] warning: variable does not need to be mutable
[INFO] [stderr]   --> src/tests/test_core.rs:29:13
[INFO] [stderr]    |
[INFO] [stderr] 29 |         let mut vec = vec!(cst);
[INFO] [stderr]    |             ----^^^
[INFO] [stderr]    |             |
[INFO] [stderr]    |             help: remove this `mut`
[INFO] [stderr] 
[INFO] [stderr] warning: variable does not need to be mutable
[INFO] [stderr]   --> src/tests/test_core.rs:41:13
[INFO] [stderr]    |
[INFO] [stderr] 41 |         let mut cst = create_component!{CustomComponent, age : 20, name : String::from("X")};
[INFO] [stderr]    |             ----^^^
[INFO] [stderr]    |             |
[INFO] [stderr]    |             help: remove this `mut`
[INFO] [stderr] 
[INFO] [stderr] warning: variable does not need to be mutable
[INFO] [stderr]   --> src/tests/test_core.rs:42:13
[INFO] [stderr]    |
[INFO] [stderr] 42 |         let mut cst2 = create_component!{CustomComponent, age : 30, name : String::from("Y")};
[INFO] [stderr]    |             ----^^^^
[INFO] [stderr]    |             |
[INFO] [stderr]    |             help: remove this `mut`
[INFO] [stderr] 
[INFO] [stderr] warning: unused variable: `display`
[INFO] [stderr]   --> src/main.rs:75:9
[INFO] [stderr]    |
[INFO] [stderr] 75 |     let display = glium::Display::new(wb, cb, &event_loop).unwrap();
[INFO] [stderr]    |         ^^^^^^^ help: if this is intentional, prefix it with an underscore: `_display`
[INFO] [stderr] 
[INFO] [stderr] warning: unused variable: `dev`
[INFO] [stderr]   --> src/main.rs:83:13
[INFO] [stderr]    |
[INFO] [stderr] 83 |         let dev = index % 4;
[INFO] [stderr]    |             ^^^ help: if this is intentional, prefix it with an underscore: `_dev`
[INFO] [stderr] 
[INFO] [stderr] warning: unused variable: `delta`
[INFO] [stderr]   --> src/main.rs:88:13
[INFO] [stderr]    |
[INFO] [stderr] 88 |         let delta = delta.as_secs_f32();
[INFO] [stderr]    |             ^^^^^ help: if this is intentional, prefix it with an underscore: `_delta`
[INFO] [stderr] 
[INFO] [stderr] warning: variable does not need to be mutable
[INFO] [stderr]   --> src/main.rs:71:9
[INFO] [stderr]    |
[INFO] [stderr] 71 |     let mut event_loop = EventsLoop::new();
[INFO] [stderr]    |         ----^^^^^^^^^^
[INFO] [stderr]    |         |
[INFO] [stderr]    |         help: remove this `mut`
[INFO] [stderr] 
[INFO] [stderr] warning: variable does not need to be mutable
[INFO] [stderr]   --> src/main.rs:77:9
[INFO] [stderr]    |
[INFO] [stderr] 77 |     let mut closed = false;
[INFO] [stderr]    |         ----^^^^^^
[INFO] [stderr]    |         |
[INFO] [stderr]    |         help: remove this `mut`
[INFO] [stderr] 
[INFO] [stderr] warning: field `num` is never read
[INFO] [stderr]    --> src/tests/test_core.rs:100:13
[INFO] [stderr]     |
[INFO] [stderr] 99  |         struct SingletonTypeOne {
[INFO] [stderr]     |                ---------------- field in this struct
[INFO] [stderr] 100 |             num : i32,
[INFO] [stderr]     |             ^^^
[INFO] [stderr]     |
[INFO] [stderr]     = note: `SingletonTypeOne` has a derived impl for the trait `Debug`, but this is intentionally ignored during dead code analysis
[INFO] [stderr]     = note: `#[warn(dead_code)]` on by default
[INFO] [stderr] 
[INFO] [stderr] warning: unused borrow that must be used
[INFO] [stderr]    --> src/tests/test_core.rs:144:9
[INFO] [stderr]     |
[INFO] [stderr] 144 |         &RandomPool::get_singleton().pool.insert(String::from("One"), 1);
[INFO] [stderr]     |         ^^^^^^^^^^^^^^^^^^^^^^^^^^^^^^^^^^^^^^^^^^^^^^^^^^^^^^^^^^^^^^^^ the borrow produces a value
[INFO] [stderr]     |
[INFO] [stderr]     = note: `#[warn(unused_must_use)]` on by default
[INFO] [stderr] help: use `let _ = ...` to ignore the resulting value
[INFO] [stderr]     |
[INFO] [stderr] 144 |         let _ = &RandomPool::get_singleton().pool.insert(String::from("One"), 1);
[INFO] [stderr]     |         +++++++
[INFO] [stderr] 
[INFO] [stderr] warning: unused borrow that must be used
[INFO] [stderr]    --> src/tests/test_core.rs:146:9
[INFO] [stderr]     |
[INFO] [stderr] 146 |         &RandomPool::get_singleton().pool.insert(String::from("Two"), 2);
[INFO] [stderr]     |         ^^^^^^^^^^^^^^^^^^^^^^^^^^^^^^^^^^^^^^^^^^^^^^^^^^^^^^^^^^^^^^^^ the borrow produces a value
[INFO] [stderr]     |
[INFO] [stderr] help: use `let _ = ...` to ignore the resulting value
[INFO] [stderr]     |
[INFO] [stderr] 146 |         let _ = &RandomPool::get_singleton().pool.insert(String::from("Two"), 2);
[INFO] [stderr]     |         +++++++
[INFO] [stderr] 
[INFO] [stderr] warning: unused borrow that must be used
[INFO] [stderr]    --> src/tests/test_core.rs:148:9
[INFO] [stderr]     |
[INFO] [stderr] 148 |         &RandomPool::get_singleton().pool.clear();
[INFO] [stderr]     |         ^^^^^^^^^^^^^^^^^^^^^^^^^^^^^^^^^^^^^^^^^ the borrow produces a value
[INFO] [stderr]     |
[INFO] [stderr] help: use `let _ = ...` to ignore the resulting value
[INFO] [stderr]     |
[INFO] [stderr] 148 |         let _ = &RandomPool::get_singleton().pool.clear();
[INFO] [stderr]     |         +++++++
[INFO] [stderr] 
[INFO] [stderr] warning: `re-2` (bin "re-2" test) generated 39 warnings (run `cargo fix --bin "re-2" --tests` to apply 29 suggestions)
[INFO] [stderr]     Finished test [unoptimized + debuginfo] target(s) in 0.06s
[INFO] [stderr] warning: the following packages contain code that will be rejected by a future version of Rust: syn v0.14.9
[INFO] [stderr] note: to see what the problems were, use the option `--future-incompat-report`, or run `cargo report future-incompatibilities --id 1`
[INFO] [stderr]      Running unittests src/main.rs (/opt/rustwide/target/debug/deps/re_2-f8875b1f77fa9793)
[INFO] [stdout] 
[INFO] [stdout] running 11 tests
[INFO] [stdout] test tests::test_core::test_core::core_component_creation ... ok
[INFO] [stdout] test tests::test_core::test_core::core_data_struct_creation ... ok
[INFO] [stdout] test tests::test_core::test_core::core_data_struct_add ... ok
[INFO] [stdout] test tests::test_core::test_core::core_scene_component_add ... ok
[INFO] [stdout] test tests::test_core::test_core::core_entity_add_component ... ok
[INFO] [stdout] test tests::test_core::test_core::core_vec_singleton_generation ... ok
[INFO] [stdout] test tests::test_core::test_core::core_singleton_generation ... ok
[INFO] [stdout] test tests::test_event::test_event::test_event_enum_hashmap ... ok
[INFO] [stdout] test tests::test_main::test_main::test_main ... FAILED
[INFO] [stdout] test tests::test_world::test_world::test_world_show_events ... FAILED
[INFO] [stdout] test tests::test_render::test_render::test_render_world_image ... FAILED
[INFO] [stdout] 
[INFO] [stdout] failures:
[INFO] [stdout] 
[INFO] [stdout] ---- tests::test_main::test_main::test_main stdout ----
[INFO] [stdout] thread 'tests::test_main::test_main::test_main' panicked at /opt/rustwide/cargo-home/registry/src/index.crates.io-6f17d22bba15001f/winit-0.19.5/src/platform/linux/mod.rs:467:9:
[INFO] [stdout] Failed to initialize any backend! Wayland status: XdgRuntimeDirNotSet X11 status: XOpenDisplayFailed
[INFO] [stdout] stack backtrace:
[INFO] [stdout]    0:     0x555c3f5635ac - std::backtrace_rs::backtrace::libunwind::trace::ha637c64ce894333a
[INFO] [stdout]                                at /rustc/82e1608dfa6e0b5569232559e3d385fea5a93112/library/std/src/../../backtrace/src/backtrace/libunwind.rs:104:5
[INFO] [stdout]    1:     0x555c3f5635ac - std::backtrace_rs::backtrace::trace_unsynchronized::h47f62dea28e0c88d
[INFO] [stdout]                                at /rustc/82e1608dfa6e0b5569232559e3d385fea5a93112/library/std/src/../../backtrace/src/backtrace/mod.rs:66:5
[INFO] [stdout]    2:     0x555c3f5635ac - std::sys_common::backtrace::_print_fmt::h9eef0abe20ede486
[INFO] [stdout]                                at /rustc/82e1608dfa6e0b5569232559e3d385fea5a93112/library/std/src/sys_common/backtrace.rs:67:5
[INFO] [stdout]    3:     0x555c3f5635ac - <std::sys_common::backtrace::_print::DisplayBacktrace as core::fmt::Display>::fmt::hed7f999df88cc644
[INFO] [stdout]                                at /rustc/82e1608dfa6e0b5569232559e3d385fea5a93112/library/std/src/sys_common/backtrace.rs:44:22
[INFO] [stdout]    4:     0x555c3f590020 - core::fmt::rt::Argument::fmt::h1539a9308b8d058d
[INFO] [stdout]                                at /rustc/82e1608dfa6e0b5569232559e3d385fea5a93112/library/core/src/fmt/rt.rs:142:9
[INFO] [stdout]    5:     0x555c3f590020 - core::fmt::write::h3a39390d8560d9c9
[INFO] [stdout]                                at /rustc/82e1608dfa6e0b5569232559e3d385fea5a93112/library/core/src/fmt/mod.rs:1120:17
[INFO] [stdout]    6:     0x555c3f56095f - std::io::Write::write_fmt::h040b369f3a0f9cbc
[INFO] [stdout]                                at /rustc/82e1608dfa6e0b5569232559e3d385fea5a93112/library/std/src/io/mod.rs:1762:15
[INFO] [stdout]    7:     0x555c3f563394 - std::sys_common::backtrace::_print::h894006fb5c6f3d45
[INFO] [stdout]                                at /rustc/82e1608dfa6e0b5569232559e3d385fea5a93112/library/std/src/sys_common/backtrace.rs:47:5
[INFO] [stdout]    8:     0x555c3f563394 - std::sys_common::backtrace::print::h23a2d212c6fff936
[INFO] [stdout]                                at /rustc/82e1608dfa6e0b5569232559e3d385fea5a93112/library/std/src/sys_common/backtrace.rs:34:9
[INFO] [stdout]    9:     0x555c3f565057 - std::panicking::default_hook::{{closure}}::h8a1d2ee00185001a
[INFO] [stdout]   10:     0x555c3f564d43 - std::panicking::default_hook::h6038f2eba384e475
[INFO] [stdout]                                at /rustc/82e1608dfa6e0b5569232559e3d385fea5a93112/library/std/src/panicking.rs:289:9
[INFO] [stdout]   11:     0x555c3f0305b7 - <alloc::boxed::Box<F,A> as core::ops::function::Fn<Args>>::call::h0ad024c9bdc6d768
[INFO] [stdout]                                at /rustc/82e1608dfa6e0b5569232559e3d385fea5a93112/library/alloc/src/boxed.rs:2021:9
[INFO] [stdout]   12:     0x555c3f0305b7 - test::test_main::{{closure}}::h7500b54257359db6
[INFO] [stdout]                                at /rustc/82e1608dfa6e0b5569232559e3d385fea5a93112/library/test/src/lib.rs:138:21
[INFO] [stdout]   13:     0x555c3f565668 - <alloc::boxed::Box<F,A> as core::ops::function::Fn<Args>>::call::h1f8f335eaa9cfaee
[INFO] [stdout]                                at /rustc/82e1608dfa6e0b5569232559e3d385fea5a93112/library/alloc/src/boxed.rs:2021:9
[INFO] [stdout]   14:     0x555c3f565668 - std::panicking::rust_panic_with_hook::h2b5517d590cab22e
[INFO] [stdout]                                at /rustc/82e1608dfa6e0b5569232559e3d385fea5a93112/library/std/src/panicking.rs:783:13
[INFO] [stdout]   15:     0x555c3f358bdf - std::panicking::begin_panic::{{closure}}::h61d4c21e705026df
[INFO] [stdout]                                at /rustc/82e1608dfa6e0b5569232559e3d385fea5a93112/library/std/src/panicking.rs:687:9
[INFO] [stdout]   16:     0x555c3f396d0a - std::sys_common::backtrace::__rust_end_short_backtrace::hcc4eed1b85502646
[INFO] [stdout]                                at /rustc/82e1608dfa6e0b5569232559e3d385fea5a93112/library/std/src/sys_common/backtrace.rs:170:18
[INFO] [stdout]   17:     0x555c3f358b3c - std::panicking::begin_panic::hee70aae4838170aa
[INFO] [stdout]                                at /rustc/82e1608dfa6e0b5569232559e3d385fea5a93112/library/std/src/panicking.rs:686:12
[INFO] [stdout]   18:     0x555c3f3b9449 - winit::platform::platform::EventsLoop::new::ha00764c557f2ded5
[INFO] [stdout]                                at /opt/rustwide/cargo-home/registry/src/index.crates.io-6f17d22bba15001f/winit-0.19.5/src/platform/linux/mod.rs:467:9
[INFO] [stdout]   19:     0x555c3f3b964b - winit::EventsLoop::new::h4ed346001e55250a
[INFO] [stdout]                                at /opt/rustwide/cargo-home/registry/src/index.crates.io-6f17d22bba15001f/winit-0.19.5/src/lib.rs:251:26
[INFO] [stdout]   20:     0x555c3efe42ed - re_2::tests::test_main::test_main::test_main::h3e43cbfa954b936f
[INFO] [stdout]                                at /opt/rustwide/workdir/src/tests/test_main.rs:13:9
[INFO] [stdout]   21:     0x555c3efe42b7 - re_2::tests::test_main::test_main::test_main::{{closure}}::h8b7d76d507e99faa
[INFO] [stdout]                                at /opt/rustwide/workdir/src/tests/test_main.rs:12:19
[INFO] [stdout]   22:     0x555c3efe0316 - core::ops::function::FnOnce::call_once::h6674c1e4b9a40e22
[INFO] [stdout]                                at /rustc/82e1608dfa6e0b5569232559e3d385fea5a93112/library/core/src/ops/function.rs:250:5
[INFO] [stdout]   23:     0x555c3f035c0f - core::ops::function::FnOnce::call_once::h2b5d431d5046312d
[INFO] [stdout]                                at /rustc/82e1608dfa6e0b5569232559e3d385fea5a93112/library/core/src/ops/function.rs:250:5
[INFO] [stdout]   24:     0x555c3f035c0f - test::__rust_begin_short_backtrace::h7714669af176e207
[INFO] [stdout]                                at /rustc/82e1608dfa6e0b5569232559e3d385fea5a93112/library/test/src/lib.rs:628:18
[INFO] [stdout]   25:     0x555c3f034c25 - test::run_test_in_process::{{closure}}::h85218797dcbcec12
[INFO] [stdout]                                at /rustc/82e1608dfa6e0b5569232559e3d385fea5a93112/library/test/src/lib.rs:651:60
[INFO] [stdout]   26:     0x555c3f034c25 - <core::panic::unwind_safe::AssertUnwindSafe<F> as core::ops::function::FnOnce<()>>::call_once::h76c106ea31c14d7b
[INFO] [stdout]                                at /rustc/82e1608dfa6e0b5569232559e3d385fea5a93112/library/core/src/panic/unwind_safe.rs:272:9
[INFO] [stdout]   27:     0x555c3f034c25 - std::panicking::try::do_call::h3bd5d0f6620ee946
[INFO] [stdout]                                at /rustc/82e1608dfa6e0b5569232559e3d385fea5a93112/library/std/src/panicking.rs:552:40
[INFO] [stdout]   28:     0x555c3f034c25 - std::panicking::try::h232e535e4744fe31
[INFO] [stdout]                                at /rustc/82e1608dfa6e0b5569232559e3d385fea5a93112/library/std/src/panicking.rs:516:19
[INFO] [stdout]   29:     0x555c3f034c25 - std::panic::catch_unwind::h3ce3bd6ca8dbac68
[INFO] [stdout]                                at /rustc/82e1608dfa6e0b5569232559e3d385fea5a93112/library/std/src/panic.rs:142:14
[INFO] [stdout]   30:     0x555c3f034c25 - test::run_test_in_process::hc97b257c9621286a
[INFO] [stdout]                                at /rustc/82e1608dfa6e0b5569232559e3d385fea5a93112/library/test/src/lib.rs:651:27
[INFO] [stdout]   31:     0x555c3f034c25 - test::run_test::{{closure}}::h2aa798823a438d38
[INFO] [stdout]                                at /rustc/82e1608dfa6e0b5569232559e3d385fea5a93112/library/test/src/lib.rs:574:43
[INFO] [stdout]   32:     0x555c3effcee6 - test::run_test::{{closure}}::h87d231c78fb59832
[INFO] [stdout]                                at /rustc/82e1608dfa6e0b5569232559e3d385fea5a93112/library/test/src/lib.rs:602:41
[INFO] [stdout]   33:     0x555c3effcee6 - std::sys_common::backtrace::__rust_begin_short_backtrace::he6df152596625789
[INFO] [stdout]                                at /rustc/82e1608dfa6e0b5569232559e3d385fea5a93112/library/std/src/sys_common/backtrace.rs:154:18
[INFO] [stdout]   34:     0x555c3f001f97 - std::thread::Builder::spawn_unchecked_::{{closure}}::{{closure}}::ha94be15d1e0acf36
[INFO] [stdout]                                at /rustc/82e1608dfa6e0b5569232559e3d385fea5a93112/library/std/src/thread/mod.rs:529:17
[INFO] [stdout]   35:     0x555c3f001f97 - <core::panic::unwind_safe::AssertUnwindSafe<F> as core::ops::function::FnOnce<()>>::call_once::h9dc6bd6372f16606
[INFO] [stdout]                                at /rustc/82e1608dfa6e0b5569232559e3d385fea5a93112/library/core/src/panic/unwind_safe.rs:272:9
[INFO] [stdout]   36:     0x555c3f001f97 - std::panicking::try::do_call::h9057517f80303cd4
[INFO] [stdout]                                at /rustc/82e1608dfa6e0b5569232559e3d385fea5a93112/library/std/src/panicking.rs:552:40
[INFO] [stdout]   37:     0x555c3f001f97 - std::panicking::try::he3a30b11ee45340c
[INFO] [stdout]                                at /rustc/82e1608dfa6e0b5569232559e3d385fea5a93112/library/std/src/panicking.rs:516:19
[INFO] [stdout]   38:     0x555c3f001f97 - std::panic::catch_unwind::h410458cfd3528b8b
[INFO] [stdout]                                at /rustc/82e1608dfa6e0b5569232559e3d385fea5a93112/library/std/src/panic.rs:142:14
[INFO] [stdout]   39:     0x555c3f001f97 - std::thread::Builder::spawn_unchecked_::{{closure}}::h72ac3bdb567b737b
[INFO] [stdout]                                at /rustc/82e1608dfa6e0b5569232559e3d385fea5a93112/library/std/src/thread/mod.rs:528:30
[INFO] [stdout]   40:     0x555c3f001f97 - core::ops::function::FnOnce::call_once{{vtable.shim}}::h38f34da3654a8344
[INFO] [stdout]                                at /rustc/82e1608dfa6e0b5569232559e3d385fea5a93112/library/core/src/ops/function.rs:250:5
[INFO] [stdout]   41:     0x555c3f56a995 - <alloc::boxed::Box<F,A> as core::ops::function::FnOnce<Args>>::call_once::hc7eafaff61e32df9
[INFO] [stdout]                                at /rustc/82e1608dfa6e0b5569232559e3d385fea5a93112/library/alloc/src/boxed.rs:2007:9
[INFO] [stdout]   42:     0x555c3f56a995 - <alloc::boxed::Box<F,A> as core::ops::function::FnOnce<Args>>::call_once::h6ba4a5de48dd2304
[INFO] [stdout]                                at /rustc/82e1608dfa6e0b5569232559e3d385fea5a93112/library/alloc/src/boxed.rs:2007:9
[INFO] [stdout]   43:     0x555c3f56a995 - std::sys::unix::thread::Thread::new::thread_start::he469335aef763e45
[INFO] [stdout]                                at /rustc/82e1608dfa6e0b5569232559e3d385fea5a93112/library/std/src/sys/unix/thread.rs:108:17
[INFO] [stdout]   44:     0x7f331e487ac3 - <unknown>
[INFO] [stdout]   45:     0x7f331e518bf4 - __clone
[INFO] [stdout]   46:                0x0 - <unknown>
[INFO] [stdout] 
[INFO] [stdout] ---- tests::test_world::test_world::test_world_show_events stdout ----
[INFO] [stdout] thread 'tests::test_world::test_world::test_world_show_events' panicked at /opt/rustwide/cargo-home/registry/src/index.crates.io-6f17d22bba15001f/winit-0.19.5/src/platform/linux/mod.rs:467:9:
[INFO] [stdout] Failed to initialize any backend! Wayland status: XdgRuntimeDirNotSet X11 status: XOpenDisplayFailed
[INFO] [stdout] stack backtrace:
[INFO] [stdout]    0:     0x555c3f5635ac - std::backtrace_rs::backtrace::libunwind::trace::ha637c64ce894333a
[INFO] [stdout]                                at /rustc/82e1608dfa6e0b5569232559e3d385fea5a93112/library/std/src/../../backtrace/src/backtrace/libunwind.rs:104:5
[INFO] [stdout]    1:     0x555c3f5635ac - std::backtrace_rs::backtrace::trace_unsynchronized::h47f62dea28e0c88d
[INFO] [stdout]                                at /rustc/82e1608dfa6e0b5569232559e3d385fea5a93112/library/std/src/../../backtrace/src/backtrace/mod.rs:66:5
[INFO] [stdout]    2:     0x555c3f5635ac - std::sys_common::backtrace::_print_fmt::h9eef0abe20ede486
[INFO] [stdout]                                at /rustc/82e1608dfa6e0b5569232559e3d385fea5a93112/library/std/src/sys_common/backtrace.rs:67:5
[INFO] [stdout]    3:     0x555c3f5635ac - <std::sys_common::backtrace::_print::DisplayBacktrace as core::fmt::Display>::fmt::hed7f999df88cc644
[INFO] [stdout]                                at /rustc/82e1608dfa6e0b5569232559e3d385fea5a93112/library/std/src/sys_common/backtrace.rs:44:22
[INFO] [stdout]    4:     0x555c3f590020 - core::fmt::rt::Argument::fmt::h1539a9308b8d058d
[INFO] [stdout]                                at /rustc/82e1608dfa6e0b5569232559e3d385fea5a93112/library/core/src/fmt/rt.rs:142:9
[INFO] [stdout]    5:     0x555c3f590020 - core::fmt::write::h3a39390d8560d9c9
[INFO] [stdout]                                at /rustc/82e1608dfa6e0b5569232559e3d385fea5a93112/library/core/src/fmt/mod.rs:1120:17
[INFO] [stdout]    6:     0x555c3f56095f - std::io::Write::write_fmt::h040b369f3a0f9cbc
[INFO] [stdout]                                at /rustc/82e1608dfa6e0b5569232559e3d385fea5a93112/library/std/src/io/mod.rs:1762:15
[INFO] [stdout]    7:     0x555c3f563394 - std::sys_common::backtrace::_print::h894006fb5c6f3d45
[INFO] [stdout]                                at /rustc/82e1608dfa6e0b5569232559e3d385fea5a93112/library/std/src/sys_common/backtrace.rs:47:5
[INFO] [stdout]    8:     0x555c3f563394 - std::sys_common::backtrace::print::h23a2d212c6fff936
[INFO] [stdout]                                at /rustc/82e1608dfa6e0b5569232559e3d385fea5a93112/library/std/src/sys_common/backtrace.rs:34:9
[INFO] [stdout]    9:     0x555c3f565057 - std::panicking::default_hook::{{closure}}::h8a1d2ee00185001a
[INFO] [stdout]   10:     0x555c3f564d43 - std::panicking::default_hook::h6038f2eba384e475
[INFO] [stdout]                                at /rustc/82e1608dfa6e0b5569232559e3d385fea5a93112/library/std/src/panicking.rs:289:9
[INFO] [stdout]   11:     0x555c3f0305b7 - <alloc::boxed::Box<F,A> as core::ops::function::Fn<Args>>::call::h0ad024c9bdc6d768
[INFO] [stdout]                                at /rustc/82e1608dfa6e0b5569232559e3d385fea5a93112/library/alloc/src/boxed.rs:2021:9
[INFO] [stdout]   12:     0x555c3f0305b7 - test::test_main::{{closure}}::h7500b54257359db6
[INFO] [stdout]                                at /rustc/82e1608dfa6e0b5569232559e3d385fea5a93112/library/test/src/lib.rs:138:21
[INFO] [stdout]   13:     0x555c3f565668 - <alloc::boxed::Box<F,A> as core::ops::function::Fn<Args>>::call::h1f8f335eaa9cfaee
[INFO] [stdout]                                at /rustc/82e1608dfa6e0b5569232559e3d385fea5a93112/library/alloc/src/boxed.rs:2021:9
[INFO] [stdout]   14:     0x555c3f565668 - std::panicking::rust_panic_with_hook::h2b5517d590cab22e
[INFO] [stdout]                                at /rustc/82e1608dfa6e0b5569232559e3d385fea5a93112/library/std/src/panicking.rs:783:13
[INFO] [stdout]   15:     0x555c3f358bdf - std::panicking::begin_panic::{{closure}}::h61d4c21e705026df
[INFO] [stdout]                                at /rustc/82e1608dfa6e0b5569232559e3d385fea5a93112/library/std/src/panicking.rs:687:9
[INFO] [stdout]   16:     0x555c3f396d0a - std::sys_common::backtrace::__rust_end_short_backtrace::hcc4eed1b85502646
[INFO] [stdout]                                at /rustc/82e1608dfa6e0b5569232559e3d385fea5a93112/library/std/src/sys_common/backtrace.rs:170:18
[INFO] [stdout]   17:     0x555c3f358b3c - std::panicking::begin_panic::hee70aae4838170aa
[INFO] [stdout]                                at /rustc/82e1608dfa6e0b5569232559e3d385fea5a93112/library/std/src/panicking.rs:686:12
[INFO] [stdout]   18:     0x555c3f3b9449 - winit::platform::platform::EventsLoop::new::ha00764c557f2ded5
[INFO] [stdout]                                at /opt/rustwide/cargo-home/registry/src/index.crates.io-6f17d22bba15001f/winit-0.19.5/src/platform/linux/mod.rs:467:9
[INFO] [stdout]   19:     0x555c3f3b964b - winit::EventsLoop::new::h4ed346001e55250a
[INFO] [stdout]                                at /opt/rustwide/cargo-home/registry/src/index.crates.io-6f17d22bba15001f/winit-0.19.5/src/lib.rs:251:26
[INFO] [stdout]   20:     0x555c3eff9afd - re_2::tests::test_world::test_world::test_world_show_events::hda42fbdd1bb295fd
[INFO] [stdout]                                at /opt/rustwide/workdir/src/tests/test_world.rs:13:30
[INFO] [stdout]   21:     0x555c3eff9ac7 - re_2::tests::test_world::test_world::test_world_show_events::{{closure}}::had4602145ebbd56a
[INFO] [stdout]                                at /opt/rustwide/workdir/src/tests/test_world.rs:12:32
[INFO] [stdout]   22:     0x555c3efe02a6 - core::ops::function::FnOnce::call_once::h5811138db8d0a0e2
[INFO] [stdout]                                at /rustc/82e1608dfa6e0b5569232559e3d385fea5a93112/library/core/src/ops/function.rs:250:5
[INFO] [stdout]   23:     0x555c3f035c0f - core::ops::function::FnOnce::call_once::h2b5d431d5046312d
[INFO] [stdout]                                at /rustc/82e1608dfa6e0b5569232559e3d385fea5a93112/library/core/src/ops/function.rs:250:5
[INFO] [stdout]   24:     0x555c3f035c0f - test::__rust_begin_short_backtrace::h7714669af176e207
[INFO] [stdout]                                at /rustc/82e1608dfa6e0b5569232559e3d385fea5a93112/library/test/src/lib.rs:628:18
[INFO] [stdout]   25:     0x555c3f034c25 - test::run_test_in_process::{{closure}}::h85218797dcbcec12
[INFO] [stdout]                                at /rustc/82e1608dfa6e0b5569232559e3d385fea5a93112/library/test/src/lib.rs:651:60
[INFO] [stdout]   26:     0x555c3f034c25 - <core::panic::unwind_safe::AssertUnwindSafe<F> as core::ops::function::FnOnce<()>>::call_once::h76c106ea31c14d7b
[INFO] [stdout]                                at /rustc/82e1608dfa6e0b5569232559e3d385fea5a93112/library/core/src/panic/unwind_safe.rs:272:9
[INFO] [stdout]   27:     0x555c3f034c25 - std::panicking::try::do_call::h3bd5d0f6620ee946
[INFO] [stdout]                                at /rustc/82e1608dfa6e0b5569232559e3d385fea5a93112/library/std/src/panicking.rs:552:40
[INFO] [stdout]   28:     0x555c3f034c25 - std::panicking::try::h232e535e4744fe31
[INFO] [stdout]                                at /rustc/82e1608dfa6e0b5569232559e3d385fea5a93112/library/std/src/panicking.rs:516:19
[INFO] [stdout]   29:     0x555c3f034c25 - std::panic::catch_unwind::h3ce3bd6ca8dbac68
[INFO] [stdout]                                at /rustc/82e1608dfa6e0b5569232559e3d385fea5a93112/library/std/src/panic.rs:142:14
[INFO] [stdout]   30:     0x555c3f034c25 - test::run_test_in_process::hc97b257c9621286a
[INFO] [stdout]                                at /rustc/82e1608dfa6e0b5569232559e3d385fea5a93112/library/test/src/lib.rs:651:27
[INFO] [stdout]   31:     0x555c3f034c25 - test::run_test::{{closure}}::h2aa798823a438d38
[INFO] [stdout]                                at /rustc/82e1608dfa6e0b5569232559e3d385fea5a93112/library/test/src/lib.rs:574:43
[INFO] [stdout]   32:     0x555c3effcee6 - test::run_test::{{closure}}::h87d231c78fb59832
[INFO] [stdout]                                at /rustc/82e1608dfa6e0b5569232559e3d385fea5a93112/library/test/src/lib.rs:602:41
[INFO] [stdout]   33:     0x555c3effcee6 - std::sys_common::backtrace::__rust_begin_short_backtrace::he6df152596625789
[INFO] [stdout]                                at /rustc/82e1608dfa6e0b5569232559e3d385fea5a93112/library/std/src/sys_common/backtrace.rs:154:18
[INFO] [stdout]   34:     0x555c3f001f97 - std::thread::Builder::spawn_unchecked_::{{closure}}::{{closure}}::ha94be15d1e0acf36
[INFO] [stdout]                                at /rustc/82e1608dfa6e0b5569232559e3d385fea5a93112/library/std/src/thread/mod.rs:529:17
[INFO] [stdout]   35:     0x555c3f001f97 - <core::panic::unwind_safe::AssertUnwindSafe<F> as core::ops::function::FnOnce<()>>::call_once::h9dc6bd6372f16606
[INFO] [stdout]                                at /rustc/82e1608dfa6e0b5569232559e3d385fea5a93112/library/core/src/panic/unwind_safe.rs:272:9
[INFO] [stdout]   36:     0x555c3f001f97 - std::panicking::try::do_call::h9057517f80303cd4
[INFO] [stdout]                                at /rustc/82e1608dfa6e0b5569232559e3d385fea5a93112/library/std/src/panicking.rs:552:40
[INFO] [stdout]   37:     0x555c3f001f97 - std::panicking::try::he3a30b11ee45340c
[INFO] [stdout]                                at /rustc/82e1608dfa6e0b5569232559e3d385fea5a93112/library/std/src/panicking.rs:516:19
[INFO] [stdout]   38:     0x555c3f001f97 - std::panic::catch_unwind::h410458cfd3528b8b
[INFO] [stdout]                                at /rustc/82e1608dfa6e0b5569232559e3d385fea5a93112/library/std/src/panic.rs:142:14
[INFO] [stdout]   39:     0x555c3f001f97 - std::thread::Builder::spawn_unchecked_::{{closure}}::h72ac3bdb567b737b
[INFO] [stdout]                                at /rustc/82e1608dfa6e0b5569232559e3d385fea5a93112/library/std/src/thread/mod.rs:528:30
[INFO] [stdout]   40:     0x555c3f001f97 - core::ops::function::FnOnce::call_once{{vtable.shim}}::h38f34da3654a8344
[INFO] [stdout]                                at /rustc/82e1608dfa6e0b5569232559e3d385fea5a93112/library/core/src/ops/function.rs:250:5
[INFO] [stdout]   41:     0x555c3f56a995 - <alloc::boxed::Box<F,A> as core::ops::function::FnOnce<Args>>::call_once::hc7eafaff61e32df9
[INFO] [stdout]                                at /rustc/82e1608dfa6e0b5569232559e3d385fea5a93112/library/alloc/src/boxed.rs:2007:9
[INFO] [stdout]   42:     0x555c3f56a995 - <alloc::boxed::Box<F,A> as core::ops::function::FnOnce<Args>>::call_once::h6ba4a5de48dd2304
[INFO] [stdout]                                at /rustc/82e1608dfa6e0b5569232559e3d385fea5a93112/library/alloc/src/boxed.rs:2007:9
[INFO] [stdout]   43:     0x555c3f56a995 - std::sys::unix::thread::Thread::new::thread_start::he469335aef763e45
[INFO] [stdout]                                at /rustc/82e1608dfa6e0b5569232559e3d385fea5a93112/library/std/src/sys/unix/thread.rs:108:17
[INFO] [stdout]   44:     0x7f331e487ac3 - <unknown>
[INFO] [stdout]   45:     0x7f331e518bf4 - __clone
[INFO] [stdout]   46:                0x0 - <unknown>
[INFO] [stdout] 
[INFO] [stdout] ---- tests::test_render::test_render::test_render_world_image stdout ----
[INFO] [stdout] thread 'tests::test_render::test_render::test_render_world_image' panicked at /opt/rustwide/cargo-home/registry/src/index.crates.io-6f17d22bba15001f/winit-0.19.5/src/platform/linux/mod.rs:467:9:
[INFO] [stdout] Failed to initialize any backend! Wayland status: XdgRuntimeDirNotSet X11 status: XOpenDisplayFailed
[INFO] [stdout] stack backtrace:
[INFO] [stdout]    0:     0x555c3f5635ac - std::backtrace_rs::backtrace::libunwind::trace::ha637c64ce894333a
[INFO] [stdout]                                at /rustc/82e1608dfa6e0b5569232559e3d385fea5a93112/library/std/src/../../backtrace/src/backtrace/libunwind.rs:104:5
[INFO] [stdout]    1:     0x555c3f5635ac - std::backtrace_rs::backtrace::trace_unsynchronized::h47f62dea28e0c88d
[INFO] [stdout]                                at /rustc/82e1608dfa6e0b5569232559e3d385fea5a93112/library/std/src/../../backtrace/src/backtrace/mod.rs:66:5
[INFO] [stdout]    2:     0x555c3f5635ac - std::sys_common::backtrace::_print_fmt::h9eef0abe20ede486
[INFO] [stdout]                                at /rustc/82e1608dfa6e0b5569232559e3d385fea5a93112/library/std/src/sys_common/backtrace.rs:67:5
[INFO] [stdout]    3:     0x555c3f5635ac - <std::sys_common::backtrace::_print::DisplayBacktrace as core::fmt::Display>::fmt::hed7f999df88cc644
[INFO] [stdout]                                at /rustc/82e1608dfa6e0b5569232559e3d385fea5a93112/library/std/src/sys_common/backtrace.rs:44:22
[INFO] [stdout]    4:     0x555c3f590020 - core::fmt::rt::Argument::fmt::h1539a9308b8d058d
[INFO] [stdout]                                at /rustc/82e1608dfa6e0b5569232559e3d385fea5a93112/library/core/src/fmt/rt.rs:142:9
[INFO] [stdout]    5:     0x555c3f590020 - core::fmt::write::h3a39390d8560d9c9
[INFO] [stdout]                                at /rustc/82e1608dfa6e0b5569232559e3d385fea5a93112/library/core/src/fmt/mod.rs:1120:17
[INFO] [stdout]    6:     0x555c3f56095f - std::io::Write::write_fmt::h040b369f3a0f9cbc
[INFO] [stdout]                                at /rustc/82e1608dfa6e0b5569232559e3d385fea5a93112/library/std/src/io/mod.rs:1762:15
[INFO] [stdout]    7:     0x555c3f563394 - std::sys_common::backtrace::_print::h894006fb5c6f3d45
[INFO] [stdout]                                at /rustc/82e1608dfa6e0b5569232559e3d385fea5a93112/library/std/src/sys_common/backtrace.rs:47:5
[INFO] [stdout]    8:     0x555c3f563394 - std::sys_common::backtrace::print::h23a2d212c6fff936
[INFO] [stdout]                                at /rustc/82e1608dfa6e0b5569232559e3d385fea5a93112/library/std/src/sys_common/backtrace.rs:34:9
[INFO] [stdout]    9:     0x555c3f565057 - std::panicking::default_hook::{{closure}}::h8a1d2ee00185001a
[INFO] [stdout]   10:     0x555c3f564d43 - std::panicking::default_hook::h6038f2eba384e475
[INFO] [stdout]                                at /rustc/82e1608dfa6e0b5569232559e3d385fea5a93112/library/std/src/panicking.rs:289:9
[INFO] [stdout]   11:     0x555c3f0305b7 - <alloc::boxed::Box<F,A> as core::ops::function::Fn<Args>>::call::h0ad024c9bdc6d768
[INFO] [stdout]                                at /rustc/82e1608dfa6e0b5569232559e3d385fea5a93112/library/alloc/src/boxed.rs:2021:9
[INFO] [stdout]   12:     0x555c3f0305b7 - test::test_main::{{closure}}::h7500b54257359db6
[INFO] [stdout]                                at /rustc/82e1608dfa6e0b5569232559e3d385fea5a93112/library/test/src/lib.rs:138:21
[INFO] [stdout]   13:     0x555c3f565668 - <alloc::boxed::Box<F,A> as core::ops::function::Fn<Args>>::call::h1f8f335eaa9cfaee
[INFO] [stdout]                                at /rustc/82e1608dfa6e0b5569232559e3d385fea5a93112/library/alloc/src/boxed.rs:2021:9
[INFO] [stdout]   14:     0x555c3f565668 - std::panicking::rust_panic_with_hook::h2b5517d590cab22e
[INFO] [stdout]                                at /rustc/82e1608dfa6e0b5569232559e3d385fea5a93112/library/std/src/panicking.rs:783:13
[INFO] [stdout]   15:     0x555c3f358bdf - std::panicking::begin_panic::{{closure}}::h61d4c21e705026df
[INFO] [stdout]                                at /rustc/82e1608dfa6e0b5569232559e3d385fea5a93112/library/std/src/panicking.rs:687:9
[INFO] [stdout]   16:     0x555c3f396d0a - std::sys_common::backtrace::__rust_end_short_backtrace::hcc4eed1b85502646
[INFO] [stdout]                                at /rustc/82e1608dfa6e0b5569232559e3d385fea5a93112/library/std/src/sys_common/backtrace.rs:170:18
[INFO] [stdout]   17:     0x555c3f358b3c - std::panicking::begin_panic::hee70aae4838170aa
[INFO] [stdout]                                at /rustc/82e1608dfa6e0b5569232559e3d385fea5a93112/library/std/src/panicking.rs:686:12
[INFO] [stdout]   18:     0x555c3f3b9449 - winit::platform::platform::EventsLoop::new::ha00764c557f2ded5
[INFO] [stdout]                                at /opt/rustwide/cargo-home/registry/src/index.crates.io-6f17d22bba15001f/winit-0.19.5/src/platform/linux/mod.rs:467:9
[INFO] [stdout]   19:     0x555c3f3b964b - winit::EventsLoop::new::h4ed346001e55250a
[INFO] [stdout]                                at /opt/rustwide/cargo-home/registry/src/index.crates.io-6f17d22bba15001f/winit-0.19.5/src/lib.rs:251:26
[INFO] [stdout]   20:     0x555c3efde8fd - re_2::tests::test_render::test_render::test_render_world_image::h54986147f2d16639
[INFO] [stdout]                                at /opt/rustwide/workdir/src/tests/test_render.rs:11:9
[INFO] [stdout]   21:     0x555c3efde8c7 - re_2::tests::test_render::test_render::test_render_world_image::{{closure}}::h60c8015af84cc001
[INFO] [stdout]                                at /opt/rustwide/workdir/src/tests/test_render.rs:10:33
[INFO] [stdout]   22:     0x555c3efe0b86 - core::ops::function::FnOnce::call_once::hebb4be28dc07b6b8
[INFO] [stdout]                                at /rustc/82e1608dfa6e0b5569232559e3d385fea5a93112/library/core/src/ops/function.rs:250:5
[INFO] [stdout]   23:     0x555c3f035c0f - core::ops::function::FnOnce::call_once::h2b5d431d5046312d
[INFO] [stdout]                                at /rustc/82e1608dfa6e0b5569232559e3d385fea5a93112/library/core/src/ops/function.rs:250:5
[INFO] [stdout]   24:     0x555c3f035c0f - test::__rust_begin_short_backtrace::h7714669af176e207
[INFO] [stdout]                                at /rustc/82e1608dfa6e0b5569232559e3d385fea5a93112/library/test/src/lib.rs:628:18
[INFO] [stdout]   25:     0x555c3f034c25 - test::run_test_in_process::{{closure}}::h85218797dcbcec12
[INFO] [stdout]                                at /rustc/82e1608dfa6e0b5569232559e3d385fea5a93112/library/test/src/lib.rs:651:60
[INFO] [stdout]   26:     0x555c3f034c25 - <core::panic::unwind_safe::AssertUnwindSafe<F> as core::ops::function::FnOnce<()>>::call_once::h76c106ea31c14d7b
[INFO] [stdout]                                at /rustc/82e1608dfa6e0b5569232559e3d385fea5a93112/library/core/src/panic/unwind_safe.rs:272:9
[INFO] [stdout]   27:     0x555c3f034c25 - std::panicking::try::do_call::h3bd5d0f6620ee946
[INFO] [stdout]                                at /rustc/82e1608dfa6e0b5569232559e3d385fea5a93112/library/std/src/panicking.rs:552:40
[INFO] [stdout]   28:     0x555c3f034c25 - std::panicking::try::h232e535e4744fe31
[INFO] [stdout]                                at /rustc/82e1608dfa6e0b5569232559e3d385fea5a93112/library/std/src/panicking.rs:516:19
[INFO] [stdout]   29:     0x555c3f034c25 - std::panic::catch_unwind::h3ce3bd6ca8dbac68
[INFO] [stdout]                                at /rustc/82e1608dfa6e0b5569232559e3d385fea5a93112/library/std/src/panic.rs:142:14
[INFO] [stdout]   30:     0x555c3f034c25 - test::run_test_in_process::hc97b257c9621286a
[INFO] [stdout]                                at /rustc/82e1608dfa6e0b5569232559e3d385fea5a93112/library/test/src/lib.rs:651:27
[INFO] [stdout]   31:     0x555c3f034c25 - test::run_test::{{closure}}::h2aa798823a438d38
[INFO] [stdout]                                at /rustc/82e1608dfa6e0b5569232559e3d385fea5a93112/library/test/src/lib.rs:574:43
[INFO] [stdout]   32:     0x555c3effcee6 - test::run_test::{{closure}}::h87d231c78fb59832
[INFO] [stdout]                                at /rustc/82e1608dfa6e0b5569232559e3d385fea5a93112/library/test/src/lib.rs:602:41
[INFO] [stdout]   33:     0x555c3effcee6 - std::sys_common::backtrace::__rust_begin_short_backtrace::he6df152596625789
[INFO] [stdout]                                at /rustc/82e1608dfa6e0b5569232559e3d385fea5a93112/library/std/src/sys_common/backtrace.rs:154:18
[INFO] [stdout]   34:     0x555c3f001f97 - std::thread::Builder::spawn_unchecked_::{{closure}}::{{closure}}::ha94be15d1e0acf36
[INFO] [stdout]                                at /rustc/82e1608dfa6e0b5569232559e3d385fea5a93112/library/std/src/thread/mod.rs:529:17
[INFO] [stdout]   35:     0x555c3f001f97 - <core::panic::unwind_safe::AssertUnwindSafe<F> as core::ops::function::FnOnce<()>>::call_once::h9dc6bd6372f16606
[INFO] [stdout]                                at /rustc/82e1608dfa6e0b5569232559e3d385fea5a93112/library/core/src/panic/unwind_safe.rs:272:9
[INFO] [stdout]   36:     0x555c3f001f97 - std::panicking::try::do_call::h9057517f80303cd4
[INFO] [stdout]                                at /rustc/82e1608dfa6e0b5569232559e3d385fea5a93112/library/std/src/panicking.rs:552:40
[INFO] [stdout]   37:     0x555c3f001f97 - std::panicking::try::he3a30b11ee45340c
[INFO] [stdout]                                at /rustc/82e1608dfa6e0b5569232559e3d385fea5a93112/library/std/src/panicking.rs:516:19
[INFO] [stdout]   38:     0x555c3f001f97 - std::panic::catch_unwind::h410458cfd3528b8b
[INFO] [stdout]                                at /rustc/82e1608dfa6e0b5569232559e3d385fea5a93112/library/std/src/panic.rs:142:14
[INFO] [stdout]   39:     0x555c3f001f97 - std::thread::Builder::spawn_unchecked_::{{closure}}::h72ac3bdb567b737b
[INFO] [stdout]                                at /rustc/82e1608dfa6e0b5569232559e3d385fea5a93112/library/std/src/thread/mod.rs:528:30
[INFO] [stdout]   40:     0x555c3f001f97 - core::ops::function::FnOnce::call_once{{vtable.shim}}::h38f34da3654a8344
[INFO] [stdout]                                at /rustc/82e1608dfa6e0b5569232559e3d385fea5a93112/library/core/src/ops/function.rs:250:5
[INFO] [stdout]   41:     0x555c3f56a995 - <alloc::boxed::Box<F,A> as core::ops::function::FnOnce<Args>>::call_once::hc7eafaff61e32df9
[INFO] [stdout]                                at /rustc/82e1608dfa6e0b5569232559e3d385fea5a93112/library/alloc/src/boxed.rs:2007:9
[INFO] [stdout]   42:     0x555c3f56a995 - <alloc::boxed::Box<F,A> as core::ops::function::FnOnce<Args>>::call_once::h6ba4a5de48dd2304
[INFO] [stdout]                                at /rustc/82e1608dfa6e0b5569232559e3d385fea5a93112/library/alloc/src/boxed.rs:2007:9
[INFO] [stdout]   43:     0x555c3f56a995 - std::sys::unix::thread::Thread::new::thread_start::he469335aef763e45
[INFO] [stdout]                                at /rustc/82e1608dfa6e0b5569232559e3d385fea5a93112/library/std/src/sys/unix/thread.rs:108:17
[INFO] [stdout]   44:     0x7f331e487ac3 - <unknown>
[INFO] [stdout]   45:     0x7f331e518bf4 - __clone
[INFO] [stdout]   46:                0x0 - <unknown>
[INFO] [stdout] 
[INFO] [stdout] 
[INFO] [stdout] failures:
[INFO] [stdout]     tests::test_main::test_main::test_main
[INFO] [stdout]     tests::test_render::test_render::test_render_world_image
[INFO] [stdout]     tests::test_world::test_world::test_world_show_events
[INFO] [stdout] 
[INFO] [stdout] test result: FAILED. 8 passed; 3 failed; 0 ignored; 0 measured; 0 filtered out; finished in 0.04s
[INFO] [stdout] 
[INFO] [stderr] error: test failed, to rerun pass `--bin re-2`
[INFO] running `Command { std: "docker" "inspect" "750838246f396035b8e64eda187406d5670000210f576ee2c77b7ddfc1613261", kill_on_drop: false }`
[INFO] running `Command { std: "docker" "rm" "-f" "750838246f396035b8e64eda187406d5670000210f576ee2c77b7ddfc1613261", kill_on_drop: false }`
[INFO] [stdout] 750838246f396035b8e64eda187406d5670000210f576ee2c77b7ddfc1613261
