[INFO] cloning repository https://github.com/Inspirateur/noise-algebra
[INFO] running `Command { std: "git" "-c" "credential.helper=" "-c" "credential.helper=/workspace/cargo-home/bin/git-credential-null" "clone" "--bare" "https://github.com/Inspirateur/noise-algebra" "/workspace/cache/git-repos/https%3A%2F%2Fgithub.com%2FInspirateur%2Fnoise-algebra", kill_on_drop: false }`
[INFO] [stderr] Cloning into bare repository '/workspace/cache/git-repos/https%3A%2F%2Fgithub.com%2FInspirateur%2Fnoise-algebra'...
[INFO] running `Command { std: "git" "rev-parse" "HEAD", kill_on_drop: false }`
[INFO] [stdout] 1c66c813f6e7ab1cfb1dcc1bdf77a64c2b3341ae
[INFO] testing Inspirateur/noise-algebra against 1.75.0 for beta-1.76-1
[INFO] running `Command { std: "git" "clone" "/workspace/cache/git-repos/https%3A%2F%2Fgithub.com%2FInspirateur%2Fnoise-algebra" "/workspace/builds/worker-5-tc1/source", kill_on_drop: false }`
[INFO] [stderr] Cloning into '/workspace/builds/worker-5-tc1/source'...
[INFO] [stderr] done.
[INFO] validating manifest of git repo https://github.com/Inspirateur/noise-algebra on toolchain 1.75.0
[INFO] running `Command { std: CARGO_HOME="/workspace/cargo-home" RUSTUP_HOME="/workspace/rustup-home" "/workspace/cargo-home/bin/cargo" "+1.75.0" "metadata" "--manifest-path" "Cargo.toml" "--no-deps", kill_on_drop: false }`
[INFO] started tweaking git repo https://github.com/Inspirateur/noise-algebra
[INFO] finished tweaking git repo https://github.com/Inspirateur/noise-algebra
[INFO] tweaked toml for git repo https://github.com/Inspirateur/noise-algebra written to /workspace/builds/worker-5-tc1/source/Cargo.toml
[INFO] crate git repo https://github.com/Inspirateur/noise-algebra already has a lockfile, it will not be regenerated
[INFO] running `Command { std: CARGO_HOME="/workspace/cargo-home" RUSTUP_HOME="/workspace/rustup-home" "/workspace/cargo-home/bin/cargo" "+1.75.0" "fetch" "--manifest-path" "Cargo.toml", kill_on_drop: false }`
[INFO] [stderr]     Updating crates.io index
[INFO] [stderr]  Downloading crates ...
[INFO] [stderr]   Downloaded simdnoise v3.1.6
[INFO] [stderr]   Downloaded simdeez v1.0.8
[INFO] running `Command { std: "docker" "create" "-v" "/var/lib/crater-agent-workspace/builds/worker-5-tc1/target:/opt/rustwide/target:rw,Z" "-v" "/var/lib/crater-agent-workspace/builds/worker-5-tc1/source:/opt/rustwide/workdir:ro,Z" "-v" "/var/lib/crater-agent-workspace/cargo-home:/opt/rustwide/cargo-home:ro,Z" "-v" "/var/lib/crater-agent-workspace/rustup-home:/opt/rustwide/rustup-home:ro,Z" "-e" "SOURCE_DIR=/opt/rustwide/workdir" "-e" "CARGO_TARGET_DIR=/opt/rustwide/target" "-e" "CARGO_HOME=/opt/rustwide/cargo-home" "-e" "RUSTUP_HOME=/opt/rustwide/rustup-home" "-w" "/opt/rustwide/workdir" "-m" "1610612736" "--user" "0:0" "--network" "none" "ghcr.io/rust-lang/crates-build-env/linux@sha256:2788e3201cd34a07e3172128adcd8b3090168a8e3bcc40d7c032b9dda1df7d1c" "/opt/rustwide/cargo-home/bin/cargo" "+1.75.0" "metadata" "--no-deps" "--format-version=1", kill_on_drop: false }`
[INFO] [stdout] 85129fa22a4f030d0c41cfdc1cc67d805ec8f5bb5c10f1f8d8e76bc3935c73eb
[INFO] running `Command { std: "docker" "start" "-a" "85129fa22a4f030d0c41cfdc1cc67d805ec8f5bb5c10f1f8d8e76bc3935c73eb", kill_on_drop: false }`
[INFO] running `Command { std: "docker" "inspect" "85129fa22a4f030d0c41cfdc1cc67d805ec8f5bb5c10f1f8d8e76bc3935c73eb", kill_on_drop: false }`
[INFO] running `Command { std: "docker" "rm" "-f" "85129fa22a4f030d0c41cfdc1cc67d805ec8f5bb5c10f1f8d8e76bc3935c73eb", kill_on_drop: false }`
[INFO] [stdout] 85129fa22a4f030d0c41cfdc1cc67d805ec8f5bb5c10f1f8d8e76bc3935c73eb
[INFO] running `Command { std: "docker" "create" "-v" "/var/lib/crater-agent-workspace/builds/worker-5-tc1/target:/opt/rustwide/target:rw,Z" "-v" "/var/lib/crater-agent-workspace/builds/worker-5-tc1/source:/opt/rustwide/workdir:ro,Z" "-v" "/var/lib/crater-agent-workspace/cargo-home:/opt/rustwide/cargo-home:ro,Z" "-v" "/var/lib/crater-agent-workspace/rustup-home:/opt/rustwide/rustup-home:ro,Z" "-e" "SOURCE_DIR=/opt/rustwide/workdir" "-e" "CARGO_TARGET_DIR=/opt/rustwide/target" "-e" "CARGO_INCREMENTAL=0" "-e" "RUST_BACKTRACE=full" "-e" "RUSTFLAGS=--cap-lints=warn" "-e" "RUSTDOCFLAGS=--cap-lints=warn" "-e" "CARGO_HOME=/opt/rustwide/cargo-home" "-e" "RUSTUP_HOME=/opt/rustwide/rustup-home" "-w" "/opt/rustwide/workdir" "-m" "1610612736" "--user" "0:0" "--network" "none" "ghcr.io/rust-lang/crates-build-env/linux@sha256:2788e3201cd34a07e3172128adcd8b3090168a8e3bcc40d7c032b9dda1df7d1c" "/opt/rustwide/cargo-home/bin/cargo" "+1.75.0" "build" "--frozen" "--message-format=json", kill_on_drop: false }`
[INFO] [stdout] 993fe80ee682224743734476c42621b0a4e4f9f65387613bbf0da984de472fce
[INFO] running `Command { std: "docker" "start" "-a" "993fe80ee682224743734476c42621b0a4e4f9f65387613bbf0da984de472fce", kill_on_drop: false }`
[INFO] [stderr]    Compiling autocfg v1.1.0
[INFO] [stderr]    Compiling libc v0.2.151
[INFO] [stderr]    Compiling proc-macro-hack v0.5.20+deprecated
[INFO] [stderr]    Compiling memchr v2.6.4
[INFO] [stderr]    Compiling regex-syntax v0.8.2
[INFO] [stderr]    Compiling rand_core v0.6.4
[INFO] [stderr]    Compiling ppv-lite86 v0.2.17
[INFO] [stderr]    Compiling rawpointer v0.2.1
[INFO] [stderr]    Compiling either v1.9.0
[INFO] [stderr]    Compiling rand_xorshift v0.3.0
[INFO] [stderr]    Compiling rand v0.8.5
[INFO] [stderr]    Compiling itertools v0.11.0
[INFO] [stderr]    Compiling num-traits v0.2.17
[INFO] [stderr]    Compiling num-integer v0.1.45
[INFO] [stderr]    Compiling matrixmultiply v0.3.8
[INFO] [stderr]    Compiling aho-corasick v1.1.2
[INFO] [stderr]    Compiling getrandom v0.1.16
[INFO] [stderr]    Compiling getrandom v0.2.11
[INFO] [stderr]    Compiling paste-impl v0.1.18
[INFO] [stderr]    Compiling rand_core v0.5.1
[INFO] [stderr]    Compiling rand_chacha v0.2.2
[INFO] [stderr]    Compiling rand_xorshift v0.2.0
[INFO] [stderr]    Compiling rand v0.7.3
[INFO] [stderr]    Compiling paste v0.1.18
[INFO] [stderr]    Compiling simdeez v1.0.8
[INFO] [stderr]    Compiling num-complex v0.4.4
[INFO] [stderr]    Compiling ndarray v0.15.6
[INFO] [stderr]    Compiling regex-automata v0.4.3
[INFO] [stderr]    Compiling noise v0.8.2
[INFO] [stderr]    Compiling simdnoise v3.1.6
[INFO] [stderr]    Compiling regex v1.10.2
[INFO] [stderr]    Compiling bracket-random v0.8.7
[INFO] [stderr]    Compiling bracket-noise v0.8.7
[INFO] [stderr]    Compiling noise-algebra v0.1.17 (/opt/rustwide/workdir)
[INFO] [stdout] warning: unused variable: `freq`
[INFO] [stdout]   --> src/noise.rs:51:35
[INFO] [stdout]    |
[INFO] [stdout] 51 |     pub fn gavoronoise(&mut self, freq: f32) -> Signal<Array2<f32>> {
[INFO] [stdout]    |                                   ^^^^ help: if this is intentional, prefix it with an underscore: `_freq`
[INFO] [stdout]    |
[INFO] [stdout]    = note: `#[warn(unused_variables)]` on by default
[INFO] [stdout] 
[INFO] [stdout] 
[INFO] [stdout] warning: unused variable: `n`
[INFO] [stdout]   --> src/algebra/erode.rs:11:20
[INFO] [stdout]    |
[INFO] [stdout] 11 |     fn erode(self, n: NoiseSource<2>, strength: f32, octave: usize) -> (Array2<f32>, Array2<f32>, Array2<f32>) {
[INFO] [stdout]    |                    ^ help: if this is intentional, prefix it with an underscore: `_n`
[INFO] [stdout] 
[INFO] [stdout] 
[INFO] [stdout] warning: unused variable: `strength`
[INFO] [stdout]   --> src/algebra/erode.rs:11:39
[INFO] [stdout]    |
[INFO] [stdout] 11 |     fn erode(self, n: NoiseSource<2>, strength: f32, octave: usize) -> (Array2<f32>, Array2<f32>, Array2<f32>) {
[INFO] [stdout]    |                                       ^^^^^^^^ help: if this is intentional, prefix it with an underscore: `_strength`
[INFO] [stdout] 
[INFO] [stdout] 
[INFO] [stdout] warning: unused variable: `octave`
[INFO] [stdout]   --> src/algebra/erode.rs:11:54
[INFO] [stdout]    |
[INFO] [stdout] 11 |     fn erode(self, n: NoiseSource<2>, strength: f32, octave: usize) -> (Array2<f32>, Array2<f32>, Array2<f32>) {
[INFO] [stdout]    |                                                      ^^^^^^ help: if this is intentional, prefix it with an underscore: `_octave`
[INFO] [stdout] 
[INFO] [stdout] 
[INFO] [stdout] warning: 4 warnings emitted
[INFO] [stdout] 
[INFO] [stdout] 
[INFO] [stderr]     Finished dev [unoptimized + debuginfo] target(s) in 8.18s
[INFO] running `Command { std: "docker" "inspect" "993fe80ee682224743734476c42621b0a4e4f9f65387613bbf0da984de472fce", kill_on_drop: false }`
[INFO] running `Command { std: "docker" "rm" "-f" "993fe80ee682224743734476c42621b0a4e4f9f65387613bbf0da984de472fce", kill_on_drop: false }`
[INFO] [stdout] 993fe80ee682224743734476c42621b0a4e4f9f65387613bbf0da984de472fce
[INFO] running `Command { std: "docker" "create" "-v" "/var/lib/crater-agent-workspace/builds/worker-5-tc1/target:/opt/rustwide/target:rw,Z" "-v" "/var/lib/crater-agent-workspace/builds/worker-5-tc1/source:/opt/rustwide/workdir:ro,Z" "-v" "/var/lib/crater-agent-workspace/cargo-home:/opt/rustwide/cargo-home:ro,Z" "-v" "/var/lib/crater-agent-workspace/rustup-home:/opt/rustwide/rustup-home:ro,Z" "-e" "SOURCE_DIR=/opt/rustwide/workdir" "-e" "CARGO_TARGET_DIR=/opt/rustwide/target" "-e" "CARGO_INCREMENTAL=0" "-e" "RUST_BACKTRACE=full" "-e" "RUSTFLAGS=--cap-lints=warn" "-e" "RUSTDOCFLAGS=--cap-lints=warn" "-e" "CARGO_HOME=/opt/rustwide/cargo-home" "-e" "RUSTUP_HOME=/opt/rustwide/rustup-home" "-w" "/opt/rustwide/workdir" "-m" "1610612736" "--user" "0:0" "--network" "none" "ghcr.io/rust-lang/crates-build-env/linux@sha256:2788e3201cd34a07e3172128adcd8b3090168a8e3bcc40d7c032b9dda1df7d1c" "/opt/rustwide/cargo-home/bin/cargo" "+1.75.0" "test" "--frozen" "--no-run" "--message-format=json", kill_on_drop: false }`
[INFO] [stdout] c8ba9d39c62994d0e33451503e52b04f293d548efac1eceaf20f0fce89698275
[INFO] running `Command { std: "docker" "start" "-a" "c8ba9d39c62994d0e33451503e52b04f293d548efac1eceaf20f0fce89698275", kill_on_drop: false }`
[INFO] [stderr]    Compiling proc-macro2 v1.0.71
[INFO] [stderr]    Compiling unicode-ident v1.0.12
[INFO] [stderr]    Compiling crossbeam-utils v0.8.18
[INFO] [stderr]    Compiling serde v1.0.193
[INFO] [stderr]    Compiling serde_json v1.0.108
[INFO] [stderr]    Compiling rayon-core v1.12.0
[INFO] [stderr]    Compiling rustix v0.38.28
[INFO] [stderr]    Compiling anstyle v1.0.4
[INFO] [stderr]    Compiling plotters-backend v0.3.5
[INFO] [stderr]    Compiling half v1.8.2
[INFO] [stderr]    Compiling ciborium-io v0.2.1
[INFO] [stderr]    Compiling ryu v1.0.16
[INFO] [stderr]    Compiling bitflags v2.4.1
[INFO] [stderr]    Compiling itoa v1.0.10
[INFO] [stderr]    Compiling clap_lex v0.6.0
[INFO] [stderr]    Compiling linux-raw-sys v0.4.12
[INFO] [stderr]    Compiling itertools v0.10.5
[INFO] [stderr]    Compiling cast v0.3.0
[INFO] [stderr]    Compiling walkdir v2.4.0
[INFO] [stderr]    Compiling ciborium-ll v0.2.1
[INFO] [stderr]    Compiling plotters-svg v0.3.5
[INFO] [stderr]    Compiling clap_builder v4.4.11
[INFO] [stderr]    Compiling once_cell v1.19.0
[INFO] [stderr]    Compiling oorandom v11.1.3
[INFO] [stderr]    Compiling anes v0.1.6
[INFO] [stdout] warning: unused variable: `freq`
[INFO] [stdout]   --> src/noise.rs:51:35
[INFO] [stdout]    |
[INFO] [stdout] 51 |     pub fn gavoronoise(&mut self, freq: f32) -> Signal<Array2<f32>> {
[INFO] [stdout]    |                                   ^^^^ help: if this is intentional, prefix it with an underscore: `_freq`
[INFO] [stdout]    |
[INFO] [stdout]    = note: `#[warn(unused_variables)]` on by default
[INFO] [stdout] 
[INFO] [stdout] 
[INFO] [stdout] warning: unused variable: `n`
[INFO] [stdout]   --> src/algebra/erode.rs:11:20
[INFO] [stdout]    |
[INFO] [stdout] 11 |     fn erode(self, n: NoiseSource<2>, strength: f32, octave: usize) -> (Array2<f32>, Array2<f32>, Array2<f32>) {
[INFO] [stdout]    |                    ^ help: if this is intentional, prefix it with an underscore: `_n`
[INFO] [stdout] 
[INFO] [stdout] 
[INFO] [stdout] warning: unused variable: `strength`
[INFO] [stdout]   --> src/algebra/erode.rs:11:39
[INFO] [stdout]    |
[INFO] [stdout] 11 |     fn erode(self, n: NoiseSource<2>, strength: f32, octave: usize) -> (Array2<f32>, Array2<f32>, Array2<f32>) {
[INFO] [stdout]    |                                       ^^^^^^^^ help: if this is intentional, prefix it with an underscore: `_strength`
[INFO] [stdout] 
[INFO] [stdout] 
[INFO] [stdout] warning: unused variable: `octave`
[INFO] [stdout]   --> src/algebra/erode.rs:11:54
[INFO] [stdout]    |
[INFO] [stdout] 11 |     fn erode(self, n: NoiseSource<2>, strength: f32, octave: usize) -> (Array2<f32>, Array2<f32>, Array2<f32>) {
[INFO] [stdout]    |                                                      ^^^^^^ help: if this is intentional, prefix it with an underscore: `_octave`
[INFO] [stdout] 
[INFO] [stdout] 
[INFO] [stdout] warning: 4 warnings emitted
[INFO] [stdout] 
[INFO] [stdout] 
[INFO] [stderr]    Compiling plotters v0.3.5
[INFO] [stderr]    Compiling crossbeam-epoch v0.9.17
[INFO] [stderr]    Compiling quote v1.0.33
[INFO] [stderr]    Compiling syn v2.0.43
[INFO] [stderr]    Compiling crossbeam-deque v0.8.4
[INFO] [stderr]    Compiling is-terminal v0.4.9
[INFO] [stderr]    Compiling criterion-plot v0.5.0
[INFO] [stderr]    Compiling rayon v1.8.0
[INFO] [stderr]    Compiling clap v4.4.11
[INFO] [stderr]    Compiling serde_derive v1.0.193
[INFO] [stderr]    Compiling ciborium v0.2.1
[INFO] [stderr]    Compiling tinytemplate v1.2.1
[INFO] [stderr]    Compiling criterion v0.5.1
[INFO] [stderr]    Compiling noise-algebra v0.1.17 (/opt/rustwide/workdir)
[INFO] [stdout] warning: unused variable: `freq`
[INFO] [stdout]   --> src/noise.rs:51:35
[INFO] [stdout]    |
[INFO] [stdout] 51 |     pub fn gavoronoise(&mut self, freq: f32) -> Signal<Array2<f32>> {
[INFO] [stdout]    |                                   ^^^^ help: if this is intentional, prefix it with an underscore: `_freq`
[INFO] [stdout]    |
[INFO] [stdout]    = note: `#[warn(unused_variables)]` on by default
[INFO] [stdout] 
[INFO] [stdout] 
[INFO] [stdout] warning: unused variable: `n`
[INFO] [stdout]   --> src/algebra/erode.rs:11:20
[INFO] [stdout]    |
[INFO] [stdout] 11 |     fn erode(self, n: NoiseSource<2>, strength: f32, octave: usize) -> (Array2<f32>, Array2<f32>, Array2<f32>) {
[INFO] [stdout]    |                    ^ help: if this is intentional, prefix it with an underscore: `_n`
[INFO] [stdout] 
[INFO] [stdout] 
[INFO] [stdout] warning: unused variable: `strength`
[INFO] [stdout]   --> src/algebra/erode.rs:11:39
[INFO] [stdout]    |
[INFO] [stdout] 11 |     fn erode(self, n: NoiseSource<2>, strength: f32, octave: usize) -> (Array2<f32>, Array2<f32>, Array2<f32>) {
[INFO] [stdout]    |                                       ^^^^^^^^ help: if this is intentional, prefix it with an underscore: `_strength`
[INFO] [stdout] 
[INFO] [stdout] 
[INFO] [stdout] warning: unused variable: `octave`
[INFO] [stdout]   --> src/algebra/erode.rs:11:54
[INFO] [stdout]    |
[INFO] [stdout] 11 |     fn erode(self, n: NoiseSource<2>, strength: f32, octave: usize) -> (Array2<f32>, Array2<f32>, Array2<f32>) {
[INFO] [stdout]    |                                                      ^^^^^^ help: if this is intentional, prefix it with an underscore: `_octave`
[INFO] [stdout] 
[INFO] [stdout] 
[INFO] [stdout] warning: 4 warnings emitted
[INFO] [stdout] 
[INFO] [stdout] 
[INFO] [stderr]     Finished test [unoptimized + debuginfo] target(s) in 12.17s
[INFO] running `Command { std: "docker" "inspect" "c8ba9d39c62994d0e33451503e52b04f293d548efac1eceaf20f0fce89698275", kill_on_drop: false }`
[INFO] running `Command { std: "docker" "rm" "-f" "c8ba9d39c62994d0e33451503e52b04f293d548efac1eceaf20f0fce89698275", kill_on_drop: false }`
[INFO] [stdout] c8ba9d39c62994d0e33451503e52b04f293d548efac1eceaf20f0fce89698275
[INFO] running `Command { std: "docker" "create" "-v" "/var/lib/crater-agent-workspace/builds/worker-5-tc1/target:/opt/rustwide/target:rw,Z" "-v" "/var/lib/crater-agent-workspace/builds/worker-5-tc1/source:/opt/rustwide/workdir:ro,Z" "-v" "/var/lib/crater-agent-workspace/cargo-home:/opt/rustwide/cargo-home:ro,Z" "-v" "/var/lib/crater-agent-workspace/rustup-home:/opt/rustwide/rustup-home:ro,Z" "-e" "SOURCE_DIR=/opt/rustwide/workdir" "-e" "CARGO_TARGET_DIR=/opt/rustwide/target" "-e" "CARGO_INCREMENTAL=0" "-e" "RUST_BACKTRACE=full" "-e" "RUSTFLAGS=--cap-lints=warn" "-e" "RUSTDOCFLAGS=--cap-lints=warn" "-e" "CARGO_HOME=/opt/rustwide/cargo-home" "-e" "RUSTUP_HOME=/opt/rustwide/rustup-home" "-w" "/opt/rustwide/workdir" "-m" "1610612736" "--user" "0:0" "--network" "none" "ghcr.io/rust-lang/crates-build-env/linux@sha256:2788e3201cd34a07e3172128adcd8b3090168a8e3bcc40d7c032b9dda1df7d1c" "/opt/rustwide/cargo-home/bin/cargo" "+1.75.0" "test" "--frozen", kill_on_drop: false }`
[INFO] [stdout] dd17f49a45bc4b51d421feabf28e1b3f2eb89a1ca09ea6694ec9a75b5e224687
[INFO] running `Command { std: "docker" "start" "-a" "dd17f49a45bc4b51d421feabf28e1b3f2eb89a1ca09ea6694ec9a75b5e224687", kill_on_drop: false }`
[INFO] [stderr] warning: unused variable: `freq`
[INFO] [stderr]   --> src/noise.rs:51:35
[INFO] [stderr]    |
[INFO] [stderr] 51 |     pub fn gavoronoise(&mut self, freq: f32) -> Signal<Array2<f32>> {
[INFO] [stderr]    |                                   ^^^^ help: if this is intentional, prefix it with an underscore: `_freq`
[INFO] [stderr]    |
[INFO] [stderr]    = note: `#[warn(unused_variables)]` on by default
[INFO] [stderr] 
[INFO] [stderr] warning: unused variable: `n`
[INFO] [stderr]   --> src/algebra/erode.rs:11:20
[INFO] [stderr]    |
[INFO] [stderr] 11 |     fn erode(self, n: NoiseSource<2>, strength: f32, octave: usize) -> (Array2<f32>, Array2<f32>, Array2<f32>) {
[INFO] [stderr]    |                    ^ help: if this is intentional, prefix it with an underscore: `_n`
[INFO] [stderr] 
[INFO] [stderr] warning: unused variable: `strength`
[INFO] [stderr]   --> src/algebra/erode.rs:11:39
[INFO] [stderr]    |
[INFO] [stderr] 11 |     fn erode(self, n: NoiseSource<2>, strength: f32, octave: usize) -> (Array2<f32>, Array2<f32>, Array2<f32>) {
[INFO] [stderr]    |                                       ^^^^^^^^ help: if this is intentional, prefix it with an underscore: `_strength`
[INFO] [stderr] 
[INFO] [stderr] warning: unused variable: `octave`
[INFO] [stderr]   --> src/algebra/erode.rs:11:54
[INFO] [stderr]    |
[INFO] [stderr] 11 |     fn erode(self, n: NoiseSource<2>, strength: f32, octave: usize) -> (Array2<f32>, Array2<f32>, Array2<f32>) {
[INFO] [stderr]    |                                                      ^^^^^^ help: if this is intentional, prefix it with an underscore: `_octave`
[INFO] [stderr] 
[INFO] [stderr] warning: `noise-algebra` (lib) generated 4 warnings (run `cargo fix --lib -p noise-algebra` to apply 4 suggestions)
[INFO] [stderr] warning: `noise-algebra` (lib test) generated 4 warnings (4 duplicates)
[INFO] [stderr]     Finished test [unoptimized + debuginfo] target(s) in 0.05s
[INFO] [stderr]      Running unittests src/lib.rs (/opt/rustwide/target/debug/deps/noise_algebra-16a1e49a6f9cb08a)
[INFO] [stdout] 
[INFO] [stdout] running 1 test
[INFO] [stdout] test tests::sample_test ... ok
[INFO] [stdout] 
[INFO] [stdout] test result: ok. 1 passed; 0 failed; 0 ignored; 0 measured; 0 filtered out; finished in 0.00s
[INFO] [stdout] 
[INFO] [stderr]    Doc-tests noise-algebra
[INFO] [stdout] 
[INFO] [stdout] running 1 test
[INFO] [stdout] test src/algebra/_is_same.rs - algebra::_is_same::IsSame (line 5) ... FAILED
[INFO] [stdout] 
[INFO] [stdout] failures:
[INFO] [stdout] 
[INFO] [stdout] ---- src/algebra/_is_same.rs - algebra::_is_same::IsSame (line 5) stdout ----
[INFO] [stdout] error[E0405]: cannot find trait `Add` in this scope
[INFO] [stdout]  --> src/algebra/_is_same.rs:6:9
[INFO] [stdout]   |
[INFO] [stdout] 3 | impl<N> Add<Signal<N>> for f32
[INFO] [stdout]   |         ^^^ not found in this scope
[INFO] [stdout]   |
[INFO] [stdout] help: consider importing one of these items
[INFO] [stdout]   |
[INFO] [stdout] 2 + use core::ops::Add;
[INFO] [stdout]   |
[INFO] [stdout] 2 + use std::ops::Add;
[INFO] [stdout]   |
[INFO] [stdout] 
[INFO] [stdout] error[E0412]: cannot find type `Signal` in this scope
[INFO] [stdout]  --> src/algebra/_is_same.rs:6:13
[INFO] [stdout]   |
[INFO] [stdout] 3 | impl<N> Add<Signal<N>> for f32
[INFO] [stdout]   |             ^^^^^^ not found in this scope
[INFO] [stdout]   |
[INFO] [stdout] help: consider importing this struct
[INFO] [stdout]   |
[INFO] [stdout] 2 + use noise_algebra::Signal;
[INFO] [stdout]   |
[INFO] [stdout] 
[INFO] [stdout] error[E0405]: cannot find trait `Add` in this scope
[INFO] [stdout]  --> src/algebra/_is_same.rs:7:16
[INFO] [stdout]   |
[INFO] [stdout] 4 |     where f32: Add<N, Output = N>
[INFO] [stdout]   |                ^^^ not found in this scope
[INFO] [stdout]   |
[INFO] [stdout] help: consider importing one of these items
[INFO] [stdout]   |
[INFO] [stdout] 2 + use core::ops::Add;
[INFO] [stdout]   |
[INFO] [stdout] 2 + use std::ops::Add;
[INFO] [stdout]   |
[INFO] [stdout] 
[INFO] [stdout] error[E0412]: cannot find type `Signal` in this scope
[INFO] [stdout]  --> src/algebra/_is_same.rs:9:19
[INFO] [stdout]   |
[INFO] [stdout] 6 |     type Output = Signal<N>;
[INFO] [stdout]   |                   ^^^^^^ not found in this scope
[INFO] [stdout]   |
[INFO] [stdout] help: consider importing this struct
[INFO] [stdout]   |
[INFO] [stdout] 2 + use noise_algebra::Signal;
[INFO] [stdout]   |
[INFO] [stdout] 
[INFO] [stdout] error[E0412]: cannot find type `Signal` in this scope
[INFO] [stdout]  --> src/algebra/_is_same.rs:10:23
[INFO] [stdout]   |
[INFO] [stdout] 7 |     fn add(self, rhs: Signal<N>) -> Self::Output {
[INFO] [stdout]   |                       ^^^^^^ not found in this scope
[INFO] [stdout]   |
[INFO] [stdout] help: consider importing this struct
[INFO] [stdout]   |
[INFO] [stdout] 2 + use noise_algebra::Signal;
[INFO] [stdout]   |
[INFO] [stdout] 
[INFO] [stdout] error[E0422]: cannot find struct, variant or union type `Signal` in this scope
[INFO] [stdout]  --> src/algebra/_is_same.rs:11:9
[INFO] [stdout]   |
[INFO] [stdout] 8 |         Signal {
[INFO] [stdout]   |         ^^^^^^ not found in this scope
[INFO] [stdout]   |
[INFO] [stdout] help: consider importing this struct
[INFO] [stdout]   |
[INFO] [stdout] 2 + use noise_algebra::Signal;
[INFO] [stdout]   |
[INFO] [stdout] 
[INFO] [stdout] error: aborting due to 6 previous errors
[INFO] [stdout] 
[INFO] [stdout] Some errors have detailed explanations: E0405, E0412, E0422.
[INFO] [stdout] For more information about an error, try `rustc --explain E0405`.
[INFO] [stdout] Couldn't compile the test.
[INFO] [stdout] 
[INFO] [stdout] failures:
[INFO] [stdout]     src/algebra/_is_same.rs - algebra::_is_same::IsSame (line 5)
[INFO] [stdout] 
[INFO] [stdout] test result: FAILED. 0 passed; 1 failed; 0 ignored; 0 measured; 0 filtered out; finished in 0.08s
[INFO] [stdout] 
[INFO] [stderr] error: doctest failed, to rerun pass `--doc`
[INFO] running `Command { std: "docker" "inspect" "dd17f49a45bc4b51d421feabf28e1b3f2eb89a1ca09ea6694ec9a75b5e224687", kill_on_drop: false }`
[INFO] running `Command { std: "docker" "rm" "-f" "dd17f49a45bc4b51d421feabf28e1b3f2eb89a1ca09ea6694ec9a75b5e224687", kill_on_drop: false }`
[INFO] [stdout] dd17f49a45bc4b51d421feabf28e1b3f2eb89a1ca09ea6694ec9a75b5e224687
[INFO] testing Inspirateur/noise-algebra against beta-2023-12-22 for beta-1.76-1
[INFO] running `Command { std: "git" "clone" "/workspace/cache/git-repos/https%3A%2F%2Fgithub.com%2FInspirateur%2Fnoise-algebra" "/workspace/builds/worker-5-tc2/source", kill_on_drop: false }`
[INFO] [stderr] Cloning into '/workspace/builds/worker-5-tc2/source'...
[INFO] [stderr] done.
[INFO] validating manifest of git repo https://github.com/Inspirateur/noise-algebra on toolchain beta-2023-12-22
[INFO] running `Command { std: CARGO_HOME="/workspace/cargo-home" RUSTUP_HOME="/workspace/rustup-home" "/workspace/cargo-home/bin/cargo" "+beta-2023-12-22" "metadata" "--manifest-path" "Cargo.toml" "--no-deps", kill_on_drop: false }`
[INFO] started tweaking git repo https://github.com/Inspirateur/noise-algebra
[INFO] finished tweaking git repo https://github.com/Inspirateur/noise-algebra
[INFO] tweaked toml for git repo https://github.com/Inspirateur/noise-algebra written to /workspace/builds/worker-5-tc2/source/Cargo.toml
[INFO] crate git repo https://github.com/Inspirateur/noise-algebra already has a lockfile, it will not be regenerated
[INFO] running `Command { std: CARGO_HOME="/workspace/cargo-home" RUSTUP_HOME="/workspace/rustup-home" "/workspace/cargo-home/bin/cargo" "+beta-2023-12-22" "fetch" "--manifest-path" "Cargo.toml", kill_on_drop: false }`
[INFO] running `Command { std: "docker" "create" "-v" "/var/lib/crater-agent-workspace/builds/worker-5-tc2/target:/opt/rustwide/target:rw,Z" "-v" "/var/lib/crater-agent-workspace/builds/worker-5-tc2/source:/opt/rustwide/workdir:ro,Z" "-v" "/var/lib/crater-agent-workspace/cargo-home:/opt/rustwide/cargo-home:ro,Z" "-v" "/var/lib/crater-agent-workspace/rustup-home:/opt/rustwide/rustup-home:ro,Z" "-e" "SOURCE_DIR=/opt/rustwide/workdir" "-e" "CARGO_TARGET_DIR=/opt/rustwide/target" "-e" "CARGO_HOME=/opt/rustwide/cargo-home" "-e" "RUSTUP_HOME=/opt/rustwide/rustup-home" "-w" "/opt/rustwide/workdir" "-m" "1610612736" "--user" "0:0" "--network" "none" "ghcr.io/rust-lang/crates-build-env/linux@sha256:2788e3201cd34a07e3172128adcd8b3090168a8e3bcc40d7c032b9dda1df7d1c" "/opt/rustwide/cargo-home/bin/cargo" "+beta-2023-12-22" "metadata" "--no-deps" "--format-version=1", kill_on_drop: false }`
[INFO] [stdout] 92f7831634bb11b1f9f2216f7beb2d85a418cf901c44f3ceac5856cce8ce133c
[INFO] running `Command { std: "docker" "start" "-a" "92f7831634bb11b1f9f2216f7beb2d85a418cf901c44f3ceac5856cce8ce133c", kill_on_drop: false }`
[INFO] running `Command { std: "docker" "inspect" "92f7831634bb11b1f9f2216f7beb2d85a418cf901c44f3ceac5856cce8ce133c", kill_on_drop: false }`
[INFO] running `Command { std: "docker" "rm" "-f" "92f7831634bb11b1f9f2216f7beb2d85a418cf901c44f3ceac5856cce8ce133c", kill_on_drop: false }`
[INFO] [stdout] 92f7831634bb11b1f9f2216f7beb2d85a418cf901c44f3ceac5856cce8ce133c
[INFO] running `Command { std: "docker" "create" "-v" "/var/lib/crater-agent-workspace/builds/worker-5-tc2/target:/opt/rustwide/target:rw,Z" "-v" "/var/lib/crater-agent-workspace/builds/worker-5-tc2/source:/opt/rustwide/workdir:ro,Z" "-v" "/var/lib/crater-agent-workspace/cargo-home:/opt/rustwide/cargo-home:ro,Z" "-v" "/var/lib/crater-agent-workspace/rustup-home:/opt/rustwide/rustup-home:ro,Z" "-e" "SOURCE_DIR=/opt/rustwide/workdir" "-e" "CARGO_TARGET_DIR=/opt/rustwide/target" "-e" "CARGO_INCREMENTAL=0" "-e" "RUST_BACKTRACE=full" "-e" "RUSTFLAGS=--cap-lints=warn" "-e" "RUSTDOCFLAGS=--cap-lints=warn" "-e" "CARGO_HOME=/opt/rustwide/cargo-home" "-e" "RUSTUP_HOME=/opt/rustwide/rustup-home" "-w" "/opt/rustwide/workdir" "-m" "1610612736" "--user" "0:0" "--network" "none" "ghcr.io/rust-lang/crates-build-env/linux@sha256:2788e3201cd34a07e3172128adcd8b3090168a8e3bcc40d7c032b9dda1df7d1c" "/opt/rustwide/cargo-home/bin/cargo" "+beta-2023-12-22" "build" "--frozen" "--message-format=json", kill_on_drop: false }`
[INFO] [stdout] 8f73ca1f728501ac007cf0c9a3239d6a924734ad1f285bc0d1f2a42ba01b413a
[INFO] running `Command { std: "docker" "start" "-a" "8f73ca1f728501ac007cf0c9a3239d6a924734ad1f285bc0d1f2a42ba01b413a", kill_on_drop: false }`
[INFO] [stderr]    Compiling autocfg v1.1.0
[INFO] [stderr]    Compiling libc v0.2.151
[INFO] [stderr]    Compiling proc-macro-hack v0.5.20+deprecated
[INFO] [stderr]    Compiling memchr v2.6.4
[INFO] [stderr]    Compiling regex-syntax v0.8.2
[INFO] [stderr]    Compiling rand_core v0.6.4
[INFO] [stderr]    Compiling ppv-lite86 v0.2.17
[INFO] [stderr]    Compiling rawpointer v0.2.1
[INFO] [stderr]    Compiling either v1.9.0
[INFO] [stderr]    Compiling rand_xorshift v0.3.0
[INFO] [stderr]    Compiling rand v0.8.5
[INFO] [stderr]    Compiling itertools v0.11.0
[INFO] [stderr]    Compiling num-traits v0.2.17
[INFO] [stderr]    Compiling matrixmultiply v0.3.8
[INFO] [stderr]    Compiling num-integer v0.1.45
[INFO] [stderr]    Compiling aho-corasick v1.1.2
[INFO] [stderr]    Compiling getrandom v0.1.16
[INFO] [stderr]    Compiling getrandom v0.2.11
[INFO] [stderr]    Compiling paste-impl v0.1.18
[INFO] [stderr]    Compiling rand_core v0.5.1
[INFO] [stderr]    Compiling rand_chacha v0.2.2
[INFO] [stderr]    Compiling rand_xorshift v0.2.0
[INFO] [stderr]    Compiling rand v0.7.3
[INFO] [stderr]    Compiling paste v0.1.18
[INFO] [stderr]    Compiling simdeez v1.0.8
[INFO] [stderr]    Compiling num-complex v0.4.4
[INFO] [stderr]    Compiling ndarray v0.15.6
[INFO] [stderr]    Compiling regex-automata v0.4.3
[INFO] [stderr]    Compiling noise v0.8.2
[INFO] [stderr]    Compiling simdnoise v3.1.6
[INFO] [stderr]    Compiling regex v1.10.2
[INFO] [stderr]    Compiling bracket-random v0.8.7
[INFO] [stderr]    Compiling bracket-noise v0.8.7
[INFO] [stderr]    Compiling noise-algebra v0.1.17 (/opt/rustwide/workdir)
[INFO] [stdout] warning: unused variable: `freq`
[INFO] [stdout]   --> src/noise.rs:51:35
[INFO] [stdout]    |
[INFO] [stdout] 51 |     pub fn gavoronoise(&mut self, freq: f32) -> Signal<Array2<f32>> {
[INFO] [stdout]    |                                   ^^^^ help: if this is intentional, prefix it with an underscore: `_freq`
[INFO] [stdout]    |
[INFO] [stdout]    = note: `#[warn(unused_variables)]` on by default
[INFO] [stdout] 
[INFO] [stdout] 
[INFO] [stdout] warning: unused variable: `n`
[INFO] [stdout]   --> src/algebra/erode.rs:11:20
[INFO] [stdout]    |
[INFO] [stdout] 11 |     fn erode(self, n: NoiseSource<2>, strength: f32, octave: usize) -> (Array2<f32>, Array2<f32>, Array2<f32>) {
[INFO] [stdout]    |                    ^ help: if this is intentional, prefix it with an underscore: `_n`
[INFO] [stdout] 
[INFO] [stdout] 
[INFO] [stdout] warning: unused variable: `strength`
[INFO] [stdout]   --> src/algebra/erode.rs:11:39
[INFO] [stdout]    |
[INFO] [stdout] 11 |     fn erode(self, n: NoiseSource<2>, strength: f32, octave: usize) -> (Array2<f32>, Array2<f32>, Array2<f32>) {
[INFO] [stdout]    |                                       ^^^^^^^^ help: if this is intentional, prefix it with an underscore: `_strength`
[INFO] [stdout] 
[INFO] [stdout] 
[INFO] [stdout] warning: unused variable: `octave`
[INFO] [stdout]   --> src/algebra/erode.rs:11:54
[INFO] [stdout]    |
[INFO] [stdout] 11 |     fn erode(self, n: NoiseSource<2>, strength: f32, octave: usize) -> (Array2<f32>, Array2<f32>, Array2<f32>) {
[INFO] [stdout]    |                                                      ^^^^^^ help: if this is intentional, prefix it with an underscore: `_octave`
[INFO] [stdout] 
[INFO] [stdout] 
[INFO] [stdout] warning: 4 warnings emitted
[INFO] [stdout] 
[INFO] [stdout] 
[INFO] [stderr]     Finished dev [unoptimized + debuginfo] target(s) in 7.91s
[INFO] running `Command { std: "docker" "inspect" "8f73ca1f728501ac007cf0c9a3239d6a924734ad1f285bc0d1f2a42ba01b413a", kill_on_drop: false }`
[INFO] running `Command { std: "docker" "rm" "-f" "8f73ca1f728501ac007cf0c9a3239d6a924734ad1f285bc0d1f2a42ba01b413a", kill_on_drop: false }`
[INFO] [stdout] 8f73ca1f728501ac007cf0c9a3239d6a924734ad1f285bc0d1f2a42ba01b413a
[INFO] running `Command { std: "docker" "create" "-v" "/var/lib/crater-agent-workspace/builds/worker-5-tc2/target:/opt/rustwide/target:rw,Z" "-v" "/var/lib/crater-agent-workspace/builds/worker-5-tc2/source:/opt/rustwide/workdir:ro,Z" "-v" "/var/lib/crater-agent-workspace/cargo-home:/opt/rustwide/cargo-home:ro,Z" "-v" "/var/lib/crater-agent-workspace/rustup-home:/opt/rustwide/rustup-home:ro,Z" "-e" "SOURCE_DIR=/opt/rustwide/workdir" "-e" "CARGO_TARGET_DIR=/opt/rustwide/target" "-e" "CARGO_INCREMENTAL=0" "-e" "RUST_BACKTRACE=full" "-e" "RUSTFLAGS=--cap-lints=warn" "-e" "RUSTDOCFLAGS=--cap-lints=warn" "-e" "CARGO_HOME=/opt/rustwide/cargo-home" "-e" "RUSTUP_HOME=/opt/rustwide/rustup-home" "-w" "/opt/rustwide/workdir" "-m" "1610612736" "--user" "0:0" "--network" "none" "ghcr.io/rust-lang/crates-build-env/linux@sha256:2788e3201cd34a07e3172128adcd8b3090168a8e3bcc40d7c032b9dda1df7d1c" "/opt/rustwide/cargo-home/bin/cargo" "+beta-2023-12-22" "test" "--frozen" "--no-run" "--message-format=json", kill_on_drop: false }`
[INFO] [stdout] b8879eb50058a3b90369f1f5aa4b066d39b394e34f1b5ddd5dd2e8e61033017e
[INFO] running `Command { std: "docker" "start" "-a" "b8879eb50058a3b90369f1f5aa4b066d39b394e34f1b5ddd5dd2e8e61033017e", kill_on_drop: false }`
[INFO] [stderr]    Compiling proc-macro2 v1.0.71
[INFO] [stderr]    Compiling unicode-ident v1.0.12
[INFO] [stderr]    Compiling crossbeam-utils v0.8.18
[INFO] [stderr]    Compiling serde v1.0.193
[INFO] [stderr]    Compiling serde_json v1.0.108
[INFO] [stderr]    Compiling rustix v0.38.28
[INFO] [stderr]    Compiling rayon-core v1.12.0
[INFO] [stderr]    Compiling anstyle v1.0.4
[INFO] [stderr]    Compiling ciborium-io v0.2.1
[INFO] [stderr]    Compiling ryu v1.0.16
[INFO] [stderr]    Compiling linux-raw-sys v0.4.12
[INFO] [stderr]    Compiling itoa v1.0.10
[INFO] [stderr]    Compiling clap_lex v0.6.0
[INFO] [stderr]    Compiling plotters-backend v0.3.5
[INFO] [stderr]    Compiling bitflags v2.4.1
[INFO] [stderr]    Compiling half v1.8.2
[INFO] [stderr]    Compiling itertools v0.10.5
[INFO] [stderr]    Compiling cast v0.3.0
[INFO] [stderr]    Compiling walkdir v2.4.0
[INFO] [stderr]    Compiling clap_builder v4.4.11
[INFO] [stderr]    Compiling anes v0.1.6
[INFO] [stderr]    Compiling once_cell v1.19.0
[INFO] [stderr]    Compiling plotters-svg v0.3.5
[INFO] [stderr]    Compiling ciborium-ll v0.2.1
[INFO] [stderr]    Compiling oorandom v11.1.3
[INFO] [stdout] warning: unused variable: `freq`
[INFO] [stdout]   --> src/noise.rs:51:35
[INFO] [stdout]    |
[INFO] [stdout] 51 |     pub fn gavoronoise(&mut self, freq: f32) -> Signal<Array2<f32>> {
[INFO] [stdout]    |                                   ^^^^ help: if this is intentional, prefix it with an underscore: `_freq`
[INFO] [stdout]    |
[INFO] [stdout]    = note: `#[warn(unused_variables)]` on by default
[INFO] [stdout] 
[INFO] [stdout] 
[INFO] [stdout] warning: unused variable: `n`
[INFO] [stdout]   --> src/algebra/erode.rs:11:20
[INFO] [stdout]    |
[INFO] [stdout] 11 |     fn erode(self, n: NoiseSource<2>, strength: f32, octave: usize) -> (Array2<f32>, Array2<f32>, Array2<f32>) {
[INFO] [stdout]    |                    ^ help: if this is intentional, prefix it with an underscore: `_n`
[INFO] [stdout] 
[INFO] [stdout] 
[INFO] [stdout] warning: unused variable: `strength`
[INFO] [stdout]   --> src/algebra/erode.rs:11:39
[INFO] [stdout]    |
[INFO] [stdout] 11 |     fn erode(self, n: NoiseSource<2>, strength: f32, octave: usize) -> (Array2<f32>, Array2<f32>, Array2<f32>) {
[INFO] [stdout]    |                                       ^^^^^^^^ help: if this is intentional, prefix it with an underscore: `_strength`
[INFO] [stdout] 
[INFO] [stdout] 
[INFO] [stdout] warning: unused variable: `octave`
[INFO] [stdout]   --> src/algebra/erode.rs:11:54
[INFO] [stdout]    |
[INFO] [stdout] 11 |     fn erode(self, n: NoiseSource<2>, strength: f32, octave: usize) -> (Array2<f32>, Array2<f32>, Array2<f32>) {
[INFO] [stdout]    |                                                      ^^^^^^ help: if this is intentional, prefix it with an underscore: `_octave`
[INFO] [stdout] 
[INFO] [stdout] 
[INFO] [stdout] warning: 4 warnings emitted
[INFO] [stdout] 
[INFO] [stdout] 
[INFO] [stderr]    Compiling plotters v0.3.5
[INFO] [stderr]    Compiling crossbeam-epoch v0.9.17
[INFO] [stderr]    Compiling quote v1.0.33
[INFO] [stderr]    Compiling syn v2.0.43
[INFO] [stderr]    Compiling crossbeam-deque v0.8.4
[INFO] [stderr]    Compiling is-terminal v0.4.9
[INFO] [stderr]    Compiling criterion-plot v0.5.0
[INFO] [stderr]    Compiling rayon v1.8.0
[INFO] [stderr]    Compiling clap v4.4.11
[INFO] [stderr]    Compiling serde_derive v1.0.193
[INFO] [stderr]    Compiling ciborium v0.2.1
[INFO] [stderr]    Compiling tinytemplate v1.2.1
[INFO] [stderr]    Compiling criterion v0.5.1
[INFO] [stderr]    Compiling noise-algebra v0.1.17 (/opt/rustwide/workdir)
[INFO] [stdout] warning: unused variable: `freq`
[INFO] [stdout]   --> src/noise.rs:51:35
[INFO] [stdout]    |
[INFO] [stdout] 51 |     pub fn gavoronoise(&mut self, freq: f32) -> Signal<Array2<f32>> {
[INFO] [stdout]    |                                   ^^^^ help: if this is intentional, prefix it with an underscore: `_freq`
[INFO] [stdout]    |
[INFO] [stdout]    = note: `#[warn(unused_variables)]` on by default
[INFO] [stdout] 
[INFO] [stdout] 
[INFO] [stdout] warning: unused variable: `n`
[INFO] [stdout]   --> src/algebra/erode.rs:11:20
[INFO] [stdout]    |
[INFO] [stdout] 11 |     fn erode(self, n: NoiseSource<2>, strength: f32, octave: usize) -> (Array2<f32>, Array2<f32>, Array2<f32>) {
[INFO] [stdout]    |                    ^ help: if this is intentional, prefix it with an underscore: `_n`
[INFO] [stdout] 
[INFO] [stdout] 
[INFO] [stdout] warning: unused variable: `strength`
[INFO] [stdout]   --> src/algebra/erode.rs:11:39
[INFO] [stdout]    |
[INFO] [stdout] 11 |     fn erode(self, n: NoiseSource<2>, strength: f32, octave: usize) -> (Array2<f32>, Array2<f32>, Array2<f32>) {
[INFO] [stdout]    |                                       ^^^^^^^^ help: if this is intentional, prefix it with an underscore: `_strength`
[INFO] [stdout] 
[INFO] [stdout] 
[INFO] [stdout] warning: unused variable: `octave`
[INFO] [stdout]   --> src/algebra/erode.rs:11:54
[INFO] [stdout]    |
[INFO] [stdout] 11 |     fn erode(self, n: NoiseSource<2>, strength: f32, octave: usize) -> (Array2<f32>, Array2<f32>, Array2<f32>) {
[INFO] [stdout]    |                                                      ^^^^^^ help: if this is intentional, prefix it with an underscore: `_octave`
[INFO] [stdout] 
[INFO] [stdout] 
[INFO] [stdout] warning: 4 warnings emitted
[INFO] [stdout] 
[INFO] [stdout] 
[INFO] [stderr]     Finished test [unoptimized + debuginfo] target(s) in 9.46s
[INFO] running `Command { std: "docker" "inspect" "b8879eb50058a3b90369f1f5aa4b066d39b394e34f1b5ddd5dd2e8e61033017e", kill_on_drop: false }`
[INFO] running `Command { std: "docker" "rm" "-f" "b8879eb50058a3b90369f1f5aa4b066d39b394e34f1b5ddd5dd2e8e61033017e", kill_on_drop: false }`
[INFO] [stdout] b8879eb50058a3b90369f1f5aa4b066d39b394e34f1b5ddd5dd2e8e61033017e
[INFO] running `Command { std: "docker" "create" "-v" "/var/lib/crater-agent-workspace/builds/worker-5-tc2/target:/opt/rustwide/target:rw,Z" "-v" "/var/lib/crater-agent-workspace/builds/worker-5-tc2/source:/opt/rustwide/workdir:ro,Z" "-v" "/var/lib/crater-agent-workspace/cargo-home:/opt/rustwide/cargo-home:ro,Z" "-v" "/var/lib/crater-agent-workspace/rustup-home:/opt/rustwide/rustup-home:ro,Z" "-e" "SOURCE_DIR=/opt/rustwide/workdir" "-e" "CARGO_TARGET_DIR=/opt/rustwide/target" "-e" "CARGO_INCREMENTAL=0" "-e" "RUST_BACKTRACE=full" "-e" "RUSTFLAGS=--cap-lints=warn" "-e" "RUSTDOCFLAGS=--cap-lints=warn" "-e" "CARGO_HOME=/opt/rustwide/cargo-home" "-e" "RUSTUP_HOME=/opt/rustwide/rustup-home" "-w" "/opt/rustwide/workdir" "-m" "1610612736" "--user" "0:0" "--network" "none" "ghcr.io/rust-lang/crates-build-env/linux@sha256:2788e3201cd34a07e3172128adcd8b3090168a8e3bcc40d7c032b9dda1df7d1c" "/opt/rustwide/cargo-home/bin/cargo" "+beta-2023-12-22" "test" "--frozen", kill_on_drop: false }`
[INFO] [stdout] 868d7905bdccc00af1427f645e872ae41d552f65db63741ba80ea02157f96f17
[INFO] running `Command { std: "docker" "start" "-a" "868d7905bdccc00af1427f645e872ae41d552f65db63741ba80ea02157f96f17", kill_on_drop: false }`
[INFO] [stderr] warning: unused variable: `freq`
[INFO] [stderr]   --> src/noise.rs:51:35
[INFO] [stderr]    |
[INFO] [stderr] 51 |     pub fn gavoronoise(&mut self, freq: f32) -> Signal<Array2<f32>> {
[INFO] [stderr]    |                                   ^^^^ help: if this is intentional, prefix it with an underscore: `_freq`
[INFO] [stderr]    |
[INFO] [stderr]    = note: `#[warn(unused_variables)]` on by default
[INFO] [stderr] 
[INFO] [stderr] warning: unused variable: `n`
[INFO] [stderr]   --> src/algebra/erode.rs:11:20
[INFO] [stderr]    |
[INFO] [stderr] 11 |     fn erode(self, n: NoiseSource<2>, strength: f32, octave: usize) -> (Array2<f32>, Array2<f32>, Array2<f32>) {
[INFO] [stderr]    |                    ^ help: if this is intentional, prefix it with an underscore: `_n`
[INFO] [stderr] 
[INFO] [stderr] warning: unused variable: `strength`
[INFO] [stderr]   --> src/algebra/erode.rs:11:39
[INFO] [stderr]    |
[INFO] [stderr] 11 |     fn erode(self, n: NoiseSource<2>, strength: f32, octave: usize) -> (Array2<f32>, Array2<f32>, Array2<f32>) {
[INFO] [stderr]    |                                       ^^^^^^^^ help: if this is intentional, prefix it with an underscore: `_strength`
[INFO] [stderr] 
[INFO] [stderr] warning: unused variable: `octave`
[INFO] [stderr]   --> src/algebra/erode.rs:11:54
[INFO] [stderr]    |
[INFO] [stderr] 11 |     fn erode(self, n: NoiseSource<2>, strength: f32, octave: usize) -> (Array2<f32>, Array2<f32>, Array2<f32>) {
[INFO] [stderr]    |                                                      ^^^^^^ help: if this is intentional, prefix it with an underscore: `_octave`
[INFO] [stderr] 
[INFO] [stderr] warning: `noise-algebra` (lib) generated 4 warnings (run `cargo fix --lib -p noise-algebra` to apply 4 suggestions)
[INFO] [stderr] warning: `noise-algebra` (lib test) generated 4 warnings (4 duplicates)
[INFO] [stderr]     Finished test [unoptimized + debuginfo] target(s) in 0.05s
[INFO] [stderr]      Running unittests src/lib.rs (/opt/rustwide/target/debug/deps/noise_algebra-7a45f595a94a0ab7)
[INFO] [stdout] 
[INFO] [stdout] running 1 test
[INFO] [stdout] test tests::sample_test ... ok
[INFO] [stdout] 
[INFO] [stdout] test result: ok. 1 passed; 0 failed; 0 ignored; 0 measured; 0 filtered out; finished in 0.00s
[INFO] [stdout] 
[INFO] [stderr]    Doc-tests noise-algebra
[INFO] [stdout] 
[INFO] [stdout] running 1 test
[INFO] [stdout] test src/algebra/_is_same.rs - algebra::_is_same::IsSame (line 5) ... FAILED
[INFO] [stdout] 
[INFO] [stdout] failures:
[INFO] [stdout] 
[INFO] [stdout] ---- src/algebra/_is_same.rs - algebra::_is_same::IsSame (line 5) stdout ----
[INFO] [stdout] error[E0405]: cannot find trait `Add` in this scope
[INFO] [stdout]  --> src/algebra/_is_same.rs:6:9
[INFO] [stdout]   |
[INFO] [stdout] 3 | impl<N> Add<Signal<N>> for f32
[INFO] [stdout]   |         ^^^ not found in this scope
[INFO] [stdout]   |
[INFO] [stdout] help: consider importing one of these items
[INFO] [stdout]   |
[INFO] [stdout] 2 + use core::ops::Add;
[INFO] [stdout]   |
[INFO] [stdout] 2 + use std::ops::Add;
[INFO] [stdout]   |
[INFO] [stdout] 
[INFO] [stdout] error[E0412]: cannot find type `Signal` in this scope
[INFO] [stdout]  --> src/algebra/_is_same.rs:6:13
[INFO] [stdout]   |
[INFO] [stdout] 3 | impl<N> Add<Signal<N>> for f32
[INFO] [stdout]   |             ^^^^^^ not found in this scope
[INFO] [stdout]   |
[INFO] [stdout] help: consider importing this struct
[INFO] [stdout]   |
[INFO] [stdout] 2 + use noise_algebra::Signal;
[INFO] [stdout]   |
[INFO] [stdout] 
[INFO] [stdout] error[E0405]: cannot find trait `Add` in this scope
[INFO] [stdout]  --> src/algebra/_is_same.rs:7:16
[INFO] [stdout]   |
[INFO] [stdout] 4 |     where f32: Add<N, Output = N>
[INFO] [stdout]   |                ^^^ not found in this scope
[INFO] [stdout]   |
[INFO] [stdout] help: consider importing one of these items
[INFO] [stdout]   |
[INFO] [stdout] 2 + use core::ops::Add;
[INFO] [stdout]   |
[INFO] [stdout] 2 + use std::ops::Add;
[INFO] [stdout]   |
[INFO] [stdout] 
[INFO] [stdout] error[E0412]: cannot find type `Signal` in this scope
[INFO] [stdout]  --> src/algebra/_is_same.rs:9:19
[INFO] [stdout]   |
[INFO] [stdout] 6 |     type Output = Signal<N>;
[INFO] [stdout]   |                   ^^^^^^ not found in this scope
[INFO] [stdout]   |
[INFO] [stdout] help: consider importing this struct
[INFO] [stdout]   |
[INFO] [stdout] 2 + use noise_algebra::Signal;
[INFO] [stdout]   |
[INFO] [stdout] 
[INFO] [stdout] error[E0412]: cannot find type `Signal` in this scope
[INFO] [stdout]  --> src/algebra/_is_same.rs:10:23
[INFO] [stdout]   |
[INFO] [stdout] 7 |     fn add(self, rhs: Signal<N>) -> Self::Output {
[INFO] [stdout]   |                       ^^^^^^ not found in this scope
[INFO] [stdout]   |
[INFO] [stdout] help: consider importing this struct
[INFO] [stdout]   |
[INFO] [stdout] 2 + use noise_algebra::Signal;
[INFO] [stdout]   |
[INFO] [stdout] 
[INFO] [stdout] error[E0422]: cannot find struct, variant or union type `Signal` in this scope
[INFO] [stdout]  --> src/algebra/_is_same.rs:11:9
[INFO] [stdout]   |
[INFO] [stdout] 8 |         Signal {
[INFO] [stdout]   |         ^^^^^^ not found in this scope
[INFO] [stdout]   |
[INFO] [stdout] help: consider importing this struct
[INFO] [stdout]   |
[INFO] [stdout] 2 + use noise_algebra::Signal;
[INFO] [stdout]   |
[INFO] [stdout] 
[INFO] [stdout] error: aborting due to 6 previous errors
[INFO] [stdout] 
[INFO] [stdout] Some errors have detailed explanations: E0405, E0412, E0422.
[INFO] [stdout] For more information about an error, try `rustc --explain E0405`.
[INFO] [stdout] Couldn't compile the test.
[INFO] [stdout] 
[INFO] [stdout] failures:
[INFO] [stdout]     src/algebra/_is_same.rs - algebra::_is_same::IsSame (line 5)
[INFO] [stdout] 
[INFO] [stdout] test result: FAILED. 0 passed; 1 failed; 0 ignored; 0 measured; 0 filtered out; finished in 0.07s
[INFO] [stdout] 
[INFO] [stderr] error: doctest failed, to rerun pass `--doc`
[INFO] running `Command { std: "docker" "inspect" "868d7905bdccc00af1427f645e872ae41d552f65db63741ba80ea02157f96f17", kill_on_drop: false }`
[INFO] running `Command { std: "docker" "rm" "-f" "868d7905bdccc00af1427f645e872ae41d552f65db63741ba80ea02157f96f17", kill_on_drop: false }`
[INFO] [stdout] 868d7905bdccc00af1427f645e872ae41d552f65db63741ba80ea02157f96f17
