[INFO] cloning repository https://github.com/IRONICBo/TOS-Builder
[INFO] running `Command { std: "git" "-c" "credential.helper=" "-c" "credential.helper=/workspace/cargo-home/bin/git-credential-null" "clone" "--bare" "https://github.com/IRONICBo/TOS-Builder" "/workspace/cache/git-repos/https%3A%2F%2Fgithub.com%2FIRONICBo%2FTOS-Builder", kill_on_drop: false }`
[INFO] [stderr] Cloning into bare repository '/workspace/cache/git-repos/https%3A%2F%2Fgithub.com%2FIRONICBo%2FTOS-Builder'...
[INFO] running `Command { std: "git" "rev-parse" "HEAD", kill_on_drop: false }`
[INFO] [stdout] 7c0a97f5017b660b09726b959d62e5a62491f136
[INFO] testing IRONICBo/TOS-Builder against 1.75.0 for beta-1.76-1
[INFO] running `Command { std: "git" "clone" "/workspace/cache/git-repos/https%3A%2F%2Fgithub.com%2FIRONICBo%2FTOS-Builder" "/workspace/builds/worker-0-tc1/source", kill_on_drop: false }`
[INFO] [stderr] Cloning into '/workspace/builds/worker-0-tc1/source'...
[INFO] [stderr] done.
[INFO] validating manifest of git repo https://github.com/IRONICBo/TOS-Builder on toolchain 1.75.0
[INFO] running `Command { std: CARGO_HOME="/workspace/cargo-home" RUSTUP_HOME="/workspace/rustup-home" "/workspace/cargo-home/bin/cargo" "+1.75.0" "metadata" "--manifest-path" "Cargo.toml" "--no-deps", kill_on_drop: false }`
[INFO] started tweaking git repo https://github.com/IRONICBo/TOS-Builder
[INFO] finished tweaking git repo https://github.com/IRONICBo/TOS-Builder
[INFO] tweaked toml for git repo https://github.com/IRONICBo/TOS-Builder written to /workspace/builds/worker-0-tc1/source/Cargo.toml
[INFO] crate git repo https://github.com/IRONICBo/TOS-Builder already has a lockfile, it will not be regenerated
[INFO] running `Command { std: CARGO_HOME="/workspace/cargo-home" RUSTUP_HOME="/workspace/rustup-home" "/workspace/cargo-home/bin/cargo" "+1.75.0" "fetch" "--manifest-path" "Cargo.toml", kill_on_drop: false }`
[INFO] [stderr]     Updating crates.io index
[INFO] [stderr]  Downloading crates ...
[INFO] [stderr]   Downloaded xml v0.8.10
[INFO] [stderr]   Downloaded pest_generator v2.7.4
[INFO] [stderr]   Downloaded askama_parser v0.1.1
[INFO] [stderr]   Downloaded pest_derive v2.7.4
[INFO] [stderr]   Downloaded askama_derive v0.12.2
[INFO] [stderr]   Downloaded handlebars v4.4.0
[INFO] [stderr]   Downloaded pest_meta v2.7.4
[INFO] running `Command { std: "docker" "create" "-v" "/var/lib/crater-agent-workspace/builds/worker-0-tc1/target:/opt/rustwide/target:rw,Z" "-v" "/var/lib/crater-agent-workspace/builds/worker-0-tc1/source:/opt/rustwide/workdir:ro,Z" "-v" "/var/lib/crater-agent-workspace/cargo-home:/opt/rustwide/cargo-home:ro,Z" "-v" "/var/lib/crater-agent-workspace/rustup-home:/opt/rustwide/rustup-home:ro,Z" "-e" "SOURCE_DIR=/opt/rustwide/workdir" "-e" "CARGO_TARGET_DIR=/opt/rustwide/target" "-e" "CARGO_HOME=/opt/rustwide/cargo-home" "-e" "RUSTUP_HOME=/opt/rustwide/rustup-home" "-w" "/opt/rustwide/workdir" "-m" "1610612736" "--user" "0:0" "--network" "none" "ghcr.io/rust-lang/crates-build-env/linux@sha256:2788e3201cd34a07e3172128adcd8b3090168a8e3bcc40d7c032b9dda1df7d1c" "/opt/rustwide/cargo-home/bin/cargo" "+1.75.0" "metadata" "--no-deps" "--format-version=1", kill_on_drop: false }`
[INFO] [stdout] cfac10e6c1928a0d0251ee6d7dfd0802ececbbcee9ce0cf1590c2756f47bf2dc
[INFO] running `Command { std: "docker" "start" "-a" "cfac10e6c1928a0d0251ee6d7dfd0802ececbbcee9ce0cf1590c2756f47bf2dc", kill_on_drop: false }`
[INFO] running `Command { std: "docker" "inspect" "cfac10e6c1928a0d0251ee6d7dfd0802ececbbcee9ce0cf1590c2756f47bf2dc", kill_on_drop: false }`
[INFO] running `Command { std: "docker" "rm" "-f" "cfac10e6c1928a0d0251ee6d7dfd0802ececbbcee9ce0cf1590c2756f47bf2dc", kill_on_drop: false }`
[INFO] [stdout] cfac10e6c1928a0d0251ee6d7dfd0802ececbbcee9ce0cf1590c2756f47bf2dc
[INFO] running `Command { std: "docker" "create" "-v" "/var/lib/crater-agent-workspace/builds/worker-0-tc1/target:/opt/rustwide/target:rw,Z" "-v" "/var/lib/crater-agent-workspace/builds/worker-0-tc1/source:/opt/rustwide/workdir:ro,Z" "-v" "/var/lib/crater-agent-workspace/cargo-home:/opt/rustwide/cargo-home:ro,Z" "-v" "/var/lib/crater-agent-workspace/rustup-home:/opt/rustwide/rustup-home:ro,Z" "-e" "SOURCE_DIR=/opt/rustwide/workdir" "-e" "CARGO_TARGET_DIR=/opt/rustwide/target" "-e" "CARGO_INCREMENTAL=0" "-e" "RUST_BACKTRACE=full" "-e" "RUSTFLAGS=--cap-lints=warn" "-e" "RUSTDOCFLAGS=--cap-lints=warn" "-e" "CARGO_HOME=/opt/rustwide/cargo-home" "-e" "RUSTUP_HOME=/opt/rustwide/rustup-home" "-w" "/opt/rustwide/workdir" "-m" "1610612736" "--user" "0:0" "--network" "none" "ghcr.io/rust-lang/crates-build-env/linux@sha256:2788e3201cd34a07e3172128adcd8b3090168a8e3bcc40d7c032b9dda1df7d1c" "/opt/rustwide/cargo-home/bin/cargo" "+1.75.0" "build" "--frozen" "--message-format=json", kill_on_drop: false }`
[INFO] [stdout] 27760c0f0cadb9b1d895f60e3555c4fa7f1a41c9fd2a9ad90803abc8f397dbd9
[INFO] running `Command { std: "docker" "start" "-a" "27760c0f0cadb9b1d895f60e3555c4fa7f1a41c9fd2a9ad90803abc8f397dbd9", kill_on_drop: false }`
[INFO] [stderr]    Compiling libc v0.2.147
[INFO] [stderr]    Compiling proc-macro2 v1.0.66
[INFO] [stderr]    Compiling unicode-ident v1.0.11
[INFO] [stderr]    Compiling pkg-config v0.3.27
[INFO] [stderr]    Compiling typenum v1.17.0
[INFO] [stderr]    Compiling log v0.4.20
[INFO] [stderr]    Compiling once_cell v1.18.0
[INFO] [stderr]    Compiling itoa v1.0.9
[INFO] [stderr]    Compiling parking_lot_core v0.9.8
[INFO] [stderr]    Compiling memchr v2.6.2
[INFO] [stderr]    Compiling smallvec v1.11.0
[INFO] [stderr]    Compiling scopeguard v1.2.0
[INFO] [stderr]    Compiling vcpkg v0.2.15
[INFO] [stderr]    Compiling generic-array v0.14.7
[INFO] [stderr]    Compiling lock_api v0.4.10
[INFO] [stderr]    Compiling pin-project-lite v0.2.13
[INFO] [stderr]    Compiling futures-core v0.3.28
[INFO] [stderr]    Compiling serde v1.0.188
[INFO] [stderr]    Compiling unicase v2.7.0
[INFO] [stderr]    Compiling futures-task v0.3.28
[INFO] [stderr]    Compiling subtle v2.5.0
[INFO] [stderr]    Compiling thiserror v1.0.49
[INFO] [stderr]    Compiling tracing-core v0.1.31
[INFO] [stderr]    Compiling slab v0.4.9
[INFO] [stderr]    Compiling indexmap v1.9.3
[INFO] [stderr]    Compiling openssl v0.10.57
[INFO] [stderr]    Compiling futures-util v0.3.28
[INFO] [stderr]    Compiling http v0.2.9
[INFO] [stderr]    Compiling futures-channel v0.3.28
[INFO] [stderr]    Compiling percent-encoding v2.3.0
[INFO] [stderr]    Compiling cpufeatures v0.2.9
[INFO] [stderr]    Compiling ucd-trie v0.1.6
[INFO] [stderr]    Compiling bitflags v2.4.0
[INFO] [stderr]    Compiling signal-hook v0.3.17
[INFO] [stderr]    Compiling futures-sink v0.3.28
[INFO] [stderr]    Compiling mime_guess v2.0.4
[INFO] [stderr]    Compiling tracing v0.1.37
[INFO] [stderr]    Compiling num-traits v0.2.16
[INFO] [stderr]    Compiling serde_json v1.0.105
[INFO] [stderr]    Compiling ryu v1.0.15
[INFO] [stderr]    Compiling mime v0.3.17
[INFO] [stderr]    Compiling quote v1.0.33
[INFO] [stderr]    Compiling time-core v0.1.2
[INFO] [stderr]    Compiling zstd-safe v5.0.2+zstd.1.5.2
[INFO] [stderr]    Compiling libm v0.2.8
[INFO] [stderr]    Compiling minimal-lexical v0.2.1
[INFO] [stderr]    Compiling time-macros v0.2.15
[INFO] [stderr]    Compiling jobserver v0.1.26
[INFO] [stderr]    Compiling signal-hook-registry v1.4.1
[INFO] [stderr]    Compiling syn v2.0.29
[INFO] [stderr]    Compiling mio v0.8.8
[INFO] [stderr]    Compiling socket2 v0.5.3
[INFO] [stderr]    Compiling num_cpus v1.16.0
[INFO] [stderr]    Compiling cc v1.0.83
[INFO] [stderr]    Compiling nom v7.1.3
[INFO] [stderr]    Compiling http-body v0.4.5
[INFO] [stderr]    Compiling parking_lot v0.12.1
[INFO] [stderr]    Compiling socket2 v0.4.9
[INFO] [stderr]    Compiling want v0.3.1
[INFO] [stderr]    Compiling unicode-normalization v0.1.22
[INFO] [stderr]    Compiling form_urlencoded v1.2.0
[INFO] [stderr]    Compiling httpdate v1.0.3
[INFO] [stderr]    Compiling num_threads v0.1.6
[INFO] [stderr]    Compiling deranged v0.3.8
[INFO] [stderr]    Compiling rand_core v0.6.4
[INFO] [stderr]    Compiling base64ct v1.6.0
[INFO] [stderr]    Compiling unicode-bidi v0.3.13
[INFO] [stderr]    Compiling miniz_oxide v0.7.1
[INFO] [stderr]    Compiling signal-hook-mio v0.2.3
[INFO] [stderr]    Compiling crypto-common v0.1.6
[INFO] [stderr]    Compiling block-buffer v0.10.4
[INFO] [stderr]    Compiling inout v0.1.3
[INFO] [stderr]    Compiling aho-corasick v1.1.2
[INFO] [stderr]    Compiling password-hash v0.4.2
[INFO] [stderr]    Compiling digest v0.10.7
[INFO] [stderr]    Compiling idna v0.4.0
[INFO] [stderr]    Compiling cipher v0.4.4
[INFO] [stderr]    Compiling regex-syntax v0.8.0
[INFO] [stderr]    Compiling hmac v0.12.1
[INFO] [stderr]    Compiling sha2 v0.10.8
[INFO] [stderr]    Compiling crossterm v0.26.1
[INFO] [stderr]    Compiling aes v0.8.3
[INFO] [stderr]    Compiling sha1 v0.10.6
[INFO] [stderr]    Compiling url v2.4.1
[INFO] [stderr]    Compiling pbkdf2 v0.11.0
[INFO] [stderr]    Compiling humansize v2.1.3
[INFO] [stderr]    Compiling openssl-sys v0.9.93
[INFO] [stderr]    Compiling zstd-sys v2.0.8+zstd.1.5.5
[INFO] [stderr]    Compiling bzip2-sys v0.1.11+1.0.8
[INFO] [stderr]    Compiling flate2 v1.0.27
[INFO] [stderr]    Compiling encoding_rs v0.8.33
[INFO] [stderr]    Compiling unicode-width v0.1.10
[INFO] [stderr]    Compiling ipnet v2.8.0
[INFO] [stderr]    Compiling askama_parser v0.1.1
[INFO] [stderr]    Compiling constant_time_eq v0.1.5
[INFO] [stderr]    Compiling base64 v0.21.4
[INFO] [stderr]    Compiling byteorder v1.5.0
[INFO] [stderr]    Compiling time v0.3.29
[INFO] [stderr]    Compiling unicode-segmentation v1.10.1
[INFO] [stderr]    Compiling tosbuilder v0.1.0 (/opt/rustwide/workdir)
[INFO] [stderr]    Compiling xml-rs v0.8.19
[INFO] [stderr]    Compiling askama_escape v0.10.3
[INFO] [stderr]    Compiling cassowary v0.3.0
[INFO] [stderr]    Compiling native-tls v0.2.11
[INFO] [stderr]    Compiling termcolor v1.1.3
[INFO] [stderr]    Compiling iana-time-zone v0.1.57
[INFO] [stderr]    Compiling chrono v0.4.31
[INFO] [stderr]    Compiling ratatui v0.21.0
[INFO] [stderr]    Compiling xml v0.8.10
[INFO] [stderr]    Compiling regex-automata v0.4.1
[INFO] [stderr]    Compiling simplelog v0.12.1
[INFO] [stderr]    Compiling serde_derive v1.0.188
[INFO] [stderr]    Compiling tokio-macros v2.1.0
[INFO] [stderr]    Compiling thiserror-impl v1.0.49
[INFO] [stderr]    Compiling openssl-macros v0.1.1
[INFO] [stderr]    Compiling bzip2 v0.4.4
[INFO] [stderr]    Compiling tokio v1.32.0
[INFO] [stderr]    Compiling pest v2.7.4
[INFO] [stderr]    Compiling regex v1.10.0
[INFO] [stderr]    Compiling pest_meta v2.7.4
[INFO] [stderr]    Compiling pest_generator v2.7.4
[INFO] [stderr]    Compiling pest_derive v2.7.4
[INFO] [stderr]    Compiling zstd v0.11.2+zstd.1.5.2
[INFO] [stderr]    Compiling zip v0.6.6
[INFO] [stderr]    Compiling tokio-util v0.7.9
[INFO] [stderr]    Compiling tokio-native-tls v0.3.1
[INFO] [stderr]    Compiling h2 v0.3.21
[INFO] [stderr]    Compiling basic-toml v0.1.4
[INFO] [stderr]    Compiling serde_urlencoded v0.7.1
[INFO] [stderr]    Compiling askama_derive v0.12.2
[INFO] [stderr]    Compiling handlebars v4.4.0
[INFO] [stderr]    Compiling askama v0.12.1
[INFO] [stderr]    Compiling hyper v0.14.27
[INFO] [stderr]    Compiling hyper-tls v0.5.0
[INFO] [stderr]    Compiling reqwest v0.11.20
[INFO] [stdout] warning: unused imports: `File`, `io::BufReader`, `path::Path`, `self`
[INFO] [stdout]    --> src/utils/export.rs:797:14
[INFO] [stdout]     |
[INFO] [stdout] 797 |         fs::{self, File},
[INFO] [stdout]     |              ^^^^  ^^^^
[INFO] [stdout] 798 |         io::BufReader,
[INFO] [stdout]     |         ^^^^^^^^^^^^^
[INFO] [stdout] 799 |         path::Path,
[INFO] [stdout]     |         ^^^^^^^^^^
[INFO] [stdout]     |
[INFO] [stdout]     = note: `#[warn(unused_imports)]` on by default
[INFO] [stdout] 
[INFO] [stdout] 
[INFO] [stdout] warning: unused import: `regex::Regex`
[INFO] [stdout]    --> src/utils/export.rs:802:9
[INFO] [stdout]     |
[INFO] [stdout] 802 |     use regex::Regex;
[INFO] [stdout]     |         ^^^^^^^^^^^^
[INFO] [stdout] 
[INFO] [stdout] 
[INFO] [stdout] warning: unused imports: `EventReader`, `reader::XmlEvent`
[INFO] [stdout]    --> src/utils/export.rs:803:15
[INFO] [stdout]     |
[INFO] [stdout] 803 |     use xml::{reader::XmlEvent, EventReader};
[INFO] [stdout]     |               ^^^^^^^^^^^^^^^^  ^^^^^^^^^^^
[INFO] [stdout] 
[INFO] [stdout] 
[INFO] [stdout] warning: unused import: `std::path::PathBuf`
[INFO] [stdout]   --> src/utils/copy.rs:34:9
[INFO] [stdout]    |
[INFO] [stdout] 34 |     use std::path::PathBuf;
[INFO] [stdout]    |         ^^^^^^^^^^^^^^^^^^
[INFO] [stdout] 
[INFO] [stdout] 
[INFO] [stdout] warning: unused import: `super::copy_dir_recursive`
[INFO] [stdout]   --> src/utils/copy.rs:36:9
[INFO] [stdout]    |
[INFO] [stdout] 36 |     use super::copy_dir_recursive;
[INFO] [stdout]    |         ^^^^^^^^^^^^^^^^^^^^^^^^^
[INFO] [stdout] 
[INFO] [stdout] 
[INFO] [stdout] warning: unused imports: `BufReader`, `BufWriter`, `File`, `path::Path`, `read_to_string`, `self`
[INFO] [stdout]    --> src/utils/xml_helper.rs:130:15
[INFO] [stdout]     |
[INFO] [stdout] 130 |     use std::{path::Path, fs::{File, read_to_string, self}, io::{BufReader, BufWriter}};
[INFO] [stdout]     |               ^^^^^^^^^^       ^^^^  ^^^^^^^^^^^^^^  ^^^^        ^^^^^^^^^  ^^^^^^^^^
[INFO] [stdout] 
[INFO] [stdout] 
[INFO] [stdout] warning: unused import: `regex::Regex`
[INFO] [stdout]    --> src/utils/xml_helper.rs:132:9
[INFO] [stdout]     |
[INFO] [stdout] 132 |     use regex::Regex;
[INFO] [stdout]     |         ^^^^^^^^^^^^
[INFO] [stdout] 
[INFO] [stdout] 
[INFO] [stdout] warning: unused import: `crate::utils::xml_helper::find_element_value`
[INFO] [stdout]    --> src/utils/xml_helper.rs:134:9
[INFO] [stdout]     |
[INFO] [stdout] 134 |     use crate::utils::xml_helper::find_element_value;
[INFO] [stdout]     |         ^^^^^^^^^^^^^^^^^^^^^^^^^^^^^^^^^^^^^^^^^^^^
[INFO] [stdout] 
[INFO] [stdout] 
[INFO] [stdout] warning: unused import: `super::update_element_value`
[INFO] [stdout]    --> src/utils/xml_helper.rs:136:9
[INFO] [stdout]     |
[INFO] [stdout] 136 |     use super::update_element_value;
[INFO] [stdout]     |         ^^^^^^^^^^^^^^^^^^^^^^^^^^^
[INFO] [stdout] 
[INFO] [stdout] 
[INFO] [stdout] warning: variant `VERSION_2_5_0` should have an upper camel case name
[INFO] [stdout]   --> src/config/tos_config.rs:32:5
[INFO] [stdout]    |
[INFO] [stdout] 32 |     VERSION_2_5_0,
[INFO] [stdout]    |     ^^^^^^^^^^^^^ help: convert the identifier to upper camel case: `Version2_5_0`
[INFO] [stdout]    |
[INFO] [stdout]    = note: `#[warn(non_camel_case_types)]` on by default
[INFO] [stdout] 
[INFO] [stdout] 
[INFO] [stdout] warning: variant `VERSION_2_4_5` should have an upper camel case name
[INFO] [stdout]   --> src/config/tos_config.rs:33:5
[INFO] [stdout]    |
[INFO] [stdout] 33 |     VERSION_2_4_5,
[INFO] [stdout]    |     ^^^^^^^^^^^^^ help: convert the identifier to upper camel case: `Version2_4_5`
[INFO] [stdout] 
[INFO] [stdout] 
[INFO] [stdout] warning: variant `VERSION_2_1_0` should have an upper camel case name
[INFO] [stdout]   --> src/config/tos_config.rs:34:5
[INFO] [stdout]    |
[INFO] [stdout] 34 |     VERSION_2_1_0,
[INFO] [stdout]    |     ^^^^^^^^^^^^^ help: convert the identifier to upper camel case: `Version2_1_0`
[INFO] [stdout] 
[INFO] [stdout] 
[INFO] [stdout] warning: unused import: `std::fs::File`
[INFO] [stdout]   --> src/templates/tos_config.rs:58:9
[INFO] [stdout]    |
[INFO] [stdout] 58 |     use std::fs::File;
[INFO] [stdout]    |         ^^^^^^^^^^^^^
[INFO] [stdout] 
[INFO] [stdout] 
[INFO] [stdout] warning: unused import: `handlebars::Handlebars`
[INFO] [stdout]   --> src/templates/tos_config.rs:60:9
[INFO] [stdout]    |
[INFO] [stdout] 60 |     use handlebars::Handlebars;
[INFO] [stdout]    |         ^^^^^^^^^^^^^^^^^^^^^^
[INFO] [stdout] 
[INFO] [stdout] 
[INFO] [stdout] warning: unused imports: `app::App`, `templates::tos_config::TOS_CONFIG`
[INFO] [stdout]   --> src/templates/tos_config.rs:62:17
[INFO] [stdout]    |
[INFO] [stdout] 62 |     use crate::{templates::tos_config::TOS_CONFIG, app::App};
[INFO] [stdout]    |                 ^^^^^^^^^^^^^^^^^^^^^^^^^^^^^^^^^  ^^^^^^^^
[INFO] [stdout] 
[INFO] [stdout] 
[INFO] [stdout] warning: unused import: `TimeZone`
[INFO] [stdout]  --> src/utils/export.rs:1:21
[INFO] [stdout]   |
[INFO] [stdout] 1 | use chrono::{Local, TimeZone};
[INFO] [stdout]   |                     ^^^^^^^^
[INFO] [stdout] 
[INFO] [stdout] 
[INFO] [stdout] warning: unused import: `TimeZone`
[INFO] [stdout]  --> src/utils/downloader.rs:1:27
[INFO] [stdout]   |
[INFO] [stdout] 1 | use chrono::{Local,  Utc, TimeZone};
[INFO] [stdout]   |                           ^^^^^^^^
[INFO] [stdout] 
[INFO] [stdout] 
[INFO] [stdout] warning: value assigned to `items` is never read
[INFO] [stdout]    --> src/components/fs.rs:105:13
[INFO] [stdout]     |
[INFO] [stdout] 105 |     let mut items: Vec<ListItem<'_>> = vec![];
[INFO] [stdout]     |             ^^^^^
[INFO] [stdout]     |
[INFO] [stdout]     = help: maybe it is overwritten before being read?
[INFO] [stdout]     = note: `#[warn(unused_assignments)]` on by default
[INFO] [stdout] 
[INFO] [stdout] 
[INFO] [stdout] warning: value assigned to `items` is never read
[INFO] [stdout]    --> src/components/fs.rs:142:13
[INFO] [stdout]     |
[INFO] [stdout] 142 |     let mut items: Vec<ListItem<'_>> = vec![];
[INFO] [stdout]     |             ^^^^^
[INFO] [stdout]     |
[INFO] [stdout]     = help: maybe it is overwritten before being read?
[INFO] [stdout] 
[INFO] [stdout] 
[INFO] [stdout] warning: variable `app` is assigned to, but never used
[INFO] [stdout]   --> src/utils/config.rs:19:13
[INFO] [stdout]    |
[INFO] [stdout] 19 |     let mut app = crate::app::App::default();
[INFO] [stdout]    |             ^^^
[INFO] [stdout]    |
[INFO] [stdout]    = note: consider using `_app` instead
[INFO] [stdout]    = note: `#[warn(unused_variables)]` on by default
[INFO] [stdout] 
[INFO] [stdout] 
[INFO] [stdout] warning: value assigned to `app` is never read
[INFO] [stdout]   --> src/utils/config.rs:20:5
[INFO] [stdout]    |
[INFO] [stdout] 20 |     app = serde_json::from_reader(std::fs::File::open("config.json")?)?;
[INFO] [stdout]    |     ^^^
[INFO] [stdout]    |
[INFO] [stdout]    = help: maybe it is overwritten before being read?
[INFO] [stdout] 
[INFO] [stdout] 
[INFO] [stdout] warning: unused variable: `reader`
[INFO] [stdout]    --> src/utils/export.rs:372:9
[INFO] [stdout]     |
[INFO] [stdout] 372 |     let reader = BufReader::new(file);
[INFO] [stdout]     |         ^^^^^^ help: if this is intentional, prefix it with an underscore: `_reader`
[INFO] [stdout] 
[INFO] [stdout] 
[INFO] [stdout] warning: variable `include_path_value` is assigned to, but never used
[INFO] [stdout]   --> src/utils/xml_helper.rs:67:13
[INFO] [stdout]    |
[INFO] [stdout] 67 |     let mut include_path_value = String::new();
[INFO] [stdout]    |             ^^^^^^^^^^^^^^^^^^
[INFO] [stdout]    |
[INFO] [stdout]    = note: consider using `_include_path_value` instead
[INFO] [stdout] 
[INFO] [stdout] 
[INFO] [stdout] warning: value assigned to `include_path_value` is never read
[INFO] [stdout]    --> src/utils/xml_helper.rs:104:21
[INFO] [stdout]     |
[INFO] [stdout] 104 |                     include_path_value = text.clone();
[INFO] [stdout]     |                     ^^^^^^^^^^^^^^^^^^
[INFO] [stdout]     |
[INFO] [stdout]     = help: maybe it is overwritten before being read?
[INFO] [stdout] 
[INFO] [stdout] 
[INFO] [stdout] warning: function `handle_key_events` is never used
[INFO] [stdout]  --> src/handlers/common_handler.rs:6:8
[INFO] [stdout]   |
[INFO] [stdout] 6 | pub fn handle_key_events(_key_event: KeyCode, _app: &mut App) -> AppResult<()> {
[INFO] [stdout]   |        ^^^^^^^^^^^^^^^^^
[INFO] [stdout]   |
[INFO] [stdout]   = note: `#[warn(dead_code)]` on by default
[INFO] [stdout] 
[INFO] [stdout] 
[INFO] [stdout] warning: function `handle_key_events` is never used
[INFO] [stdout]  --> src/handlers/make_config_handler.rs:5:8
[INFO] [stdout]   |
[INFO] [stdout] 5 | pub fn handle_key_events(_key_event: KeyCode, _app: &mut App) -> AppResult<()> {
[INFO] [stdout]   |        ^^^^^^^^^^^^^^^^^
[INFO] [stdout] 
[INFO] [stdout] 
[INFO] [stdout] warning: function `choose_next_module` is never used
[INFO] [stdout]   --> src/handlers/input_handler.rs:31:4
[INFO] [stdout]    |
[INFO] [stdout] 31 | fn choose_next_module(app: &mut App) {
[INFO] [stdout]    |    ^^^^^^^^^^^^^^^^^^
[INFO] [stdout] 
[INFO] [stdout] 
[INFO] [stdout] warning: function `choose_previous_module` is never used
[INFO] [stdout]   --> src/handlers/input_handler.rs:40:4
[INFO] [stdout]    |
[INFO] [stdout] 40 | fn choose_previous_module(app: &mut App) {
[INFO] [stdout]    |    ^^^^^^^^^^^^^^^^^^^^^^
[INFO] [stdout] 
[INFO] [stdout] 
[INFO] [stdout] warning: function `choose_upper_item` is never used
[INFO] [stdout]   --> src/handlers/input_handler.rs:49:4
[INFO] [stdout]    |
[INFO] [stdout] 49 | fn choose_upper_item(app: &mut App) {
[INFO] [stdout]    |    ^^^^^^^^^^^^^^^^^
[INFO] [stdout] 
[INFO] [stdout] 
[INFO] [stdout] warning: function `choose_down_item` is never used
[INFO] [stdout]   --> src/handlers/input_handler.rs:82:4
[INFO] [stdout]    |
[INFO] [stdout] 82 | fn choose_down_item(app: &mut App) {
[INFO] [stdout]    |    ^^^^^^^^^^^^^^^^
[INFO] [stdout] 
[INFO] [stdout] 
[INFO] [stdout] warning: function `choose_selected_item` is never used
[INFO] [stdout]    --> src/handlers/input_handler.rs:144:4
[INFO] [stdout]     |
[INFO] [stdout] 144 | fn choose_selected_item(app: &mut App) {
[INFO] [stdout]     |    ^^^^^^^^^^^^^^^^^^^^
[INFO] [stdout] 
[INFO] [stdout] 
[INFO] [stdout] warning: call to `.clone()` on a reference in this situation does nothing
[INFO] [stdout]   --> src/components/input.rs:85:27
[INFO] [stdout]    |
[INFO] [stdout] 85 |     Paragraph::new(current.clone())
[INFO] [stdout]    |                           ^^^^^^^^ help: remove this redundant call
[INFO] [stdout]    |
[INFO] [stdout]    = note: the type `str` does not implement `Clone`, so calling `clone` on `&str` copies the reference, which does not do anything and can be removed
[INFO] [stdout]    = note: `#[warn(noop_method_call)]` on by default
[INFO] [stdout] 
[INFO] [stdout] 
[INFO] [stdout] warning: call to `.clone()` on a reference in this situation does nothing
[INFO] [stdout]   --> src/components/input.rs:90:66
[INFO] [stdout]    |
[INFO] [stdout] 90 |         .block(Block::default().borders(Borders::ALL).title(title.clone()))
[INFO] [stdout]    |                                                                  ^^^^^^^^ help: remove this redundant call
[INFO] [stdout]    |
[INFO] [stdout]    = note: the type `str` does not implement `Clone`, so calling `clone` on `&str` copies the reference, which does not do anything and can be removed
[INFO] [stdout] 
[INFO] [stdout] 
[INFO] [stdout] warning: call to `.clone()` on a reference in this situation does nothing
[INFO] [stdout]   --> src/utils/export.rs:70:59
[INFO] [stdout]    |
[INFO] [stdout] 70 |     let project_name = cubemx_project.file_name().unwrap().clone().to_string_lossy().to_string();
[INFO] [stdout]    |                                                           ^^^^^^^^ help: remove this redundant call
[INFO] [stdout]    |
[INFO] [stdout]    = note: the type `OsStr` does not implement `Clone`, so calling `clone` on `&OsStr` copies the reference, which does not do anything and can be removed
[INFO] [stdout] 
[INFO] [stdout] 
[INFO] [stdout] warning: call to `.clone()` on a reference in this situation does nothing
[INFO] [stdout]    --> src/utils/export.rs:127:59
[INFO] [stdout]     |
[INFO] [stdout] 127 |     let project_name = cubemx_project.file_name().unwrap().clone().to_string_lossy().to_string();
[INFO] [stdout]     |                                                           ^^^^^^^^ help: remove this redundant call
[INFO] [stdout]     |
[INFO] [stdout]     = note: the type `OsStr` does not implement `Clone`, so calling `clone` on `&OsStr` copies the reference, which does not do anything and can be removed
[INFO] [stdout] 
[INFO] [stdout] 
[INFO] [stdout] warning: unused `Result` that must be used
[INFO] [stdout]    --> src/utils/export.rs:136:5
[INFO] [stdout]     |
[INFO] [stdout] 136 |     reg.register_template_string("tos_header", tos_header_template);
[INFO] [stdout]     |     ^^^^^^^^^^^^^^^^^^^^^^^^^^^^^^^^^^^^^^^^^^^^^^^^^^^^^^^^^^^^^^^
[INFO] [stdout]     |
[INFO] [stdout]     = note: this `Result` may be an `Err` variant, which should be handled
[INFO] [stdout]     = note: `#[warn(unused_must_use)]` on by default
[INFO] [stdout] help: use `let _ = ...` to ignore the resulting value
[INFO] [stdout]     |
[INFO] [stdout] 136 |     let _ = reg.register_template_string("tos_header", tos_header_template);
[INFO] [stdout]     |     +++++++
[INFO] [stdout] 
[INFO] [stdout] 
[INFO] [stdout] warning: call to `.clone()` on a reference in this situation does nothing
[INFO] [stdout]    --> src/utils/export.rs:155:59
[INFO] [stdout]     |
[INFO] [stdout] 155 |     let project_name = cubemx_project.file_name().unwrap().clone().to_string_lossy().to_string();
[INFO] [stdout]     |                                                           ^^^^^^^^ help: remove this redundant call
[INFO] [stdout]     |
[INFO] [stdout]     = note: the type `OsStr` does not implement `Clone`, so calling `clone` on `&OsStr` copies the reference, which does not do anything and can be removed
[INFO] [stdout] 
[INFO] [stdout] 
[INFO] [stdout] warning: call to `.clone()` on a reference in this situation does nothing
[INFO] [stdout]    --> src/utils/export.rs:327:59
[INFO] [stdout]     |
[INFO] [stdout] 327 |     let project_name = cubemx_project.file_name().unwrap().clone().to_string_lossy().to_string();
[INFO] [stdout]     |                                                           ^^^^^^^^ help: remove this redundant call
[INFO] [stdout]     |
[INFO] [stdout]     = note: the type `OsStr` does not implement `Clone`, so calling `clone` on `&OsStr` copies the reference, which does not do anything and can be removed
[INFO] [stdout] 
[INFO] [stdout] 
[INFO] [stdout] warning: call to `.clone()` on a reference in this situation does nothing
[INFO] [stdout]    --> src/utils/export.rs:368:59
[INFO] [stdout]     |
[INFO] [stdout] 368 |     let project_name = cubemx_project.file_name().unwrap().clone().to_string_lossy().to_string();
[INFO] [stdout]     |                                                           ^^^^^^^^ help: remove this redundant call
[INFO] [stdout]     |
[INFO] [stdout]     = note: the type `OsStr` does not implement `Clone`, so calling `clone` on `&OsStr` copies the reference, which does not do anything and can be removed
[INFO] [stdout] 
[INFO] [stdout] 
[INFO] [stdout] warning: unused `Result` that must be used
[INFO] [stdout]   --> src/utils/xml_helper.rs:88:17
[INFO] [stdout]    |
[INFO] [stdout] 88 |                 writer.write(event);
[INFO] [stdout]    |                 ^^^^^^^^^^^^^^^^^^^
[INFO] [stdout]    |
[INFO] [stdout]    = note: this `Result` may be an `Err` variant, which should be handled
[INFO] [stdout] help: use `let _ = ...` to ignore the resulting value
[INFO] [stdout]    |
[INFO] [stdout] 88 |                 let _ = writer.write(event);
[INFO] [stdout]    |                 +++++++
[INFO] [stdout] 
[INFO] [stdout] 
[INFO] [stdout] warning: unused `Result` that must be used
[INFO] [stdout]   --> src/utils/xml_helper.rs:99:17
[INFO] [stdout]    |
[INFO] [stdout] 99 |                 writer.write(event);
[INFO] [stdout]    |                 ^^^^^^^^^^^^^^^^^^^
[INFO] [stdout]    |
[INFO] [stdout]    = note: this `Result` may be an `Err` variant, which should be handled
[INFO] [stdout] help: use `let _ = ...` to ignore the resulting value
[INFO] [stdout]    |
[INFO] [stdout] 99 |                 let _ = writer.write(event);
[INFO] [stdout]    |                 +++++++
[INFO] [stdout] 
[INFO] [stdout] 
[INFO] [stdout] warning: unused `Result` that must be used
[INFO] [stdout]    --> src/utils/xml_helper.rs:109:17
[INFO] [stdout]     |
[INFO] [stdout] 109 |                 writer.write(event);
[INFO] [stdout]     |                 ^^^^^^^^^^^^^^^^^^^
[INFO] [stdout]     |
[INFO] [stdout]     = note: this `Result` may be an `Err` variant, which should be handled
[INFO] [stdout] help: use `let _ = ...` to ignore the resulting value
[INFO] [stdout]     |
[INFO] [stdout] 109 |                 let _ = writer.write(event);
[INFO] [stdout]     |                 +++++++
[INFO] [stdout] 
[INFO] [stdout] 
[INFO] [stdout] warning: unused `Result` that must be used
[INFO] [stdout]    --> src/utils/xml_helper.rs:114:17
[INFO] [stdout]     |
[INFO] [stdout] 114 |                 writer.write(event);
[INFO] [stdout]     |                 ^^^^^^^^^^^^^^^^^^^
[INFO] [stdout]     |
[INFO] [stdout]     = note: this `Result` may be an `Err` variant, which should be handled
[INFO] [stdout] help: use `let _ = ...` to ignore the resulting value
[INFO] [stdout]     |
[INFO] [stdout] 114 |                 let _ = writer.write(event);
[INFO] [stdout]     |                 +++++++
[INFO] [stdout] 
[INFO] [stdout] 
[INFO] [stdout] warning: 43 warnings emitted
[INFO] [stdout] 
[INFO] [stdout] 
[INFO] [stdout] warning: unused imports: `Arc`, `Mutex`
[INFO] [stdout]  --> src/main.rs:6:17
[INFO] [stdout]   |
[INFO] [stdout] 6 | use std::sync::{Arc, Mutex};
[INFO] [stdout]   |                 ^^^  ^^^^^
[INFO] [stdout]   |
[INFO] [stdout]   = note: `#[warn(unused_imports)]` on by default
[INFO] [stdout] 
[INFO] [stdout] 
[INFO] [stdout] warning: 1 warning emitted
[INFO] [stdout] 
[INFO] [stdout] 
[INFO] [stderr]     Finished dev [unoptimized + debuginfo] target(s) in 19.66s
[INFO] running `Command { std: "docker" "inspect" "27760c0f0cadb9b1d895f60e3555c4fa7f1a41c9fd2a9ad90803abc8f397dbd9", kill_on_drop: false }`
[INFO] running `Command { std: "docker" "rm" "-f" "27760c0f0cadb9b1d895f60e3555c4fa7f1a41c9fd2a9ad90803abc8f397dbd9", kill_on_drop: false }`
[INFO] [stdout] 27760c0f0cadb9b1d895f60e3555c4fa7f1a41c9fd2a9ad90803abc8f397dbd9
[INFO] running `Command { std: "docker" "create" "-v" "/var/lib/crater-agent-workspace/builds/worker-0-tc1/target:/opt/rustwide/target:rw,Z" "-v" "/var/lib/crater-agent-workspace/builds/worker-0-tc1/source:/opt/rustwide/workdir:ro,Z" "-v" "/var/lib/crater-agent-workspace/cargo-home:/opt/rustwide/cargo-home:ro,Z" "-v" "/var/lib/crater-agent-workspace/rustup-home:/opt/rustwide/rustup-home:ro,Z" "-e" "SOURCE_DIR=/opt/rustwide/workdir" "-e" "CARGO_TARGET_DIR=/opt/rustwide/target" "-e" "CARGO_INCREMENTAL=0" "-e" "RUST_BACKTRACE=full" "-e" "RUSTFLAGS=--cap-lints=warn" "-e" "RUSTDOCFLAGS=--cap-lints=warn" "-e" "CARGO_HOME=/opt/rustwide/cargo-home" "-e" "RUSTUP_HOME=/opt/rustwide/rustup-home" "-w" "/opt/rustwide/workdir" "-m" "1610612736" "--user" "0:0" "--network" "none" "ghcr.io/rust-lang/crates-build-env/linux@sha256:2788e3201cd34a07e3172128adcd8b3090168a8e3bcc40d7c032b9dda1df7d1c" "/opt/rustwide/cargo-home/bin/cargo" "+1.75.0" "test" "--frozen" "--no-run" "--message-format=json", kill_on_drop: false }`
[INFO] [stdout] 60ac0bfaa6dba2a59335d971ef325a3d739cb80d90e028fd493827f11eda940b
[INFO] running `Command { std: "docker" "start" "-a" "60ac0bfaa6dba2a59335d971ef325a3d739cb80d90e028fd493827f11eda940b", kill_on_drop: false }`
[INFO] [stdout] warning: unused imports: `File`, `io::BufReader`, `path::Path`, `self`
[INFO] [stdout]    --> src/utils/export.rs:797:14
[INFO] [stdout]     |
[INFO] [stdout] 797 |         fs::{self, File},
[INFO] [stdout]     |              ^^^^  ^^^^
[INFO] [stdout] 798 |         io::BufReader,
[INFO] [stdout]     |         ^^^^^^^^^^^^^
[INFO] [stdout] 799 |         path::Path,
[INFO] [stdout]     |         ^^^^^^^^^^
[INFO] [stdout]     |
[INFO] [stdout]     = note: `#[warn(unused_imports)]` on by default
[INFO] [stdout] 
[INFO] [stdout] 
[INFO] [stdout] warning: unused import: `regex::Regex`
[INFO] [stdout]    --> src/utils/export.rs:802:9
[INFO] [stdout]     |
[INFO] [stdout] 802 |     use regex::Regex;
[INFO] [stdout]     |         ^^^^^^^^^^^^
[INFO] [stdout] 
[INFO] [stdout] 
[INFO] [stdout] warning: unused imports: `EventReader`, `reader::XmlEvent`
[INFO] [stdout]    --> src/utils/export.rs:803:15
[INFO] [stdout]     |
[INFO] [stdout] 803 |     use xml::{reader::XmlEvent, EventReader};
[INFO] [stdout]     |               ^^^^^^^^^^^^^^^^  ^^^^^^^^^^^
[INFO] [stdout] 
[INFO] [stdout] 
[INFO] [stdout] warning: unused import: `std::path::PathBuf`
[INFO] [stdout]   --> src/utils/copy.rs:34:9
[INFO] [stdout]    |
[INFO] [stdout] 34 |     use std::path::PathBuf;
[INFO] [stdout]    |         ^^^^^^^^^^^^^^^^^^
[INFO] [stdout] 
[INFO] [stdout] 
[INFO] [stdout] warning: unused import: `super::copy_dir_recursive`
[INFO] [stdout]   --> src/utils/copy.rs:36:9
[INFO] [stdout]    |
[INFO] [stdout] 36 |     use super::copy_dir_recursive;
[INFO] [stdout]    |         ^^^^^^^^^^^^^^^^^^^^^^^^^
[INFO] [stdout] 
[INFO] [stdout] 
[INFO] [stdout] warning: unused imports: `BufReader`, `BufWriter`, `File`, `path::Path`, `read_to_string`, `self`
[INFO] [stdout]    --> src/utils/xml_helper.rs:130:15
[INFO] [stdout]     |
[INFO] [stdout] 130 |     use std::{path::Path, fs::{File, read_to_string, self}, io::{BufReader, BufWriter}};
[INFO] [stdout]     |               ^^^^^^^^^^       ^^^^  ^^^^^^^^^^^^^^  ^^^^        ^^^^^^^^^  ^^^^^^^^^
[INFO] [stdout] 
[INFO] [stdout] 
[INFO] [stdout] warning: unused import: `regex::Regex`
[INFO] [stdout]    --> src/utils/xml_helper.rs:132:9
[INFO] [stdout]     |
[INFO] [stdout] 132 |     use regex::Regex;
[INFO] [stdout]     |         ^^^^^^^^^^^^
[INFO] [stdout] 
[INFO] [stdout] 
[INFO] [stdout] warning: unused import: `crate::utils::xml_helper::find_element_value`
[INFO] [stdout]    --> src/utils/xml_helper.rs:134:9
[INFO] [stdout]     |
[INFO] [stdout] 134 |     use crate::utils::xml_helper::find_element_value;
[INFO] [stdout]     |         ^^^^^^^^^^^^^^^^^^^^^^^^^^^^^^^^^^^^^^^^^^^^
[INFO] [stdout] 
[INFO] [stdout] 
[INFO] [stdout] warning: unused import: `super::update_element_value`
[INFO] [stdout]    --> src/utils/xml_helper.rs:136:9
[INFO] [stdout]     |
[INFO] [stdout] 136 |     use super::update_element_value;
[INFO] [stdout]     |         ^^^^^^^^^^^^^^^^^^^^^^^^^^^
[INFO] [stdout] 
[INFO] [stdout] 
[INFO] [stdout] warning: variant `VERSION_2_5_0` should have an upper camel case name
[INFO] [stdout]   --> src/config/tos_config.rs:32:5
[INFO] [stdout]    |
[INFO] [stdout] 32 |     VERSION_2_5_0,
[INFO] [stdout]    |     ^^^^^^^^^^^^^ help: convert the identifier to upper camel case: `Version2_5_0`
[INFO] [stdout]    |
[INFO] [stdout]    = note: `#[warn(non_camel_case_types)]` on by default
[INFO] [stdout] 
[INFO] [stdout] 
[INFO] [stdout] warning: variant `VERSION_2_4_5` should have an upper camel case name
[INFO] [stdout]   --> src/config/tos_config.rs:33:5
[INFO] [stdout]    |
[INFO] [stdout] 33 |     VERSION_2_4_5,
[INFO] [stdout]    |     ^^^^^^^^^^^^^ help: convert the identifier to upper camel case: `Version2_4_5`
[INFO] [stdout] 
[INFO] [stdout] 
[INFO] [stdout] warning: variant `VERSION_2_1_0` should have an upper camel case name
[INFO] [stdout]   --> src/config/tos_config.rs:34:5
[INFO] [stdout]    |
[INFO] [stdout] 34 |     VERSION_2_1_0,
[INFO] [stdout]    |     ^^^^^^^^^^^^^ help: convert the identifier to upper camel case: `Version2_1_0`
[INFO] [stdout] 
[INFO] [stdout] 
[INFO] [stdout] warning: unused import: `std::fs::File`
[INFO] [stdout]   --> src/templates/tos_config.rs:58:9
[INFO] [stdout]    |
[INFO] [stdout] 58 |     use std::fs::File;
[INFO] [stdout]    |         ^^^^^^^^^^^^^
[INFO] [stdout] 
[INFO] [stdout] 
[INFO] [stdout] warning: unused import: `handlebars::Handlebars`
[INFO] [stdout]   --> src/templates/tos_config.rs:60:9
[INFO] [stdout]    |
[INFO] [stdout] 60 |     use handlebars::Handlebars;
[INFO] [stdout]    |         ^^^^^^^^^^^^^^^^^^^^^^
[INFO] [stdout] 
[INFO] [stdout] 
[INFO] [stdout] warning: unused imports: `app::App`, `templates::tos_config::TOS_CONFIG`
[INFO] [stdout]   --> src/templates/tos_config.rs:62:17
[INFO] [stdout]    |
[INFO] [stdout] 62 |     use crate::{templates::tos_config::TOS_CONFIG, app::App};
[INFO] [stdout]    |                 ^^^^^^^^^^^^^^^^^^^^^^^^^^^^^^^^^  ^^^^^^^^
[INFO] [stdout] 
[INFO] [stdout] 
[INFO] [stdout] warning: unused import: `TimeZone`
[INFO] [stdout]  --> src/utils/export.rs:1:21
[INFO] [stdout]   |
[INFO] [stdout] 1 | use chrono::{Local, TimeZone};
[INFO] [stdout]   |                     ^^^^^^^^
[INFO] [stdout] 
[INFO] [stdout] 
[INFO] [stdout] warning: unused import: `TimeZone`
[INFO] [stdout]  --> src/utils/downloader.rs:1:27
[INFO] [stdout]   |
[INFO] [stdout] 1 | use chrono::{Local,  Utc, TimeZone};
[INFO] [stdout]   |                           ^^^^^^^^
[INFO] [stdout] 
[INFO] [stdout] 
[INFO] [stdout] warning: value assigned to `items` is never read
[INFO] [stdout]    --> src/components/fs.rs:105:13
[INFO] [stdout]     |
[INFO] [stdout] 105 |     let mut items: Vec<ListItem<'_>> = vec![];
[INFO] [stdout]     |             ^^^^^
[INFO] [stdout]     |
[INFO] [stdout]     = help: maybe it is overwritten before being read?
[INFO] [stdout]     = note: `#[warn(unused_assignments)]` on by default
[INFO] [stdout] 
[INFO] [stdout] 
[INFO] [stdout] warning: value assigned to `items` is never read
[INFO] [stdout]    --> src/components/fs.rs:142:13
[INFO] [stdout]     |
[INFO] [stdout] 142 |     let mut items: Vec<ListItem<'_>> = vec![];
[INFO] [stdout]     |             ^^^^^
[INFO] [stdout]     |
[INFO] [stdout]     = help: maybe it is overwritten before being read?
[INFO] [stdout] 
[INFO] [stdout] 
[INFO] [stdout] warning: variable `app` is assigned to, but never used
[INFO] [stdout]   --> src/utils/config.rs:19:13
[INFO] [stdout]    |
[INFO] [stdout] 19 |     let mut app = crate::app::App::default();
[INFO] [stdout]    |             ^^^
[INFO] [stdout]    |
[INFO] [stdout]    = note: consider using `_app` instead
[INFO] [stdout]    = note: `#[warn(unused_variables)]` on by default
[INFO] [stdout] 
[INFO] [stdout] 
[INFO] [stdout] warning: value assigned to `app` is never read
[INFO] [stdout]   --> src/utils/config.rs:20:5
[INFO] [stdout]    |
[INFO] [stdout] 20 |     app = serde_json::from_reader(std::fs::File::open("config.json")?)?;
[INFO] [stdout]    |     ^^^
[INFO] [stdout]    |
[INFO] [stdout]    = help: maybe it is overwritten before being read?
[INFO] [stdout] 
[INFO] [stdout] 
[INFO] [stdout] warning: unused variable: `reader`
[INFO] [stdout]    --> src/utils/export.rs:372:9
[INFO] [stdout]     |
[INFO] [stdout] 372 |     let reader = BufReader::new(file);
[INFO] [stdout]     |         ^^^^^^ help: if this is intentional, prefix it with an underscore: `_reader`
[INFO] [stdout] 
[INFO] [stdout] 
[INFO] [stdout] warning: variable `include_path_value` is assigned to, but never used
[INFO] [stdout]   --> src/utils/xml_helper.rs:67:13
[INFO] [stdout]    |
[INFO] [stdout] 67 |     let mut include_path_value = String::new();
[INFO] [stdout]    |             ^^^^^^^^^^^^^^^^^^
[INFO] [stdout]    |
[INFO] [stdout]    = note: consider using `_include_path_value` instead
[INFO] [stdout] 
[INFO] [stdout] 
[INFO] [stdout] warning: value assigned to `include_path_value` is never read
[INFO] [stdout]    --> src/utils/xml_helper.rs:104:21
[INFO] [stdout]     |
[INFO] [stdout] 104 |                     include_path_value = text.clone();
[INFO] [stdout]     |                     ^^^^^^^^^^^^^^^^^^
[INFO] [stdout]     |
[INFO] [stdout]     = help: maybe it is overwritten before being read?
[INFO] [stdout] 
[INFO] [stdout] 
[INFO] [stdout] warning: function `handle_key_events` is never used
[INFO] [stdout]  --> src/handlers/common_handler.rs:6:8
[INFO] [stdout]   |
[INFO] [stdout] 6 | pub fn handle_key_events(_key_event: KeyCode, _app: &mut App) -> AppResult<()> {
[INFO] [stdout]   |        ^^^^^^^^^^^^^^^^^
[INFO] [stdout]   |
[INFO] [stdout]   = note: `#[warn(dead_code)]` on by default
[INFO] [stdout] 
[INFO] [stdout] 
[INFO] [stdout] warning: function `handle_key_events` is never used
[INFO] [stdout]  --> src/handlers/make_config_handler.rs:5:8
[INFO] [stdout]   |
[INFO] [stdout] 5 | pub fn handle_key_events(_key_event: KeyCode, _app: &mut App) -> AppResult<()> {
[INFO] [stdout]   |        ^^^^^^^^^^^^^^^^^
[INFO] [stdout] 
[INFO] [stdout] 
[INFO] [stdout] warning: function `choose_next_module` is never used
[INFO] [stdout]   --> src/handlers/input_handler.rs:31:4
[INFO] [stdout]    |
[INFO] [stdout] 31 | fn choose_next_module(app: &mut App) {
[INFO] [stdout]    |    ^^^^^^^^^^^^^^^^^^
[INFO] [stdout] 
[INFO] [stdout] 
[INFO] [stdout] warning: function `choose_previous_module` is never used
[INFO] [stdout]   --> src/handlers/input_handler.rs:40:4
[INFO] [stdout]    |
[INFO] [stdout] 40 | fn choose_previous_module(app: &mut App) {
[INFO] [stdout]    |    ^^^^^^^^^^^^^^^^^^^^^^
[INFO] [stdout] 
[INFO] [stdout] 
[INFO] [stdout] warning: function `choose_upper_item` is never used
[INFO] [stdout]   --> src/handlers/input_handler.rs:49:4
[INFO] [stdout]    |
[INFO] [stdout] 49 | fn choose_upper_item(app: &mut App) {
[INFO] [stdout]    |    ^^^^^^^^^^^^^^^^^
[INFO] [stdout] 
[INFO] [stdout] 
[INFO] [stdout] warning: function `choose_down_item` is never used
[INFO] [stdout]   --> src/handlers/input_handler.rs:82:4
[INFO] [stdout]    |
[INFO] [stdout] 82 | fn choose_down_item(app: &mut App) {
[INFO] [stdout]    |    ^^^^^^^^^^^^^^^^
[INFO] [stdout] 
[INFO] [stdout] 
[INFO] [stdout] warning: function `choose_selected_item` is never used
[INFO] [stdout]    --> src/handlers/input_handler.rs:144:4
[INFO] [stdout]     |
[INFO] [stdout] 144 | fn choose_selected_item(app: &mut App) {
[INFO] [stdout]     |    ^^^^^^^^^^^^^^^^^^^^
[INFO] [stdout] 
[INFO] [stdout] 
[INFO] [stdout] warning: call to `.clone()` on a reference in this situation does nothing
[INFO] [stdout]   --> src/components/input.rs:85:27
[INFO] [stdout]    |
[INFO] [stdout] 85 |     Paragraph::new(current.clone())
[INFO] [stdout]    |                           ^^^^^^^^ help: remove this redundant call
[INFO] [stdout]    |
[INFO] [stdout]    = note: the type `str` does not implement `Clone`, so calling `clone` on `&str` copies the reference, which does not do anything and can be removed
[INFO] [stdout]    = note: `#[warn(noop_method_call)]` on by default
[INFO] [stdout] 
[INFO] [stdout] 
[INFO] [stdout] warning: call to `.clone()` on a reference in this situation does nothing
[INFO] [stdout]   --> src/components/input.rs:90:66
[INFO] [stdout]    |
[INFO] [stdout] 90 |         .block(Block::default().borders(Borders::ALL).title(title.clone()))
[INFO] [stdout]    |                                                                  ^^^^^^^^ help: remove this redundant call
[INFO] [stdout]    |
[INFO] [stdout]    = note: the type `str` does not implement `Clone`, so calling `clone` on `&str` copies the reference, which does not do anything and can be removed
[INFO] [stdout] 
[INFO] [stdout] 
[INFO] [stdout] warning: call to `.clone()` on a reference in this situation does nothing
[INFO] [stdout]   --> src/utils/export.rs:70:59
[INFO] [stdout]    |
[INFO] [stdout] 70 |     let project_name = cubemx_project.file_name().unwrap().clone().to_string_lossy().to_string();
[INFO] [stdout]    |                                                           ^^^^^^^^ help: remove this redundant call
[INFO] [stdout]    |
[INFO] [stdout]    = note: the type `OsStr` does not implement `Clone`, so calling `clone` on `&OsStr` copies the reference, which does not do anything and can be removed
[INFO] [stdout] 
[INFO] [stdout] 
[INFO] [stdout] warning: call to `.clone()` on a reference in this situation does nothing
[INFO] [stdout]    --> src/utils/export.rs:127:59
[INFO] [stdout]     |
[INFO] [stdout] 127 |     let project_name = cubemx_project.file_name().unwrap().clone().to_string_lossy().to_string();
[INFO] [stdout]     |                                                           ^^^^^^^^ help: remove this redundant call
[INFO] [stdout]     |
[INFO] [stdout]     = note: the type `OsStr` does not implement `Clone`, so calling `clone` on `&OsStr` copies the reference, which does not do anything and can be removed
[INFO] [stdout] 
[INFO] [stdout] 
[INFO] [stdout] warning: unused `Result` that must be used
[INFO] [stdout]    --> src/utils/export.rs:136:5
[INFO] [stdout]     |
[INFO] [stdout] 136 |     reg.register_template_string("tos_header", tos_header_template);
[INFO] [stdout]     |     ^^^^^^^^^^^^^^^^^^^^^^^^^^^^^^^^^^^^^^^^^^^^^^^^^^^^^^^^^^^^^^^
[INFO] [stdout]     |
[INFO] [stdout]     = note: this `Result` may be an `Err` variant, which should be handled
[INFO] [stdout]     = note: `#[warn(unused_must_use)]` on by default
[INFO] [stdout] help: use `let _ = ...` to ignore the resulting value
[INFO] [stdout]     |
[INFO] [stdout] 136 |     let _ = reg.register_template_string("tos_header", tos_header_template);
[INFO] [stdout]     |     +++++++
[INFO] [stdout] 
[INFO] [stdout] 
[INFO] [stdout] warning: call to `.clone()` on a reference in this situation does nothing
[INFO] [stdout]    --> src/utils/export.rs:155:59
[INFO] [stdout]     |
[INFO] [stdout] 155 |     let project_name = cubemx_project.file_name().unwrap().clone().to_string_lossy().to_string();
[INFO] [stdout]     |                                                           ^^^^^^^^ help: remove this redundant call
[INFO] [stdout]     |
[INFO] [stdout]     = note: the type `OsStr` does not implement `Clone`, so calling `clone` on `&OsStr` copies the reference, which does not do anything and can be removed
[INFO] [stdout] 
[INFO] [stdout] 
[INFO] [stdout] warning: call to `.clone()` on a reference in this situation does nothing
[INFO] [stdout]    --> src/utils/export.rs:327:59
[INFO] [stdout]     |
[INFO] [stdout] 327 |     let project_name = cubemx_project.file_name().unwrap().clone().to_string_lossy().to_string();
[INFO] [stdout]     |                                                           ^^^^^^^^ help: remove this redundant call
[INFO] [stdout]     |
[INFO] [stdout]     = note: the type `OsStr` does not implement `Clone`, so calling `clone` on `&OsStr` copies the reference, which does not do anything and can be removed
[INFO] [stdout] 
[INFO] [stdout] 
[INFO] [stdout] warning: call to `.clone()` on a reference in this situation does nothing
[INFO] [stdout]    --> src/utils/export.rs:368:59
[INFO] [stdout]     |
[INFO] [stdout] 368 |     let project_name = cubemx_project.file_name().unwrap().clone().to_string_lossy().to_string();
[INFO] [stdout]     |                                                           ^^^^^^^^ help: remove this redundant call
[INFO] [stdout]     |
[INFO] [stdout]     = note: the type `OsStr` does not implement `Clone`, so calling `clone` on `&OsStr` copies the reference, which does not do anything and can be removed
[INFO] [stdout] 
[INFO] [stdout] 
[INFO] [stdout] warning: unused `Result` that must be used
[INFO] [stdout]   --> src/utils/xml_helper.rs:88:17
[INFO] [stdout]    |
[INFO] [stdout] 88 |                 writer.write(event);
[INFO] [stdout]    |                 ^^^^^^^^^^^^^^^^^^^
[INFO] [stdout]    |
[INFO] [stdout]    = note: this `Result` may be an `Err` variant, which should be handled
[INFO] [stdout] help: use `let _ = ...` to ignore the resulting value
[INFO] [stdout]    |
[INFO] [stdout] 88 |                 let _ = writer.write(event);
[INFO] [stdout]    |                 +++++++
[INFO] [stdout] 
[INFO] [stdout] 
[INFO] [stdout] warning: unused `Result` that must be used
[INFO] [stdout]   --> src/utils/xml_helper.rs:99:17
[INFO] [stdout]    |
[INFO] [stdout] 99 |                 writer.write(event);
[INFO] [stdout]    |                 ^^^^^^^^^^^^^^^^^^^
[INFO] [stdout]    |
[INFO] [stdout]    = note: this `Result` may be an `Err` variant, which should be handled
[INFO] [stdout] help: use `let _ = ...` to ignore the resulting value
[INFO] [stdout]    |
[INFO] [stdout] 99 |                 let _ = writer.write(event);
[INFO] [stdout]    |                 +++++++
[INFO] [stdout] 
[INFO] [stdout] 
[INFO] [stdout] warning: unused `Result` that must be used
[INFO] [stdout]    --> src/utils/xml_helper.rs:109:17
[INFO] [stdout]     |
[INFO] [stdout] 109 |                 writer.write(event);
[INFO] [stdout]     |                 ^^^^^^^^^^^^^^^^^^^
[INFO] [stdout]     |
[INFO] [stdout]     = note: this `Result` may be an `Err` variant, which should be handled
[INFO] [stdout] help: use `let _ = ...` to ignore the resulting value
[INFO] [stdout]     |
[INFO] [stdout] 109 |                 let _ = writer.write(event);
[INFO] [stdout]     |                 +++++++
[INFO] [stdout] 
[INFO] [stdout] 
[INFO] [stdout] warning: unused `Result` that must be used
[INFO] [stdout]    --> src/utils/xml_helper.rs:114:17
[INFO] [stdout]     |
[INFO] [stdout] 114 |                 writer.write(event);
[INFO] [stdout]     |                 ^^^^^^^^^^^^^^^^^^^
[INFO] [stdout]     |
[INFO] [stdout]     = note: this `Result` may be an `Err` variant, which should be handled
[INFO] [stdout] help: use `let _ = ...` to ignore the resulting value
[INFO] [stdout]     |
[INFO] [stdout] 114 |                 let _ = writer.write(event);
[INFO] [stdout]     |                 +++++++
[INFO] [stdout] 
[INFO] [stdout] 
[INFO] [stderr]    Compiling tosbuilder v0.1.0 (/opt/rustwide/workdir)
[INFO] [stdout] warning: 43 warnings emitted
[INFO] [stdout] 
[INFO] [stdout] 
[INFO] [stdout] warning: unused imports: `Arc`, `Mutex`
[INFO] [stdout]  --> src/main.rs:6:17
[INFO] [stdout]   |
[INFO] [stdout] 6 | use std::sync::{Arc, Mutex};
[INFO] [stdout]   |                 ^^^  ^^^^^
[INFO] [stdout]   |
[INFO] [stdout]   = note: `#[warn(unused_imports)]` on by default
[INFO] [stdout] 
[INFO] [stdout] 
[INFO] [stdout] warning: variant `VERSION_2_5_0` should have an upper camel case name
[INFO] [stdout]   --> src/config/tos_config.rs:32:5
[INFO] [stdout]    |
[INFO] [stdout] 32 |     VERSION_2_5_0,
[INFO] [stdout]    |     ^^^^^^^^^^^^^ help: convert the identifier to upper camel case: `Version2_5_0`
[INFO] [stdout]    |
[INFO] [stdout]    = note: `#[warn(non_camel_case_types)]` on by default
[INFO] [stdout] 
[INFO] [stdout] 
[INFO] [stdout] warning: variant `VERSION_2_4_5` should have an upper camel case name
[INFO] [stdout]   --> src/config/tos_config.rs:33:5
[INFO] [stdout]    |
[INFO] [stdout] 33 |     VERSION_2_4_5,
[INFO] [stdout]    |     ^^^^^^^^^^^^^ help: convert the identifier to upper camel case: `Version2_4_5`
[INFO] [stdout] 
[INFO] [stdout] 
[INFO] [stdout] warning: variant `VERSION_2_1_0` should have an upper camel case name
[INFO] [stdout]   --> src/config/tos_config.rs:34:5
[INFO] [stdout]    |
[INFO] [stdout] 34 |     VERSION_2_1_0,
[INFO] [stdout]    |     ^^^^^^^^^^^^^ help: convert the identifier to upper camel case: `Version2_1_0`
[INFO] [stdout] 
[INFO] [stdout] 
[INFO] [stdout] warning: 1 warning emitted
[INFO] [stdout] 
[INFO] [stdout] 
[INFO] [stdout] warning: unused import: `TimeZone`
[INFO] [stdout]  --> src/utils/export.rs:1:21
[INFO] [stdout]   |
[INFO] [stdout] 1 | use chrono::{Local, TimeZone};
[INFO] [stdout]   |                     ^^^^^^^^
[INFO] [stdout]   |
[INFO] [stdout]   = note: `#[warn(unused_imports)]` on by default
[INFO] [stdout] 
[INFO] [stdout] 
[INFO] [stdout] warning: unused import: `TimeZone`
[INFO] [stdout]  --> src/utils/downloader.rs:1:27
[INFO] [stdout]   |
[INFO] [stdout] 1 | use chrono::{Local,  Utc, TimeZone};
[INFO] [stdout]   |                           ^^^^^^^^
[INFO] [stdout] 
[INFO] [stdout] 
[INFO] [stdout] warning: value assigned to `items` is never read
[INFO] [stdout]    --> src/components/fs.rs:105:13
[INFO] [stdout]     |
[INFO] [stdout] 105 |     let mut items: Vec<ListItem<'_>> = vec![];
[INFO] [stdout]     |             ^^^^^
[INFO] [stdout]     |
[INFO] [stdout]     = help: maybe it is overwritten before being read?
[INFO] [stdout]     = note: `#[warn(unused_assignments)]` on by default
[INFO] [stdout] 
[INFO] [stdout] 
[INFO] [stdout] warning: value assigned to `items` is never read
[INFO] [stdout]    --> src/components/fs.rs:142:13
[INFO] [stdout]     |
[INFO] [stdout] 142 |     let mut items: Vec<ListItem<'_>> = vec![];
[INFO] [stdout]     |             ^^^^^
[INFO] [stdout]     |
[INFO] [stdout]     = help: maybe it is overwritten before being read?
[INFO] [stdout] 
[INFO] [stdout] 
[INFO] [stdout] warning: variable `app` is assigned to, but never used
[INFO] [stdout]   --> src/utils/config.rs:19:13
[INFO] [stdout]    |
[INFO] [stdout] 19 |     let mut app = crate::app::App::default();
[INFO] [stdout]    |             ^^^
[INFO] [stdout]    |
[INFO] [stdout]    = note: consider using `_app` instead
[INFO] [stdout]    = note: `#[warn(unused_variables)]` on by default
[INFO] [stdout] 
[INFO] [stdout] 
[INFO] [stdout] warning: value assigned to `app` is never read
[INFO] [stdout]   --> src/utils/config.rs:20:5
[INFO] [stdout]    |
[INFO] [stdout] 20 |     app = serde_json::from_reader(std::fs::File::open("config.json")?)?;
[INFO] [stdout]    |     ^^^
[INFO] [stdout]    |
[INFO] [stdout]    = help: maybe it is overwritten before being read?
[INFO] [stdout] 
[INFO] [stdout] 
[INFO] [stdout] warning: unused variable: `reader`
[INFO] [stdout]    --> src/utils/export.rs:372:9
[INFO] [stdout]     |
[INFO] [stdout] 372 |     let reader = BufReader::new(file);
[INFO] [stdout]     |         ^^^^^^ help: if this is intentional, prefix it with an underscore: `_reader`
[INFO] [stdout] 
[INFO] [stdout] 
[INFO] [stdout] warning: unused variable: `depth`
[INFO] [stdout]    --> src/utils/export.rs:813:17
[INFO] [stdout]     |
[INFO] [stdout] 813 |         let mut depth = 0;
[INFO] [stdout]     |                 ^^^^^ help: if this is intentional, prefix it with an underscore: `_depth`
[INFO] [stdout] 
[INFO] [stdout] 
[INFO] [stdout] warning: unused variable: `inside_target_element`
[INFO] [stdout]    --> src/utils/export.rs:816:17
[INFO] [stdout]     |
[INFO] [stdout] 816 |         let mut inside_target_element = false;
[INFO] [stdout]     |                 ^^^^^^^^^^^^^^^^^^^^^ help: if this is intentional, prefix it with an underscore: `_inside_target_element`
[INFO] [stdout] 
[INFO] [stdout] 
[INFO] [stdout] warning: unused variable: `attributes`
[INFO] [stdout]    --> src/utils/export.rs:825:51
[INFO] [stdout]     |
[INFO] [stdout] 825 |                 Ok(XmlEvent::StartElement { name, attributes, .. }) => {
[INFO] [stdout]     |                                                   ^^^^^^^^^^ help: try ignoring the field: `attributes: _`
[INFO] [stdout] 
[INFO] [stdout] 
[INFO] [stdout] warning: variable does not need to be mutable
[INFO] [stdout]    --> src/utils/export.rs:813:13
[INFO] [stdout]     |
[INFO] [stdout] 813 |         let mut depth = 0;
[INFO] [stdout]     |             ----^^^^^
[INFO] [stdout]     |             |
[INFO] [stdout]     |             help: remove this `mut`
[INFO] [stdout]     |
[INFO] [stdout]     = note: `#[warn(unused_mut)]` on by default
[INFO] [stdout] 
[INFO] [stdout] 
[INFO] [stdout] warning: variable does not need to be mutable
[INFO] [stdout]    --> src/utils/export.rs:815:13
[INFO] [stdout]     |
[INFO] [stdout] 815 |         let mut current_element = String::new();
[INFO] [stdout]     |             ----^^^^^^^^^^^^^^^
[INFO] [stdout]     |             |
[INFO] [stdout]     |             help: remove this `mut`
[INFO] [stdout] 
[INFO] [stdout] 
[INFO] [stdout] warning: variable does not need to be mutable
[INFO] [stdout]    --> src/utils/export.rs:816:13
[INFO] [stdout]     |
[INFO] [stdout] 816 |         let mut inside_target_element = false;
[INFO] [stdout]     |             ----^^^^^^^^^^^^^^^^^^^^^
[INFO] [stdout]     |             |
[INFO] [stdout]     |             help: remove this `mut`
[INFO] [stdout] 
[INFO] [stdout] 
[INFO] [stdout] warning: unused variable: `pattern`
[INFO] [stdout]    --> src/utils/export.rs:915:13
[INFO] [stdout]     |
[INFO] [stdout] 915 |         let pattern = Regex::new(r#"# C sources(.*?)# ASM sources"#).expect("Failed to create regex");
[INFO] [stdout]     |             ^^^^^^^ help: if this is intentional, prefix it with an underscore: `_pattern`
[INFO] [stdout] 
[INFO] [stdout] 
[INFO] [stdout] warning: variable does not need to be mutable
[INFO] [stdout]    --> src/utils/export.rs:914:13
[INFO] [stdout]     |
[INFO] [stdout] 914 | ...   let mut content = fs::read_to_string("/Users/asklv/WebDownloads/tos/Tencentos_tiny_gcc_ori/Tencentos_tiny_gcc/Makefile").expect("Fa...
[INFO] [stdout]     |           ----^^^^^^^
[INFO] [stdout]     |           |
[INFO] [stdout]     |           help: remove this `mut`
[INFO] [stdout] 
[INFO] [stdout] 
[INFO] [stdout] warning: variable `include_path_value` is assigned to, but never used
[INFO] [stdout]   --> src/utils/xml_helper.rs:67:13
[INFO] [stdout]    |
[INFO] [stdout] 67 |     let mut include_path_value = String::new();
[INFO] [stdout]    |             ^^^^^^^^^^^^^^^^^^
[INFO] [stdout]    |
[INFO] [stdout]    = note: consider using `_include_path_value` instead
[INFO] [stdout] 
[INFO] [stdout] 
[INFO] [stdout] warning: value assigned to `include_path_value` is never read
[INFO] [stdout]    --> src/utils/xml_helper.rs:104:21
[INFO] [stdout]     |
[INFO] [stdout] 104 |                     include_path_value = text.clone();
[INFO] [stdout]     |                     ^^^^^^^^^^^^^^^^^^
[INFO] [stdout]     |
[INFO] [stdout]     = help: maybe it is overwritten before being read?
[INFO] [stdout] 
[INFO] [stdout] 
[INFO] [stdout] warning: function `handle_key_events` is never used
[INFO] [stdout]  --> src/handlers/common_handler.rs:6:8
[INFO] [stdout]   |
[INFO] [stdout] 6 | pub fn handle_key_events(_key_event: KeyCode, _app: &mut App) -> AppResult<()> {
[INFO] [stdout]   |        ^^^^^^^^^^^^^^^^^
[INFO] [stdout]   |
[INFO] [stdout]   = note: `#[warn(dead_code)]` on by default
[INFO] [stdout] 
[INFO] [stdout] 
[INFO] [stdout] warning: function `handle_key_events` is never used
[INFO] [stdout]  --> src/handlers/make_config_handler.rs:5:8
[INFO] [stdout]   |
[INFO] [stdout] 5 | pub fn handle_key_events(_key_event: KeyCode, _app: &mut App) -> AppResult<()> {
[INFO] [stdout]   |        ^^^^^^^^^^^^^^^^^
[INFO] [stdout] 
[INFO] [stdout] 
[INFO] [stdout] warning: function `choose_next_module` is never used
[INFO] [stdout]   --> src/handlers/input_handler.rs:31:4
[INFO] [stdout]    |
[INFO] [stdout] 31 | fn choose_next_module(app: &mut App) {
[INFO] [stdout]    |    ^^^^^^^^^^^^^^^^^^
[INFO] [stdout] 
[INFO] [stdout] 
[INFO] [stdout] warning: function `choose_previous_module` is never used
[INFO] [stdout]   --> src/handlers/input_handler.rs:40:4
[INFO] [stdout]    |
[INFO] [stdout] 40 | fn choose_previous_module(app: &mut App) {
[INFO] [stdout]    |    ^^^^^^^^^^^^^^^^^^^^^^
[INFO] [stdout] 
[INFO] [stdout] 
[INFO] [stdout] warning: function `choose_upper_item` is never used
[INFO] [stdout]   --> src/handlers/input_handler.rs:49:4
[INFO] [stdout]    |
[INFO] [stdout] 49 | fn choose_upper_item(app: &mut App) {
[INFO] [stdout]    |    ^^^^^^^^^^^^^^^^^
[INFO] [stdout] 
[INFO] [stdout] 
[INFO] [stdout] warning: function `choose_down_item` is never used
[INFO] [stdout]   --> src/handlers/input_handler.rs:82:4
[INFO] [stdout]    |
[INFO] [stdout] 82 | fn choose_down_item(app: &mut App) {
[INFO] [stdout]    |    ^^^^^^^^^^^^^^^^
[INFO] [stdout] 
[INFO] [stdout] 
[INFO] [stdout] warning: function `choose_selected_item` is never used
[INFO] [stdout]    --> src/handlers/input_handler.rs:144:4
[INFO] [stdout]     |
[INFO] [stdout] 144 | fn choose_selected_item(app: &mut App) {
[INFO] [stdout]     |    ^^^^^^^^^^^^^^^^^^^^
[INFO] [stdout] 
[INFO] [stdout] 
[INFO] [stdout] warning: call to `.clone()` on a reference in this situation does nothing
[INFO] [stdout]   --> src/components/input.rs:85:27
[INFO] [stdout]    |
[INFO] [stdout] 85 |     Paragraph::new(current.clone())
[INFO] [stdout]    |                           ^^^^^^^^ help: remove this redundant call
[INFO] [stdout]    |
[INFO] [stdout]    = note: the type `str` does not implement `Clone`, so calling `clone` on `&str` copies the reference, which does not do anything and can be removed
[INFO] [stdout]    = note: `#[warn(noop_method_call)]` on by default
[INFO] [stdout] 
[INFO] [stdout] 
[INFO] [stdout] warning: call to `.clone()` on a reference in this situation does nothing
[INFO] [stdout]   --> src/components/input.rs:90:66
[INFO] [stdout]    |
[INFO] [stdout] 90 |         .block(Block::default().borders(Borders::ALL).title(title.clone()))
[INFO] [stdout]    |                                                                  ^^^^^^^^ help: remove this redundant call
[INFO] [stdout]    |
[INFO] [stdout]    = note: the type `str` does not implement `Clone`, so calling `clone` on `&str` copies the reference, which does not do anything and can be removed
[INFO] [stdout] 
[INFO] [stdout] 
[INFO] [stdout] warning: call to `.clone()` on a reference in this situation does nothing
[INFO] [stdout]   --> src/utils/export.rs:70:59
[INFO] [stdout]    |
[INFO] [stdout] 70 |     let project_name = cubemx_project.file_name().unwrap().clone().to_string_lossy().to_string();
[INFO] [stdout]    |                                                           ^^^^^^^^ help: remove this redundant call
[INFO] [stdout]    |
[INFO] [stdout]    = note: the type `OsStr` does not implement `Clone`, so calling `clone` on `&OsStr` copies the reference, which does not do anything and can be removed
[INFO] [stdout] 
[INFO] [stdout] 
[INFO] [stdout] warning: call to `.clone()` on a reference in this situation does nothing
[INFO] [stdout]    --> src/utils/export.rs:127:59
[INFO] [stdout]     |
[INFO] [stdout] 127 |     let project_name = cubemx_project.file_name().unwrap().clone().to_string_lossy().to_string();
[INFO] [stdout]     |                                                           ^^^^^^^^ help: remove this redundant call
[INFO] [stdout]     |
[INFO] [stdout]     = note: the type `OsStr` does not implement `Clone`, so calling `clone` on `&OsStr` copies the reference, which does not do anything and can be removed
[INFO] [stdout] 
[INFO] [stdout] 
[INFO] [stdout] warning: unused `Result` that must be used
[INFO] [stdout]    --> src/utils/export.rs:136:5
[INFO] [stdout]     |
[INFO] [stdout] 136 |     reg.register_template_string("tos_header", tos_header_template);
[INFO] [stdout]     |     ^^^^^^^^^^^^^^^^^^^^^^^^^^^^^^^^^^^^^^^^^^^^^^^^^^^^^^^^^^^^^^^
[INFO] [stdout]     |
[INFO] [stdout]     = note: this `Result` may be an `Err` variant, which should be handled
[INFO] [stdout]     = note: `#[warn(unused_must_use)]` on by default
[INFO] [stdout] help: use `let _ = ...` to ignore the resulting value
[INFO] [stdout]     |
[INFO] [stdout] 136 |     let _ = reg.register_template_string("tos_header", tos_header_template);
[INFO] [stdout]     |     +++++++
[INFO] [stdout] 
[INFO] [stdout] 
[INFO] [stdout] warning: call to `.clone()` on a reference in this situation does nothing
[INFO] [stdout]    --> src/utils/export.rs:155:59
[INFO] [stdout]     |
[INFO] [stdout] 155 |     let project_name = cubemx_project.file_name().unwrap().clone().to_string_lossy().to_string();
[INFO] [stdout]     |                                                           ^^^^^^^^ help: remove this redundant call
[INFO] [stdout]     |
[INFO] [stdout]     = note: the type `OsStr` does not implement `Clone`, so calling `clone` on `&OsStr` copies the reference, which does not do anything and can be removed
[INFO] [stdout] 
[INFO] [stdout] 
[INFO] [stdout] warning: call to `.clone()` on a reference in this situation does nothing
[INFO] [stdout]    --> src/utils/export.rs:327:59
[INFO] [stdout]     |
[INFO] [stdout] 327 |     let project_name = cubemx_project.file_name().unwrap().clone().to_string_lossy().to_string();
[INFO] [stdout]     |                                                           ^^^^^^^^ help: remove this redundant call
[INFO] [stdout]     |
[INFO] [stdout]     = note: the type `OsStr` does not implement `Clone`, so calling `clone` on `&OsStr` copies the reference, which does not do anything and can be removed
[INFO] [stdout] 
[INFO] [stdout] 
[INFO] [stdout] warning: call to `.clone()` on a reference in this situation does nothing
[INFO] [stdout]    --> src/utils/export.rs:368:59
[INFO] [stdout]     |
[INFO] [stdout] 368 |     let project_name = cubemx_project.file_name().unwrap().clone().to_string_lossy().to_string();
[INFO] [stdout]     |                                                           ^^^^^^^^ help: remove this redundant call
[INFO] [stdout]     |
[INFO] [stdout]     = note: the type `OsStr` does not implement `Clone`, so calling `clone` on `&OsStr` copies the reference, which does not do anything and can be removed
[INFO] [stdout] 
[INFO] [stdout] 
[INFO] [stdout] warning: unused `Result` that must be used
[INFO] [stdout]   --> src/utils/xml_helper.rs:88:17
[INFO] [stdout]    |
[INFO] [stdout] 88 |                 writer.write(event);
[INFO] [stdout]    |                 ^^^^^^^^^^^^^^^^^^^
[INFO] [stdout]    |
[INFO] [stdout]    = note: this `Result` may be an `Err` variant, which should be handled
[INFO] [stdout] help: use `let _ = ...` to ignore the resulting value
[INFO] [stdout]    |
[INFO] [stdout] 88 |                 let _ = writer.write(event);
[INFO] [stdout]    |                 +++++++
[INFO] [stdout] 
[INFO] [stdout] 
[INFO] [stdout] warning: unused `Result` that must be used
[INFO] [stdout]   --> src/utils/xml_helper.rs:99:17
[INFO] [stdout]    |
[INFO] [stdout] 99 |                 writer.write(event);
[INFO] [stdout]    |                 ^^^^^^^^^^^^^^^^^^^
[INFO] [stdout]    |
[INFO] [stdout]    = note: this `Result` may be an `Err` variant, which should be handled
[INFO] [stdout] help: use `let _ = ...` to ignore the resulting value
[INFO] [stdout]    |
[INFO] [stdout] 99 |                 let _ = writer.write(event);
[INFO] [stdout]    |                 +++++++
[INFO] [stdout] 
[INFO] [stdout] 
[INFO] [stdout] warning: unused `Result` that must be used
[INFO] [stdout]    --> src/utils/xml_helper.rs:109:17
[INFO] [stdout]     |
[INFO] [stdout] 109 |                 writer.write(event);
[INFO] [stdout]     |                 ^^^^^^^^^^^^^^^^^^^
[INFO] [stdout]     |
[INFO] [stdout]     = note: this `Result` may be an `Err` variant, which should be handled
[INFO] [stdout] help: use `let _ = ...` to ignore the resulting value
[INFO] [stdout]     |
[INFO] [stdout] 109 |                 let _ = writer.write(event);
[INFO] [stdout]     |                 +++++++
[INFO] [stdout] 
[INFO] [stdout] 
[INFO] [stdout] warning: unused `Result` that must be used
[INFO] [stdout]    --> src/utils/xml_helper.rs:114:17
[INFO] [stdout]     |
[INFO] [stdout] 114 |                 writer.write(event);
[INFO] [stdout]     |                 ^^^^^^^^^^^^^^^^^^^
[INFO] [stdout]     |
[INFO] [stdout]     = note: this `Result` may be an `Err` variant, which should be handled
[INFO] [stdout] help: use `let _ = ...` to ignore the resulting value
[INFO] [stdout]     |
[INFO] [stdout] 114 |                 let _ = writer.write(event);
[INFO] [stdout]     |                 +++++++
[INFO] [stdout] 
[INFO] [stdout] 
[INFO] [stdout] warning: unused `Result` that must be used
[INFO] [stdout]   --> src/templates/tos_config.rs:73:9
[INFO] [stdout]    |
[INFO] [stdout] 73 |         reg.register_template_string("tos_header", TOS_CONFIG);
[INFO] [stdout]    |         ^^^^^^^^^^^^^^^^^^^^^^^^^^^^^^^^^^^^^^^^^^^^^^^^^^^^^^
[INFO] [stdout]    |
[INFO] [stdout]    = note: this `Result` may be an `Err` variant, which should be handled
[INFO] [stdout] help: use `let _ = ...` to ignore the resulting value
[INFO] [stdout]    |
[INFO] [stdout] 73 |         let _ = reg.register_template_string("tos_header", TOS_CONFIG);
[INFO] [stdout]    |         +++++++
[INFO] [stdout] 
[INFO] [stdout] 
[INFO] [stdout] warning: unused `Result` that must be used
[INFO] [stdout]   --> src/templates/tos_config.rs:74:9
[INFO] [stdout]    |
[INFO] [stdout] 74 |         reg.render_to_write("tos_header", &app.tos_header_table.tos_header_config.to_map(), &mut tos_header_file);
[INFO] [stdout]    |         ^^^^^^^^^^^^^^^^^^^^^^^^^^^^^^^^^^^^^^^^^^^^^^^^^^^^^^^^^^^^^^^^^^^^^^^^^^^^^^^^^^^^^^^^^^^^^^^^^^^^^^^^^
[INFO] [stdout]    |
[INFO] [stdout]    = note: this `Result` may be an `Err` variant, which should be handled
[INFO] [stdout] help: use `let _ = ...` to ignore the resulting value
[INFO] [stdout]    |
[INFO] [stdout] 74 |         let _ = reg.render_to_write("tos_header", &app.tos_header_table.tos_header_config.to_map(), &mut tos_header_file);
[INFO] [stdout]    |         +++++++
[INFO] [stdout] 
[INFO] [stdout] 
[INFO] [stdout] warning: 41 warnings emitted
[INFO] [stdout] 
[INFO] [stdout] 
[INFO] [stderr]     Finished test [unoptimized + debuginfo] target(s) in 2.87s
[INFO] running `Command { std: "docker" "inspect" "60ac0bfaa6dba2a59335d971ef325a3d739cb80d90e028fd493827f11eda940b", kill_on_drop: false }`
[INFO] running `Command { std: "docker" "rm" "-f" "60ac0bfaa6dba2a59335d971ef325a3d739cb80d90e028fd493827f11eda940b", kill_on_drop: false }`
[INFO] [stdout] 60ac0bfaa6dba2a59335d971ef325a3d739cb80d90e028fd493827f11eda940b
[INFO] running `Command { std: "docker" "create" "-v" "/var/lib/crater-agent-workspace/builds/worker-0-tc1/target:/opt/rustwide/target:rw,Z" "-v" "/var/lib/crater-agent-workspace/builds/worker-0-tc1/source:/opt/rustwide/workdir:ro,Z" "-v" "/var/lib/crater-agent-workspace/cargo-home:/opt/rustwide/cargo-home:ro,Z" "-v" "/var/lib/crater-agent-workspace/rustup-home:/opt/rustwide/rustup-home:ro,Z" "-e" "SOURCE_DIR=/opt/rustwide/workdir" "-e" "CARGO_TARGET_DIR=/opt/rustwide/target" "-e" "CARGO_INCREMENTAL=0" "-e" "RUST_BACKTRACE=full" "-e" "RUSTFLAGS=--cap-lints=warn" "-e" "RUSTDOCFLAGS=--cap-lints=warn" "-e" "CARGO_HOME=/opt/rustwide/cargo-home" "-e" "RUSTUP_HOME=/opt/rustwide/rustup-home" "-w" "/opt/rustwide/workdir" "-m" "1610612736" "--user" "0:0" "--network" "none" "ghcr.io/rust-lang/crates-build-env/linux@sha256:2788e3201cd34a07e3172128adcd8b3090168a8e3bcc40d7c032b9dda1df7d1c" "/opt/rustwide/cargo-home/bin/cargo" "+1.75.0" "test" "--frozen", kill_on_drop: false }`
[INFO] [stdout] 957ccce5f78d16846db0d6eefccf6fd56f5058ed1ccec3120d8e4439683c80c5
[INFO] running `Command { std: "docker" "start" "-a" "957ccce5f78d16846db0d6eefccf6fd56f5058ed1ccec3120d8e4439683c80c5", kill_on_drop: false }`
[INFO] [stderr] warning: unused imports: `File`, `io::BufReader`, `path::Path`, `self`
[INFO] [stderr]    --> src/utils/export.rs:797:14
[INFO] [stderr]     |
[INFO] [stderr] 797 |         fs::{self, File},
[INFO] [stderr]     |              ^^^^  ^^^^
[INFO] [stderr] 798 |         io::BufReader,
[INFO] [stderr]     |         ^^^^^^^^^^^^^
[INFO] [stderr] 799 |         path::Path,
[INFO] [stderr]     |         ^^^^^^^^^^
[INFO] [stderr]     |
[INFO] [stderr]     = note: `#[warn(unused_imports)]` on by default
[INFO] [stderr] 
[INFO] [stderr] warning: unused import: `regex::Regex`
[INFO] [stderr]    --> src/utils/export.rs:802:9
[INFO] [stderr]     |
[INFO] [stderr] 802 |     use regex::Regex;
[INFO] [stderr]     |         ^^^^^^^^^^^^
[INFO] [stderr] 
[INFO] [stderr] warning: unused imports: `EventReader`, `reader::XmlEvent`
[INFO] [stderr]    --> src/utils/export.rs:803:15
[INFO] [stderr]     |
[INFO] [stderr] 803 |     use xml::{reader::XmlEvent, EventReader};
[INFO] [stderr]     |               ^^^^^^^^^^^^^^^^  ^^^^^^^^^^^
[INFO] [stderr] 
[INFO] [stderr] warning: unused import: `std::path::PathBuf`
[INFO] [stderr]   --> src/utils/copy.rs:34:9
[INFO] [stderr]    |
[INFO] [stderr] 34 |     use std::path::PathBuf;
[INFO] [stderr]    |         ^^^^^^^^^^^^^^^^^^
[INFO] [stderr] 
[INFO] [stderr] warning: unused import: `super::copy_dir_recursive`
[INFO] [stderr]   --> src/utils/copy.rs:36:9
[INFO] [stderr]    |
[INFO] [stderr] 36 |     use super::copy_dir_recursive;
[INFO] [stderr]    |         ^^^^^^^^^^^^^^^^^^^^^^^^^
[INFO] [stderr] 
[INFO] [stderr] warning: unused imports: `BufReader`, `BufWriter`, `File`, `path::Path`, `read_to_string`, `self`
[INFO] [stderr]    --> src/utils/xml_helper.rs:130:15
[INFO] [stderr]     |
[INFO] [stderr] 130 |     use std::{path::Path, fs::{File, read_to_string, self}, io::{BufReader, BufWriter}};
[INFO] [stderr]     |               ^^^^^^^^^^       ^^^^  ^^^^^^^^^^^^^^  ^^^^        ^^^^^^^^^  ^^^^^^^^^
[INFO] [stderr] 
[INFO] [stderr] warning: unused import: `regex::Regex`
[INFO] [stderr]    --> src/utils/xml_helper.rs:132:9
[INFO] [stderr]     |
[INFO] [stderr] 132 |     use regex::Regex;
[INFO] [stderr]     |         ^^^^^^^^^^^^
[INFO] [stderr] 
[INFO] [stderr] warning: unused import: `crate::utils::xml_helper::find_element_value`
[INFO] [stderr]    --> src/utils/xml_helper.rs:134:9
[INFO] [stderr]     |
[INFO] [stderr] 134 |     use crate::utils::xml_helper::find_element_value;
[INFO] [stderr]     |         ^^^^^^^^^^^^^^^^^^^^^^^^^^^^^^^^^^^^^^^^^^^^
[INFO] [stderr] 
[INFO] [stderr] warning: unused import: `super::update_element_value`
[INFO] [stderr]    --> src/utils/xml_helper.rs:136:9
[INFO] [stderr]     |
[INFO] [stderr] 136 |     use super::update_element_value;
[INFO] [stderr]     |         ^^^^^^^^^^^^^^^^^^^^^^^^^^^
[INFO] [stderr] 
[INFO] [stderr] warning: variant `VERSION_2_5_0` should have an upper camel case name
[INFO] [stderr]   --> src/config/tos_config.rs:32:5
[INFO] [stderr]    |
[INFO] [stderr] 32 |     VERSION_2_5_0,
[INFO] [stderr]    |     ^^^^^^^^^^^^^ help: convert the identifier to upper camel case: `Version2_5_0`
[INFO] [stderr]    |
[INFO] [stderr]    = note: `#[warn(non_camel_case_types)]` on by default
[INFO] [stderr] 
[INFO] [stderr] warning: variant `VERSION_2_4_5` should have an upper camel case name
[INFO] [stderr]   --> src/config/tos_config.rs:33:5
[INFO] [stderr]    |
[INFO] [stderr] 33 |     VERSION_2_4_5,
[INFO] [stderr]    |     ^^^^^^^^^^^^^ help: convert the identifier to upper camel case: `Version2_4_5`
[INFO] [stderr] 
[INFO] [stderr] warning: variant `VERSION_2_1_0` should have an upper camel case name
[INFO] [stderr]   --> src/config/tos_config.rs:34:5
[INFO] [stderr]    |
[INFO] [stderr] 34 |     VERSION_2_1_0,
[INFO] [stderr]    |     ^^^^^^^^^^^^^ help: convert the identifier to upper camel case: `Version2_1_0`
[INFO] [stderr] 
[INFO] [stderr] warning: unused import: `std::fs::File`
[INFO] [stderr]   --> src/templates/tos_config.rs:58:9
[INFO] [stderr]    |
[INFO] [stderr] 58 |     use std::fs::File;
[INFO] [stderr]    |         ^^^^^^^^^^^^^
[INFO] [stderr] 
[INFO] [stderr] warning: unused import: `handlebars::Handlebars`
[INFO] [stderr]   --> src/templates/tos_config.rs:60:9
[INFO] [stderr]    |
[INFO] [stderr] 60 |     use handlebars::Handlebars;
[INFO] [stderr]    |         ^^^^^^^^^^^^^^^^^^^^^^
[INFO] [stderr] 
[INFO] [stderr] warning: unused imports: `app::App`, `templates::tos_config::TOS_CONFIG`
[INFO] [stderr]   --> src/templates/tos_config.rs:62:17
[INFO] [stderr]    |
[INFO] [stderr] 62 |     use crate::{templates::tos_config::TOS_CONFIG, app::App};
[INFO] [stderr]    |                 ^^^^^^^^^^^^^^^^^^^^^^^^^^^^^^^^^  ^^^^^^^^
[INFO] [stderr] 
[INFO] [stderr] warning: unused import: `TimeZone`
[INFO] [stderr]  --> src/utils/export.rs:1:21
[INFO] [stderr]   |
[INFO] [stderr] 1 | use chrono::{Local, TimeZone};
[INFO] [stderr]   |                     ^^^^^^^^
[INFO] [stderr] 
[INFO] [stderr] warning: unused import: `TimeZone`
[INFO] [stderr]  --> src/utils/downloader.rs:1:27
[INFO] [stderr]   |
[INFO] [stderr] 1 | use chrono::{Local,  Utc, TimeZone};
[INFO] [stderr]   |                           ^^^^^^^^
[INFO] [stderr] 
[INFO] [stderr] warning: value assigned to `items` is never read
[INFO] [stderr]    --> src/components/fs.rs:105:13
[INFO] [stderr]     |
[INFO] [stderr] 105 |     let mut items: Vec<ListItem<'_>> = vec![];
[INFO] [stderr]     |             ^^^^^
[INFO] [stderr]     |
[INFO] [stderr]     = help: maybe it is overwritten before being read?
[INFO] [stderr]     = note: `#[warn(unused_assignments)]` on by default
[INFO] [stderr] 
[INFO] [stderr] warning: value assigned to `items` is never read
[INFO] [stderr]    --> src/components/fs.rs:142:13
[INFO] [stderr]     |
[INFO] [stderr] 142 |     let mut items: Vec<ListItem<'_>> = vec![];
[INFO] [stderr]     |             ^^^^^
[INFO] [stderr]     |
[INFO] [stderr]     = help: maybe it is overwritten before being read?
[INFO] [stderr] 
[INFO] [stderr] warning: variable `app` is assigned to, but never used
[INFO] [stderr]   --> src/utils/config.rs:19:13
[INFO] [stderr]    |
[INFO] [stderr] 19 |     let mut app = crate::app::App::default();
[INFO] [stderr]    |             ^^^
[INFO] [stderr]    |
[INFO] [stderr]    = note: consider using `_app` instead
[INFO] [stderr]    = note: `#[warn(unused_variables)]` on by default
[INFO] [stderr] 
[INFO] [stderr] warning: value assigned to `app` is never read
[INFO] [stderr]   --> src/utils/config.rs:20:5
[INFO] [stderr]    |
[INFO] [stderr] 20 |     app = serde_json::from_reader(std::fs::File::open("config.json")?)?;
[INFO] [stderr]    |     ^^^
[INFO] [stderr]    |
[INFO] [stderr]    = help: maybe it is overwritten before being read?
[INFO] [stderr] 
[INFO] [stderr] warning: unused variable: `reader`
[INFO] [stderr]    --> src/utils/export.rs:372:9
[INFO] [stderr]     |
[INFO] [stderr] 372 |     let reader = BufReader::new(file);
[INFO] [stderr]     |         ^^^^^^ help: if this is intentional, prefix it with an underscore: `_reader`
[INFO] [stderr] 
[INFO] [stderr] warning: variable `include_path_value` is assigned to, but never used
[INFO] [stderr]   --> src/utils/xml_helper.rs:67:13
[INFO] [stderr]    |
[INFO] [stderr] 67 |     let mut include_path_value = String::new();
[INFO] [stderr]    |             ^^^^^^^^^^^^^^^^^^
[INFO] [stderr]    |
[INFO] [stderr]    = note: consider using `_include_path_value` instead
[INFO] [stderr] 
[INFO] [stderr] warning: value assigned to `include_path_value` is never read
[INFO] [stderr]    --> src/utils/xml_helper.rs:104:21
[INFO] [stderr]     |
[INFO] [stderr] 104 |                     include_path_value = text.clone();
[INFO] [stderr]     |                     ^^^^^^^^^^^^^^^^^^
[INFO] [stderr]     |
[INFO] [stderr]     = help: maybe it is overwritten before being read?
[INFO] [stderr] 
[INFO] [stderr] warning: function `handle_key_events` is never used
[INFO] [stderr]  --> src/handlers/common_handler.rs:6:8
[INFO] [stderr]   |
[INFO] [stderr] 6 | pub fn handle_key_events(_key_event: KeyCode, _app: &mut App) -> AppResult<()> {
[INFO] [stderr]   |        ^^^^^^^^^^^^^^^^^
[INFO] [stderr]   |
[INFO] [stderr]   = note: `#[warn(dead_code)]` on by default
[INFO] [stderr] 
[INFO] [stderr] warning: function `handle_key_events` is never used
[INFO] [stderr]  --> src/handlers/make_config_handler.rs:5:8
[INFO] [stderr]   |
[INFO] [stderr] 5 | pub fn handle_key_events(_key_event: KeyCode, _app: &mut App) -> AppResult<()> {
[INFO] [stderr]   |        ^^^^^^^^^^^^^^^^^
[INFO] [stderr] 
[INFO] [stderr] warning: function `choose_next_module` is never used
[INFO] [stderr]   --> src/handlers/input_handler.rs:31:4
[INFO] [stderr]    |
[INFO] [stderr] 31 | fn choose_next_module(app: &mut App) {
[INFO] [stderr]    |    ^^^^^^^^^^^^^^^^^^
[INFO] [stderr] 
[INFO] [stderr] warning: function `choose_previous_module` is never used
[INFO] [stderr]   --> src/handlers/input_handler.rs:40:4
[INFO] [stderr]    |
[INFO] [stderr] 40 | fn choose_previous_module(app: &mut App) {
[INFO] [stderr]    |    ^^^^^^^^^^^^^^^^^^^^^^
[INFO] [stderr] 
[INFO] [stderr] warning: function `choose_upper_item` is never used
[INFO] [stderr]   --> src/handlers/input_handler.rs:49:4
[INFO] [stderr]    |
[INFO] [stderr] 49 | fn choose_upper_item(app: &mut App) {
[INFO] [stderr]    |    ^^^^^^^^^^^^^^^^^
[INFO] [stderr] 
[INFO] [stderr] warning: function `choose_down_item` is never used
[INFO] [stderr]   --> src/handlers/input_handler.rs:82:4
[INFO] [stderr]    |
[INFO] [stderr] 82 | fn choose_down_item(app: &mut App) {
[INFO] [stderr]    |    ^^^^^^^^^^^^^^^^
[INFO] [stderr] 
[INFO] [stderr] warning: function `choose_selected_item` is never used
[INFO] [stderr]    --> src/handlers/input_handler.rs:144:4
[INFO] [stderr]     |
[INFO] [stderr] 144 | fn choose_selected_item(app: &mut App) {
[INFO] [stderr]     |    ^^^^^^^^^^^^^^^^^^^^
[INFO] [stderr] 
[INFO] [stderr] warning: call to `.clone()` on a reference in this situation does nothing
[INFO] [stderr]   --> src/components/input.rs:85:27
[INFO] [stderr]    |
[INFO] [stderr] 85 |     Paragraph::new(current.clone())
[INFO] [stderr]    |                           ^^^^^^^^ help: remove this redundant call
[INFO] [stderr]    |
[INFO] [stderr]    = note: the type `str` does not implement `Clone`, so calling `clone` on `&str` copies the reference, which does not do anything and can be removed
[INFO] [stderr]    = note: `#[warn(noop_method_call)]` on by default
[INFO] [stderr] 
[INFO] [stderr] warning: call to `.clone()` on a reference in this situation does nothing
[INFO] [stderr]   --> src/components/input.rs:90:66
[INFO] [stderr]    |
[INFO] [stderr] 90 |         .block(Block::default().borders(Borders::ALL).title(title.clone()))
[INFO] [stderr]    |                                                                  ^^^^^^^^ help: remove this redundant call
[INFO] [stderr]    |
[INFO] [stderr]    = note: the type `str` does not implement `Clone`, so calling `clone` on `&str` copies the reference, which does not do anything and can be removed
[INFO] [stderr] 
[INFO] [stderr] warning: call to `.clone()` on a reference in this situation does nothing
[INFO] [stderr]   --> src/utils/export.rs:70:59
[INFO] [stderr]    |
[INFO] [stderr] 70 |     let project_name = cubemx_project.file_name().unwrap().clone().to_string_lossy().to_string();
[INFO] [stderr]    |                                                           ^^^^^^^^ help: remove this redundant call
[INFO] [stderr]    |
[INFO] [stderr]    = note: the type `OsStr` does not implement `Clone`, so calling `clone` on `&OsStr` copies the reference, which does not do anything and can be removed
[INFO] [stderr] 
[INFO] [stderr] warning: call to `.clone()` on a reference in this situation does nothing
[INFO] [stderr]    --> src/utils/export.rs:127:59
[INFO] [stderr]     |
[INFO] [stderr] 127 |     let project_name = cubemx_project.file_name().unwrap().clone().to_string_lossy().to_string();
[INFO] [stderr]     |                                                           ^^^^^^^^ help: remove this redundant call
[INFO] [stderr]     |
[INFO] [stderr]     = note: the type `OsStr` does not implement `Clone`, so calling `clone` on `&OsStr` copies the reference, which does not do anything and can be removed
[INFO] [stderr] 
[INFO] [stderr] warning: unused `Result` that must be used
[INFO] [stderr]    --> src/utils/export.rs:136:5
[INFO] [stderr]     |
[INFO] [stderr] 136 |     reg.register_template_string("tos_header", tos_header_template);
[INFO] [stderr]     |     ^^^^^^^^^^^^^^^^^^^^^^^^^^^^^^^^^^^^^^^^^^^^^^^^^^^^^^^^^^^^^^^
[INFO] [stderr]     |
[INFO] [stderr]     = note: this `Result` may be an `Err` variant, which should be handled
[INFO] [stderr]     = note: `#[warn(unused_must_use)]` on by default
[INFO] [stderr] help: use `let _ = ...` to ignore the resulting value
[INFO] [stderr]     |
[INFO] [stderr] 136 |     let _ = reg.register_template_string("tos_header", tos_header_template);
[INFO] [stderr]     |     +++++++
[INFO] [stderr] 
[INFO] [stderr] warning: call to `.clone()` on a reference in this situation does nothing
[INFO] [stderr]    --> src/utils/export.rs:155:59
[INFO] [stderr]     |
[INFO] [stderr] 155 |     let project_name = cubemx_project.file_name().unwrap().clone().to_string_lossy().to_string();
[INFO] [stderr]     |                                                           ^^^^^^^^ help: remove this redundant call
[INFO] [stderr]     |
[INFO] [stderr]     = note: the type `OsStr` does not implement `Clone`, so calling `clone` on `&OsStr` copies the reference, which does not do anything and can be removed
[INFO] [stderr] 
[INFO] [stderr] warning: call to `.clone()` on a reference in this situation does nothing
[INFO] [stderr]    --> src/utils/export.rs:327:59
[INFO] [stderr]     |
[INFO] [stderr] 327 |     let project_name = cubemx_project.file_name().unwrap().clone().to_string_lossy().to_string();
[INFO] [stderr]     |                                                           ^^^^^^^^ help: remove this redundant call
[INFO] [stderr]     |
[INFO] [stderr]     = note: the type `OsStr` does not implement `Clone`, so calling `clone` on `&OsStr` copies the reference, which does not do anything and can be removed
[INFO] [stderr] 
[INFO] [stderr] warning: call to `.clone()` on a reference in this situation does nothing
[INFO] [stderr]    --> src/utils/export.rs:368:59
[INFO] [stderr]     |
[INFO] [stderr] 368 |     let project_name = cubemx_project.file_name().unwrap().clone().to_string_lossy().to_string();
[INFO] [stderr]     |                                                           ^^^^^^^^ help: remove this redundant call
[INFO] [stderr]     |
[INFO] [stderr]     = note: the type `OsStr` does not implement `Clone`, so calling `clone` on `&OsStr` copies the reference, which does not do anything and can be removed
[INFO] [stderr] 
[INFO] [stderr] warning: unused `Result` that must be used
[INFO] [stderr]   --> src/utils/xml_helper.rs:88:17
[INFO] [stderr]    |
[INFO] [stderr] 88 |                 writer.write(event);
[INFO] [stderr]    |                 ^^^^^^^^^^^^^^^^^^^
[INFO] [stderr]    |
[INFO] [stderr]    = note: this `Result` may be an `Err` variant, which should be handled
[INFO] [stderr] help: use `let _ = ...` to ignore the resulting value
[INFO] [stderr]    |
[INFO] [stderr] 88 |                 let _ = writer.write(event);
[INFO] [stderr]    |                 +++++++
[INFO] [stderr] 
[INFO] [stderr] warning: unused `Result` that must be used
[INFO] [stderr]   --> src/utils/xml_helper.rs:99:17
[INFO] [stderr]    |
[INFO] [stderr] 99 |                 writer.write(event);
[INFO] [stderr]    |                 ^^^^^^^^^^^^^^^^^^^
[INFO] [stderr]    |
[INFO] [stderr]    = note: this `Result` may be an `Err` variant, which should be handled
[INFO] [stderr] help: use `let _ = ...` to ignore the resulting value
[INFO] [stderr]    |
[INFO] [stderr] 99 |                 let _ = writer.write(event);
[INFO] [stderr]    |                 +++++++
[INFO] [stderr] 
[INFO] [stderr] warning: unused `Result` that must be used
[INFO] [stderr]    --> src/utils/xml_helper.rs:109:17
[INFO] [stderr]     |
[INFO] [stderr] 109 |                 writer.write(event);
[INFO] [stderr]     |                 ^^^^^^^^^^^^^^^^^^^
[INFO] [stderr]     |
[INFO] [stderr]     = note: this `Result` may be an `Err` variant, which should be handled
[INFO] [stderr] help: use `let _ = ...` to ignore the resulting value
[INFO] [stderr]     |
[INFO] [stderr] 109 |                 let _ = writer.write(event);
[INFO] [stderr]     |                 +++++++
[INFO] [stderr] 
[INFO] [stderr] warning: unused `Result` that must be used
[INFO] [stderr]    --> src/utils/xml_helper.rs:114:17
[INFO] [stderr]     |
[INFO] [stderr] 114 |                 writer.write(event);
[INFO] [stderr]     |                 ^^^^^^^^^^^^^^^^^^^
[INFO] [stderr]     |
[INFO] [stderr]     = note: this `Result` may be an `Err` variant, which should be handled
[INFO] [stderr] help: use `let _ = ...` to ignore the resulting value
[INFO] [stderr]     |
[INFO] [stderr] 114 |                 let _ = writer.write(event);
[INFO] [stderr]     |                 +++++++
[INFO] [stderr] 
[INFO] [stderr] warning: unused import: `TimeZone`
[INFO] [stderr]  --> src/utils/export.rs:1:21
[INFO] [stderr]   |
[INFO] [stderr] 1 | use chrono::{Local, TimeZone};
[INFO] [stderr]   |                     ^^^^^^^^
[INFO] [stderr]   |
[INFO] [stderr]   = note: `#[warn(unused_imports)]` on by default
[INFO] [stderr] 
[INFO] [stderr] warning: unused variable: `depth`
[INFO] [stderr]    --> src/utils/export.rs:813:17
[INFO] [stderr]     |
[INFO] [stderr] 813 |         let mut depth = 0;
[INFO] [stderr]     |                 ^^^^^ help: if this is intentional, prefix it with an underscore: `_depth`
[INFO] [stderr] 
[INFO] [stderr] warning: unused variable: `inside_target_element`
[INFO] [stderr]    --> src/utils/export.rs:816:17
[INFO] [stderr]     |
[INFO] [stderr] 816 |         let mut inside_target_element = false;
[INFO] [stderr]     |                 ^^^^^^^^^^^^^^^^^^^^^ help: if this is intentional, prefix it with an underscore: `_inside_target_element`
[INFO] [stderr] 
[INFO] [stderr] warning: unused variable: `attributes`
[INFO] [stderr]    --> src/utils/export.rs:825:51
[INFO] [stderr]     |
[INFO] [stderr] 825 |                 Ok(XmlEvent::StartElement { name, attributes, .. }) => {
[INFO] [stderr]     |                                                   ^^^^^^^^^^ help: try ignoring the field: `attributes: _`
[INFO] [stderr] 
[INFO] [stderr] warning: variable does not need to be mutable
[INFO] [stderr]    --> src/utils/export.rs:813:13
[INFO] [stderr]     |
[INFO] [stderr] 813 |         let mut depth = 0;
[INFO] [stderr]     |             ----^^^^^
[INFO] [stderr]     |             |
[INFO] [stderr]     |             help: remove this `mut`
[INFO] [stderr]     |
[INFO] [stderr]     = note: `#[warn(unused_mut)]` on by default
[INFO] [stderr] 
[INFO] [stderr] warning: variable does not need to be mutable
[INFO] [stderr]    --> src/utils/export.rs:815:13
[INFO] [stderr]     |
[INFO] [stderr] 815 |         let mut current_element = String::new();
[INFO] [stderr]     |             ----^^^^^^^^^^^^^^^
[INFO] [stderr]     |             |
[INFO] [stderr]     |             help: remove this `mut`
[INFO] [stderr] 
[INFO] [stderr] warning: variable does not need to be mutable
[INFO] [stderr]    --> src/utils/export.rs:816:13
[INFO] [stderr]     |
[INFO] [stderr] 816 |         let mut inside_target_element = false;
[INFO] [stderr]     |             ----^^^^^^^^^^^^^^^^^^^^^
[INFO] [stderr]     |             |
[INFO] [stderr]     |             help: remove this `mut`
[INFO] [stderr] 
[INFO] [stderr] warning: unused variable: `pattern`
[INFO] [stderr]    --> src/utils/export.rs:915:13
[INFO] [stderr]     |
[INFO] [stderr] 915 |         let pattern = Regex::new(r#"# C sources(.*?)# ASM sources"#).expect("Failed to create regex");
[INFO] [stderr]     |             ^^^^^^^ help: if this is intentional, prefix it with an underscore: `_pattern`
[INFO] [stderr] 
[INFO] [stderr] warning: variable does not need to be mutable
[INFO] [stderr]    --> src/utils/export.rs:914:13
[INFO] [stderr]     |
[INFO] [stderr] 914 | ...   let mut content = fs::read_to_string("/Users/asklv/WebDownloads/tos/Tencentos_tiny_gcc_ori/Tencentos_tiny_gcc/Makefile").expect("Fa...
[INFO] [stderr]     |           ----^^^^^^^
[INFO] [stderr]     |           |
[INFO] [stderr]     |           help: remove this `mut`
[INFO] [stderr] 
[INFO] [stderr] warning: unused `Result` that must be used
[INFO] [stderr]   --> src/templates/tos_config.rs:73:9
[INFO] [stderr]    |
[INFO] [stderr] 73 |         reg.register_template_string("tos_header", TOS_CONFIG);
[INFO] [stderr]    |         ^^^^^^^^^^^^^^^^^^^^^^^^^^^^^^^^^^^^^^^^^^^^^^^^^^^^^^
[INFO] [stderr]    |
[INFO] [stderr]    = note: this `Result` may be an `Err` variant, which should be handled
[INFO] [stderr] help: use `let _ = ...` to ignore the resulting value
[INFO] [stderr]    |
[INFO] [stderr] 73 |         let _ = reg.register_template_string("tos_header", TOS_CONFIG);
[INFO] [stderr]    |         +++++++
[INFO] [stderr] 
[INFO] [stderr] warning: unused `Result` that must be used
[INFO] [stderr]   --> src/templates/tos_config.rs:74:9
[INFO] [stderr]    |
[INFO] [stderr] 74 |         reg.render_to_write("tos_header", &app.tos_header_table.tos_header_config.to_map(), &mut tos_header_file);
[INFO] [stderr]    |         ^^^^^^^^^^^^^^^^^^^^^^^^^^^^^^^^^^^^^^^^^^^^^^^^^^^^^^^^^^^^^^^^^^^^^^^^^^^^^^^^^^^^^^^^^^^^^^^^^^^^^^^^^
[INFO] [stderr]    |
[INFO] [stderr]    = note: this `Result` may be an `Err` variant, which should be handled
[INFO] [stderr] help: use `let _ = ...` to ignore the resulting value
[INFO] [stderr]    |
[INFO] [stderr] 74 |         let _ = reg.render_to_write("tos_header", &app.tos_header_table.tos_header_config.to_map(), &mut tos_header_file);
[INFO] [stderr]    |         +++++++
[INFO] [stderr] 
[INFO] [stderr] warning: `tosbuilder` (lib) generated 43 warnings (run `cargo fix --lib -p tosbuilder` to apply 20 suggestions)
[INFO] [stderr] warning: `tosbuilder` (lib test) generated 41 warnings (30 duplicates) (run `cargo fix --lib -p tosbuilder --tests` to apply 8 suggestions)
[INFO] [stderr] warning: unused imports: `Arc`, `Mutex`
[INFO] [stderr]  --> src/main.rs:6:17
[INFO] [stderr]   |
[INFO] [stderr] 6 | use std::sync::{Arc, Mutex};
[INFO] [stderr]   |                 ^^^  ^^^^^
[INFO] [stderr]   |
[INFO] [stderr]   = note: `#[warn(unused_imports)]` on by default
[INFO] [stderr] 
[INFO] [stderr] warning: `tosbuilder` (bin "tosbuilder" test) generated 1 warning (run `cargo fix --bin "tosbuilder" --tests` to apply 1 suggestion)
[INFO] [stderr]     Finished test [unoptimized + debuginfo] target(s) in 0.12s
[INFO] [stderr]      Running unittests src/lib.rs (/opt/rustwide/target/debug/deps/tosbuilder-37fdeebd30e00db4)
[INFO] [stdout] 
[INFO] [stdout] running 8 tests
[INFO] [stdout] test utils::copy::tests::test_copy_dir_recursive ... ok
[INFO] [stdout] test templates::tos_config::tests::print_tos_header ... FAILED
[INFO] [stdout] test utils::xml_helper::tests::test_temp_write_include_path ... FAILED
[INFO] [stdout] test utils::xml_helper::tests::test_write_include_path ... FAILED
[INFO] [stdout] test utils::export::tests::test_print_xml ... FAILED
[INFO] [stdout] test utils::xml_helper::tests::test_get_include_path ... FAILED
[INFO] [stdout] test utils::export::tests::test_get_include_path ... FAILED
[INFO] [stdout] test utils::export::tests::test_regex ... FAILED
[INFO] [stdout] 
[INFO] [stdout] failures:
[INFO] [stdout] 
[INFO] [stdout] ---- templates::tos_config::tests::print_tos_header stdout ----
[INFO] [stdout] #ifndef _TOS_CONFIG_H_
[INFO] [stdout] #define  _TOS_CONFIG_H_
[INFO] [stdout] 
[INFO] [stdout] #include "{{TOS_CFG_HEADER_INCLUDE}}"	// 目标芯片头文件，用户需要根据情况更改
[INFO] [stdout] 
[INFO] [stdout] #define TOS_CFG_TASK_PRIO_MAX           {{ TOS_CFG_TASK_PRIO_MAX }} 	// 配置TencentOS tiny默认支持的最大优先级数量
[INFO] [stdout] 
[INFO] [stdout] #define TOS_CFG_ROUND_ROBIN_EN          {{ TOS_CFG_ROUND_ROBIN_EN }}		// 配置TencentOS tiny的内核是否开启时间片轮转
[INFO] [stdout] 
[INFO] [stdout] #define TOS_CFG_OBJECT_VERIFY_EN        {{ TOS_CFG_OBJECT_VERIFY_EN }}	    // 配置TencentOS tiny是否校验指针合法
[INFO] [stdout] 
[INFO] [stdout] #define TOS_CFG_TASK_DYNAMIC_CREATE_EN  {{ TOS_CFG_TASK_DYNAMIC_CREATE_EN }}		// TencentOS tiny 动态任务创建功能宏
[INFO] [stdout] 
[INFO] [stdout] #define TOS_CFG_EVENT_EN                {{ TOS_CFG_EVENT_EN }}		// TencentOS tiny 事件模块功能宏
[INFO] [stdout] 
[INFO] [stdout] #define TOS_CFG_MMBLK_EN                {{ TOS_CFG_MMBLK_EN }}		// 配置TencentOS tiny是否开启内存块管理模块
[INFO] [stdout] 
[INFO] [stdout] #define TOS_CFG_MMHEAP_EN               {{ TOS_CFG_MMHEAP_EN }}		// 配置TencentOS tiny是否开启动态内存模块
[INFO] [stdout] 
[INFO] [stdout] #define TOS_CFG_MMHEAP_DEFAULT_POOL_EN  {{ TOS_CFG_MMHEAP_DEFAULT_POOL_EN }}		// TencentOS tiny 默认动态内存池功能宏
[INFO] [stdout] 
[INFO] [stdout] #define TOS_CFG_MMHEAP_DEFAULT_POOL_SIZE {{ TOS_CFG_MMHEAP_DEFAULT_POOL_SIZE }}	// 配置TencentOS tiny默认动态内存池大小
[INFO] [stdout] 
[INFO] [stdout] #define TOS_CFG_MUTEX_EN                {{ TOS_CFG_MUTEX_EN }}		// 配置TencentOS tiny是否开启互斥锁模块
[INFO] [stdout] 
[INFO] [stdout] #define TOS_CFG_MESSAGE_QUEUE_EN        {{ TOS_CFG_MESSAGE_QUEUE_EN }}		// 配置TencentOS tiny是否开启消息队列模块
[INFO] [stdout] 
[INFO] [stdout] #define TOS_CFG_MAIL_QUEUE_EN           {{ TOS_CFG_MAIL_QUEUE_EN }}		// 配置TencentOS tiny是否开启消息邮箱模块
[INFO] [stdout] 
[INFO] [stdout] #define TOS_CFG_PRIORITY_MESSAGE_QUEUE_EN	{{ TOS_CFG_PRIORITY_MESSAGE_QUEUE_EN }}	// 配置TencentOS tiny是否开启优先级消息队列模块
[INFO] [stdout] 
[INFO] [stdout] #define TOS_CFG_PRIORITY_MAIL_QUEUE_EN	{{ TOS_CFG_PRIORITY_MAIL_QUEUE_EN }}		// 配置TencentOS tiny是否开启优先级消息邮箱模块
[INFO] [stdout] 
[INFO] [stdout] #define TOS_CFG_TIMER_EN                {{ TOS_CFG_TIMER_EN }}		// 配置TencentOS tiny是否开启软件定时器模块
[INFO] [stdout] 
[INFO] [stdout] #define TOS_CFG_PWR_MGR_EN              {{ TOS_CFG_PWR_MGR_EN }}		// 配置TencentOS tiny是否开启外设电源管理模块
[INFO] [stdout] 
[INFO] [stdout] #define TOS_CFG_TICKLESS_EN             {{ TOS_CFG_TICKLESS_EN }}		// 配置Tickless 低功耗模块开关
[INFO] [stdout] 
[INFO] [stdout] #define TOS_CFG_SEM_EN                  {{ TOS_CFG_SEM_EN }}		// 配置TencentOS tiny是否开启信号量模块
[INFO] [stdout] 
[INFO] [stdout] #define TOS_CFG_TASK_STACK_DRAUGHT_DEPTH_DETACT_EN      {{ TOS_CFG_TASK_STACK_DRAUGHT_DEPTH_DETACT_EN }}	// 配置TencentOS tiny是否开启任务栈深度检测
[INFO] [stdout] 
[INFO] [stdout] #define TOS_CFG_FAULT_BACKTRACE_EN      {{ TOS_CFG_FAULT_BACKTRACE_EN }}		// 配置TencentOS tiny是否开启异常栈回溯功能
[INFO] [stdout] 
[INFO] [stdout] #define TOS_CFG_IDLE_TASK_STK_SIZE      {{ TOS_CFG_IDLE_TASK_STK_SIZE }}	    // 配置TencentOS tiny空闲任务栈大小
[INFO] [stdout] 
[INFO] [stdout] #define TOS_CFG_CPU_TICK_PER_SECOND     {{ TOS_CFG_CPU_TICK_PER_SECOND }}	    // 配置TencentOS tiny的tick频率
[INFO] [stdout] 
[INFO] [stdout] #define TOS_CFG_CPU_CLOCK               (SystemCoreClock)	            // 配置TencentOS tiny CPU频率
[INFO] [stdout] 
[INFO] [stdout] #define TOS_CFG_TIMER_AS_PROC           {{ TOS_CFG_TIMER_AS_PROC }}		// 配置是否将TIMER配置成函数模式
[INFO] [stdout] 
[INFO] [stdout] #endif
[INFO] [stdout] 
[INFO] [stdout] thread 'templates::tos_config::tests::print_tos_header' panicked at src/templates/tos_config.rs:70:64:
[INFO] [stdout] called `Result::unwrap()` on an `Err` value: Os { code: 30, kind: ReadOnlyFilesystem, message: "Read-only file system" }
[INFO] [stdout] stack backtrace:
[INFO] [stdout]    0:     0x56401c10375c - std::backtrace_rs::backtrace::libunwind::trace::ha637c64ce894333a
[INFO] [stdout]                                at /rustc/82e1608dfa6e0b5569232559e3d385fea5a93112/library/std/src/../../backtrace/src/backtrace/libunwind.rs:104:5
[INFO] [stdout]    1:     0x56401c10375c - std::backtrace_rs::backtrace::trace_unsynchronized::h47f62dea28e0c88d
[INFO] [stdout]                                at /rustc/82e1608dfa6e0b5569232559e3d385fea5a93112/library/std/src/../../backtrace/src/backtrace/mod.rs:66:5
[INFO] [stdout]    2:     0x56401c10375c - std::sys_common::backtrace::_print_fmt::h9eef0abe20ede486
[INFO] [stdout]                                at /rustc/82e1608dfa6e0b5569232559e3d385fea5a93112/library/std/src/sys_common/backtrace.rs:67:5
[INFO] [stdout]    3:     0x56401c10375c - <std::sys_common::backtrace::_print::DisplayBacktrace as core::fmt::Display>::fmt::hed7f999df88cc644
[INFO] [stdout]                                at /rustc/82e1608dfa6e0b5569232559e3d385fea5a93112/library/std/src/sys_common/backtrace.rs:44:22
[INFO] [stdout]    4:     0x56401c12e8d0 - core::fmt::rt::Argument::fmt::h1539a9308b8d058d
[INFO] [stdout]                                at /rustc/82e1608dfa6e0b5569232559e3d385fea5a93112/library/core/src/fmt/rt.rs:142:9
[INFO] [stdout]    5:     0x56401c12e8d0 - core::fmt::write::h3a39390d8560d9c9
[INFO] [stdout]                                at /rustc/82e1608dfa6e0b5569232559e3d385fea5a93112/library/core/src/fmt/mod.rs:1120:17
[INFO] [stdout]    6:     0x56401c100e4f - std::io::Write::write_fmt::h040b369f3a0f9cbc
[INFO] [stdout]                                at /rustc/82e1608dfa6e0b5569232559e3d385fea5a93112/library/std/src/io/mod.rs:1762:15
[INFO] [stdout]    7:     0x56401c103544 - std::sys_common::backtrace::_print::h894006fb5c6f3d45
[INFO] [stdout]                                at /rustc/82e1608dfa6e0b5569232559e3d385fea5a93112/library/std/src/sys_common/backtrace.rs:47:5
[INFO] [stdout]    8:     0x56401c103544 - std::sys_common::backtrace::print::h23a2d212c6fff936
[INFO] [stdout]                                at /rustc/82e1608dfa6e0b5569232559e3d385fea5a93112/library/std/src/sys_common/backtrace.rs:34:9
[INFO] [stdout]    9:     0x56401c105207 - std::panicking::default_hook::{{closure}}::h8a1d2ee00185001a
[INFO] [stdout]   10:     0x56401c104ef3 - std::panicking::default_hook::h6038f2eba384e475
[INFO] [stdout]                                at /rustc/82e1608dfa6e0b5569232559e3d385fea5a93112/library/std/src/panicking.rs:289:9
[INFO] [stdout]   11:     0x56401bca7157 - <alloc::boxed::Box<F,A> as core::ops::function::Fn<Args>>::call::h0ad024c9bdc6d768
[INFO] [stdout]                                at /rustc/82e1608dfa6e0b5569232559e3d385fea5a93112/library/alloc/src/boxed.rs:2021:9
[INFO] [stdout]   12:     0x56401bca7157 - test::test_main::{{closure}}::h7500b54257359db6
[INFO] [stdout]                                at /rustc/82e1608dfa6e0b5569232559e3d385fea5a93112/library/test/src/lib.rs:138:21
[INFO] [stdout]   13:     0x56401c105818 - <alloc::boxed::Box<F,A> as core::ops::function::Fn<Args>>::call::h1f8f335eaa9cfaee
[INFO] [stdout]                                at /rustc/82e1608dfa6e0b5569232559e3d385fea5a93112/library/alloc/src/boxed.rs:2021:9
[INFO] [stdout]   14:     0x56401c105818 - std::panicking::rust_panic_with_hook::h2b5517d590cab22e
[INFO] [stdout]                                at /rustc/82e1608dfa6e0b5569232559e3d385fea5a93112/library/std/src/panicking.rs:783:13
[INFO] [stdout]   15:     0x56401c10556e - std::panicking::begin_panic_handler::{{closure}}::h233112c06e0ef43e
[INFO] [stdout]                                at /rustc/82e1608dfa6e0b5569232559e3d385fea5a93112/library/std/src/panicking.rs:657:13
[INFO] [stdout]   16:     0x56401c103c26 - std::sys_common::backtrace::__rust_end_short_backtrace::h6e893f24d7ebbff8
[INFO] [stdout]                                at /rustc/82e1608dfa6e0b5569232559e3d385fea5a93112/library/std/src/sys_common/backtrace.rs:170:18
[INFO] [stdout]   17:     0x56401c1052d2 - rust_begin_unwind
[INFO] [stdout]                                at /rustc/82e1608dfa6e0b5569232559e3d385fea5a93112/library/std/src/panicking.rs:645:5
[INFO] [stdout]   18:     0x56401bc443d5 - core::panicking::panic_fmt::hbf0e066aabfa482c
[INFO] [stdout]                                at /rustc/82e1608dfa6e0b5569232559e3d385fea5a93112/library/core/src/panicking.rs:72:14
[INFO] [stdout]   19:     0x56401bc449a3 - core::result::unwrap_failed::hddb4fea594200c52
[INFO] [stdout]                                at /rustc/82e1608dfa6e0b5569232559e3d385fea5a93112/library/core/src/result.rs:1653:5
[INFO] [stdout]   20:     0x56401bc6ce6b - core::result::Result<T,E>::unwrap::ha7a18c0446442461
[INFO] [stdout]                                at /rustc/82e1608dfa6e0b5569232559e3d385fea5a93112/library/core/src/result.rs:1077:23
[INFO] [stdout]   21:     0x56401bc6495d - tosbuilder::templates::tos_config::tests::print_tos_header::h29100561c4159d48
[INFO] [stdout]                                at /opt/rustwide/workdir/src/templates/tos_config.rs:70:35
[INFO] [stdout]   22:     0x56401bc64827 - tosbuilder::templates::tos_config::tests::print_tos_header::{{closure}}::h7dacf7eb9459ab3b
[INFO] [stdout]                                at /opt/rustwide/workdir/src/templates/tos_config.rs:65:26
[INFO] [stdout]   23:     0x56401bc45676 - core::ops::function::FnOnce::call_once::h9323ced1d5614442
[INFO] [stdout]                                at /rustc/82e1608dfa6e0b5569232559e3d385fea5a93112/library/core/src/ops/function.rs:250:5
[INFO] [stdout]   24:     0x56401bcac7af - core::ops::function::FnOnce::call_once::h2b5d431d5046312d
[INFO] [stdout]                                at /rustc/82e1608dfa6e0b5569232559e3d385fea5a93112/library/core/src/ops/function.rs:250:5
[INFO] [stdout]   25:     0x56401bcac7af - test::__rust_begin_short_backtrace::h7714669af176e207
[INFO] [stdout]                                at /rustc/82e1608dfa6e0b5569232559e3d385fea5a93112/library/test/src/lib.rs:628:18
[INFO] [stdout]   26:     0x56401bcab7c5 - test::run_test_in_process::{{closure}}::h85218797dcbcec12
[INFO] [stdout]                                at /rustc/82e1608dfa6e0b5569232559e3d385fea5a93112/library/test/src/lib.rs:651:60
[INFO] [stdout]   27:     0x56401bcab7c5 - <core::panic::unwind_safe::AssertUnwindSafe<F> as core::ops::function::FnOnce<()>>::call_once::h76c106ea31c14d7b
[INFO] [stdout]                                at /rustc/82e1608dfa6e0b5569232559e3d385fea5a93112/library/core/src/panic/unwind_safe.rs:272:9
[INFO] [stdout]   28:     0x56401bcab7c5 - std::panicking::try::do_call::h3bd5d0f6620ee946
[INFO] [stdout]                                at /rustc/82e1608dfa6e0b5569232559e3d385fea5a93112/library/std/src/panicking.rs:552:40
[INFO] [stdout]   29:     0x56401bcab7c5 - std::panicking::try::h232e535e4744fe31
[INFO] [stdout]                                at /rustc/82e1608dfa6e0b5569232559e3d385fea5a93112/library/std/src/panicking.rs:516:19
[INFO] [stdout]   30:     0x56401bcab7c5 - std::panic::catch_unwind::h3ce3bd6ca8dbac68
[INFO] [stdout]                                at /rustc/82e1608dfa6e0b5569232559e3d385fea5a93112/library/std/src/panic.rs:142:14
[INFO] [stdout]   31:     0x56401bcab7c5 - test::run_test_in_process::hc97b257c9621286a
[INFO] [stdout]                                at /rustc/82e1608dfa6e0b5569232559e3d385fea5a93112/library/test/src/lib.rs:651:27
[INFO] [stdout]   32:     0x56401bcab7c5 - test::run_test::{{closure}}::h2aa798823a438d38
[INFO] [stdout]                                at /rustc/82e1608dfa6e0b5569232559e3d385fea5a93112/library/test/src/lib.rs:574:43
[INFO] [stdout]   33:     0x56401bc73a86 - test::run_test::{{closure}}::h87d231c78fb59832
[INFO] [stdout]                                at /rustc/82e1608dfa6e0b5569232559e3d385fea5a93112/library/test/src/lib.rs:602:41
[INFO] [stdout]   34:     0x56401bc73a86 - std::sys_common::backtrace::__rust_begin_short_backtrace::he6df152596625789
[INFO] [stdout]                                at /rustc/82e1608dfa6e0b5569232559e3d385fea5a93112/library/std/src/sys_common/backtrace.rs:154:18
[INFO] [stdout]   35:     0x56401bc78b37 - std::thread::Builder::spawn_unchecked_::{{closure}}::{{closure}}::ha94be15d1e0acf36
[INFO] [stdout]                                at /rustc/82e1608dfa6e0b5569232559e3d385fea5a93112/library/std/src/thread/mod.rs:529:17
[INFO] [stdout]   36:     0x56401bc78b37 - <core::panic::unwind_safe::AssertUnwindSafe<F> as core::ops::function::FnOnce<()>>::call_once::h9dc6bd6372f16606
[INFO] [stdout]                                at /rustc/82e1608dfa6e0b5569232559e3d385fea5a93112/library/core/src/panic/unwind_safe.rs:272:9
[INFO] [stdout]   37:     0x56401bc78b37 - std::panicking::try::do_call::h9057517f80303cd4
[INFO] [stdout]                                at /rustc/82e1608dfa6e0b5569232559e3d385fea5a93112/library/std/src/panicking.rs:552:40
[INFO] [stdout]   38:     0x56401bc78b37 - std::panicking::try::he3a30b11ee45340c
[INFO] [stdout]                                at /rustc/82e1608dfa6e0b5569232559e3d385fea5a93112/library/std/src/panicking.rs:516:19
[INFO] [stdout]   39:     0x56401bc78b37 - std::panic::catch_unwind::h410458cfd3528b8b
[INFO] [stdout]                                at /rustc/82e1608dfa6e0b5569232559e3d385fea5a93112/library/std/src/panic.rs:142:14
[INFO] [stdout]   40:     0x56401bc78b37 - std::thread::Builder::spawn_unchecked_::{{closure}}::h72ac3bdb567b737b
[INFO] [stdout]                                at /rustc/82e1608dfa6e0b5569232559e3d385fea5a93112/library/std/src/thread/mod.rs:528:30
[INFO] [stdout]   41:     0x56401bc78b37 - core::ops::function::FnOnce::call_once{{vtable.shim}}::h38f34da3654a8344
[INFO] [stdout]                                at /rustc/82e1608dfa6e0b5569232559e3d385fea5a93112/library/core/src/ops/function.rs:250:5
[INFO] [stdout]   42:     0x56401c10b095 - <alloc::boxed::Box<F,A> as core::ops::function::FnOnce<Args>>::call_once::hc7eafaff61e32df9
[INFO] [stdout]                                at /rustc/82e1608dfa6e0b5569232559e3d385fea5a93112/library/alloc/src/boxed.rs:2007:9
[INFO] [stdout]   43:     0x56401c10b095 - <alloc::boxed::Box<F,A> as core::ops::function::FnOnce<Args>>::call_once::h6ba4a5de48dd2304
[INFO] [stdout]                                at /rustc/82e1608dfa6e0b5569232559e3d385fea5a93112/library/alloc/src/boxed.rs:2007:9
[INFO] [stdout]   44:     0x56401c10b095 - std::sys::unix::thread::Thread::new::thread_start::he469335aef763e45
[INFO] [stdout]                                at /rustc/82e1608dfa6e0b5569232559e3d385fea5a93112/library/std/src/sys/unix/thread.rs:108:17
[INFO] [stdout]   45:     0x7f756a427ac3 - <unknown>
[INFO] [stdout]   46:     0x7f756a4b8bf4 - __clone
[INFO] [stdout]   47:                0x0 - <unknown>
[INFO] [stdout] 
[INFO] [stdout] ---- utils::xml_helper::tests::test_temp_write_include_path stdout ----
[INFO] [stdout] thread 'utils::xml_helper::tests::test_temp_write_include_path' panicked at src/utils/xml_helper.rs:183:53:
[INFO] [stdout] Failed to read file: Os { code: 2, kind: NotFound, message: "No such file or directory" }
[INFO] [stdout] stack backtrace:
[INFO] [stdout]    0:     0x56401c10375c - std::backtrace_rs::backtrace::libunwind::trace::ha637c64ce894333a
[INFO] [stdout]                                at /rustc/82e1608dfa6e0b5569232559e3d385fea5a93112/library/std/src/../../backtrace/src/backtrace/libunwind.rs:104:5
[INFO] [stdout]    1:     0x56401c10375c - std::backtrace_rs::backtrace::trace_unsynchronized::h47f62dea28e0c88d
[INFO] [stdout]                                at /rustc/82e1608dfa6e0b5569232559e3d385fea5a93112/library/std/src/../../backtrace/src/backtrace/mod.rs:66:5
[INFO] [stdout]    2:     0x56401c10375c - std::sys_common::backtrace::_print_fmt::h9eef0abe20ede486
[INFO] [stdout]                                at /rustc/82e1608dfa6e0b5569232559e3d385fea5a93112/library/std/src/sys_common/backtrace.rs:67:5
[INFO] [stdout]    3:     0x56401c10375c - <std::sys_common::backtrace::_print::DisplayBacktrace as core::fmt::Display>::fmt::hed7f999df88cc644
[INFO] [stdout]                                at /rustc/82e1608dfa6e0b5569232559e3d385fea5a93112/library/std/src/sys_common/backtrace.rs:44:22
[INFO] [stdout]    4:     0x56401c12e8d0 - core::fmt::rt::Argument::fmt::h1539a9308b8d058d
[INFO] [stdout]                                at /rustc/82e1608dfa6e0b5569232559e3d385fea5a93112/library/core/src/fmt/rt.rs:142:9
[INFO] [stdout]    5:     0x56401c12e8d0 - core::fmt::write::h3a39390d8560d9c9
[INFO] [stdout]                                at /rustc/82e1608dfa6e0b5569232559e3d385fea5a93112/library/core/src/fmt/mod.rs:1120:17
[INFO] [stdout]    6:     0x56401c100e4f - std::io::Write::write_fmt::h040b369f3a0f9cbc
[INFO] [stdout]                                at /rustc/82e1608dfa6e0b5569232559e3d385fea5a93112/library/std/src/io/mod.rs:1762:15
[INFO] [stdout]    7:     0x56401c103544 - std::sys_common::backtrace::_print::h894006fb5c6f3d45
[INFO] [stdout]                                at /rustc/82e1608dfa6e0b5569232559e3d385fea5a93112/library/std/src/sys_common/backtrace.rs:47:5
[INFO] [stdout]    8:     0x56401c103544 - std::sys_common::backtrace::print::h23a2d212c6fff936
[INFO] [stdout]                                at /rustc/82e1608dfa6e0b5569232559e3d385fea5a93112/library/std/src/sys_common/backtrace.rs:34:9
[INFO] [stdout]    9:     0x56401c105207 - std::panicking::default_hook::{{closure}}::h8a1d2ee00185001a
[INFO] [stdout]   10:     0x56401c104ef3 - std::panicking::default_hook::h6038f2eba384e475
[INFO] [stdout]                                at /rustc/82e1608dfa6e0b5569232559e3d385fea5a93112/library/std/src/panicking.rs:289:9
[INFO] [stdout]   11:     0x56401bca7157 - <alloc::boxed::Box<F,A> as core::ops::function::Fn<Args>>::call::h0ad024c9bdc6d768
[INFO] [stdout]                                at /rustc/82e1608dfa6e0b5569232559e3d385fea5a93112/library/alloc/src/boxed.rs:2021:9
[INFO] [stdout]   12:     0x56401bca7157 - test::test_main::{{closure}}::h7500b54257359db6
[INFO] [stdout]                                at /rustc/82e1608dfa6e0b5569232559e3d385fea5a93112/library/test/src/lib.rs:138:21
[INFO] [stdout]   13:     0x56401c105818 - <alloc::boxed::Box<F,A> as core::ops::function::Fn<Args>>::call::h1f8f335eaa9cfaee
[INFO] [stdout]                                at /rustc/82e1608dfa6e0b5569232559e3d385fea5a93112/library/alloc/src/boxed.rs:2021:9
[INFO] [stdout]   14:     0x56401c105818 - std::panicking::rust_panic_with_hook::h2b5517d590cab22e
[INFO] [stdout]                                at /rustc/82e1608dfa6e0b5569232559e3d385fea5a93112/library/std/src/panicking.rs:783:13
[INFO] [stdout]   15:     0x56401c10556e - std::panicking::begin_panic_handler::{{closure}}::h233112c06e0ef43e
[INFO] [stdout]                                at /rustc/82e1608dfa6e0b5569232559e3d385fea5a93112/library/std/src/panicking.rs:657:13
[INFO] [stdout]   16:     0x56401c103c26 - std::sys_common::backtrace::__rust_end_short_backtrace::h6e893f24d7ebbff8
[INFO] [stdout]                                at /rustc/82e1608dfa6e0b5569232559e3d385fea5a93112/library/std/src/sys_common/backtrace.rs:170:18
[INFO] [stdout]   17:     0x56401c1052d2 - rust_begin_unwind
[INFO] [stdout]                                at /rustc/82e1608dfa6e0b5569232559e3d385fea5a93112/library/std/src/panicking.rs:645:5
[INFO] [stdout]   18:     0x56401bc443d5 - core::panicking::panic_fmt::hbf0e066aabfa482c
[INFO] [stdout]                                at /rustc/82e1608dfa6e0b5569232559e3d385fea5a93112/library/core/src/panicking.rs:72:14
[INFO] [stdout]   19:     0x56401bc449a3 - core::result::unwrap_failed::hddb4fea594200c52
[INFO] [stdout]                                at /rustc/82e1608dfa6e0b5569232559e3d385fea5a93112/library/core/src/result.rs:1653:5
[INFO] [stdout]   20:     0x56401bc6ca4e - core::result::Result<T,E>::expect::h329afa5eb6bb26e4
[INFO] [stdout]                                at /rustc/82e1608dfa6e0b5569232559e3d385fea5a93112/library/core/src/result.rs:1034:23
[INFO] [stdout]   21:     0x56401bc685fe - tosbuilder::utils::xml_helper::tests::test_temp_write_include_path::h8001a6d2047df552
[INFO] [stdout]                                at /opt/rustwide/workdir/src/utils/xml_helper.rs:183:27
[INFO] [stdout]   22:     0x56401bc68587 - tosbuilder::utils::xml_helper::tests::test_temp_write_include_path::{{closure}}::h53321a3abc7fb717
[INFO] [stdout]                                at /opt/rustwide/workdir/src/utils/xml_helper.rs:181:38
[INFO] [stdout]   23:     0x56401bc45726 - core::ops::function::FnOnce::call_once::hd9acd85ec8b5cd58
[INFO] [stdout]                                at /rustc/82e1608dfa6e0b5569232559e3d385fea5a93112/library/core/src/ops/function.rs:250:5
[INFO] [stdout]   24:     0x56401bcac7af - core::ops::function::FnOnce::call_once::h2b5d431d5046312d
[INFO] [stdout]                                at /rustc/82e1608dfa6e0b5569232559e3d385fea5a93112/library/core/src/ops/function.rs:250:5
[INFO] [stdout]   25:     0x56401bcac7af - test::__rust_begin_short_backtrace::h7714669af176e207
[INFO] [stdout]                                at /rustc/82e1608dfa6e0b5569232559e3d385fea5a93112/library/test/src/lib.rs:628:18
[INFO] [stdout]   26:     0x56401bcab7c5 - test::run_test_in_process::{{closure}}::h85218797dcbcec12
[INFO] [stdout]                                at /rustc/82e1608dfa6e0b5569232559e3d385fea5a93112/library/test/src/lib.rs:651:60
[INFO] [stdout]   27:     0x56401bcab7c5 - <core::panic::unwind_safe::AssertUnwindSafe<F> as core::ops::function::FnOnce<()>>::call_once::h76c106ea31c14d7b
[INFO] [stdout]                                at /rustc/82e1608dfa6e0b5569232559e3d385fea5a93112/library/core/src/panic/unwind_safe.rs:272:9
[INFO] [stdout]   28:     0x56401bcab7c5 - std::panicking::try::do_call::h3bd5d0f6620ee946
[INFO] [stdout]                                at /rustc/82e1608dfa6e0b5569232559e3d385fea5a93112/library/std/src/panicking.rs:552:40
[INFO] [stdout]   29:     0x56401bcab7c5 - std::panicking::try::h232e535e4744fe31
[INFO] [stdout]                                at /rustc/82e1608dfa6e0b5569232559e3d385fea5a93112/library/std/src/panicking.rs:516:19
[INFO] [stdout]   30:     0x56401bcab7c5 - std::panic::catch_unwind::h3ce3bd6ca8dbac68
[INFO] [stdout]                                at /rustc/82e1608dfa6e0b5569232559e3d385fea5a93112/library/std/src/panic.rs:142:14
[INFO] [stdout]   31:     0x56401bcab7c5 - test::run_test_in_process::hc97b257c9621286a
[INFO] [stdout]                                at /rustc/82e1608dfa6e0b5569232559e3d385fea5a93112/library/test/src/lib.rs:651:27
[INFO] [stdout]   32:     0x56401bcab7c5 - test::run_test::{{closure}}::h2aa798823a438d38
[INFO] [stdout]                                at /rustc/82e1608dfa6e0b5569232559e3d385fea5a93112/library/test/src/lib.rs:574:43
[INFO] [stdout]   33:     0x56401bc73a86 - test::run_test::{{closure}}::h87d231c78fb59832
[INFO] [stdout]                                at /rustc/82e1608dfa6e0b5569232559e3d385fea5a93112/library/test/src/lib.rs:602:41
[INFO] [stdout]   34:     0x56401bc73a86 - std::sys_common::backtrace::__rust_begin_short_backtrace::he6df152596625789
[INFO] [stdout]                                at /rustc/82e1608dfa6e0b5569232559e3d385fea5a93112/library/std/src/sys_common/backtrace.rs:154:18
[INFO] [stdout]   35:     0x56401bc78b37 - std::thread::Builder::spawn_unchecked_::{{closure}}::{{closure}}::ha94be15d1e0acf36
[INFO] [stdout]                                at /rustc/82e1608dfa6e0b5569232559e3d385fea5a93112/library/std/src/thread/mod.rs:529:17
[INFO] [stdout]   36:     0x56401bc78b37 - <core::panic::unwind_safe::AssertUnwindSafe<F> as core::ops::function::FnOnce<()>>::call_once::h9dc6bd6372f16606
[INFO] [stdout]                                at /rustc/82e1608dfa6e0b5569232559e3d385fea5a93112/library/core/src/panic/unwind_safe.rs:272:9
[INFO] [stdout]   37:     0x56401bc78b37 - std::panicking::try::do_call::h9057517f80303cd4
[INFO] [stdout]                                at /rustc/82e1608dfa6e0b5569232559e3d385fea5a93112/library/std/src/panicking.rs:552:40
[INFO] [stdout]   38:     0x56401bc78b37 - std::panicking::try::he3a30b11ee45340c
[INFO] [stdout]                                at /rustc/82e1608dfa6e0b5569232559e3d385fea5a93112/library/std/src/panicking.rs:516:19
[INFO] [stdout]   39:     0x56401bc78b37 - std::panic::catch_unwind::h410458cfd3528b8b
[INFO] [stdout]                                at /rustc/82e1608dfa6e0b5569232559e3d385fea5a93112/library/std/src/panic.rs:142:14
[INFO] [stdout]   40:     0x56401bc78b37 - std::thread::Builder::spawn_unchecked_::{{closure}}::h72ac3bdb567b737b
[INFO] [stdout]                                at /rustc/82e1608dfa6e0b5569232559e3d385fea5a93112/library/std/src/thread/mod.rs:528:30
[INFO] [stdout]   41:     0x56401bc78b37 - core::ops::function::FnOnce::call_once{{vtable.shim}}::h38f34da3654a8344
[INFO] [stdout]                                at /rustc/82e1608dfa6e0b5569232559e3d385fea5a93112/library/core/src/ops/function.rs:250:5
[INFO] [stdout]   42:     0x56401c10b095 - <alloc::boxed::Box<F,A> as core::ops::function::FnOnce<Args>>::call_once::hc7eafaff61e32df9
[INFO] [stdout]                                at /rustc/82e1608dfa6e0b5569232559e3d385fea5a93112/library/alloc/src/boxed.rs:2007:9
[INFO] [stdout]   43:     0x56401c10b095 - <alloc::boxed::Box<F,A> as core::ops::function::FnOnce<Args>>::call_once::h6ba4a5de48dd2304
[INFO] [stdout]                                at /rustc/82e1608dfa6e0b5569232559e3d385fea5a93112/library/alloc/src/boxed.rs:2007:9
[INFO] [stdout]   44:     0x56401c10b095 - std::sys::unix::thread::Thread::new::thread_start::he469335aef763e45
[INFO] [stdout]                                at /rustc/82e1608dfa6e0b5569232559e3d385fea5a93112/library/std/src/sys/unix/thread.rs:108:17
[INFO] [stdout]   45:     0x7f756a427ac3 - <unknown>
[INFO] [stdout]   46:     0x7f756a4b8bf4 - __clone
[INFO] [stdout]   47:                0x0 - <unknown>
[INFO] [stdout] 
[INFO] [stdout] ---- utils::xml_helper::tests::test_write_include_path stdout ----
[INFO] [stdout] thread 'utils::xml_helper::tests::test_write_include_path' panicked at src/utils/xml_helper.rs:162:45:
[INFO] [stdout] Failed to open file: Os { code: 2, kind: NotFound, message: "No such file or directory" }
[INFO] [stdout] stack backtrace:
[INFO] [stdout]    0:     0x56401c10375c - std::backtrace_rs::backtrace::libunwind::trace::ha637c64ce894333a
[INFO] [stdout]                                at /rustc/82e1608dfa6e0b5569232559e3d385fea5a93112/library/std/src/../../backtrace/src/backtrace/libunwind.rs:104:5
[INFO] [stdout]    1:     0x56401c10375c - std::backtrace_rs::backtrace::trace_unsynchronized::h47f62dea28e0c88d
[INFO] [stdout]                                at /rustc/82e1608dfa6e0b5569232559e3d385fea5a93112/library/std/src/../../backtrace/src/backtrace/mod.rs:66:5
[INFO] [stdout]    2:     0x56401c10375c - std::sys_common::backtrace::_print_fmt::h9eef0abe20ede486
[INFO] [stdout]                                at /rustc/82e1608dfa6e0b5569232559e3d385fea5a93112/library/std/src/sys_common/backtrace.rs:67:5
[INFO] [stdout]    3:     0x56401c10375c - <std::sys_common::backtrace::_print::DisplayBacktrace as core::fmt::Display>::fmt::hed7f999df88cc644
[INFO] [stdout]                                at /rustc/82e1608dfa6e0b5569232559e3d385fea5a93112/library/std/src/sys_common/backtrace.rs:44:22
[INFO] [stdout]    4:     0x56401c12e8d0 - core::fmt::rt::Argument::fmt::h1539a9308b8d058d
[INFO] [stdout]                                at /rustc/82e1608dfa6e0b5569232559e3d385fea5a93112/library/core/src/fmt/rt.rs:142:9
[INFO] [stdout]    5:     0x56401c12e8d0 - core::fmt::write::h3a39390d8560d9c9
[INFO] [stdout]                                at /rustc/82e1608dfa6e0b5569232559e3d385fea5a93112/library/core/src/fmt/mod.rs:1120:17
[INFO] [stdout]    6:     0x56401c100e4f - std::io::Write::write_fmt::h040b369f3a0f9cbc
[INFO] [stdout]                                at /rustc/82e1608dfa6e0b5569232559e3d385fea5a93112/library/std/src/io/mod.rs:1762:15
[INFO] [stdout]    7:     0x56401c103544 - std::sys_common::backtrace::_print::h894006fb5c6f3d45
[INFO] [stdout]                                at /rustc/82e1608dfa6e0b5569232559e3d385fea5a93112/library/std/src/sys_common/backtrace.rs:47:5
[INFO] [stdout]    8:     0x56401c103544 - std::sys_common::backtrace::print::h23a2d212c6fff936
[INFO] [stdout]                                at /rustc/82e1608dfa6e0b5569232559e3d385fea5a93112/library/std/src/sys_common/backtrace.rs:34:9
[INFO] [stdout]    9:     0x56401c105207 - std::panicking::default_hook::{{closure}}::h8a1d2ee00185001a
[INFO] [stdout]   10:     0x56401c104ef3 - std::panicking::default_hook::h6038f2eba384e475
[INFO] [stdout]                                at /rustc/82e1608dfa6e0b5569232559e3d385fea5a93112/library/std/src/panicking.rs:289:9
[INFO] [stdout]   11:     0x56401bca7157 - <alloc::boxed::Box<F,A> as core::ops::function::Fn<Args>>::call::h0ad024c9bdc6d768
[INFO] [stdout]                                at /rustc/82e1608dfa6e0b5569232559e3d385fea5a93112/library/alloc/src/boxed.rs:2021:9
[INFO] [stdout]   12:     0x56401bca7157 - test::test_main::{{closure}}::h7500b54257359db6
[INFO] [stdout]                                at /rustc/82e1608dfa6e0b5569232559e3d385fea5a93112/library/test/src/lib.rs:138:21
[INFO] [stdout]   13:     0x56401c105818 - <alloc::boxed::Box<F,A> as core::ops::function::Fn<Args>>::call::h1f8f335eaa9cfaee
[INFO] [stdout]                                at /rustc/82e1608dfa6e0b5569232559e3d385fea5a93112/library/alloc/src/boxed.rs:2021:9
[INFO] [stdout]   14:     0x56401c105818 - std::panicking::rust_panic_with_hook::h2b5517d590cab22e
[INFO] [stdout]                                at /rustc/82e1608dfa6e0b5569232559e3d385fea5a93112/library/std/src/panicking.rs:783:13
[INFO] [stdout]   15:     0x56401c10556e - std::panicking::begin_panic_handler::{{closure}}::h233112c06e0ef43e
[INFO] [stdout]                                at /rustc/82e1608dfa6e0b5569232559e3d385fea5a93112/library/std/src/panicking.rs:657:13
[INFO] [stdout]   16:     0x56401c103c26 - std::sys_common::backtrace::__rust_end_short_backtrace::h6e893f24d7ebbff8
[INFO] [stdout]                                at /rustc/82e1608dfa6e0b5569232559e3d385fea5a93112/library/std/src/sys_common/backtrace.rs:170:18
[INFO] [stdout]   17:     0x56401c1052d2 - rust_begin_unwind
[INFO] [stdout]                                at /rustc/82e1608dfa6e0b5569232559e3d385fea5a93112/library/std/src/panicking.rs:645:5
[INFO] [stdout]   18:     0x56401bc443d5 - core::panicking::panic_fmt::hbf0e066aabfa482c
[INFO] [stdout]                                at /rustc/82e1608dfa6e0b5569232559e3d385fea5a93112/library/core/src/panicking.rs:72:14
[INFO] [stdout]   19:     0x56401bc449a3 - core::result::unwrap_failed::hddb4fea594200c52
[INFO] [stdout]                                at /rustc/82e1608dfa6e0b5569232559e3d385fea5a93112/library/core/src/result.rs:1653:5
[INFO] [stdout]   20:     0x56401bc6cb7d - core::result::Result<T,E>::expect::hf29399d4aa71009d
[INFO] [stdout]                                at /rustc/82e1608dfa6e0b5569232559e3d385fea5a93112/library/core/src/result.rs:1034:23
[INFO] [stdout]   21:     0x56401bc680fd - tosbuilder::utils::xml_helper::tests::test_write_include_path::h9b7e06f33ef3f538
[INFO] [stdout]                                at /opt/rustwide/workdir/src/utils/xml_helper.rs:162:20
[INFO] [stdout]   22:     0x56401bc68007 - tosbuilder::utils::xml_helper::tests::test_write_include_path::{{closure}}::h8a7c412e95edef30
[INFO] [stdout]                                at /opt/rustwide/workdir/src/utils/xml_helper.rs:159:33
[INFO] [stdout]   23:     0x56401bc455d6 - core::ops::function::FnOnce::call_once::h2f9c0d88f58f22d9
[INFO] [stdout]                                at /rustc/82e1608dfa6e0b5569232559e3d385fea5a93112/library/core/src/ops/function.rs:250:5
[INFO] [stdout]   24:     0x56401bcac7af - core::ops::function::FnOnce::call_once::h2b5d431d5046312d
[INFO] [stdout]                                at /rustc/82e1608dfa6e0b5569232559e3d385fea5a93112/library/core/src/ops/function.rs:250:5
[INFO] [stdout]   25:     0x56401bcac7af - test::__rust_begin_short_backtrace::h7714669af176e207
[INFO] [stdout]                                at /rustc/82e1608dfa6e0b5569232559e3d385fea5a93112/library/test/src/lib.rs:628:18
[INFO] [stdout]   26:     0x56401bcab7c5 - test::run_test_in_process::{{closure}}::h85218797dcbcec12
[INFO] [stdout]                                at /rustc/82e1608dfa6e0b5569232559e3d385fea5a93112/library/test/src/lib.rs:651:60
[INFO] [stdout]   27:     0x56401bcab7c5 - <core::panic::unwind_safe::AssertUnwindSafe<F> as core::ops::function::FnOnce<()>>::call_once::h76c106ea31c14d7b
[INFO] [stdout]                                at /rustc/82e1608dfa6e0b5569232559e3d385fea5a93112/library/core/src/panic/unwind_safe.rs:272:9
[INFO] [stdout]   28:     0x56401bcab7c5 - std::panicking::try::do_call::h3bd5d0f6620ee946
[INFO] [stdout]                                at /rustc/82e1608dfa6e0b5569232559e3d385fea5a93112/library/std/src/panicking.rs:552:40
[INFO] [stdout]   29:     0x56401bcab7c5 - std::panicking::try::h232e535e4744fe31
[INFO] [stdout]                                at /rustc/82e1608dfa6e0b5569232559e3d385fea5a93112/library/std/src/panicking.rs:516:19
[INFO] [stdout]   30:     0x56401bcab7c5 - std::panic::catch_unwind::h3ce3bd6ca8dbac68
[INFO] [stdout]                                at /rustc/82e1608dfa6e0b5569232559e3d385fea5a93112/library/std/src/panic.rs:142:14
[INFO] [stdout]   31:     0x56401bcab7c5 - test::run_test_in_process::hc97b257c9621286a
[INFO] [stdout]                                at /rustc/82e1608dfa6e0b5569232559e3d385fea5a93112/library/test/src/lib.rs:651:27
[INFO] [stdout]   32:     0x56401bcab7c5 - test::run_test::{{closure}}::h2aa798823a438d38
[INFO] [stdout]                                at /rustc/82e1608dfa6e0b5569232559e3d385fea5a93112/library/test/src/lib.rs:574:43
[INFO] [stdout]   33:     0x56401bc73a86 - test::run_test::{{closure}}::h87d231c78fb59832
[INFO] [stdout]                                at /rustc/82e1608dfa6e0b5569232559e3d385fea5a93112/library/test/src/lib.rs:602:41
[INFO] [stdout]   34:     0x56401bc73a86 - std::sys_common::backtrace::__rust_begin_short_backtrace::he6df152596625789
[INFO] [stdout]                                at /rustc/82e1608dfa6e0b5569232559e3d385fea5a93112/library/std/src/sys_common/backtrace.rs:154:18
[INFO] [stdout]   35:     0x56401bc78b37 - std::thread::Builder::spawn_unchecked_::{{closure}}::{{closure}}::ha94be15d1e0acf36
[INFO] [stdout]                                at /rustc/82e1608dfa6e0b5569232559e3d385fea5a93112/library/std/src/thread/mod.rs:529:17
[INFO] [stdout]   36:     0x56401bc78b37 - <core::panic::unwind_safe::AssertUnwindSafe<F> as core::ops::function::FnOnce<()>>::call_once::h9dc6bd6372f16606
[INFO] [stdout]                                at /rustc/82e1608dfa6e0b5569232559e3d385fea5a93112/library/core/src/panic/unwind_safe.rs:272:9
[INFO] [stdout]   37:     0x56401bc78b37 - std::panicking::try::do_call::h9057517f80303cd4
[INFO] [stdout]                                at /rustc/82e1608dfa6e0b5569232559e3d385fea5a93112/library/std/src/panicking.rs:552:40
[INFO] [stdout]   38:     0x56401bc78b37 - std::panicking::try::he3a30b11ee45340c
[INFO] [stdout]                                at /rustc/82e1608dfa6e0b5569232559e3d385fea5a93112/library/std/src/panicking.rs:516:19
[INFO] [stdout]   39:     0x56401bc78b37 - std::panic::catch_unwind::h410458cfd3528b8b
[INFO] [stdout]                                at /rustc/82e1608dfa6e0b5569232559e3d385fea5a93112/library/std/src/panic.rs:142:14
[INFO] [stdout]   40:     0x56401bc78b37 - std::thread::Builder::spawn_unchecked_::{{closure}}::h72ac3bdb567b737b
[INFO] [stdout]                                at /rustc/82e1608dfa6e0b5569232559e3d385fea5a93112/library/std/src/thread/mod.rs:528:30
[INFO] [stdout]   41:     0x56401bc78b37 - core::ops::function::FnOnce::call_once{{vtable.shim}}::h38f34da3654a8344
[INFO] [stdout]                                at /rustc/82e1608dfa6e0b5569232559e3d385fea5a93112/library/core/src/ops/function.rs:250:5
[INFO] [stdout]   42:     0x56401c10b095 - <alloc::boxed::Box<F,A> as core::ops::function::FnOnce<Args>>::call_once::hc7eafaff61e32df9
[INFO] [stdout]                                at /rustc/82e1608dfa6e0b5569232559e3d385fea5a93112/library/alloc/src/boxed.rs:2007:9
[INFO] [stdout]   43:     0x56401c10b095 - <alloc::boxed::Box<F,A> as core::ops::function::FnOnce<Args>>::call_once::h6ba4a5de48dd2304
[INFO] [stdout]                                at /rustc/82e1608dfa6e0b5569232559e3d385fea5a93112/library/alloc/src/boxed.rs:2007:9
[INFO] [stdout]   44:     0x56401c10b095 - std::sys::unix::thread::Thread::new::thread_start::he469335aef763e45
[INFO] [stdout]                                at /rustc/82e1608dfa6e0b5569232559e3d385fea5a93112/library/std/src/sys/unix/thread.rs:108:17
[INFO] [stdout]   45:     0x7f756a427ac3 - <unknown>
[INFO] [stdout]   46:     0x7f756a4b8bf4 - __clone
[INFO] [stdout]   47:                0x0 - <unknown>
[INFO] [stdout] 
[INFO] [stdout] ---- utils::export::tests::test_print_xml stdout ----
[INFO] [stdout] thread 'utils::export::tests::test_print_xml' panicked at src/utils/export.rs:868:45:
[INFO] [stdout] Failed to open file: Os { code: 2, kind: NotFound, message: "No such file or directory" }
[INFO] [stdout] stack backtrace:
[INFO] [stdout]    0:     0x56401c10375c - std::backtrace_rs::backtrace::libunwind::trace::ha637c64ce894333a
[INFO] [stdout]                                at /rustc/82e1608dfa6e0b5569232559e3d385fea5a93112/library/std/src/../../backtrace/src/backtrace/libunwind.rs:104:5
[INFO] [stdout]    1:     0x56401c10375c - std::backtrace_rs::backtrace::trace_unsynchronized::h47f62dea28e0c88d
[INFO] [stdout]                                at /rustc/82e1608dfa6e0b5569232559e3d385fea5a93112/library/std/src/../../backtrace/src/backtrace/mod.rs:66:5
[INFO] [stdout]    2:     0x56401c10375c - std::sys_common::backtrace::_print_fmt::h9eef0abe20ede486
[INFO] [stdout]                                at /rustc/82e1608dfa6e0b5569232559e3d385fea5a93112/library/std/src/sys_common/backtrace.rs:67:5
[INFO] [stdout]    3:     0x56401c10375c - <std::sys_common::backtrace::_print::DisplayBacktrace as core::fmt::Display>::fmt::hed7f999df88cc644
[INFO] [stdout]                                at /rustc/82e1608dfa6e0b5569232559e3d385fea5a93112/library/std/src/sys_common/backtrace.rs:44:22
[INFO] [stdout]    4:     0x56401c12e8d0 - core::fmt::rt::Argument::fmt::h1539a9308b8d058d
[INFO] [stdout]                                at /rustc/82e1608dfa6e0b5569232559e3d385fea5a93112/library/core/src/fmt/rt.rs:142:9
[INFO] [stdout]    5:     0x56401c12e8d0 - core::fmt::write::h3a39390d8560d9c9
[INFO] [stdout]                                at /rustc/82e1608dfa6e0b5569232559e3d385fea5a93112/library/core/src/fmt/mod.rs:1120:17
[INFO] [stdout]    6:     0x56401c100e4f - std::io::Write::write_fmt::h040b369f3a0f9cbc
[INFO] [stdout]                                at /rustc/82e1608dfa6e0b5569232559e3d385fea5a93112/library/std/src/io/mod.rs:1762:15
[INFO] [stdout]    7:     0x56401c103544 - std::sys_common::backtrace::_print::h894006fb5c6f3d45
[INFO] [stdout]                                at /rustc/82e1608dfa6e0b5569232559e3d385fea5a93112/library/std/src/sys_common/backtrace.rs:47:5
[INFO] [stdout]    8:     0x56401c103544 - std::sys_common::backtrace::print::h23a2d212c6fff936
[INFO] [stdout]                                at /rustc/82e1608dfa6e0b5569232559e3d385fea5a93112/library/std/src/sys_common/backtrace.rs:34:9
[INFO] [stdout]    9:     0x56401c105207 - std::panicking::default_hook::{{closure}}::h8a1d2ee00185001a
[INFO] [stdout]   10:     0x56401c104ef3 - std::panicking::default_hook::h6038f2eba384e475
[INFO] [stdout]                                at /rustc/82e1608dfa6e0b5569232559e3d385fea5a93112/library/std/src/panicking.rs:289:9
[INFO] [stdout]   11:     0x56401bca7157 - <alloc::boxed::Box<F,A> as core::ops::function::Fn<Args>>::call::h0ad024c9bdc6d768
[INFO] [stdout]                                at /rustc/82e1608dfa6e0b5569232559e3d385fea5a93112/library/alloc/src/boxed.rs:2021:9
[INFO] [stdout]   12:     0x56401bca7157 - test::test_main::{{closure}}::h7500b54257359db6
[INFO] [stdout]                                at /rustc/82e1608dfa6e0b5569232559e3d385fea5a93112/library/test/src/lib.rs:138:21
[INFO] [stdout]   13:     0x56401c105818 - <alloc::boxed::Box<F,A> as core::ops::function::Fn<Args>>::call::h1f8f335eaa9cfaee
[INFO] [stdout]                                at /rustc/82e1608dfa6e0b5569232559e3d385fea5a93112/library/alloc/src/boxed.rs:2021:9
[INFO] [stdout]   14:     0x56401c105818 - std::panicking::rust_panic_with_hook::h2b5517d590cab22e
[INFO] [stdout]                                at /rustc/82e1608dfa6e0b5569232559e3d385fea5a93112/library/std/src/panicking.rs:783:13
[INFO] [stdout]   15:     0x56401c10556e - std::panicking::begin_panic_handler::{{closure}}::h233112c06e0ef43e
[INFO] [stdout]                                at /rustc/82e1608dfa6e0b5569232559e3d385fea5a93112/library/std/src/panicking.rs:657:13
[INFO] [stdout]   16:     0x56401c103c26 - std::sys_common::backtrace::__rust_end_short_backtrace::h6e893f24d7ebbff8
[INFO] [stdout]                                at /rustc/82e1608dfa6e0b5569232559e3d385fea5a93112/library/std/src/sys_common/backtrace.rs:170:18
[INFO] [stdout]   17:     0x56401c1052d2 - rust_begin_unwind
[INFO] [stdout]                                at /rustc/82e1608dfa6e0b5569232559e3d385fea5a93112/library/std/src/panicking.rs:645:5
[INFO] [stdout]   18:     0x56401bc443d5 - core::panicking::panic_fmt::hbf0e066aabfa482c
[INFO] [stdout]                                at /rustc/82e1608dfa6e0b5569232559e3d385fea5a93112/library/core/src/panicking.rs:72:14
[INFO] [stdout]   19:     0x56401bc449a3 - core::result::unwrap_failed::hddb4fea594200c52
[INFO] [stdout]                                at /rustc/82e1608dfa6e0b5569232559e3d385fea5a93112/library/core/src/result.rs:1653:5
[INFO] [stdout]   20:     0x56401bc6cb7d - core::result::Result<T,E>::expect::hf29399d4aa71009d
[INFO] [stdout]                                at /rustc/82e1608dfa6e0b5569232559e3d385fea5a93112/library/core/src/result.rs:1034:23
[INFO] [stdout]   21:     0x56401bc62f23 - tosbuilder::utils::export::tests::test_print_xml::h5e4ca5d150a4bd86
[INFO] [stdout]                                at /opt/rustwide/workdir/src/utils/export.rs:868:20
[INFO] [stdout]   22:     0x56401bc62e57 - tosbuilder::utils::export::tests::test_print_xml::{{closure}}::h08426cb6675522f2
[INFO] [stdout]                                at /opt/rustwide/workdir/src/utils/export.rs:865:24
[INFO] [stdout]   23:     0x56401bc45556 - core::ops::function::FnOnce::call_once::h15649caa6b2be007
[INFO] [stdout]                                at /rustc/82e1608dfa6e0b5569232559e3d385fea5a93112/library/core/src/ops/function.rs:250:5
[INFO] [stdout]   24:     0x56401bcac7af - core::ops::function::FnOnce::call_once::h2b5d431d5046312d
[INFO] [stdout]                                at /rustc/82e1608dfa6e0b5569232559e3d385fea5a93112/library/core/src/ops/function.rs:250:5
[INFO] [stdout]   25:     0x56401bcac7af - test::__rust_begin_short_backtrace::h7714669af176e207
[INFO] [stdout]                                at /rustc/82e1608dfa6e0b5569232559e3d385fea5a93112/library/test/src/lib.rs:628:18
[INFO] [stdout]   26:     0x56401bcab7c5 - test::run_test_in_process::{{closure}}::h85218797dcbcec12
[INFO] [stdout]                                at /rustc/82e1608dfa6e0b5569232559e3d385fea5a93112/library/test/src/lib.rs:651:60
[INFO] [stdout]   27:     0x56401bcab7c5 - <core::panic::unwind_safe::AssertUnwindSafe<F> as core::ops::function::FnOnce<()>>::call_once::h76c106ea31c14d7b
[INFO] [stdout]                                at /rustc/82e1608dfa6e0b5569232559e3d385fea5a93112/library/core/src/panic/unwind_safe.rs:272:9
[INFO] [stdout]   28:     0x56401bcab7c5 - std::panicking::try::do_call::h3bd5d0f6620ee946
[INFO] [stdout]                                at /rustc/82e1608dfa6e0b5569232559e3d385fea5a93112/library/std/src/panicking.rs:552:40
[INFO] [stdout]   29:     0x56401bcab7c5 - std::panicking::try::h232e535e4744fe31
[INFO] [stdout]                                at /rustc/82e1608dfa6e0b5569232559e3d385fea5a93112/library/std/src/panicking.rs:516:19
[INFO] [stdout]   30:     0x56401bcab7c5 - std::panic::catch_unwind::h3ce3bd6ca8dbac68
[INFO] [stdout]                                at /rustc/82e1608dfa6e0b5569232559e3d385fea5a93112/library/std/src/panic.rs:142:14
[INFO] [stdout]   31:     0x56401bcab7c5 - test::run_test_in_process::hc97b257c9621286a
[INFO] [stdout]                                at /rustc/82e1608dfa6e0b5569232559e3d385fea5a93112/library/test/src/lib.rs:651:27
[INFO] [stdout]   32:     0x56401bcab7c5 - test::run_test::{{closure}}::h2aa798823a438d38
[INFO] [stdout]                                at /rustc/82e1608dfa6e0b5569232559e3d385fea5a93112/library/test/src/lib.rs:574:43
[INFO] [stdout]   33:     0x56401bc73a86 - test::run_test::{{closure}}::h87d231c78fb59832
[INFO] [stdout]                                at /rustc/82e1608dfa6e0b5569232559e3d385fea5a93112/library/test/src/lib.rs:602:41
[INFO] [stdout]   34:     0x56401bc73a86 - std::sys_common::backtrace::__rust_begin_short_backtrace::he6df152596625789
[INFO] [stdout]                                at /rustc/82e1608dfa6e0b5569232559e3d385fea5a93112/library/std/src/sys_common/backtrace.rs:154:18
[INFO] [stdout]   35:     0x56401bc78b37 - std::thread::Builder::spawn_unchecked_::{{closure}}::{{closure}}::ha94be15d1e0acf36
[INFO] [stdout]                                at /rustc/82e1608dfa6e0b5569232559e3d385fea5a93112/library/std/src/thread/mod.rs:529:17
[INFO] [stdout]   36:     0x56401bc78b37 - <core::panic::unwind_safe::AssertUnwindSafe<F> as core::ops::function::FnOnce<()>>::call_once::h9dc6bd6372f16606
[INFO] [stdout]                                at /rustc/82e1608dfa6e0b5569232559e3d385fea5a93112/library/core/src/panic/unwind_safe.rs:272:9
[INFO] [stdout]   37:     0x56401bc78b37 - std::panicking::try::do_call::h9057517f80303cd4
[INFO] [stdout]                                at /rustc/82e1608dfa6e0b5569232559e3d385fea5a93112/library/std/src/panicking.rs:552:40
[INFO] [stdout]   38:     0x56401bc78b37 - std::panicking::try::he3a30b11ee45340c
[INFO] [stdout]                                at /rustc/82e1608dfa6e0b5569232559e3d385fea5a93112/library/std/src/panicking.rs:516:19
[INFO] [stdout]   39:     0x56401bc78b37 - std::panic::catch_unwind::h410458cfd3528b8b
[INFO] [stdout]                                at /rustc/82e1608dfa6e0b5569232559e3d385fea5a93112/library/std/src/panic.rs:142:14
[INFO] [stdout]   40:     0x56401bc78b37 - std::thread::Builder::spawn_unchecked_::{{closure}}::h72ac3bdb567b737b
[INFO] [stdout]                                at /rustc/82e1608dfa6e0b5569232559e3d385fea5a93112/library/std/src/thread/mod.rs:528:30
[INFO] [stdout]   41:     0x56401bc78b37 - core::ops::function::FnOnce::call_once{{vtable.shim}}::h38f34da3654a8344
[INFO] [stdout]                                at /rustc/82e1608dfa6e0b5569232559e3d385fea5a93112/library/core/src/ops/function.rs:250:5
[INFO] [stdout]   42:     0x56401c10b095 - <alloc::boxed::Box<F,A> as core::ops::function::FnOnce<Args>>::call_once::hc7eafaff61e32df9
[INFO] [stdout]                                at /rustc/82e1608dfa6e0b5569232559e3d385fea5a93112/library/alloc/src/boxed.rs:2007:9
[INFO] [stdout]   43:     0x56401c10b095 - <alloc::boxed::Box<F,A> as core::ops::function::FnOnce<Args>>::call_once::h6ba4a5de48dd2304
[INFO] [stdout]                                at /rustc/82e1608dfa6e0b5569232559e3d385fea5a93112/library/alloc/src/boxed.rs:2007:9
[INFO] [stdout]   44:     0x56401c10b095 - std::sys::unix::thread::Thread::new::thread_start::he469335aef763e45
[INFO] [stdout]                                at /rustc/82e1608dfa6e0b5569232559e3d385fea5a93112/library/std/src/sys/unix/thread.rs:108:17
[INFO] [stdout]   45:     0x7f756a427ac3 - <unknown>
[INFO] [stdout]   46:     0x7f756a4b8bf4 - __clone
[INFO] [stdout]   47:                0x0 - <unknown>
[INFO] [stdout] 
[INFO] [stdout] ---- utils::xml_helper::tests::test_get_include_path stdout ----
[INFO] [stdout] thread 'utils::xml_helper::tests::test_get_include_path' panicked at src/utils/xml_helper.rs:141:45:
[INFO] [stdout] Failed to open file: Os { code: 2, kind: NotFound, message: "No such file or directory" }
[INFO] [stdout] stack backtrace:
[INFO] [stdout]    0:     0x56401c10375c - std::backtrace_rs::backtrace::libunwind::trace::ha637c64ce894333a
[INFO] [stdout]                                at /rustc/82e1608dfa6e0b5569232559e3d385fea5a93112/library/std/src/../../backtrace/src/backtrace/libunwind.rs:104:5
[INFO] [stdout]    1:     0x56401c10375c - std::backtrace_rs::backtrace::trace_unsynchronized::h47f62dea28e0c88d
[INFO] [stdout]                                at /rustc/82e1608dfa6e0b5569232559e3d385fea5a93112/library/std/src/../../backtrace/src/backtrace/mod.rs:66:5
[INFO] [stdout]    2:     0x56401c10375c - std::sys_common::backtrace::_print_fmt::h9eef0abe20ede486
[INFO] [stdout]                                at /rustc/82e1608dfa6e0b5569232559e3d385fea5a93112/library/std/src/sys_common/backtrace.rs:67:5
[INFO] [stdout]    3:     0x56401c10375c - <std::sys_common::backtrace::_print::DisplayBacktrace as core::fmt::Display>::fmt::hed7f999df88cc644
[INFO] [stdout]                                at /rustc/82e1608dfa6e0b5569232559e3d385fea5a93112/library/std/src/sys_common/backtrace.rs:44:22
[INFO] [stdout]    4:     0x56401c12e8d0 - core::fmt::rt::Argument::fmt::h1539a9308b8d058d
[INFO] [stdout]                                at /rustc/82e1608dfa6e0b5569232559e3d385fea5a93112/library/core/src/fmt/rt.rs:142:9
[INFO] [stdout]    5:     0x56401c12e8d0 - core::fmt::write::h3a39390d8560d9c9
[INFO] [stdout]                                at /rustc/82e1608dfa6e0b5569232559e3d385fea5a93112/library/core/src/fmt/mod.rs:1120:17
[INFO] [stdout]    6:     0x56401c100e4f - std::io::Write::write_fmt::h040b369f3a0f9cbc
[INFO] [stdout]                                at /rustc/82e1608dfa6e0b5569232559e3d385fea5a93112/library/std/src/io/mod.rs:1762:15
[INFO] [stdout]    7:     0x56401c103544 - std::sys_common::backtrace::_print::h894006fb5c6f3d45
[INFO] [stdout]                                at /rustc/82e1608dfa6e0b5569232559e3d385fea5a93112/library/std/src/sys_common/backtrace.rs:47:5
[INFO] [stdout]    8:     0x56401c103544 - std::sys_common::backtrace::print::h23a2d212c6fff936
[INFO] [stdout]                                at /rustc/82e1608dfa6e0b5569232559e3d385fea5a93112/library/std/src/sys_common/backtrace.rs:34:9
[INFO] [stdout]    9:     0x56401c105207 - std::panicking::default_hook::{{closure}}::h8a1d2ee00185001a
[INFO] [stdout]   10:     0x56401c104ef3 - std::panicking::default_hook::h6038f2eba384e475
[INFO] [stdout]                                at /rustc/82e1608dfa6e0b5569232559e3d385fea5a93112/library/std/src/panicking.rs:289:9
[INFO] [stdout]   11:     0x56401bca7157 - <alloc::boxed::Box<F,A> as core::ops::function::Fn<Args>>::call::h0ad024c9bdc6d768
[INFO] [stdout]                                at /rustc/82e1608dfa6e0b5569232559e3d385fea5a93112/library/alloc/src/boxed.rs:2021:9
[INFO] [stdout]   12:     0x56401bca7157 - test::test_main::{{closure}}::h7500b54257359db6
[INFO] [stdout]                                at /rustc/82e1608dfa6e0b5569232559e3d385fea5a93112/library/test/src/lib.rs:138:21
[INFO] [stdout]   13:     0x56401c105818 - <alloc::boxed::Box<F,A> as core::ops::function::Fn<Args>>::call::h1f8f335eaa9cfaee
[INFO] [stdout]                                at /rustc/82e1608dfa6e0b5569232559e3d385fea5a93112/library/alloc/src/boxed.rs:2021:9
[INFO] [stdout]   14:     0x56401c105818 - std::panicking::rust_panic_with_hook::h2b5517d590cab22e
[INFO] [stdout]                                at /rustc/82e1608dfa6e0b5569232559e3d385fea5a93112/library/std/src/panicking.rs:783:13
[INFO] [stdout]   15:     0x56401c10556e - std::panicking::begin_panic_handler::{{closure}}::h233112c06e0ef43e
[INFO] [stdout]                                at /rustc/82e1608dfa6e0b5569232559e3d385fea5a93112/library/std/src/panicking.rs:657:13
[INFO] [stdout]   16:     0x56401c103c26 - std::sys_common::backtrace::__rust_end_short_backtrace::h6e893f24d7ebbff8
[INFO] [stdout]                                at /rustc/82e1608dfa6e0b5569232559e3d385fea5a93112/library/std/src/sys_common/backtrace.rs:170:18
[INFO] [stdout]   17:     0x56401c1052d2 - rust_begin_unwind
[INFO] [stdout]                                at /rustc/82e1608dfa6e0b5569232559e3d385fea5a93112/library/std/src/panicking.rs:645:5
[INFO] [stdout]   18:     0x56401bc443d5 - core::panicking::panic_fmt::hbf0e066aabfa482c
[INFO] [stdout]                                at /rustc/82e1608dfa6e0b5569232559e3d385fea5a93112/library/core/src/panicking.rs:72:14
[INFO] [stdout]   19:     0x56401bc449a3 - core::result::unwrap_failed::hddb4fea594200c52
[INFO] [stdout]                                at /rustc/82e1608dfa6e0b5569232559e3d385fea5a93112/library/core/src/result.rs:1653:5
[INFO] [stdout]   20:     0x56401bc6cb7d - core::result::Result<T,E>::expect::hf29399d4aa71009d
[INFO] [stdout]                                at /rustc/82e1608dfa6e0b5569232559e3d385fea5a93112/library/core/src/result.rs:1034:23
[INFO] [stdout]   21:     0x56401bc67cab - tosbuilder::utils::xml_helper::tests::test_get_include_path::hf2db3cef52e648f1
[INFO] [stdout]                                at /opt/rustwide/workdir/src/utils/xml_helper.rs:141:20
[INFO] [stdout]   22:     0x56401bc67c27 - tosbuilder::utils::xml_helper::tests::test_get_include_path::{{closure}}::he7a4adc2e6effbaa
[INFO] [stdout]                                at /opt/rustwide/workdir/src/utils/xml_helper.rs:139:31
[INFO] [stdout]   23:     0x56401bc45766 - core::ops::function::FnOnce::call_once::hfe7772340e0951ae
[INFO] [stdout]                                at /rustc/82e1608dfa6e0b5569232559e3d385fea5a93112/library/core/src/ops/function.rs:250:5
[INFO] [stdout]   24:     0x56401bcac7af - core::ops::function::FnOnce::call_once::h2b5d431d5046312d
[INFO] [stdout]                                at /rustc/82e1608dfa6e0b5569232559e3d385fea5a93112/library/core/src/ops/function.rs:250:5
[INFO] [stdout]   25:     0x56401bcac7af - test::__rust_begin_short_backtrace::h7714669af176e207
[INFO] [stdout]                                at /rustc/82e1608dfa6e0b5569232559e3d385fea5a93112/library/test/src/lib.rs:628:18
[INFO] [stdout]   26:     0x56401bcab7c5 - test::run_test_in_process::{{closure}}::h85218797dcbcec12
[INFO] [stdout]                                at /rustc/82e1608dfa6e0b5569232559e3d385fea5a93112/library/test/src/lib.rs:651:60
[INFO] [stdout]   27:     0x56401bcab7c5 - <core::panic::unwind_safe::AssertUnwindSafe<F> as core::ops::function::FnOnce<()>>::call_once::h76c106ea31c14d7b
[INFO] [stdout]                                at /rustc/82e1608dfa6e0b5569232559e3d385fea5a93112/library/core/src/panic/unwind_safe.rs:272:9
[INFO] [stdout]   28:     0x56401bcab7c5 - std::panicking::try::do_call::h3bd5d0f6620ee946
[INFO] [stdout]                                at /rustc/82e1608dfa6e0b5569232559e3d385fea5a93112/library/std/src/panicking.rs:552:40
[INFO] [stdout]   29:     0x56401bcab7c5 - std::panicking::try::h232e535e4744fe31
[INFO] [stdout]                                at /rustc/82e1608dfa6e0b5569232559e3d385fea5a93112/library/std/src/panicking.rs:516:19
[INFO] [stdout]   30:     0x56401bcab7c5 - std::panic::catch_unwind::h3ce3bd6ca8dbac68
[INFO] [stdout]                                at /rustc/82e1608dfa6e0b5569232559e3d385fea5a93112/library/std/src/panic.rs:142:14
[INFO] [stdout]   31:     0x56401bcab7c5 - test::run_test_in_process::hc97b257c9621286a
[INFO] [stdout]                                at /rustc/82e1608dfa6e0b5569232559e3d385fea5a93112/library/test/src/lib.rs:651:27
[INFO] [stdout]   32:     0x56401bcab7c5 - test::run_test::{{closure}}::h2aa798823a438d38
[INFO] [stdout]                                at /rustc/82e1608dfa6e0b5569232559e3d385fea5a93112/library/test/src/lib.rs:574:43
[INFO] [stdout]   33:     0x56401bc73a86 - test::run_test::{{closure}}::h87d231c78fb59832
[INFO] [stdout]                                at /rustc/82e1608dfa6e0b5569232559e3d385fea5a93112/library/test/src/lib.rs:602:41
[INFO] [stdout]   34:     0x56401bc73a86 - std::sys_common::backtrace::__rust_begin_short_backtrace::he6df152596625789
[INFO] [stdout]                                at /rustc/82e1608dfa6e0b5569232559e3d385fea5a93112/library/std/src/sys_common/backtrace.rs:154:18
[INFO] [stdout]   35:     0x56401bc78b37 - std::thread::Builder::spawn_unchecked_::{{closure}}::{{closure}}::ha94be15d1e0acf36
[INFO] [stdout]                                at /rustc/82e1608dfa6e0b5569232559e3d385fea5a93112/library/std/src/thread/mod.rs:529:17
[INFO] [stdout]   36:     0x56401bc78b37 - <core::panic::unwind_safe::AssertUnwindSafe<F> as core::ops::function::FnOnce<()>>::call_once::h9dc6bd6372f16606
[INFO] [stdout]                                at /rustc/82e1608dfa6e0b5569232559e3d385fea5a93112/library/core/src/panic/unwind_safe.rs:272:9
[INFO] [stdout]   37:     0x56401bc78b37 - std::panicking::try::do_call::h9057517f80303cd4
[INFO] [stdout]                                at /rustc/82e1608dfa6e0b5569232559e3d385fea5a93112/library/std/src/panicking.rs:552:40
[INFO] [stdout]   38:     0x56401bc78b37 - std::panicking::try::he3a30b11ee45340c
[INFO] [stdout]                                at /rustc/82e1608dfa6e0b5569232559e3d385fea5a93112/library/std/src/panicking.rs:516:19
[INFO] [stdout]   39:     0x56401bc78b37 - std::panic::catch_unwind::h410458cfd3528b8b
[INFO] [stdout]                                at /rustc/82e1608dfa6e0b5569232559e3d385fea5a93112/library/std/src/panic.rs:142:14
[INFO] [stdout]   40:     0x56401bc78b37 - std::thread::Builder::spawn_unchecked_::{{closure}}::h72ac3bdb567b737b
[INFO] [stdout]                                at /rustc/82e1608dfa6e0b5569232559e3d385fea5a93112/library/std/src/thread/mod.rs:528:30
[INFO] [stdout]   41:     0x56401bc78b37 - core::ops::function::FnOnce::call_once{{vtable.shim}}::h38f34da3654a8344
[INFO] [stdout]                                at /rustc/82e1608dfa6e0b5569232559e3d385fea5a93112/library/core/src/ops/function.rs:250:5
[INFO] [stdout]   42:     0x56401c10b095 - <alloc::boxed::Box<F,A> as core::ops::function::FnOnce<Args>>::call_once::hc7eafaff61e32df9
[INFO] [stdout]                                at /rustc/82e1608dfa6e0b5569232559e3d385fea5a93112/library/alloc/src/boxed.rs:2007:9
[INFO] [stdout]   43:     0x56401c10b095 - <alloc::boxed::Box<F,A> as core::ops::function::FnOnce<Args>>::call_once::h6ba4a5de48dd2304
[INFO] [stdout]                                at /rustc/82e1608dfa6e0b5569232559e3d385fea5a93112/library/alloc/src/boxed.rs:2007:9
[INFO] [stdout]   44:     0x56401c10b095 - std::sys::unix::thread::Thread::new::thread_start::he469335aef763e45
[INFO] [stdout]                                at /rustc/82e1608dfa6e0b5569232559e3d385fea5a93112/library/std/src/sys/unix/thread.rs:108:17
[INFO] [stdout]   45:     0x7f756a427ac3 - <unknown>
[INFO] [stdout]   46:     0x7f756a4b8bf4 - __clone
[INFO] [stdout]   47:                0x0 - <unknown>
[INFO] [stdout] 
[INFO] [stdout] ---- utils::export::tests::test_get_include_path stdout ----
[INFO] [stdout] thread 'utils::export::tests::test_get_include_path' panicked at src/utils/export.rs:809:45:
[INFO] [stdout] Failed to open file: Os { code: 2, kind: NotFound, message: "No such file or directory" }
[INFO] [stdout] stack backtrace:
[INFO] [stdout]    0:     0x56401c10375c - std::backtrace_rs::backtrace::libunwind::trace::ha637c64ce894333a
[INFO] [stdout]                                at /rustc/82e1608dfa6e0b5569232559e3d385fea5a93112/library/std/src/../../backtrace/src/backtrace/libunwind.rs:104:5
[INFO] [stdout]    1:     0x56401c10375c - std::backtrace_rs::backtrace::trace_unsynchronized::h47f62dea28e0c88d
[INFO] [stdout]                                at /rustc/82e1608dfa6e0b5569232559e3d385fea5a93112/library/std/src/../../backtrace/src/backtrace/mod.rs:66:5
[INFO] [stdout]    2:     0x56401c10375c - std::sys_common::backtrace::_print_fmt::h9eef0abe20ede486
[INFO] [stdout]                                at /rustc/82e1608dfa6e0b5569232559e3d385fea5a93112/library/std/src/sys_common/backtrace.rs:67:5
[INFO] [stdout]    3:     0x56401c10375c - <std::sys_common::backtrace::_print::DisplayBacktrace as core::fmt::Display>::fmt::hed7f999df88cc644
[INFO] [stdout]                                at /rustc/82e1608dfa6e0b5569232559e3d385fea5a93112/library/std/src/sys_common/backtrace.rs:44:22
[INFO] [stdout]    4:     0x56401c12e8d0 - core::fmt::rt::Argument::fmt::h1539a9308b8d058d
[INFO] [stdout]                                at /rustc/82e1608dfa6e0b5569232559e3d385fea5a93112/library/core/src/fmt/rt.rs:142:9
[INFO] [stdout]    5:     0x56401c12e8d0 - core::fmt::write::h3a39390d8560d9c9
[INFO] [stdout]                                at /rustc/82e1608dfa6e0b5569232559e3d385fea5a93112/library/core/src/fmt/mod.rs:1120:17
[INFO] [stdout]    6:     0x56401c100e4f - std::io::Write::write_fmt::h040b369f3a0f9cbc
[INFO] [stdout]                                at /rustc/82e1608dfa6e0b5569232559e3d385fea5a93112/library/std/src/io/mod.rs:1762:15
[INFO] [stdout]    7:     0x56401c103544 - std::sys_common::backtrace::_print::h894006fb5c6f3d45
[INFO] [stdout]                                at /rustc/82e1608dfa6e0b5569232559e3d385fea5a93112/library/std/src/sys_common/backtrace.rs:47:5
[INFO] [stdout]    8:     0x56401c103544 - std::sys_common::backtrace::print::h23a2d212c6fff936
[INFO] [stdout]                                at /rustc/82e1608dfa6e0b5569232559e3d385fea5a93112/library/std/src/sys_common/backtrace.rs:34:9
[INFO] [stdout]    9:     0x56401c105207 - std::panicking::default_hook::{{closure}}::h8a1d2ee00185001a
[INFO] [stdout]   10:     0x56401c104ef3 - std::panicking::default_hook::h6038f2eba384e475
[INFO] [stdout]                                at /rustc/82e1608dfa6e0b5569232559e3d385fea5a93112/library/std/src/panicking.rs:289:9
[INFO] [stdout]   11:     0x56401bca7157 - <alloc::boxed::Box<F,A> as core::ops::function::Fn<Args>>::call::h0ad024c9bdc6d768
[INFO] [stdout]                                at /rustc/82e1608dfa6e0b5569232559e3d385fea5a93112/library/alloc/src/boxed.rs:2021:9
[INFO] [stdout]   12:     0x56401bca7157 - test::test_main::{{closure}}::h7500b54257359db6
[INFO] [stdout]                                at /rustc/82e1608dfa6e0b5569232559e3d385fea5a93112/library/test/src/lib.rs:138:21
[INFO] [stdout]   13:     0x56401c105818 - <alloc::boxed::Box<F,A> as core::ops::function::Fn<Args>>::call::h1f8f335eaa9cfaee
[INFO] [stdout]                                at /rustc/82e1608dfa6e0b5569232559e3d385fea5a93112/library/alloc/src/boxed.rs:2021:9
[INFO] [stdout]   14:     0x56401c105818 - std::panicking::rust_panic_with_hook::h2b5517d590cab22e
[INFO] [stdout]                                at /rustc/82e1608dfa6e0b5569232559e3d385fea5a93112/library/std/src/panicking.rs:783:13
[INFO] [stdout]   15:     0x56401c10556e - std::panicking::begin_panic_handler::{{closure}}::h233112c06e0ef43e
[INFO] [stdout]                                at /rustc/82e1608dfa6e0b5569232559e3d385fea5a93112/library/std/src/panicking.rs:657:13
[INFO] [stdout]   16:     0x56401c103c26 - std::sys_common::backtrace::__rust_end_short_backtrace::h6e893f24d7ebbff8
[INFO] [stdout]                                at /rustc/82e1608dfa6e0b5569232559e3d385fea5a93112/library/std/src/sys_common/backtrace.rs:170:18
[INFO] [stdout]   17:     0x56401c1052d2 - rust_begin_unwind
[INFO] [stdout]                                at /rustc/82e1608dfa6e0b5569232559e3d385fea5a93112/library/std/src/panicking.rs:645:5
[INFO] [stdout]   18:     0x56401bc443d5 - core::panicking::panic_fmt::hbf0e066aabfa482c
[INFO] [stdout]                                at /rustc/82e1608dfa6e0b5569232559e3d385fea5a93112/library/core/src/panicking.rs:72:14
[INFO] [stdout]   19:     0x56401bc449a3 - core::result::unwrap_failed::hddb4fea594200c52
[INFO] [stdout]                                at /rustc/82e1608dfa6e0b5569232559e3d385fea5a93112/library/core/src/result.rs:1653:5
[INFO] [stdout]   20:     0x56401bc6cb7d - core::result::Result<T,E>::expect::hf29399d4aa71009d
[INFO] [stdout]                                at /rustc/82e1608dfa6e0b5569232559e3d385fea5a93112/library/core/src/result.rs:1034:23
[INFO] [stdout]   21:     0x56401bc61ace - tosbuilder::utils::export::tests::test_get_include_path::h3c0932022ff7153e
[INFO] [stdout]                                at /opt/rustwide/workdir/src/utils/export.rs:809:20
[INFO] [stdout]   22:     0x56401bc619f7 - tosbuilder::utils::export::tests::test_get_include_path::{{closure}}::h58a2037156d4cc6a
[INFO] [stdout]                                at /opt/rustwide/workdir/src/utils/export.rs:806:31
[INFO] [stdout]   23:     0x56401bc456e6 - core::ops::function::FnOnce::call_once::hd34cb18fd2b6a51e
[INFO] [stdout]                                at /rustc/82e1608dfa6e0b5569232559e3d385fea5a93112/library/core/src/ops/function.rs:250:5
[INFO] [stdout]   24:     0x56401bcac7af - core::ops::function::FnOnce::call_once::h2b5d431d5046312d
[INFO] [stdout]                                at /rustc/82e1608dfa6e0b5569232559e3d385fea5a93112/library/core/src/ops/function.rs:250:5
[INFO] [stdout]   25:     0x56401bcac7af - test::__rust_begin_short_backtrace::h7714669af176e207
[INFO] [stdout]                                at /rustc/82e1608dfa6e0b5569232559e3d385fea5a93112/library/test/src/lib.rs:628:18
[INFO] [stdout]   26:     0x56401bcab7c5 - test::run_test_in_process::{{closure}}::h85218797dcbcec12
[INFO] [stdout]                                at /rustc/82e1608dfa6e0b5569232559e3d385fea5a93112/library/test/src/lib.rs:651:60
[INFO] [stdout]   27:     0x56401bcab7c5 - <core::panic::unwind_safe::AssertUnwindSafe<F> as core::ops::function::FnOnce<()>>::call_once::h76c106ea31c14d7b
[INFO] [stdout]                                at /rustc/82e1608dfa6e0b5569232559e3d385fea5a93112/library/core/src/panic/unwind_safe.rs:272:9
[INFO] [stdout]   28:     0x56401bcab7c5 - std::panicking::try::do_call::h3bd5d0f6620ee946
[INFO] [stdout]                                at /rustc/82e1608dfa6e0b5569232559e3d385fea5a93112/library/std/src/panicking.rs:552:40
[INFO] [stdout]   29:     0x56401bcab7c5 - std::panicking::try::h232e535e4744fe31
[INFO] [stdout]                                at /rustc/82e1608dfa6e0b5569232559e3d385fea5a93112/library/std/src/panicking.rs:516:19
[INFO] [stdout]   30:     0x56401bcab7c5 - std::panic::catch_unwind::h3ce3bd6ca8dbac68
[INFO] [stdout]                                at /rustc/82e1608dfa6e0b5569232559e3d385fea5a93112/library/std/src/panic.rs:142:14
[INFO] [stdout]   31:     0x56401bcab7c5 - test::run_test_in_process::hc97b257c9621286a
[INFO] [stdout]                                at /rustc/82e1608dfa6e0b5569232559e3d385fea5a93112/library/test/src/lib.rs:651:27
[INFO] [stdout]   32:     0x56401bcab7c5 - test::run_test::{{closure}}::h2aa798823a438d38
[INFO] [stdout]                                at /rustc/82e1608dfa6e0b5569232559e3d385fea5a93112/library/test/src/lib.rs:574:43
[INFO] [stdout]   33:     0x56401bc73a86 - test::run_test::{{closure}}::h87d231c78fb59832
[INFO] [stdout]                                at /rustc/82e1608dfa6e0b5569232559e3d385fea5a93112/library/test/src/lib.rs:602:41
[INFO] [stdout]   34:     0x56401bc73a86 - std::sys_common::backtrace::__rust_begin_short_backtrace::he6df152596625789
[INFO] [stdout]                                at /rustc/82e1608dfa6e0b5569232559e3d385fea5a93112/library/std/src/sys_common/backtrace.rs:154:18
[INFO] [stdout]   35:     0x56401bc78b37 - std::thread::Builder::spawn_unchecked_::{{closure}}::{{closure}}::ha94be15d1e0acf36
[INFO] [stdout]                                at /rustc/82e1608dfa6e0b5569232559e3d385fea5a93112/library/std/src/thread/mod.rs:529:17
[INFO] [stdout]   36:     0x56401bc78b37 - <core::panic::unwind_safe::AssertUnwindSafe<F> as core::ops::function::FnOnce<()>>::call_once::h9dc6bd6372f16606
[INFO] [stdout]                                at /rustc/82e1608dfa6e0b5569232559e3d385fea5a93112/library/core/src/panic/unwind_safe.rs:272:9
[INFO] [stdout]   37:     0x56401bc78b37 - std::panicking::try::do_call::h9057517f80303cd4
[INFO] [stdout]                                at /rustc/82e1608dfa6e0b5569232559e3d385fea5a93112/library/std/src/panicking.rs:552:40
[INFO] [stdout]   38:     0x56401bc78b37 - std::panicking::try::he3a30b11ee45340c
[INFO] [stdout]                                at /rustc/82e1608dfa6e0b5569232559e3d385fea5a93112/library/std/src/panicking.rs:516:19
[INFO] [stdout]   39:     0x56401bc78b37 - std::panic::catch_unwind::h410458cfd3528b8b
[INFO] [stdout]                                at /rustc/82e1608dfa6e0b5569232559e3d385fea5a93112/library/std/src/panic.rs:142:14
[INFO] [stdout]   40:     0x56401bc78b37 - std::thread::Builder::spawn_unchecked_::{{closure}}::h72ac3bdb567b737b
[INFO] [stdout]                                at /rustc/82e1608dfa6e0b5569232559e3d385fea5a93112/library/std/src/thread/mod.rs:528:30
[INFO] [stdout]   41:     0x56401bc78b37 - core::ops::function::FnOnce::call_once{{vtable.shim}}::h38f34da3654a8344
[INFO] [stdout]                                at /rustc/82e1608dfa6e0b5569232559e3d385fea5a93112/library/core/src/ops/function.rs:250:5
[INFO] [stdout]   42:     0x56401c10b095 - <alloc::boxed::Box<F,A> as core::ops::function::FnOnce<Args>>::call_once::hc7eafaff61e32df9
[INFO] [stdout]                                at /rustc/82e1608dfa6e0b5569232559e3d385fea5a93112/library/alloc/src/boxed.rs:2007:9
[INFO] [stdout]   43:     0x56401c10b095 - <alloc::boxed::Box<F,A> as core::ops::function::FnOnce<Args>>::call_once::h6ba4a5de48dd2304
[INFO] [stdout]                                at /rustc/82e1608dfa6e0b5569232559e3d385fea5a93112/library/alloc/src/boxed.rs:2007:9
[INFO] [stdout]   44:     0x56401c10b095 - std::sys::unix::thread::Thread::new::thread_start::he469335aef763e45
[INFO] [stdout]                                at /rustc/82e1608dfa6e0b5569232559e3d385fea5a93112/library/std/src/sys/unix/thread.rs:108:17
[INFO] [stdout]   45:     0x7f756a427ac3 - <unknown>
[INFO] [stdout]   46:     0x7f756a4b8bf4 - __clone
[INFO] [stdout]   47:                0x0 - <unknown>
[INFO] [stdout] 
[INFO] [stdout] ---- utils::export::tests::test_regex stdout ----
[INFO] [stdout] thread 'utils::export::tests::test_regex' panicked at src/utils/export.rs:914:130:
[INFO] [stdout] Failed to read file: Os { code: 2, kind: NotFound, message: "No such file or directory" }
[INFO] [stdout] stack backtrace:
[INFO] [stdout]    0:     0x56401c10375c - std::backtrace_rs::backtrace::libunwind::trace::ha637c64ce894333a
[INFO] [stdout]                                at /rustc/82e1608dfa6e0b5569232559e3d385fea5a93112/library/std/src/../../backtrace/src/backtrace/libunwind.rs:104:5
[INFO] [stdout]    1:     0x56401c10375c - std::backtrace_rs::backtrace::trace_unsynchronized::h47f62dea28e0c88d
[INFO] [stdout]                                at /rustc/82e1608dfa6e0b5569232559e3d385fea5a93112/library/std/src/../../backtrace/src/backtrace/mod.rs:66:5
[INFO] [stdout]    2:     0x56401c10375c - std::sys_common::backtrace::_print_fmt::h9eef0abe20ede486
[INFO] [stdout]                                at /rustc/82e1608dfa6e0b5569232559e3d385fea5a93112/library/std/src/sys_common/backtrace.rs:67:5
[INFO] [stdout]    3:     0x56401c10375c - <std::sys_common::backtrace::_print::DisplayBacktrace as core::fmt::Display>::fmt::hed7f999df88cc644
[INFO] [stdout]                                at /rustc/82e1608dfa6e0b5569232559e3d385fea5a93112/library/std/src/sys_common/backtrace.rs:44:22
[INFO] [stdout]    4:     0x56401c12e8d0 - core::fmt::rt::Argument::fmt::h1539a9308b8d058d
[INFO] [stdout]                                at /rustc/82e1608dfa6e0b5569232559e3d385fea5a93112/library/core/src/fmt/rt.rs:142:9
[INFO] [stdout]    5:     0x56401c12e8d0 - core::fmt::write::h3a39390d8560d9c9
[INFO] [stdout]                                at /rustc/82e1608dfa6e0b5569232559e3d385fea5a93112/library/core/src/fmt/mod.rs:1120:17
[INFO] [stdout]    6:     0x56401c100e4f - std::io::Write::write_fmt::h040b369f3a0f9cbc
[INFO] [stdout]                                at /rustc/82e1608dfa6e0b5569232559e3d385fea5a93112/library/std/src/io/mod.rs:1762:15
[INFO] [stdout]    7:     0x56401c103544 - std::sys_common::backtrace::_print::h894006fb5c6f3d45
[INFO] [stdout]                                at /rustc/82e1608dfa6e0b5569232559e3d385fea5a93112/library/std/src/sys_common/backtrace.rs:47:5
[INFO] [stdout]    8:     0x56401c103544 - std::sys_common::backtrace::print::h23a2d212c6fff936
[INFO] [stdout]                                at /rustc/82e1608dfa6e0b5569232559e3d385fea5a93112/library/std/src/sys_common/backtrace.rs:34:9
[INFO] [stdout]    9:     0x56401c105207 - std::panicking::default_hook::{{closure}}::h8a1d2ee00185001a
[INFO] [stdout]   10:     0x56401c104ef3 - std::panicking::default_hook::h6038f2eba384e475
[INFO] [stdout]                                at /rustc/82e1608dfa6e0b5569232559e3d385fea5a93112/library/std/src/panicking.rs:289:9
[INFO] [stdout]   11:     0x56401bca7157 - <alloc::boxed::Box<F,A> as core::ops::function::Fn<Args>>::call::h0ad024c9bdc6d768
[INFO] [stdout]                                at /rustc/82e1608dfa6e0b5569232559e3d385fea5a93112/library/alloc/src/boxed.rs:2021:9
[INFO] [stdout]   12:     0x56401bca7157 - test::test_main::{{closure}}::h7500b54257359db6
[INFO] [stdout]                                at /rustc/82e1608dfa6e0b5569232559e3d385fea5a93112/library/test/src/lib.rs:138:21
[INFO] [stdout]   13:     0x56401c105818 - <alloc::boxed::Box<F,A> as core::ops::function::Fn<Args>>::call::h1f8f335eaa9cfaee
[INFO] [stdout]                                at /rustc/82e1608dfa6e0b5569232559e3d385fea5a93112/library/alloc/src/boxed.rs:2021:9
[INFO] [stdout]   14:     0x56401c105818 - std::panicking::rust_panic_with_hook::h2b5517d590cab22e
[INFO] [stdout]                                at /rustc/82e1608dfa6e0b5569232559e3d385fea5a93112/library/std/src/panicking.rs:783:13
[INFO] [stdout]   15:     0x56401c10556e - std::panicking::begin_panic_handler::{{closure}}::h233112c06e0ef43e
[INFO] [stdout]                                at /rustc/82e1608dfa6e0b5569232559e3d385fea5a93112/library/std/src/panicking.rs:657:13
[INFO] [stdout]   16:     0x56401c103c26 - std::sys_common::backtrace::__rust_end_short_backtrace::h6e893f24d7ebbff8
[INFO] [stdout]                                at /rustc/82e1608dfa6e0b5569232559e3d385fea5a93112/library/std/src/sys_common/backtrace.rs:170:18
[INFO] [stdout]   17:     0x56401c1052d2 - rust_begin_unwind
[INFO] [stdout]                                at /rustc/82e1608dfa6e0b5569232559e3d385fea5a93112/library/std/src/panicking.rs:645:5
[INFO] [stdout]   18:     0x56401bc443d5 - core::panicking::panic_fmt::hbf0e066aabfa482c
[INFO] [stdout]                                at /rustc/82e1608dfa6e0b5569232559e3d385fea5a93112/library/core/src/panicking.rs:72:14
[INFO] [stdout]   19:     0x56401bc449a3 - core::result::unwrap_failed::hddb4fea594200c52
[INFO] [stdout]                                at /rustc/82e1608dfa6e0b5569232559e3d385fea5a93112/library/core/src/result.rs:1653:5
[INFO] [stdout]   20:     0x56401bc6ca4e - core::result::Result<T,E>::expect::h329afa5eb6bb26e4
[INFO] [stdout]                                at /rustc/82e1608dfa6e0b5569232559e3d385fea5a93112/library/core/src/result.rs:1034:23
[INFO] [stdout]   21:     0x56401bc646a8 - tosbuilder::utils::export::tests::test_regex::h5aa47d789790ddcf
[INFO] [stdout]                                at /opt/rustwide/workdir/src/utils/export.rs:914:27
[INFO] [stdout]   22:     0x56401bc64647 - tosbuilder::utils::export::tests::test_regex::{{closure}}::h9c651ed98dddab61
[INFO] [stdout]                                at /opt/rustwide/workdir/src/utils/export.rs:913:20
[INFO] [stdout]   23:     0x56401bc45506 - core::ops::function::FnOnce::call_once::h1180d953abb5bf3a
[INFO] [stdout]                                at /rustc/82e1608dfa6e0b5569232559e3d385fea5a93112/library/core/src/ops/function.rs:250:5
[INFO] [stdout]   24:     0x56401bcac7af - core::ops::function::FnOnce::call_once::h2b5d431d5046312d
[INFO] [stdout]                                at /rustc/82e1608dfa6e0b5569232559e3d385fea5a93112/library/core/src/ops/function.rs:250:5
[INFO] [stdout]   25:     0x56401bcac7af - test::__rust_begin_short_backtrace::h7714669af176e207
[INFO] [stdout]                                at /rustc/82e1608dfa6e0b5569232559e3d385fea5a93112/library/test/src/lib.rs:628:18
[INFO] [stdout]   26:     0x56401bcab7c5 - test::run_test_in_process::{{closure}}::h85218797dcbcec12
[INFO] [stdout]                                at /rustc/82e1608dfa6e0b5569232559e3d385fea5a93112/library/test/src/lib.rs:651:60
[INFO] [stdout]   27:     0x56401bcab7c5 - <core::panic::unwind_safe::AssertUnwindSafe<F> as core::ops::function::FnOnce<()>>::call_once::h76c106ea31c14d7b
[INFO] [stdout]                                at /rustc/82e1608dfa6e0b5569232559e3d385fea5a93112/library/core/src/panic/unwind_safe.rs:272:9
[INFO] [stdout]   28:     0x56401bcab7c5 - std::panicking::try::do_call::h3bd5d0f6620ee946
[INFO] [stdout]                                at /rustc/82e1608dfa6e0b5569232559e3d385fea5a93112/library/std/src/panicking.rs:552:40
[INFO] [stdout]   29:     0x56401bcab7c5 - std::panicking::try::h232e535e4744fe31
[INFO] [stdout]                                at /rustc/82e1608dfa6e0b5569232559e3d385fea5a93112/library/std/src/panicking.rs:516:19
[INFO] [stdout]   30:     0x56401bcab7c5 - std::panic::catch_unwind::h3ce3bd6ca8dbac68
[INFO] [stdout]                                at /rustc/82e1608dfa6e0b5569232559e3d385fea5a93112/library/std/src/panic.rs:142:14
[INFO] [stdout]   31:     0x56401bcab7c5 - test::run_test_in_process::hc97b257c9621286a
[INFO] [stdout]                                at /rustc/82e1608dfa6e0b5569232559e3d385fea5a93112/library/test/src/lib.rs:651:27
[INFO] [stdout]   32:     0x56401bcab7c5 - test::run_test::{{closure}}::h2aa798823a438d38
[INFO] [stdout]                                at /rustc/82e1608dfa6e0b5569232559e3d385fea5a93112/library/test/src/lib.rs:574:43
[INFO] [stdout]   33:     0x56401bc73a86 - test::run_test::{{closure}}::h87d231c78fb59832
[INFO] [stdout]                                at /rustc/82e1608dfa6e0b5569232559e3d385fea5a93112/library/test/src/lib.rs:602:41
[INFO] [stdout]   34:     0x56401bc73a86 - std::sys_common::backtrace::__rust_begin_short_backtrace::he6df152596625789
[INFO] [stdout]                                at /rustc/82e1608dfa6e0b5569232559e3d385fea5a93112/library/std/src/sys_common/backtrace.rs:154:18
[INFO] [stdout]   35:     0x56401bc78b37 - std::thread::Builder::spawn_unchecked_::{{closure}}::{{closure}}::ha94be15d1e0acf36
[INFO] [stdout]                                at /rustc/82e1608dfa6e0b5569232559e3d385fea5a93112/library/std/src/thread/mod.rs:529:17
[INFO] [stdout]   36:     0x56401bc78b37 - <core::panic::unwind_safe::AssertUnwindSafe<F> as core::ops::function::FnOnce<()>>::call_once::h9dc6bd6372f16606
[INFO] [stdout]                                at /rustc/82e1608dfa6e0b5569232559e3d385fea5a93112/library/core/src/panic/unwind_safe.rs:272:9
[INFO] [stdout]   37:     0x56401bc78b37 - std::panicking::try::do_call::h9057517f80303cd4
[INFO] [stdout]                                at /rustc/82e1608dfa6e0b5569232559e3d385fea5a93112/library/std/src/panicking.rs:552:40
[INFO] [stdout]   38:     0x56401bc78b37 - std::panicking::try::he3a30b11ee45340c
[INFO] [stdout]                                at /rustc/82e1608dfa6e0b5569232559e3d385fea5a93112/library/std/src/panicking.rs:516:19
[INFO] [stdout]   39:     0x56401bc78b37 - std::panic::catch_unwind::h410458cfd3528b8b
[INFO] [stdout]                                at /rustc/82e1608dfa6e0b5569232559e3d385fea5a93112/library/std/src/panic.rs:142:14
[INFO] [stdout]   40:     0x56401bc78b37 - std::thread::Builder::spawn_unchecked_::{{closure}}::h72ac3bdb567b737b
[INFO] [stdout]                                at /rustc/82e1608dfa6e0b5569232559e3d385fea5a93112/library/std/src/thread/mod.rs:528:30
[INFO] [stdout]   41:     0x56401bc78b37 - core::ops::function::FnOnce::call_once{{vtable.shim}}::h38f34da3654a8344
[INFO] [stdout]                                at /rustc/82e1608dfa6e0b5569232559e3d385fea5a93112/library/core/src/ops/function.rs:250:5
[INFO] [stdout]   42:     0x56401c10b095 - <alloc::boxed::Box<F,A> as core::ops::function::FnOnce<Args>>::call_once::hc7eafaff61e32df9
[INFO] [stdout]                                at /rustc/82e1608dfa6e0b5569232559e3d385fea5a93112/library/alloc/src/boxed.rs:2007:9
[INFO] [stdout]   43:     0x56401c10b095 - <alloc::boxed::Box<F,A> as core::ops::function::FnOnce<Args>>::call_once::h6ba4a5de48dd2304
[INFO] [stdout]                                at /rustc/82e1608dfa6e0b5569232559e3d385fea5a93112/library/alloc/src/boxed.rs:2007:9
[INFO] [stdout]   44:     0x56401c10b095 - std::sys::unix::thread::Thread::new::thread_start::he469335aef763e45
[INFO] [stdout]                                at /rustc/82e1608dfa6e0b5569232559e3d385fea5a93112/library/std/src/sys/unix/thread.rs:108:17
[INFO] [stdout]   45:     0x7f756a427ac3 - <unknown>
[INFO] [stdout]   46:     0x7f756a4b8bf4 - __clone
[INFO] [stdout]   47:                0x0 - <unknown>
[INFO] [stdout] 
[INFO] [stdout] 
[INFO] [stdout] failures:
[INFO] [stdout]     templates::tos_config::tests::print_tos_header
[INFO] [stdout]     utils::export::tests::test_get_include_path
[INFO] [stdout]     utils::export::tests::test_print_xml
[INFO] [stdout]     utils::export::tests::test_regex
[INFO] [stdout]     utils::xml_helper::tests::test_get_include_path
[INFO] [stdout]     utils::xml_helper::tests::test_temp_write_include_path
[INFO] [stdout]     utils::xml_helper::tests::test_write_include_path
[INFO] [stdout] 
[INFO] [stdout] test result: FAILED. 1 passed; 7 failed; 0 ignored; 0 measured; 0 filtered out; finished in 0.05s
[INFO] [stdout] 
[INFO] [stderr] error: test failed, to rerun pass `--lib`
[INFO] running `Command { std: "docker" "inspect" "957ccce5f78d16846db0d6eefccf6fd56f5058ed1ccec3120d8e4439683c80c5", kill_on_drop: false }`
[INFO] running `Command { std: "docker" "rm" "-f" "957ccce5f78d16846db0d6eefccf6fd56f5058ed1ccec3120d8e4439683c80c5", kill_on_drop: false }`
[INFO] [stdout] 957ccce5f78d16846db0d6eefccf6fd56f5058ed1ccec3120d8e4439683c80c5
