[INFO] cloning repository https://github.com/HoaPham98/voz-rust
[INFO] running `Command { std: "git" "-c" "credential.helper=" "-c" "credential.helper=/workspace/cargo-home/bin/git-credential-null" "clone" "--bare" "https://github.com/HoaPham98/voz-rust" "/workspace/cache/git-repos/https%3A%2F%2Fgithub.com%2FHoaPham98%2Fvoz-rust", kill_on_drop: false }`
[INFO] [stderr] Cloning into bare repository '/workspace/cache/git-repos/https%3A%2F%2Fgithub.com%2FHoaPham98%2Fvoz-rust'...
[INFO] running `Command { std: "git" "rev-parse" "HEAD", kill_on_drop: false }`
[INFO] [stdout] d1c7dbeae0b209b2e67d594ac989e935657e44c3
[INFO] testing HoaPham98/voz-rust against 1.75.0 for beta-1.76-1
[INFO] running `Command { std: "git" "clone" "/workspace/cache/git-repos/https%3A%2F%2Fgithub.com%2FHoaPham98%2Fvoz-rust" "/workspace/builds/worker-0-tc1/source", kill_on_drop: false }`
[INFO] [stderr] Cloning into '/workspace/builds/worker-0-tc1/source'...
[INFO] [stderr] done.
[INFO] validating manifest of git repo https://github.com/HoaPham98/voz-rust on toolchain 1.75.0
[INFO] running `Command { std: CARGO_HOME="/workspace/cargo-home" RUSTUP_HOME="/workspace/rustup-home" "/workspace/cargo-home/bin/cargo" "+1.75.0" "metadata" "--manifest-path" "Cargo.toml" "--no-deps", kill_on_drop: false }`
[INFO] started tweaking git repo https://github.com/HoaPham98/voz-rust
[INFO] finished tweaking git repo https://github.com/HoaPham98/voz-rust
[INFO] tweaked toml for git repo https://github.com/HoaPham98/voz-rust written to /workspace/builds/worker-0-tc1/source/Cargo.toml
[INFO] crate git repo https://github.com/HoaPham98/voz-rust already has a lockfile, it will not be regenerated
[INFO] running `Command { std: CARGO_HOME="/workspace/cargo-home" RUSTUP_HOME="/workspace/rustup-home" "/workspace/cargo-home/bin/cargo" "+1.75.0" "fetch" "--manifest-path" "Cargo.toml", kill_on_drop: false }`
[INFO] [stderr]     Updating crates.io index
[INFO] [stderr]     Updating git repository `https://github.com/Billy-Sheppard/select.rs.git`
[INFO] [stderr]  Downloading crates ...
[INFO] [stderr]   Downloaded reqwest_cookie_store v0.6.0
[INFO] [stderr]   Downloaded cookie_store v0.20.0
[INFO] [stderr]   Downloaded markup5ever_rcdom v0.2.0
[INFO] running `Command { std: "docker" "create" "-v" "/var/lib/crater-agent-workspace/builds/worker-0-tc1/target:/opt/rustwide/target:rw,Z" "-v" "/var/lib/crater-agent-workspace/builds/worker-0-tc1/source:/opt/rustwide/workdir:ro,Z" "-v" "/var/lib/crater-agent-workspace/cargo-home:/opt/rustwide/cargo-home:ro,Z" "-v" "/var/lib/crater-agent-workspace/rustup-home:/opt/rustwide/rustup-home:ro,Z" "-e" "SOURCE_DIR=/opt/rustwide/workdir" "-e" "CARGO_TARGET_DIR=/opt/rustwide/target" "-e" "CARGO_HOME=/opt/rustwide/cargo-home" "-e" "RUSTUP_HOME=/opt/rustwide/rustup-home" "-w" "/opt/rustwide/workdir" "-m" "1610612736" "--user" "0:0" "--network" "none" "ghcr.io/rust-lang/crates-build-env/linux@sha256:2788e3201cd34a07e3172128adcd8b3090168a8e3bcc40d7c032b9dda1df7d1c" "/opt/rustwide/cargo-home/bin/cargo" "+1.75.0" "metadata" "--no-deps" "--format-version=1", kill_on_drop: false }`
[INFO] [stdout] 77fcba7cb2d6d2bc582e1d85d5db5b6e2768a69890d3c6a717ed155ab16269ba
[INFO] running `Command { std: "docker" "start" "-a" "77fcba7cb2d6d2bc582e1d85d5db5b6e2768a69890d3c6a717ed155ab16269ba", kill_on_drop: false }`
[INFO] running `Command { std: "docker" "inspect" "77fcba7cb2d6d2bc582e1d85d5db5b6e2768a69890d3c6a717ed155ab16269ba", kill_on_drop: false }`
[INFO] running `Command { std: "docker" "rm" "-f" "77fcba7cb2d6d2bc582e1d85d5db5b6e2768a69890d3c6a717ed155ab16269ba", kill_on_drop: false }`
[INFO] [stdout] 77fcba7cb2d6d2bc582e1d85d5db5b6e2768a69890d3c6a717ed155ab16269ba
[INFO] running `Command { std: "docker" "create" "-v" "/var/lib/crater-agent-workspace/builds/worker-0-tc1/target:/opt/rustwide/target:rw,Z" "-v" "/var/lib/crater-agent-workspace/builds/worker-0-tc1/source:/opt/rustwide/workdir:ro,Z" "-v" "/var/lib/crater-agent-workspace/cargo-home:/opt/rustwide/cargo-home:ro,Z" "-v" "/var/lib/crater-agent-workspace/rustup-home:/opt/rustwide/rustup-home:ro,Z" "-e" "SOURCE_DIR=/opt/rustwide/workdir" "-e" "CARGO_TARGET_DIR=/opt/rustwide/target" "-e" "CARGO_INCREMENTAL=0" "-e" "RUST_BACKTRACE=full" "-e" "RUSTFLAGS=--cap-lints=warn" "-e" "RUSTDOCFLAGS=--cap-lints=warn" "-e" "CARGO_HOME=/opt/rustwide/cargo-home" "-e" "RUSTUP_HOME=/opt/rustwide/rustup-home" "-w" "/opt/rustwide/workdir" "-m" "1610612736" "--user" "0:0" "--network" "none" "ghcr.io/rust-lang/crates-build-env/linux@sha256:2788e3201cd34a07e3172128adcd8b3090168a8e3bcc40d7c032b9dda1df7d1c" "/opt/rustwide/cargo-home/bin/cargo" "+1.75.0" "build" "--frozen" "--message-format=json", kill_on_drop: false }`
[INFO] [stdout] c64f0a568d00222bb782a9041c79d4263bd264cbd0813aa1e1ed365cbe3f2d6c
[INFO] running `Command { std: "docker" "start" "-a" "c64f0a568d00222bb782a9041c79d4263bd264cbd0813aa1e1ed365cbe3f2d6c", kill_on_drop: false }`
[INFO] [stderr]    Compiling proc-macro2 v1.0.70
[INFO] [stderr]    Compiling unicode-ident v1.0.12
[INFO] [stderr]    Compiling libc v0.2.151
[INFO] [stderr]    Compiling parking_lot_core v0.9.9
[INFO] [stderr]    Compiling once_cell v1.19.0
[INFO] [stderr]    Compiling lock_api v0.4.11
[INFO] [stderr]    Compiling scopeguard v1.2.0
[INFO] [stderr]    Compiling smallvec v1.11.2
[INFO] [stderr]    Compiling serde v1.0.193
[INFO] [stderr]    Compiling itoa v1.0.10
[INFO] [stderr]    Compiling siphasher v0.3.11
[INFO] [stderr]    Compiling log v0.4.20
[INFO] [stderr]    Compiling ppv-lite86 v0.2.17
[INFO] [stderr]    Compiling pkg-config v0.3.28
[INFO] [stderr]    Compiling phf_shared v0.10.0
[INFO] [stderr]    Compiling vcpkg v0.2.15
[INFO] [stderr]    Compiling pin-project-lite v0.2.13
[INFO] [stderr]    Compiling futures-core v0.3.29
[INFO] [stderr]    Compiling bytes v1.5.0
[INFO] [stderr]    Compiling percent-encoding v2.3.1
[INFO] [stderr]    Compiling unicode-bidi v0.3.14
[INFO] [stderr]    Compiling quote v1.0.33
[INFO] [stderr]    Compiling getrandom v0.2.11
[INFO] [stderr]    Compiling rand_core v0.6.4
[INFO] [stderr]    Compiling syn v2.0.42
[INFO] [stderr]    Compiling cc v1.0.83
[INFO] [stderr]    Compiling futures-task v0.3.29
[INFO] [stderr]    Compiling rand_chacha v0.3.1
[INFO] [stderr]    Compiling socket2 v0.5.5
[INFO] [stderr]    Compiling mio v0.8.10
[INFO] [stderr]    Compiling parking_lot v0.12.1
[INFO] [stderr]    Compiling rand v0.8.5
[INFO] [stderr]    Compiling num_cpus v1.16.0
[INFO] [stderr]    Compiling signal-hook-registry v1.4.1
[INFO] [stderr]    Compiling new_debug_unreachable v1.0.4
[INFO] [stderr]    Compiling time-core v0.1.2
[INFO] [stderr]    Compiling powerfmt v0.2.0
[INFO] [stderr]    Compiling time-macros v0.2.16
[INFO] [stderr]    Compiling tracing-core v0.1.32
[INFO] [stderr]    Compiling slab v0.4.9
[INFO] [stderr]    Compiling deranged v0.3.10
[INFO] [stderr]    Compiling futures-util v0.3.29
[INFO] [stderr]    Compiling phf_generator v0.10.0
[INFO] [stderr]    Compiling foreign-types-shared v0.1.1
[INFO] [stderr]    Compiling phf_codegen v0.10.0
[INFO] [stderr]    Compiling openssl-sys v0.9.97
[INFO] [stderr]    Compiling string_cache_codegen v0.5.2
[INFO] [stderr]    Compiling mac v0.1.1
[INFO] [stderr]    Compiling syn v1.0.109
[INFO] [stderr]    Compiling openssl v0.10.61
[INFO] [stderr]    Compiling tracing v0.1.40
[INFO] [stderr]    Compiling futf v0.1.5
[INFO] [stderr]    Compiling foreign-types v0.3.2
[INFO] [stderr]    Compiling http v0.2.11
[INFO] [stderr]    Compiling markup5ever v0.11.0
[INFO] [stderr]    Compiling form_urlencoded v1.2.1
[INFO] [stderr]    Compiling native-tls v0.2.11
[INFO] [stderr]    Compiling bitflags v2.4.1
[INFO] [stderr]    Compiling equivalent v1.0.1
[INFO] [stderr]    Compiling futures-sink v0.3.29
[INFO] [stderr]    Compiling utf-8 v0.7.6
[INFO] [stderr]    Compiling futures-channel v0.3.29
[INFO] [stderr]    Compiling precomputed-hash v0.1.1
[INFO] [stderr]    Compiling ryu v1.0.16
[INFO] [stderr]    Compiling hashbrown v0.14.3
[INFO] [stderr]    Compiling serde_json v1.0.108
[INFO] [stderr]    Compiling tendril v0.4.3
[INFO] [stderr]    Compiling indexmap v2.1.0
[INFO] [stderr]    Compiling time v0.3.31
[INFO] [stderr]    Compiling idna v0.3.0
[INFO] [stderr]    Compiling idna v0.5.0
[INFO] [stderr]    Compiling cookie v0.16.2
[INFO] [stderr]    Compiling phf v0.10.1
[INFO] [stderr]    Compiling try-lock v0.2.5
[INFO] [stderr]    Compiling openssl-probe v0.1.5
[INFO] [stderr]    Compiling psl-types v2.0.11
[INFO] [stderr]    Compiling publicsuffix v2.2.3
[INFO] [stderr]    Compiling want v0.3.1
[INFO] [stderr]    Compiling url v2.5.0
[INFO] [stderr]    Compiling http-body v0.4.6
[INFO] [stderr]    Compiling cookie v0.17.0
[INFO] [stderr]    Compiling httpdate v1.0.3
[INFO] [stderr]    Compiling matches v0.1.10
[INFO] [stderr]    Compiling tower-service v0.3.2
[INFO] [stderr]    Compiling idna v0.2.3
[INFO] [stderr]    Compiling encoding_rs v0.8.33
[INFO] [stderr]    Compiling ipnet v2.9.0
[INFO] [stderr]    Compiling base64 v0.21.5
[INFO] [stderr]    Compiling bit-vec v0.6.3
[INFO] [stderr]    Compiling bit-set v0.5.3
[INFO] [stderr]    Compiling serde_derive v1.0.193
[INFO] [stderr]    Compiling tokio-macros v2.2.0
[INFO] [stderr]    Compiling openssl-macros v0.1.1
[INFO] [stderr]    Compiling minimal-lexical v0.2.1
[INFO] [stderr]    Compiling memchr v2.6.4
[INFO] [stderr]    Compiling tokio v1.35.1
[INFO] [stderr]    Compiling nom v7.1.3
[INFO] [stderr]    Compiling html5ever v0.26.0
[INFO] [stderr]    Compiling tokio-util v0.7.10
[INFO] [stderr]    Compiling tokio-native-tls v0.3.1
[INFO] [stderr]    Compiling h2 v0.3.22
[INFO] [stderr]    Compiling string_cache v0.8.7
[INFO] [stderr]    Compiling serde_urlencoded v0.7.1
[INFO] [stderr]    Compiling hyper v0.14.28
[INFO] [stderr]    Compiling xml5ever v0.17.0
[INFO] [stderr]    Compiling cookie_store v0.16.2
[INFO] [stderr]    Compiling cookie_store v0.20.0
[INFO] [stderr]    Compiling markup5ever_rcdom v0.2.0
[INFO] [stderr]    Compiling select v0.6.0 (https://github.com/Billy-Sheppard/select.rs.git?branch=add-send#c5541439)
[INFO] [stderr]    Compiling hyper-tls v0.5.0
[INFO] [stderr]    Compiling reqwest v0.11.23
[INFO] [stderr]    Compiling reqwest_cookie_store v0.6.0
[INFO] [stderr]    Compiling vozclient v0.1.0 (/opt/rustwide/workdir)
[INFO] [stderr]     Finished dev [unoptimized + debuginfo] target(s) in 42.59s
[INFO] running `Command { std: "docker" "inspect" "c64f0a568d00222bb782a9041c79d4263bd264cbd0813aa1e1ed365cbe3f2d6c", kill_on_drop: false }`
[INFO] running `Command { std: "docker" "rm" "-f" "c64f0a568d00222bb782a9041c79d4263bd264cbd0813aa1e1ed365cbe3f2d6c", kill_on_drop: false }`
[INFO] [stdout] c64f0a568d00222bb782a9041c79d4263bd264cbd0813aa1e1ed365cbe3f2d6c
[INFO] running `Command { std: "docker" "create" "-v" "/var/lib/crater-agent-workspace/builds/worker-0-tc1/target:/opt/rustwide/target:rw,Z" "-v" "/var/lib/crater-agent-workspace/builds/worker-0-tc1/source:/opt/rustwide/workdir:ro,Z" "-v" "/var/lib/crater-agent-workspace/cargo-home:/opt/rustwide/cargo-home:ro,Z" "-v" "/var/lib/crater-agent-workspace/rustup-home:/opt/rustwide/rustup-home:ro,Z" "-e" "SOURCE_DIR=/opt/rustwide/workdir" "-e" "CARGO_TARGET_DIR=/opt/rustwide/target" "-e" "CARGO_INCREMENTAL=0" "-e" "RUST_BACKTRACE=full" "-e" "RUSTFLAGS=--cap-lints=warn" "-e" "RUSTDOCFLAGS=--cap-lints=warn" "-e" "CARGO_HOME=/opt/rustwide/cargo-home" "-e" "RUSTUP_HOME=/opt/rustwide/rustup-home" "-w" "/opt/rustwide/workdir" "-m" "1610612736" "--user" "0:0" "--network" "none" "ghcr.io/rust-lang/crates-build-env/linux@sha256:2788e3201cd34a07e3172128adcd8b3090168a8e3bcc40d7c032b9dda1df7d1c" "/opt/rustwide/cargo-home/bin/cargo" "+1.75.0" "test" "--frozen" "--no-run" "--message-format=json", kill_on_drop: false }`
[INFO] [stdout] c4b4388486fe7ce3f4f21ad008b17de59ee613e73fe9760a49250b90a4ef6c71
[INFO] running `Command { std: "docker" "start" "-a" "c4b4388486fe7ce3f4f21ad008b17de59ee613e73fe9760a49250b90a4ef6c71", kill_on_drop: false }`
[INFO] [stderr]    Compiling vozclient v0.1.0 (/opt/rustwide/workdir)
[INFO] [stdout] warning: unused variable: `user`
[INFO] [stdout]   --> examples/main.rs:16:51
[INFO] [stdout]    |
[INFO] [stdout] 16 |         vozclient::models::LoginResult::Success { user, session, info } => {
[INFO] [stdout]    |                                                   ^^^^ help: try ignoring the field: `user: _`
[INFO] [stdout]    |
[INFO] [stdout]    = note: `#[warn(unused_variables)]` on by default
[INFO] [stdout] 
[INFO] [stdout] 
[INFO] [stdout] warning: unused variable: `session`
[INFO] [stdout]   --> examples/main.rs:16:57
[INFO] [stdout]    |
[INFO] [stdout] 16 |         vozclient::models::LoginResult::Success { user, session, info } => {
[INFO] [stdout]    |                                                         ^^^^^^^ help: try ignoring the field: `session: _`
[INFO] [stdout] 
[INFO] [stdout] 
[INFO] [stdout] warning: unused variable: `user`
[INFO] [stdout]   --> examples/main.rs:28:59
[INFO] [stdout]    |
[INFO] [stdout] 28 | ...   vozclient::models::LoginResult::Success { user, session, info } => println!("Login successfully with user info: {:?}", info),
[INFO] [stdout]    |                                                 ^^^^ help: try ignoring the field: `user: _`
[INFO] [stdout] 
[INFO] [stdout] 
[INFO] [stdout] warning: unused variable: `session`
[INFO] [stdout]   --> examples/main.rs:28:65
[INFO] [stdout]    |
[INFO] [stdout] 28 | ...   vozclient::models::LoginResult::Success { user, session, info } => println!("Login successfully with user info: {:?}", info),
[INFO] [stdout]    |                                                       ^^^^^^^ help: try ignoring the field: `session: _`
[INFO] [stdout] 
[INFO] [stdout] 
[INFO] [stdout] warning: unused variable: `token`
[INFO] [stdout]   --> examples/main.rs:29:55
[INFO] [stdout]    |
[INFO] [stdout] 29 |                 vozclient::models::LoginResult::MFA { token, url} => println!("This should not happend :|")
[INFO] [stdout]    |                                                       ^^^^^ help: try ignoring the field: `token: _`
[INFO] [stdout] 
[INFO] [stdout] 
[INFO] [stdout] warning: unused variable: `url`
[INFO] [stdout]   --> examples/main.rs:29:62
[INFO] [stdout]    |
[INFO] [stdout] 29 |                 vozclient::models::LoginResult::MFA { token, url} => println!("This should not happend :|")
[INFO] [stdout]    |                                                              ^^^ help: try ignoring the field: `url: _`
[INFO] [stdout] 
[INFO] [stdout] 
[INFO] [stdout] warning: 6 warnings emitted
[INFO] [stdout] 
[INFO] [stdout] 
[INFO] [stderr]     Finished test [unoptimized + debuginfo] target(s) in 3.39s
[INFO] running `Command { std: "docker" "inspect" "c4b4388486fe7ce3f4f21ad008b17de59ee613e73fe9760a49250b90a4ef6c71", kill_on_drop: false }`
[INFO] running `Command { std: "docker" "rm" "-f" "c4b4388486fe7ce3f4f21ad008b17de59ee613e73fe9760a49250b90a4ef6c71", kill_on_drop: false }`
[INFO] [stdout] c4b4388486fe7ce3f4f21ad008b17de59ee613e73fe9760a49250b90a4ef6c71
[INFO] running `Command { std: "docker" "create" "-v" "/var/lib/crater-agent-workspace/builds/worker-0-tc1/target:/opt/rustwide/target:rw,Z" "-v" "/var/lib/crater-agent-workspace/builds/worker-0-tc1/source:/opt/rustwide/workdir:ro,Z" "-v" "/var/lib/crater-agent-workspace/cargo-home:/opt/rustwide/cargo-home:ro,Z" "-v" "/var/lib/crater-agent-workspace/rustup-home:/opt/rustwide/rustup-home:ro,Z" "-e" "SOURCE_DIR=/opt/rustwide/workdir" "-e" "CARGO_TARGET_DIR=/opt/rustwide/target" "-e" "CARGO_INCREMENTAL=0" "-e" "RUST_BACKTRACE=full" "-e" "RUSTFLAGS=--cap-lints=warn" "-e" "RUSTDOCFLAGS=--cap-lints=warn" "-e" "CARGO_HOME=/opt/rustwide/cargo-home" "-e" "RUSTUP_HOME=/opt/rustwide/rustup-home" "-w" "/opt/rustwide/workdir" "-m" "1610612736" "--user" "0:0" "--network" "none" "ghcr.io/rust-lang/crates-build-env/linux@sha256:2788e3201cd34a07e3172128adcd8b3090168a8e3bcc40d7c032b9dda1df7d1c" "/opt/rustwide/cargo-home/bin/cargo" "+1.75.0" "test" "--frozen", kill_on_drop: false }`
[INFO] [stdout] 22c3c5b07ad069258804501cb9100c27259687604a6d70714a935c7096fd4164
[INFO] running `Command { std: "docker" "start" "-a" "22c3c5b07ad069258804501cb9100c27259687604a6d70714a935c7096fd4164", kill_on_drop: false }`
[INFO] [stderr] warning: unused variable: `user`
[INFO] [stderr]   --> examples/main.rs:16:51
[INFO] [stderr]    |
[INFO] [stderr] 16 |         vozclient::models::LoginResult::Success { user, session, info } => {
[INFO] [stderr]    |                                                   ^^^^ help: try ignoring the field: `user: _`
[INFO] [stderr]    |
[INFO] [stderr]    = note: `#[warn(unused_variables)]` on by default
[INFO] [stderr] 
[INFO] [stderr] warning: unused variable: `session`
[INFO] [stderr]   --> examples/main.rs:16:57
[INFO] [stderr]    |
[INFO] [stderr] 16 |         vozclient::models::LoginResult::Success { user, session, info } => {
[INFO] [stderr]    |                                                         ^^^^^^^ help: try ignoring the field: `session: _`
[INFO] [stderr] 
[INFO] [stderr] warning: unused variable: `user`
[INFO] [stderr]   --> examples/main.rs:28:59
[INFO] [stderr]    |
[INFO] [stderr] 28 | ...   vozclient::models::LoginResult::Success { user, session, info } => println!("Login successfully with user info: {:?}", info),
[INFO] [stderr]    |                                                 ^^^^ help: try ignoring the field: `user: _`
[INFO] [stderr] 
[INFO] [stderr] warning: unused variable: `session`
[INFO] [stderr]   --> examples/main.rs:28:65
[INFO] [stderr]    |
[INFO] [stderr] 28 | ...   vozclient::models::LoginResult::Success { user, session, info } => println!("Login successfully with user info: {:?}", info),
[INFO] [stderr]    |                                                       ^^^^^^^ help: try ignoring the field: `session: _`
[INFO] [stderr] 
[INFO] [stderr] warning: unused variable: `token`
[INFO] [stderr]   --> examples/main.rs:29:55
[INFO] [stderr]    |
[INFO] [stderr] 29 |                 vozclient::models::LoginResult::MFA { token, url} => println!("This should not happend :|")
[INFO] [stderr]    |                                                       ^^^^^ help: try ignoring the field: `token: _`
[INFO] [stderr] 
[INFO] [stderr] warning: unused variable: `url`
[INFO] [stderr]   --> examples/main.rs:29:62
[INFO] [stderr]    |
[INFO] [stderr] 29 |                 vozclient::models::LoginResult::MFA { token, url} => println!("This should not happend :|")
[INFO] [stderr]    |                                                              ^^^ help: try ignoring the field: `url: _`
[INFO] [stderr] 
[INFO] [stderr] warning: `vozclient` (example "main") generated 6 warnings (run `cargo fix --example "main"` to apply 6 suggestions)
[INFO] [stderr]     Finished test [unoptimized + debuginfo] target(s) in 0.07s
[INFO] [stderr]      Running unittests src/lib.rs (/opt/rustwide/target/debug/deps/vozclient-020e99b9c631f808)
[INFO] [stdout] 
[INFO] [stdout] running 15 tests
[INFO] [stdout] test core::parse_utils::tests::test_forum_item ... ok
[INFO] [stdout] test core::parse_utils::tests::test_thread ... ok
[INFO] [stdout] test core::parse_utils::tests::test_login_form ... ok
[INFO] [stdout] test core::parse_utils::tests::test_post ... ok
[INFO] [stdout] test core::parse_utils::tests::test_user ... ok
[INFO] [stdout] test core::parse_utils::tests::test_categories ... ok
[INFO] [stdout] test core::parse_utils::tests::test_forum ... ok
[INFO] [stdout] test core::parse_utils::tests::test_thread_detail ... ok
[INFO] [stdout] test core::parse_utils::tests::test_new_thread_detail ... ok
[INFO] [stdout] test tests::test_forum ... ok
[INFO] [stdout] test tests::test_current_user ... ok
[INFO] [stdout] test tests::test_login ... ok
[INFO] [stdout] test tests::test_categories ... ok
[INFO] [stdout] test tests::test_new_thread ... FAILED
[INFO] [stdout] test tests::test_thread ... FAILED
[INFO] [stdout] 
[INFO] [stdout] failures:
[INFO] [stdout] 
[INFO] [stdout] ---- tests::test_new_thread stdout ----
[INFO] [stdout] Error: "Error"
[INFO] [stdout] 
[INFO] [stdout] ---- tests::test_thread stdout ----
[INFO] [stdout] Error: reqwest::Error { kind: Request, url: Url { scheme: "https", cannot_be_a_base: false, username: "", password: None, host: Some(Domain("voz.vn")), port: None, path: "/t/898118/unread", query: None, fragment: None }, source: hyper::Error(Connect, ConnectError("dns error", Custom { kind: Uncategorized, error: "failed to lookup address information: Temporary failure in name resolution" })) }
[INFO] [stdout] 
[INFO] [stdout] 
[INFO] [stdout] failures:
[INFO] [stdout]     tests::test_new_thread
[INFO] [stdout]     tests::test_thread
[INFO] [stdout] 
[INFO] [stdout] test result: FAILED. 13 passed; 2 failed; 0 ignored; 0 measured; 0 filtered out; finished in 0.73s
[INFO] [stdout] 
[INFO] [stderr] error: test failed, to rerun pass `--lib`
[INFO] running `Command { std: "docker" "inspect" "22c3c5b07ad069258804501cb9100c27259687604a6d70714a935c7096fd4164", kill_on_drop: false }`
[INFO] running `Command { std: "docker" "rm" "-f" "22c3c5b07ad069258804501cb9100c27259687604a6d70714a935c7096fd4164", kill_on_drop: false }`
[INFO] [stdout] 22c3c5b07ad069258804501cb9100c27259687604a6d70714a935c7096fd4164
