[INFO] cloning repository https://github.com/Hfalcon13/rubics
[INFO] running `Command { std: "git" "-c" "credential.helper=" "-c" "credential.helper=/workspace/cargo-home/bin/git-credential-null" "clone" "--bare" "https://github.com/Hfalcon13/rubics" "/workspace/cache/git-repos/https%3A%2F%2Fgithub.com%2FHfalcon13%2Frubics", kill_on_drop: false }`
[INFO] [stderr] Cloning into bare repository '/workspace/cache/git-repos/https%3A%2F%2Fgithub.com%2FHfalcon13%2Frubics'...
[INFO] running `Command { std: "git" "rev-parse" "HEAD", kill_on_drop: false }`
[INFO] [stdout] 258bd0911cab7ff417da48d3cc92714f49d84cf6
[INFO] testing Hfalcon13/rubics against 1.75.0 for beta-1.76-1
[INFO] running `Command { std: "git" "clone" "/workspace/cache/git-repos/https%3A%2F%2Fgithub.com%2FHfalcon13%2Frubics" "/workspace/builds/worker-3-tc1/source", kill_on_drop: false }`
[INFO] [stderr] Cloning into '/workspace/builds/worker-3-tc1/source'...
[INFO] [stderr] done.
[INFO] validating manifest of git repo https://github.com/Hfalcon13/rubics on toolchain 1.75.0
[INFO] running `Command { std: CARGO_HOME="/workspace/cargo-home" RUSTUP_HOME="/workspace/rustup-home" "/workspace/cargo-home/bin/cargo" "+1.75.0" "metadata" "--manifest-path" "Cargo.toml" "--no-deps", kill_on_drop: false }`
[INFO] started tweaking git repo https://github.com/Hfalcon13/rubics
[INFO] finished tweaking git repo https://github.com/Hfalcon13/rubics
[INFO] tweaked toml for git repo https://github.com/Hfalcon13/rubics written to /workspace/builds/worker-3-tc1/source/Cargo.toml
[INFO] crate git repo https://github.com/Hfalcon13/rubics already has a lockfile, it will not be regenerated
[INFO] running `Command { std: CARGO_HOME="/workspace/cargo-home" RUSTUP_HOME="/workspace/rustup-home" "/workspace/cargo-home/bin/cargo" "+1.75.0" "fetch" "--manifest-path" "Cargo.toml", kill_on_drop: false }`
[INFO] running `Command { std: "docker" "create" "-v" "/var/lib/crater-agent-workspace/builds/worker-3-tc1/target:/opt/rustwide/target:rw,Z" "-v" "/var/lib/crater-agent-workspace/builds/worker-3-tc1/source:/opt/rustwide/workdir:ro,Z" "-v" "/var/lib/crater-agent-workspace/cargo-home:/opt/rustwide/cargo-home:ro,Z" "-v" "/var/lib/crater-agent-workspace/rustup-home:/opt/rustwide/rustup-home:ro,Z" "-e" "SOURCE_DIR=/opt/rustwide/workdir" "-e" "CARGO_TARGET_DIR=/opt/rustwide/target" "-e" "CARGO_HOME=/opt/rustwide/cargo-home" "-e" "RUSTUP_HOME=/opt/rustwide/rustup-home" "-w" "/opt/rustwide/workdir" "-m" "1610612736" "--user" "0:0" "--network" "none" "ghcr.io/rust-lang/crates-build-env/linux@sha256:2788e3201cd34a07e3172128adcd8b3090168a8e3bcc40d7c032b9dda1df7d1c" "/opt/rustwide/cargo-home/bin/cargo" "+1.75.0" "metadata" "--no-deps" "--format-version=1", kill_on_drop: false }`
[INFO] [stdout] fa6601120f2d576c759f3d2f8c3e32b055f5e06ee387938e95e94c8656fc2c4a
[INFO] running `Command { std: "docker" "start" "-a" "fa6601120f2d576c759f3d2f8c3e32b055f5e06ee387938e95e94c8656fc2c4a", kill_on_drop: false }`
[INFO] running `Command { std: "docker" "inspect" "fa6601120f2d576c759f3d2f8c3e32b055f5e06ee387938e95e94c8656fc2c4a", kill_on_drop: false }`
[INFO] running `Command { std: "docker" "rm" "-f" "fa6601120f2d576c759f3d2f8c3e32b055f5e06ee387938e95e94c8656fc2c4a", kill_on_drop: false }`
[INFO] [stdout] fa6601120f2d576c759f3d2f8c3e32b055f5e06ee387938e95e94c8656fc2c4a
[INFO] running `Command { std: "docker" "create" "-v" "/var/lib/crater-agent-workspace/builds/worker-3-tc1/target:/opt/rustwide/target:rw,Z" "-v" "/var/lib/crater-agent-workspace/builds/worker-3-tc1/source:/opt/rustwide/workdir:ro,Z" "-v" "/var/lib/crater-agent-workspace/cargo-home:/opt/rustwide/cargo-home:ro,Z" "-v" "/var/lib/crater-agent-workspace/rustup-home:/opt/rustwide/rustup-home:ro,Z" "-e" "SOURCE_DIR=/opt/rustwide/workdir" "-e" "CARGO_TARGET_DIR=/opt/rustwide/target" "-e" "CARGO_INCREMENTAL=0" "-e" "RUST_BACKTRACE=full" "-e" "RUSTFLAGS=--cap-lints=warn" "-e" "RUSTDOCFLAGS=--cap-lints=warn" "-e" "CARGO_HOME=/opt/rustwide/cargo-home" "-e" "RUSTUP_HOME=/opt/rustwide/rustup-home" "-w" "/opt/rustwide/workdir" "-m" "1610612736" "--user" "0:0" "--network" "none" "ghcr.io/rust-lang/crates-build-env/linux@sha256:2788e3201cd34a07e3172128adcd8b3090168a8e3bcc40d7c032b9dda1df7d1c" "/opt/rustwide/cargo-home/bin/cargo" "+1.75.0" "build" "--frozen" "--message-format=json", kill_on_drop: false }`
[INFO] [stdout] 3d45cae8cc16d825b027da520c3fa8a6f15066d93f4f36742e08230dba68e763
[INFO] running `Command { std: "docker" "start" "-a" "3d45cae8cc16d825b027da520c3fa8a6f15066d93f4f36742e08230dba68e763", kill_on_drop: false }`
[INFO] [stderr]    Compiling num-traits v0.2.15
[INFO] [stderr]    Compiling num-integer v0.1.45
[INFO] [stderr]    Compiling proc-macro2 v1.0.56
[INFO] [stderr]    Compiling quote v1.0.26
[INFO] [stderr]    Compiling libc v0.2.142
[INFO] [stderr]    Compiling unicode-ident v1.0.8
[INFO] [stderr]    Compiling num-bigint v0.4.3
[INFO] [stderr]    Compiling syn v1.0.109
[INFO] [stderr]    Compiling paste v1.0.12
[INFO] [stderr]    Compiling bytemuck v1.13.1
[INFO] [stderr]    Compiling typenum v1.16.0
[INFO] [stderr]    Compiling rawpointer v0.2.1
[INFO] [stderr]    Compiling matrixmultiply v0.3.2
[INFO] [stderr]    Compiling safe_arch v0.6.0
[INFO] [stderr]    Compiling wide v0.7.8
[INFO] [stderr]    Compiling getrandom v0.2.9
[INFO] [stderr]    Compiling rand_core v0.6.4
[INFO] [stderr]    Compiling rand_chacha v0.3.1
[INFO] [stderr]    Compiling num-complex v0.4.3
[INFO] [stderr]    Compiling approx v0.5.1
[INFO] [stderr]    Compiling rand v0.8.5
[INFO] [stderr]    Compiling num-iter v0.1.43
[INFO] [stderr]    Compiling simba v0.8.1
[INFO] [stderr]    Compiling num-rational v0.4.1
[INFO] [stderr]    Compiling num v0.4.0
[INFO] [stderr]    Compiling nalgebra-macros v0.2.0
[INFO] [stderr]    Compiling num-derive v0.3.3
[INFO] [stderr]    Compiling nalgebra v0.32.2
[INFO] [stderr]    Compiling rubics v0.1.0 (/opt/rustwide/workdir)
[INFO] [stdout] warning: unused imports: `RowDVector`, `RowVector`, `Vector6`
[INFO] [stdout]  --> src/cube333.rs:1:38
[INFO] [stdout]   |
[INFO] [stdout] 1 | use nalgebra::{ArrayStorage, Matrix, RowDVector, RowVector, Vector, Vector6, U1, U54};
[INFO] [stdout]   |                                      ^^^^^^^^^^  ^^^^^^^^^          ^^^^^^^
[INFO] [stdout]   |
[INFO] [stdout]   = note: `#[warn(unused_imports)]` on by default
[INFO] [stdout] 
[INFO] [stdout] 
[INFO] [stdout] warning: unused imports: `Color as C`, `Conversions`
[INFO] [stdout]  --> src/cube333.rs:3:21
[INFO] [stdout]   |
[INFO] [stdout] 3 | use crate::colors::{Color as C, Conversions};
[INFO] [stdout]   |                     ^^^^^^^^^^  ^^^^^^^^^^^
[INFO] [stdout] 
[INFO] [stdout] 
[INFO] [stdout] warning: unused variable: `i`
[INFO] [stdout]    --> src/cube111.rs:103:13
[INFO] [stdout]     |
[INFO] [stdout] 103 |         for i in 0..n {
[INFO] [stdout]     |             ^ help: if this is intentional, prefix it with an underscore: `_i`
[INFO] [stdout]     |
[INFO] [stdout]     = note: `#[warn(unused_variables)]` on by default
[INFO] [stdout] 
[INFO] [stdout] 
[INFO] [stdout] warning: associated items `scrambled` and `solve` are never used
[INFO] [stdout]    --> src/cube111.rs:95:12
[INFO] [stdout]     |
[INFO] [stdout] 82  | impl Cube111 {
[INFO] [stdout]     | ------------ associated items in this implementation
[INFO] [stdout] ...
[INFO] [stdout] 95  |     pub fn scrambled() -> Cube111 {
[INFO] [stdout]     |            ^^^^^^^^^
[INFO] [stdout] ...
[INFO] [stdout] 116 |     pub fn solve(&mut self) {
[INFO] [stdout]     |            ^^^^^
[INFO] [stdout]     |
[INFO] [stdout]     = note: `#[warn(dead_code)]` on by default
[INFO] [stdout] 
[INFO] [stdout] 
[INFO] [stdout] warning: function `index_of` is never used
[INFO] [stdout]  --> src/m_gen.rs:4:4
[INFO] [stdout]   |
[INFO] [stdout] 4 | fn index_of(v: &DVector<i32>, e: i32) -> usize {
[INFO] [stdout]   |    ^^^^^^^^
[INFO] [stdout] 
[INFO] [stdout] 
[INFO] [stdout] warning: function `my_apply` is never used
[INFO] [stdout]  --> src/m_gen.rs:8:4
[INFO] [stdout]   |
[INFO] [stdout] 8 | fn my_apply<F>(v: &DVector<i32>, f: F) -> DVector<i32>
[INFO] [stdout]   |    ^^^^^^^^
[INFO] [stdout] 
[INFO] [stdout] 
[INFO] [stdout] warning: function `contains_only_unque` is never used
[INFO] [stdout]   --> src/m_gen.rs:19:4
[INFO] [stdout]    |
[INFO] [stdout] 19 | fn contains_only_unque<T: PartialEq + Copy>(v: &DVector<T>) -> bool {
[INFO] [stdout]    |    ^^^^^^^^^^^^^^^^^^^
[INFO] [stdout] 
[INFO] [stdout] 
[INFO] [stdout] warning: function `mgen` is never used
[INFO] [stdout]   --> src/m_gen.rs:33:8
[INFO] [stdout]    |
[INFO] [stdout] 33 | pub fn mgen(a: &DVector<i32>, b: &DVector<i32>) -> DMatrix<i32> {
[INFO] [stdout]    |        ^^^^
[INFO] [stdout] 
[INFO] [stdout] 
[INFO] [stdout] warning: type alias `Vector54` is never used
[INFO] [stdout]  --> src/cube333.rs:5:10
[INFO] [stdout]   |
[INFO] [stdout] 5 | pub type Vector54<T> = Vector<T, U54, ArrayStorage<T, 54, 1>>;
[INFO] [stdout]   |          ^^^^^^^^
[INFO] [stdout] 
[INFO] [stdout] 
[INFO] [stdout] warning: struct `Cube333` is never constructed
[INFO] [stdout]  --> src/cube333.rs:7:8
[INFO] [stdout]   |
[INFO] [stdout] 7 | struct Cube333 {
[INFO] [stdout]   |        ^^^^^^^
[INFO] [stdout] 
[INFO] [stdout] 
[INFO] [stdout] warning: associated items `new` and `r` are never used
[INFO] [stdout]   --> src/cube333.rs:12:12
[INFO] [stdout]    |
[INFO] [stdout] 11 | impl Cube333 {
[INFO] [stdout]    | ------------ associated items in this implementation
[INFO] [stdout] 12 |     pub fn new() -> Self {
[INFO] [stdout]    |            ^^^
[INFO] [stdout] ...
[INFO] [stdout] 26 |     pub fn r(&self) -> Self {
[INFO] [stdout]    |            ^
[INFO] [stdout] 
[INFO] [stdout] 
[INFO] [stdout] warning: method `getFunByNum` should have a snake case name
[INFO] [stdout]   --> src/cube111.rs:83:12
[INFO] [stdout]    |
[INFO] [stdout] 83 |     pub fn getFunByNum(n: u8) -> fn(&Cube111) -> Cube111 {
[INFO] [stdout]    |            ^^^^^^^^^^^ help: convert the identifier to snake case: `get_fun_by_num`
[INFO] [stdout]    |
[INFO] [stdout]    = note: `#[warn(non_snake_case)]` on by default
[INFO] [stdout] 
[INFO] [stdout] 
[INFO] [stdout] warning: method `isSolved` should have a snake case name
[INFO] [stdout]    --> src/cube111.rs:110:12
[INFO] [stdout]     |
[INFO] [stdout] 110 |     pub fn isSolved(&self) -> bool {
[INFO] [stdout]     |            ^^^^^^^^ help: convert the identifier to snake case: `is_solved`
[INFO] [stdout] 
[INFO] [stdout] 
[INFO] [stdout] warning: 13 warnings emitted
[INFO] [stdout] 
[INFO] [stdout] 
[INFO] [stderr]     Finished dev [unoptimized + debuginfo] target(s) in 9.18s
[INFO] running `Command { std: "docker" "inspect" "3d45cae8cc16d825b027da520c3fa8a6f15066d93f4f36742e08230dba68e763", kill_on_drop: false }`
[INFO] running `Command { std: "docker" "rm" "-f" "3d45cae8cc16d825b027da520c3fa8a6f15066d93f4f36742e08230dba68e763", kill_on_drop: false }`
[INFO] [stdout] 3d45cae8cc16d825b027da520c3fa8a6f15066d93f4f36742e08230dba68e763
[INFO] running `Command { std: "docker" "create" "-v" "/var/lib/crater-agent-workspace/builds/worker-3-tc1/target:/opt/rustwide/target:rw,Z" "-v" "/var/lib/crater-agent-workspace/builds/worker-3-tc1/source:/opt/rustwide/workdir:ro,Z" "-v" "/var/lib/crater-agent-workspace/cargo-home:/opt/rustwide/cargo-home:ro,Z" "-v" "/var/lib/crater-agent-workspace/rustup-home:/opt/rustwide/rustup-home:ro,Z" "-e" "SOURCE_DIR=/opt/rustwide/workdir" "-e" "CARGO_TARGET_DIR=/opt/rustwide/target" "-e" "CARGO_INCREMENTAL=0" "-e" "RUST_BACKTRACE=full" "-e" "RUSTFLAGS=--cap-lints=warn" "-e" "RUSTDOCFLAGS=--cap-lints=warn" "-e" "CARGO_HOME=/opt/rustwide/cargo-home" "-e" "RUSTUP_HOME=/opt/rustwide/rustup-home" "-w" "/opt/rustwide/workdir" "-m" "1610612736" "--user" "0:0" "--network" "none" "ghcr.io/rust-lang/crates-build-env/linux@sha256:2788e3201cd34a07e3172128adcd8b3090168a8e3bcc40d7c032b9dda1df7d1c" "/opt/rustwide/cargo-home/bin/cargo" "+1.75.0" "test" "--frozen" "--no-run" "--message-format=json", kill_on_drop: false }`
[INFO] [stdout] 85334dfe43016fb038f53f3372cb097196809d2a4061277f76626f55bd495709
[INFO] running `Command { std: "docker" "start" "-a" "85334dfe43016fb038f53f3372cb097196809d2a4061277f76626f55bd495709", kill_on_drop: false }`
[INFO] [stderr]    Compiling rubics v0.1.0 (/opt/rustwide/workdir)
[INFO] [stdout] warning: unused imports: `RowDVector`, `RowVector`, `Vector6`
[INFO] [stdout]  --> src/cube333.rs:1:38
[INFO] [stdout]   |
[INFO] [stdout] 1 | use nalgebra::{ArrayStorage, Matrix, RowDVector, RowVector, Vector, Vector6, U1, U54};
[INFO] [stdout]   |                                      ^^^^^^^^^^  ^^^^^^^^^          ^^^^^^^
[INFO] [stdout]   |
[INFO] [stdout]   = note: `#[warn(unused_imports)]` on by default
[INFO] [stdout] 
[INFO] [stdout] 
[INFO] [stdout] warning: unused imports: `Color as C`, `Conversions`
[INFO] [stdout]  --> src/cube333.rs:3:21
[INFO] [stdout]   |
[INFO] [stdout] 3 | use crate::colors::{Color as C, Conversions};
[INFO] [stdout]   |                     ^^^^^^^^^^  ^^^^^^^^^^^
[INFO] [stdout] 
[INFO] [stdout] 
[INFO] [stdout] warning: unused variable: `i`
[INFO] [stdout]    --> src/cube111.rs:103:13
[INFO] [stdout]     |
[INFO] [stdout] 103 |         for i in 0..n {
[INFO] [stdout]     |             ^ help: if this is intentional, prefix it with an underscore: `_i`
[INFO] [stdout]     |
[INFO] [stdout]     = note: `#[warn(unused_variables)]` on by default
[INFO] [stdout] 
[INFO] [stdout] 
[INFO] [stdout] warning: type alias `Vector54` is never used
[INFO] [stdout]  --> src/cube333.rs:5:10
[INFO] [stdout]   |
[INFO] [stdout] 5 | pub type Vector54<T> = Vector<T, U54, ArrayStorage<T, 54, 1>>;
[INFO] [stdout]   |          ^^^^^^^^
[INFO] [stdout]   |
[INFO] [stdout]   = note: `#[warn(dead_code)]` on by default
[INFO] [stdout] 
[INFO] [stdout] 
[INFO] [stdout] warning: struct `Cube333` is never constructed
[INFO] [stdout]  --> src/cube333.rs:7:8
[INFO] [stdout]   |
[INFO] [stdout] 7 | struct Cube333 {
[INFO] [stdout]   |        ^^^^^^^
[INFO] [stdout] 
[INFO] [stdout] 
[INFO] [stdout] warning: associated items `new` and `r` are never used
[INFO] [stdout]   --> src/cube333.rs:12:12
[INFO] [stdout]    |
[INFO] [stdout] 11 | impl Cube333 {
[INFO] [stdout]    | ------------ associated items in this implementation
[INFO] [stdout] 12 |     pub fn new() -> Self {
[INFO] [stdout]    |            ^^^
[INFO] [stdout] ...
[INFO] [stdout] 26 |     pub fn r(&self) -> Self {
[INFO] [stdout]    |            ^
[INFO] [stdout] 
[INFO] [stdout] 
[INFO] [stdout] warning: method `getFunByNum` should have a snake case name
[INFO] [stdout]   --> src/cube111.rs:83:12
[INFO] [stdout]    |
[INFO] [stdout] 83 |     pub fn getFunByNum(n: u8) -> fn(&Cube111) -> Cube111 {
[INFO] [stdout]    |            ^^^^^^^^^^^ help: convert the identifier to snake case: `get_fun_by_num`
[INFO] [stdout]    |
[INFO] [stdout]    = note: `#[warn(non_snake_case)]` on by default
[INFO] [stdout] 
[INFO] [stdout] 
[INFO] [stdout] warning: method `isSolved` should have a snake case name
[INFO] [stdout]    --> src/cube111.rs:110:12
[INFO] [stdout]     |
[INFO] [stdout] 110 |     pub fn isSolved(&self) -> bool {
[INFO] [stdout]     |            ^^^^^^^^ help: convert the identifier to snake case: `is_solved`
[INFO] [stdout] 
[INFO] [stdout] 
[INFO] [stdout] warning: 8 warnings emitted
[INFO] [stdout] 
[INFO] [stdout] 
[INFO] [stderr]     Finished test [unoptimized + debuginfo] target(s) in 0.47s
[INFO] running `Command { std: "docker" "inspect" "85334dfe43016fb038f53f3372cb097196809d2a4061277f76626f55bd495709", kill_on_drop: false }`
[INFO] running `Command { std: "docker" "rm" "-f" "85334dfe43016fb038f53f3372cb097196809d2a4061277f76626f55bd495709", kill_on_drop: false }`
[INFO] [stdout] 85334dfe43016fb038f53f3372cb097196809d2a4061277f76626f55bd495709
[INFO] running `Command { std: "docker" "create" "-v" "/var/lib/crater-agent-workspace/builds/worker-3-tc1/target:/opt/rustwide/target:rw,Z" "-v" "/var/lib/crater-agent-workspace/builds/worker-3-tc1/source:/opt/rustwide/workdir:ro,Z" "-v" "/var/lib/crater-agent-workspace/cargo-home:/opt/rustwide/cargo-home:ro,Z" "-v" "/var/lib/crater-agent-workspace/rustup-home:/opt/rustwide/rustup-home:ro,Z" "-e" "SOURCE_DIR=/opt/rustwide/workdir" "-e" "CARGO_TARGET_DIR=/opt/rustwide/target" "-e" "CARGO_INCREMENTAL=0" "-e" "RUST_BACKTRACE=full" "-e" "RUSTFLAGS=--cap-lints=warn" "-e" "RUSTDOCFLAGS=--cap-lints=warn" "-e" "CARGO_HOME=/opt/rustwide/cargo-home" "-e" "RUSTUP_HOME=/opt/rustwide/rustup-home" "-w" "/opt/rustwide/workdir" "-m" "1610612736" "--user" "0:0" "--network" "none" "ghcr.io/rust-lang/crates-build-env/linux@sha256:2788e3201cd34a07e3172128adcd8b3090168a8e3bcc40d7c032b9dda1df7d1c" "/opt/rustwide/cargo-home/bin/cargo" "+1.75.0" "test" "--frozen", kill_on_drop: false }`
[INFO] [stdout] d2644f70025142b06a6b78c68efa454da7836548aa3bab131de65ccb92e7237e
[INFO] running `Command { std: "docker" "start" "-a" "d2644f70025142b06a6b78c68efa454da7836548aa3bab131de65ccb92e7237e", kill_on_drop: false }`
[INFO] [stderr] warning: unused imports: `RowDVector`, `RowVector`, `Vector6`
[INFO] [stderr]  --> src/cube333.rs:1:38
[INFO] [stderr]   |
[INFO] [stderr] 1 | use nalgebra::{ArrayStorage, Matrix, RowDVector, RowVector, Vector, Vector6, U1, U54};
[INFO] [stderr]   |                                      ^^^^^^^^^^  ^^^^^^^^^          ^^^^^^^
[INFO] [stderr]   |
[INFO] [stderr]   = note: `#[warn(unused_imports)]` on by default
[INFO] [stderr] 
[INFO] [stderr] warning: unused imports: `Color as C`, `Conversions`
[INFO] [stderr]  --> src/cube333.rs:3:21
[INFO] [stderr]   |
[INFO] [stderr] 3 | use crate::colors::{Color as C, Conversions};
[INFO] [stderr]   |                     ^^^^^^^^^^  ^^^^^^^^^^^
[INFO] [stderr] 
[INFO] [stderr] warning: unused variable: `i`
[INFO] [stderr]    --> src/cube111.rs:103:13
[INFO] [stderr]     |
[INFO] [stderr] 103 |         for i in 0..n {
[INFO] [stderr]     |             ^ help: if this is intentional, prefix it with an underscore: `_i`
[INFO] [stderr]     |
[INFO] [stderr]     = note: `#[warn(unused_variables)]` on by default
[INFO] [stderr] 
[INFO] [stderr] warning: type alias `Vector54` is never used
[INFO] [stderr]  --> src/cube333.rs:5:10
[INFO] [stderr]   |
[INFO] [stderr] 5 | pub type Vector54<T> = Vector<T, U54, ArrayStorage<T, 54, 1>>;
[INFO] [stderr]   |          ^^^^^^^^
[INFO] [stderr]   |
[INFO] [stderr]   = note: `#[warn(dead_code)]` on by default
[INFO] [stderr] 
[INFO] [stderr] warning: struct `Cube333` is never constructed
[INFO] [stderr]  --> src/cube333.rs:7:8
[INFO] [stderr]   |
[INFO] [stderr] 7 | struct Cube333 {
[INFO] [stderr]   |        ^^^^^^^
[INFO] [stderr] 
[INFO] [stderr] warning: associated items `new` and `r` are never used
[INFO] [stderr]   --> src/cube333.rs:12:12
[INFO] [stderr]    |
[INFO] [stderr] 11 | impl Cube333 {
[INFO] [stderr]    | ------------ associated items in this implementation
[INFO] [stderr] 12 |     pub fn new() -> Self {
[INFO] [stderr]    |            ^^^
[INFO] [stderr] ...
[INFO] [stderr] 26 |     pub fn r(&self) -> Self {
[INFO] [stderr]    |            ^
[INFO] [stderr] 
[INFO] [stderr] warning: method `getFunByNum` should have a snake case name
[INFO] [stderr]   --> src/cube111.rs:83:12
[INFO] [stderr]    |
[INFO] [stderr] 83 |     pub fn getFunByNum(n: u8) -> fn(&Cube111) -> Cube111 {
[INFO] [stderr]    |            ^^^^^^^^^^^ help: convert the identifier to snake case: `get_fun_by_num`
[INFO] [stderr]    |
[INFO] [stderr]    = note: `#[warn(non_snake_case)]` on by default
[INFO] [stderr] 
[INFO] [stderr] warning: method `isSolved` should have a snake case name
[INFO] [stderr]    --> src/cube111.rs:110:12
[INFO] [stderr]     |
[INFO] [stderr] 110 |     pub fn isSolved(&self) -> bool {
[INFO] [stderr]     |            ^^^^^^^^ help: convert the identifier to snake case: `is_solved`
[INFO] [stderr] 
[INFO] [stderr] warning: `rubics` (bin "rubics" test) generated 8 warnings (run `cargo fix --bin "rubics" --tests` to apply 3 suggestions)
[INFO] [stderr]     Finished test [unoptimized + debuginfo] target(s) in 0.02s
[INFO] [stderr]      Running unittests src/main.rs (/opt/rustwide/target/debug/deps/rubics-0324abefb95c8fdd)
[INFO] [stdout] 
[INFO] [stdout] running 9 tests
[INFO] [stdout] test tests::test_get_fun_by_num ... ok
[INFO] [stdout] test tests::test_is_solved ... ok
[INFO] [stdout] test tests::m_gen_costom_test ... ok
[INFO] [stdout] test tests::cube111_test ... ok
[INFO] [stdout] test tests::test_mgen ... ok
[INFO] [stdout] test tests::test_scrambled ... ok
[INFO] [stdout] test tests::test_mgen_different_sizes - should panic ... ok
[INFO] [stdout] test tests::test_mgen_invalid_permutation - should panic ... ok
[INFO] [stdout] test tests::test_solve ... FAILED
[INFO] [stdout] 
[INFO] [stdout] failures:
[INFO] [stdout] 
[INFO] [stdout] ---- tests::test_solve stdout ----
[INFO] [stdout] thread 'tests::test_solve' panicked at src/main.rs:171:9:
[INFO] [stdout] assertion failed: c.isSolved()
[INFO] [stdout] stack backtrace:
[INFO] [stdout]    0:     0x56430deb764c - std::backtrace_rs::backtrace::libunwind::trace::ha637c64ce894333a
[INFO] [stdout]                                at /rustc/82e1608dfa6e0b5569232559e3d385fea5a93112/library/std/src/../../backtrace/src/backtrace/libunwind.rs:104:5
[INFO] [stdout]    1:     0x56430deb764c - std::backtrace_rs::backtrace::trace_unsynchronized::h47f62dea28e0c88d
[INFO] [stdout]                                at /rustc/82e1608dfa6e0b5569232559e3d385fea5a93112/library/std/src/../../backtrace/src/backtrace/mod.rs:66:5
[INFO] [stdout]    2:     0x56430deb764c - std::sys_common::backtrace::_print_fmt::h9eef0abe20ede486
[INFO] [stdout]                                at /rustc/82e1608dfa6e0b5569232559e3d385fea5a93112/library/std/src/sys_common/backtrace.rs:67:5
[INFO] [stdout]    3:     0x56430deb764c - <std::sys_common::backtrace::_print::DisplayBacktrace as core::fmt::Display>::fmt::hed7f999df88cc644
[INFO] [stdout]                                at /rustc/82e1608dfa6e0b5569232559e3d385fea5a93112/library/std/src/sys_common/backtrace.rs:44:22
[INFO] [stdout]    4:     0x56430dee1e80 - core::fmt::rt::Argument::fmt::h1539a9308b8d058d
[INFO] [stdout]                                at /rustc/82e1608dfa6e0b5569232559e3d385fea5a93112/library/core/src/fmt/rt.rs:142:9
[INFO] [stdout]    5:     0x56430dee1e80 - core::fmt::write::h3a39390d8560d9c9
[INFO] [stdout]                                at /rustc/82e1608dfa6e0b5569232559e3d385fea5a93112/library/core/src/fmt/mod.rs:1120:17
[INFO] [stdout]    6:     0x56430deb4fff - std::io::Write::write_fmt::h040b369f3a0f9cbc
[INFO] [stdout]                                at /rustc/82e1608dfa6e0b5569232559e3d385fea5a93112/library/std/src/io/mod.rs:1762:15
[INFO] [stdout]    7:     0x56430deb7434 - std::sys_common::backtrace::_print::h894006fb5c6f3d45
[INFO] [stdout]                                at /rustc/82e1608dfa6e0b5569232559e3d385fea5a93112/library/std/src/sys_common/backtrace.rs:47:5
[INFO] [stdout]    8:     0x56430deb7434 - std::sys_common::backtrace::print::h23a2d212c6fff936
[INFO] [stdout]                                at /rustc/82e1608dfa6e0b5569232559e3d385fea5a93112/library/std/src/sys_common/backtrace.rs:34:9
[INFO] [stdout]    9:     0x56430deb90f7 - std::panicking::default_hook::{{closure}}::h8a1d2ee00185001a
[INFO] [stdout]   10:     0x56430deb8de3 - std::panicking::default_hook::h6038f2eba384e475
[INFO] [stdout]                                at /rustc/82e1608dfa6e0b5569232559e3d385fea5a93112/library/std/src/panicking.rs:289:9
[INFO] [stdout]   11:     0x56430de1b317 - <alloc::boxed::Box<F,A> as core::ops::function::Fn<Args>>::call::h0ad024c9bdc6d768
[INFO] [stdout]                                at /rustc/82e1608dfa6e0b5569232559e3d385fea5a93112/library/alloc/src/boxed.rs:2021:9
[INFO] [stdout]   12:     0x56430de1b317 - test::test_main::{{closure}}::h7500b54257359db6
[INFO] [stdout]                                at /rustc/82e1608dfa6e0b5569232559e3d385fea5a93112/library/test/src/lib.rs:138:21
[INFO] [stdout]   13:     0x56430deb9708 - <alloc::boxed::Box<F,A> as core::ops::function::Fn<Args>>::call::h1f8f335eaa9cfaee
[INFO] [stdout]                                at /rustc/82e1608dfa6e0b5569232559e3d385fea5a93112/library/alloc/src/boxed.rs:2021:9
[INFO] [stdout]   14:     0x56430deb9708 - std::panicking::rust_panic_with_hook::h2b5517d590cab22e
[INFO] [stdout]                                at /rustc/82e1608dfa6e0b5569232559e3d385fea5a93112/library/std/src/panicking.rs:783:13
[INFO] [stdout]   15:     0x56430deb9429 - std::panicking::begin_panic_handler::{{closure}}::h233112c06e0ef43e
[INFO] [stdout]                                at /rustc/82e1608dfa6e0b5569232559e3d385fea5a93112/library/std/src/panicking.rs:649:13
[INFO] [stdout]   16:     0x56430deb7b16 - std::sys_common::backtrace::__rust_end_short_backtrace::h6e893f24d7ebbff8
[INFO] [stdout]                                at /rustc/82e1608dfa6e0b5569232559e3d385fea5a93112/library/std/src/sys_common/backtrace.rs:170:18
[INFO] [stdout]   17:     0x56430deb91c2 - rust_begin_unwind
[INFO] [stdout]                                at /rustc/82e1608dfa6e0b5569232559e3d385fea5a93112/library/std/src/panicking.rs:645:5
[INFO] [stdout]   18:     0x56430ddcf155 - core::panicking::panic_fmt::hbf0e066aabfa482c
[INFO] [stdout]                                at /rustc/82e1608dfa6e0b5569232559e3d385fea5a93112/library/core/src/panicking.rs:72:14
[INFO] [stdout]   19:     0x56430ddcf1f3 - core::panicking::panic::h195fc2a96298d4c3
[INFO] [stdout]                                at /rustc/82e1608dfa6e0b5569232559e3d385fea5a93112/library/core/src/panicking.rs:127:5
[INFO] [stdout]   20:     0x56430dddc1be - rubics::tests::test_solve::hefe5e76ddb0be35a
[INFO] [stdout]                                at /opt/rustwide/workdir/src/main.rs:171:9
[INFO] [stdout]   21:     0x56430dddc147 - rubics::tests::test_solve::{{closure}}::h3507b89b4fbba66a
[INFO] [stdout]                                at /opt/rustwide/workdir/src/main.rs:168:20
[INFO] [stdout]   22:     0x56430ddd7f86 - core::ops::function::FnOnce::call_once::h8524694e9f91ba50
[INFO] [stdout]                                at /rustc/82e1608dfa6e0b5569232559e3d385fea5a93112/library/core/src/ops/function.rs:250:5
[INFO] [stdout]   23:     0x56430de2096f - core::ops::function::FnOnce::call_once::h2b5d431d5046312d
[INFO] [stdout]                                at /rustc/82e1608dfa6e0b5569232559e3d385fea5a93112/library/core/src/ops/function.rs:250:5
[INFO] [stdout]   24:     0x56430de2096f - test::__rust_begin_short_backtrace::h7714669af176e207
[INFO] [stdout]                                at /rustc/82e1608dfa6e0b5569232559e3d385fea5a93112/library/test/src/lib.rs:628:18
[INFO] [stdout]   25:     0x56430de1f985 - test::run_test_in_process::{{closure}}::h85218797dcbcec12
[INFO] [stdout]                                at /rustc/82e1608dfa6e0b5569232559e3d385fea5a93112/library/test/src/lib.rs:651:60
[INFO] [stdout]   26:     0x56430de1f985 - <core::panic::unwind_safe::AssertUnwindSafe<F> as core::ops::function::FnOnce<()>>::call_once::h76c106ea31c14d7b
[INFO] [stdout]                                at /rustc/82e1608dfa6e0b5569232559e3d385fea5a93112/library/core/src/panic/unwind_safe.rs:272:9
[INFO] [stdout]   27:     0x56430de1f985 - std::panicking::try::do_call::h3bd5d0f6620ee946
[INFO] [stdout]                                at /rustc/82e1608dfa6e0b5569232559e3d385fea5a93112/library/std/src/panicking.rs:552:40
[INFO] [stdout]   28:     0x56430de1f985 - std::panicking::try::h232e535e4744fe31
[INFO] [stdout]                                at /rustc/82e1608dfa6e0b5569232559e3d385fea5a93112/library/std/src/panicking.rs:516:19
[INFO] [stdout]   29:     0x56430de1f985 - std::panic::catch_unwind::h3ce3bd6ca8dbac68
[INFO] [stdout]                                at /rustc/82e1608dfa6e0b5569232559e3d385fea5a93112/library/std/src/panic.rs:142:14
[INFO] [stdout]   30:     0x56430de1f985 - test::run_test_in_process::hc97b257c9621286a
[INFO] [stdout]                                at /rustc/82e1608dfa6e0b5569232559e3d385fea5a93112/library/test/src/lib.rs:651:27
[INFO] [stdout]   31:     0x56430de1f985 - test::run_test::{{closure}}::h2aa798823a438d38
[INFO] [stdout]                                at /rustc/82e1608dfa6e0b5569232559e3d385fea5a93112/library/test/src/lib.rs:574:43
[INFO] [stdout]   32:     0x56430dde7c46 - test::run_test::{{closure}}::h87d231c78fb59832
[INFO] [stdout]                                at /rustc/82e1608dfa6e0b5569232559e3d385fea5a93112/library/test/src/lib.rs:602:41
[INFO] [stdout]   33:     0x56430dde7c46 - std::sys_common::backtrace::__rust_begin_short_backtrace::he6df152596625789
[INFO] [stdout]                                at /rustc/82e1608dfa6e0b5569232559e3d385fea5a93112/library/std/src/sys_common/backtrace.rs:154:18
[INFO] [stdout]   34:     0x56430ddeccf7 - std::thread::Builder::spawn_unchecked_::{{closure}}::{{closure}}::ha94be15d1e0acf36
[INFO] [stdout]                                at /rustc/82e1608dfa6e0b5569232559e3d385fea5a93112/library/std/src/thread/mod.rs:529:17
[INFO] [stdout]   35:     0x56430ddeccf7 - <core::panic::unwind_safe::AssertUnwindSafe<F> as core::ops::function::FnOnce<()>>::call_once::h9dc6bd6372f16606
[INFO] [stdout]                                at /rustc/82e1608dfa6e0b5569232559e3d385fea5a93112/library/core/src/panic/unwind_safe.rs:272:9
[INFO] [stdout]   36:     0x56430ddeccf7 - std::panicking::try::do_call::h9057517f80303cd4
[INFO] [stdout]                                at /rustc/82e1608dfa6e0b5569232559e3d385fea5a93112/library/std/src/panicking.rs:552:40
[INFO] [stdout]   37:     0x56430ddeccf7 - std::panicking::try::he3a30b11ee45340c
[INFO] [stdout]                                at /rustc/82e1608dfa6e0b5569232559e3d385fea5a93112/library/std/src/panicking.rs:516:19
[INFO] [stdout]   38:     0x56430ddeccf7 - std::panic::catch_unwind::h410458cfd3528b8b
[INFO] [stdout]                                at /rustc/82e1608dfa6e0b5569232559e3d385fea5a93112/library/std/src/panic.rs:142:14
[INFO] [stdout]   39:     0x56430ddeccf7 - std::thread::Builder::spawn_unchecked_::{{closure}}::h72ac3bdb567b737b
[INFO] [stdout]                                at /rustc/82e1608dfa6e0b5569232559e3d385fea5a93112/library/std/src/thread/mod.rs:528:30
[INFO] [stdout]   40:     0x56430ddeccf7 - core::ops::function::FnOnce::call_once{{vtable.shim}}::h38f34da3654a8344
[INFO] [stdout]                                at /rustc/82e1608dfa6e0b5569232559e3d385fea5a93112/library/core/src/ops/function.rs:250:5
[INFO] [stdout]   41:     0x56430debe195 - <alloc::boxed::Box<F,A> as core::ops::function::FnOnce<Args>>::call_once::hc7eafaff61e32df9
[INFO] [stdout]                                at /rustc/82e1608dfa6e0b5569232559e3d385fea5a93112/library/alloc/src/boxed.rs:2007:9
[INFO] [stdout]   42:     0x56430debe195 - <alloc::boxed::Box<F,A> as core::ops::function::FnOnce<Args>>::call_once::h6ba4a5de48dd2304
[INFO] [stdout]                                at /rustc/82e1608dfa6e0b5569232559e3d385fea5a93112/library/alloc/src/boxed.rs:2007:9
[INFO] [stdout]   43:     0x56430debe195 - std::sys::unix::thread::Thread::new::thread_start::he469335aef763e45
[INFO] [stdout]                                at /rustc/82e1608dfa6e0b5569232559e3d385fea5a93112/library/std/src/sys/unix/thread.rs:108:17
[INFO] [stdout]   44:     0x7fd874168ac3 - <unknown>
[INFO] [stdout]   45:     0x7fd8741f9bf4 - __clone
[INFO] [stdout]   46:                0x0 - <unknown>
[INFO] [stdout] 
[INFO] [stdout] 
[INFO] [stdout] failures:
[INFO] [stdout]     tests::test_solve
[INFO] [stdout] 
[INFO] [stdout] test result: FAILED. 8 passed; 1 failed; 0 ignored; 0 measured; 0 filtered out; finished in 0.01s
[INFO] [stdout] 
[INFO] [stderr] error: test failed, to rerun pass `--bin rubics`
[INFO] running `Command { std: "docker" "inspect" "d2644f70025142b06a6b78c68efa454da7836548aa3bab131de65ccb92e7237e", kill_on_drop: false }`
[INFO] running `Command { std: "docker" "rm" "-f" "d2644f70025142b06a6b78c68efa454da7836548aa3bab131de65ccb92e7237e", kill_on_drop: false }`
[INFO] [stdout] d2644f70025142b06a6b78c68efa454da7836548aa3bab131de65ccb92e7237e
[INFO] testing Hfalcon13/rubics against beta-2023-12-22 for beta-1.76-1
[INFO] running `Command { std: "git" "clone" "/workspace/cache/git-repos/https%3A%2F%2Fgithub.com%2FHfalcon13%2Frubics" "/workspace/builds/worker-3-tc2/source", kill_on_drop: false }`
[INFO] [stderr] Cloning into '/workspace/builds/worker-3-tc2/source'...
[INFO] [stderr] done.
[INFO] validating manifest of git repo https://github.com/Hfalcon13/rubics on toolchain beta-2023-12-22
[INFO] running `Command { std: CARGO_HOME="/workspace/cargo-home" RUSTUP_HOME="/workspace/rustup-home" "/workspace/cargo-home/bin/cargo" "+beta-2023-12-22" "metadata" "--manifest-path" "Cargo.toml" "--no-deps", kill_on_drop: false }`
[INFO] started tweaking git repo https://github.com/Hfalcon13/rubics
[INFO] finished tweaking git repo https://github.com/Hfalcon13/rubics
[INFO] tweaked toml for git repo https://github.com/Hfalcon13/rubics written to /workspace/builds/worker-3-tc2/source/Cargo.toml
[INFO] crate git repo https://github.com/Hfalcon13/rubics already has a lockfile, it will not be regenerated
[INFO] running `Command { std: CARGO_HOME="/workspace/cargo-home" RUSTUP_HOME="/workspace/rustup-home" "/workspace/cargo-home/bin/cargo" "+beta-2023-12-22" "fetch" "--manifest-path" "Cargo.toml", kill_on_drop: false }`
[INFO] running `Command { std: "docker" "create" "-v" "/var/lib/crater-agent-workspace/builds/worker-3-tc2/target:/opt/rustwide/target:rw,Z" "-v" "/var/lib/crater-agent-workspace/builds/worker-3-tc2/source:/opt/rustwide/workdir:ro,Z" "-v" "/var/lib/crater-agent-workspace/cargo-home:/opt/rustwide/cargo-home:ro,Z" "-v" "/var/lib/crater-agent-workspace/rustup-home:/opt/rustwide/rustup-home:ro,Z" "-e" "SOURCE_DIR=/opt/rustwide/workdir" "-e" "CARGO_TARGET_DIR=/opt/rustwide/target" "-e" "CARGO_HOME=/opt/rustwide/cargo-home" "-e" "RUSTUP_HOME=/opt/rustwide/rustup-home" "-w" "/opt/rustwide/workdir" "-m" "1610612736" "--user" "0:0" "--network" "none" "ghcr.io/rust-lang/crates-build-env/linux@sha256:2788e3201cd34a07e3172128adcd8b3090168a8e3bcc40d7c032b9dda1df7d1c" "/opt/rustwide/cargo-home/bin/cargo" "+beta-2023-12-22" "metadata" "--no-deps" "--format-version=1", kill_on_drop: false }`
[INFO] [stdout] ac4fb20b9f72c32fa4176ddcd626d377f02ff4a5445edbd740f47c42f896f990
[INFO] running `Command { std: "docker" "start" "-a" "ac4fb20b9f72c32fa4176ddcd626d377f02ff4a5445edbd740f47c42f896f990", kill_on_drop: false }`
[INFO] running `Command { std: "docker" "inspect" "ac4fb20b9f72c32fa4176ddcd626d377f02ff4a5445edbd740f47c42f896f990", kill_on_drop: false }`
[INFO] running `Command { std: "docker" "rm" "-f" "ac4fb20b9f72c32fa4176ddcd626d377f02ff4a5445edbd740f47c42f896f990", kill_on_drop: false }`
[INFO] [stdout] ac4fb20b9f72c32fa4176ddcd626d377f02ff4a5445edbd740f47c42f896f990
[INFO] running `Command { std: "docker" "create" "-v" "/var/lib/crater-agent-workspace/builds/worker-3-tc2/target:/opt/rustwide/target:rw,Z" "-v" "/var/lib/crater-agent-workspace/builds/worker-3-tc2/source:/opt/rustwide/workdir:ro,Z" "-v" "/var/lib/crater-agent-workspace/cargo-home:/opt/rustwide/cargo-home:ro,Z" "-v" "/var/lib/crater-agent-workspace/rustup-home:/opt/rustwide/rustup-home:ro,Z" "-e" "SOURCE_DIR=/opt/rustwide/workdir" "-e" "CARGO_TARGET_DIR=/opt/rustwide/target" "-e" "CARGO_INCREMENTAL=0" "-e" "RUST_BACKTRACE=full" "-e" "RUSTFLAGS=--cap-lints=warn" "-e" "RUSTDOCFLAGS=--cap-lints=warn" "-e" "CARGO_HOME=/opt/rustwide/cargo-home" "-e" "RUSTUP_HOME=/opt/rustwide/rustup-home" "-w" "/opt/rustwide/workdir" "-m" "1610612736" "--user" "0:0" "--network" "none" "ghcr.io/rust-lang/crates-build-env/linux@sha256:2788e3201cd34a07e3172128adcd8b3090168a8e3bcc40d7c032b9dda1df7d1c" "/opt/rustwide/cargo-home/bin/cargo" "+beta-2023-12-22" "build" "--frozen" "--message-format=json", kill_on_drop: false }`
[INFO] [stdout] a3a5b30b51a6cb6aef3a43099be842c113c586ee53e883fbf9ebf76a085b1c77
[INFO] running `Command { std: "docker" "start" "-a" "a3a5b30b51a6cb6aef3a43099be842c113c586ee53e883fbf9ebf76a085b1c77", kill_on_drop: false }`
[INFO] [stderr]    Compiling num-traits v0.2.15
[INFO] [stderr]    Compiling num-integer v0.1.45
[INFO] [stderr]    Compiling proc-macro2 v1.0.56
[INFO] [stderr]    Compiling libc v0.2.142
[INFO] [stderr]    Compiling quote v1.0.26
[INFO] [stderr]    Compiling unicode-ident v1.0.8
[INFO] [stderr]    Compiling num-bigint v0.4.3
[INFO] [stderr]    Compiling syn v1.0.109
[INFO] [stderr]    Compiling bytemuck v1.13.1
[INFO] [stderr]    Compiling paste v1.0.12
[INFO] [stderr]    Compiling typenum v1.16.0
[INFO] [stderr]    Compiling rawpointer v0.2.1
[INFO] [stderr]    Compiling matrixmultiply v0.3.2
[INFO] [stderr]    Compiling safe_arch v0.6.0
[INFO] [stderr]    Compiling wide v0.7.8
[INFO] [stderr]    Compiling getrandom v0.2.9
[INFO] [stderr]    Compiling rand_core v0.6.4
[INFO] [stderr]    Compiling rand_chacha v0.3.1
[INFO] [stderr]    Compiling num-complex v0.4.3
[INFO] [stderr]    Compiling approx v0.5.1
[INFO] [stderr]    Compiling rand v0.8.5
[INFO] [stderr]    Compiling num-iter v0.1.43
[INFO] [stderr]    Compiling simba v0.8.1
[INFO] [stderr]    Compiling num-rational v0.4.1
[INFO] [stderr]    Compiling num v0.4.0
[INFO] [stderr]    Compiling nalgebra-macros v0.2.0
[INFO] [stderr]    Compiling num-derive v0.3.3
[INFO] [stderr]    Compiling nalgebra v0.32.2
[INFO] [stderr]    Compiling rubics v0.1.0 (/opt/rustwide/workdir)
[INFO] [stdout] warning: unused imports: `RowDVector`, `RowVector`, `Vector6`
[INFO] [stdout]  --> src/cube333.rs:1:38
[INFO] [stdout]   |
[INFO] [stdout] 1 | use nalgebra::{ArrayStorage, Matrix, RowDVector, RowVector, Vector, Vector6, U1, U54};
[INFO] [stdout]   |                                      ^^^^^^^^^^  ^^^^^^^^^          ^^^^^^^
[INFO] [stdout]   |
[INFO] [stdout]   = note: `#[warn(unused_imports)]` on by default
[INFO] [stdout] 
[INFO] [stdout] 
[INFO] [stdout] warning: unused imports: `Color as C`, `Conversions`
[INFO] [stdout]  --> src/cube333.rs:3:21
[INFO] [stdout]   |
[INFO] [stdout] 3 | use crate::colors::{Color as C, Conversions};
[INFO] [stdout]   |                     ^^^^^^^^^^  ^^^^^^^^^^^
[INFO] [stdout] 
[INFO] [stdout] 
[INFO] [stdout] warning: unused variable: `i`
[INFO] [stdout]    --> src/cube111.rs:103:13
[INFO] [stdout]     |
[INFO] [stdout] 103 |         for i in 0..n {
[INFO] [stdout]     |             ^ help: if this is intentional, prefix it with an underscore: `_i`
[INFO] [stdout]     |
[INFO] [stdout]     = note: `#[warn(unused_variables)]` on by default
[INFO] [stdout] 
[INFO] [stdout] 
[INFO] [stdout] warning: associated items `scrambled` and `solve` are never used
[INFO] [stdout]    --> src/cube111.rs:95:12
[INFO] [stdout]     |
[INFO] [stdout] 82  | impl Cube111 {
[INFO] [stdout]     | ------------ associated items in this implementation
[INFO] [stdout] ...
[INFO] [stdout] 95  |     pub fn scrambled() -> Cube111 {
[INFO] [stdout]     |            ^^^^^^^^^
[INFO] [stdout] ...
[INFO] [stdout] 116 |     pub fn solve(&mut self) {
[INFO] [stdout]     |            ^^^^^
[INFO] [stdout]     |
[INFO] [stdout]     = note: `#[warn(dead_code)]` on by default
[INFO] [stdout] 
[INFO] [stdout] 
[INFO] [stdout] warning: function `index_of` is never used
[INFO] [stdout]  --> src/m_gen.rs:4:4
[INFO] [stdout]   |
[INFO] [stdout] 4 | fn index_of(v: &DVector<i32>, e: i32) -> usize {
[INFO] [stdout]   |    ^^^^^^^^
[INFO] [stdout] 
[INFO] [stdout] 
[INFO] [stdout] warning: function `my_apply` is never used
[INFO] [stdout]  --> src/m_gen.rs:8:4
[INFO] [stdout]   |
[INFO] [stdout] 8 | fn my_apply<F>(v: &DVector<i32>, f: F) -> DVector<i32>
[INFO] [stdout]   |    ^^^^^^^^
[INFO] [stdout] 
[INFO] [stdout] 
[INFO] [stdout] warning: function `contains_only_unque` is never used
[INFO] [stdout]   --> src/m_gen.rs:19:4
[INFO] [stdout]    |
[INFO] [stdout] 19 | fn contains_only_unque<T: PartialEq + Copy>(v: &DVector<T>) -> bool {
[INFO] [stdout]    |    ^^^^^^^^^^^^^^^^^^^
[INFO] [stdout] 
[INFO] [stdout] 
[INFO] [stdout] warning: function `mgen` is never used
[INFO] [stdout]   --> src/m_gen.rs:33:8
[INFO] [stdout]    |
[INFO] [stdout] 33 | pub fn mgen(a: &DVector<i32>, b: &DVector<i32>) -> DMatrix<i32> {
[INFO] [stdout]    |        ^^^^
[INFO] [stdout] 
[INFO] [stdout] 
[INFO] [stdout] warning: type alias `Vector54` is never used
[INFO] [stdout]  --> src/cube333.rs:5:10
[INFO] [stdout]   |
[INFO] [stdout] 5 | pub type Vector54<T> = Vector<T, U54, ArrayStorage<T, 54, 1>>;
[INFO] [stdout]   |          ^^^^^^^^
[INFO] [stdout] 
[INFO] [stdout] 
[INFO] [stdout] warning: struct `Cube333` is never constructed
[INFO] [stdout]  --> src/cube333.rs:7:8
[INFO] [stdout]   |
[INFO] [stdout] 7 | struct Cube333 {
[INFO] [stdout]   |        ^^^^^^^
[INFO] [stdout] 
[INFO] [stdout] 
[INFO] [stdout] warning: associated items `new` and `r` are never used
[INFO] [stdout]   --> src/cube333.rs:12:12
[INFO] [stdout]    |
[INFO] [stdout] 11 | impl Cube333 {
[INFO] [stdout]    | ------------ associated items in this implementation
[INFO] [stdout] 12 |     pub fn new() -> Self {
[INFO] [stdout]    |            ^^^
[INFO] [stdout] ...
[INFO] [stdout] 26 |     pub fn r(&self) -> Self {
[INFO] [stdout]    |            ^
[INFO] [stdout] 
[INFO] [stdout] 
[INFO] [stdout] warning: method `getFunByNum` should have a snake case name
[INFO] [stdout]   --> src/cube111.rs:83:12
[INFO] [stdout]    |
[INFO] [stdout] 83 |     pub fn getFunByNum(n: u8) -> fn(&Cube111) -> Cube111 {
[INFO] [stdout]    |            ^^^^^^^^^^^ help: convert the identifier to snake case: `get_fun_by_num`
[INFO] [stdout]    |
[INFO] [stdout]    = note: `#[warn(non_snake_case)]` on by default
[INFO] [stdout] 
[INFO] [stdout] 
[INFO] [stdout] warning: method `isSolved` should have a snake case name
[INFO] [stdout]    --> src/cube111.rs:110:12
[INFO] [stdout]     |
[INFO] [stdout] 110 |     pub fn isSolved(&self) -> bool {
[INFO] [stdout]     |            ^^^^^^^^ help: convert the identifier to snake case: `is_solved`
[INFO] [stdout] 
[INFO] [stdout] 
[INFO] [stdout] warning: 13 warnings emitted
[INFO] [stdout] 
[INFO] [stdout] 
[INFO] [stderr]     Finished dev [unoptimized + debuginfo] target(s) in 9.00s
[INFO] running `Command { std: "docker" "inspect" "a3a5b30b51a6cb6aef3a43099be842c113c586ee53e883fbf9ebf76a085b1c77", kill_on_drop: false }`
[INFO] running `Command { std: "docker" "rm" "-f" "a3a5b30b51a6cb6aef3a43099be842c113c586ee53e883fbf9ebf76a085b1c77", kill_on_drop: false }`
[INFO] [stdout] a3a5b30b51a6cb6aef3a43099be842c113c586ee53e883fbf9ebf76a085b1c77
[INFO] running `Command { std: "docker" "create" "-v" "/var/lib/crater-agent-workspace/builds/worker-3-tc2/target:/opt/rustwide/target:rw,Z" "-v" "/var/lib/crater-agent-workspace/builds/worker-3-tc2/source:/opt/rustwide/workdir:ro,Z" "-v" "/var/lib/crater-agent-workspace/cargo-home:/opt/rustwide/cargo-home:ro,Z" "-v" "/var/lib/crater-agent-workspace/rustup-home:/opt/rustwide/rustup-home:ro,Z" "-e" "SOURCE_DIR=/opt/rustwide/workdir" "-e" "CARGO_TARGET_DIR=/opt/rustwide/target" "-e" "CARGO_INCREMENTAL=0" "-e" "RUST_BACKTRACE=full" "-e" "RUSTFLAGS=--cap-lints=warn" "-e" "RUSTDOCFLAGS=--cap-lints=warn" "-e" "CARGO_HOME=/opt/rustwide/cargo-home" "-e" "RUSTUP_HOME=/opt/rustwide/rustup-home" "-w" "/opt/rustwide/workdir" "-m" "1610612736" "--user" "0:0" "--network" "none" "ghcr.io/rust-lang/crates-build-env/linux@sha256:2788e3201cd34a07e3172128adcd8b3090168a8e3bcc40d7c032b9dda1df7d1c" "/opt/rustwide/cargo-home/bin/cargo" "+beta-2023-12-22" "test" "--frozen" "--no-run" "--message-format=json", kill_on_drop: false }`
[INFO] [stdout] e1d0c128d070a55f96472161fd4adf6944368f54d50658779c782426a3eda051
[INFO] running `Command { std: "docker" "start" "-a" "e1d0c128d070a55f96472161fd4adf6944368f54d50658779c782426a3eda051", kill_on_drop: false }`
[INFO] [stderr]    Compiling rubics v0.1.0 (/opt/rustwide/workdir)
[INFO] [stdout] warning: unused imports: `RowDVector`, `RowVector`, `Vector6`
[INFO] [stdout]  --> src/cube333.rs:1:38
[INFO] [stdout]   |
[INFO] [stdout] 1 | use nalgebra::{ArrayStorage, Matrix, RowDVector, RowVector, Vector, Vector6, U1, U54};
[INFO] [stdout]   |                                      ^^^^^^^^^^  ^^^^^^^^^          ^^^^^^^
[INFO] [stdout]   |
[INFO] [stdout]   = note: `#[warn(unused_imports)]` on by default
[INFO] [stdout] 
[INFO] [stdout] 
[INFO] [stdout] warning: unused imports: `Color as C`, `Conversions`
[INFO] [stdout]  --> src/cube333.rs:3:21
[INFO] [stdout]   |
[INFO] [stdout] 3 | use crate::colors::{Color as C, Conversions};
[INFO] [stdout]   |                     ^^^^^^^^^^  ^^^^^^^^^^^
[INFO] [stdout] 
[INFO] [stdout] 
[INFO] [stdout] warning: unused variable: `i`
[INFO] [stdout]    --> src/cube111.rs:103:13
[INFO] [stdout]     |
[INFO] [stdout] 103 |         for i in 0..n {
[INFO] [stdout]     |             ^ help: if this is intentional, prefix it with an underscore: `_i`
[INFO] [stdout]     |
[INFO] [stdout]     = note: `#[warn(unused_variables)]` on by default
[INFO] [stdout] 
[INFO] [stdout] 
[INFO] [stdout] warning: type alias `Vector54` is never used
[INFO] [stdout]  --> src/cube333.rs:5:10
[INFO] [stdout]   |
[INFO] [stdout] 5 | pub type Vector54<T> = Vector<T, U54, ArrayStorage<T, 54, 1>>;
[INFO] [stdout]   |          ^^^^^^^^
[INFO] [stdout]   |
[INFO] [stdout]   = note: `#[warn(dead_code)]` on by default
[INFO] [stdout] 
[INFO] [stdout] 
[INFO] [stdout] warning: struct `Cube333` is never constructed
[INFO] [stdout]  --> src/cube333.rs:7:8
[INFO] [stdout]   |
[INFO] [stdout] 7 | struct Cube333 {
[INFO] [stdout]   |        ^^^^^^^
[INFO] [stdout] 
[INFO] [stdout] 
[INFO] [stdout] warning: associated items `new` and `r` are never used
[INFO] [stdout]   --> src/cube333.rs:12:12
[INFO] [stdout]    |
[INFO] [stdout] 11 | impl Cube333 {
[INFO] [stdout]    | ------------ associated items in this implementation
[INFO] [stdout] 12 |     pub fn new() -> Self {
[INFO] [stdout]    |            ^^^
[INFO] [stdout] ...
[INFO] [stdout] 26 |     pub fn r(&self) -> Self {
[INFO] [stdout]    |            ^
[INFO] [stdout] 
[INFO] [stdout] 
[INFO] [stdout] warning: method `getFunByNum` should have a snake case name
[INFO] [stdout]   --> src/cube111.rs:83:12
[INFO] [stdout]    |
[INFO] [stdout] 83 |     pub fn getFunByNum(n: u8) -> fn(&Cube111) -> Cube111 {
[INFO] [stdout]    |            ^^^^^^^^^^^ help: convert the identifier to snake case: `get_fun_by_num`
[INFO] [stdout]    |
[INFO] [stdout]    = note: `#[warn(non_snake_case)]` on by default
[INFO] [stdout] 
[INFO] [stdout] 
[INFO] [stdout] warning: method `isSolved` should have a snake case name
[INFO] [stdout]    --> src/cube111.rs:110:12
[INFO] [stdout]     |
[INFO] [stdout] 110 |     pub fn isSolved(&self) -> bool {
[INFO] [stdout]     |            ^^^^^^^^ help: convert the identifier to snake case: `is_solved`
[INFO] [stdout] 
[INFO] [stdout] 
[INFO] [stdout] warning: 8 warnings emitted
[INFO] [stdout] 
[INFO] [stdout] 
[INFO] [stderr]     Finished test [unoptimized + debuginfo] target(s) in 0.44s
[INFO] running `Command { std: "docker" "inspect" "e1d0c128d070a55f96472161fd4adf6944368f54d50658779c782426a3eda051", kill_on_drop: false }`
[INFO] running `Command { std: "docker" "rm" "-f" "e1d0c128d070a55f96472161fd4adf6944368f54d50658779c782426a3eda051", kill_on_drop: false }`
[INFO] [stdout] e1d0c128d070a55f96472161fd4adf6944368f54d50658779c782426a3eda051
[INFO] running `Command { std: "docker" "create" "-v" "/var/lib/crater-agent-workspace/builds/worker-3-tc2/target:/opt/rustwide/target:rw,Z" "-v" "/var/lib/crater-agent-workspace/builds/worker-3-tc2/source:/opt/rustwide/workdir:ro,Z" "-v" "/var/lib/crater-agent-workspace/cargo-home:/opt/rustwide/cargo-home:ro,Z" "-v" "/var/lib/crater-agent-workspace/rustup-home:/opt/rustwide/rustup-home:ro,Z" "-e" "SOURCE_DIR=/opt/rustwide/workdir" "-e" "CARGO_TARGET_DIR=/opt/rustwide/target" "-e" "CARGO_INCREMENTAL=0" "-e" "RUST_BACKTRACE=full" "-e" "RUSTFLAGS=--cap-lints=warn" "-e" "RUSTDOCFLAGS=--cap-lints=warn" "-e" "CARGO_HOME=/opt/rustwide/cargo-home" "-e" "RUSTUP_HOME=/opt/rustwide/rustup-home" "-w" "/opt/rustwide/workdir" "-m" "1610612736" "--user" "0:0" "--network" "none" "ghcr.io/rust-lang/crates-build-env/linux@sha256:2788e3201cd34a07e3172128adcd8b3090168a8e3bcc40d7c032b9dda1df7d1c" "/opt/rustwide/cargo-home/bin/cargo" "+beta-2023-12-22" "test" "--frozen", kill_on_drop: false }`
[INFO] [stdout] abe90cbd774b6587a84dfd5ed0332982fa723ec60211e5dd913b456ca9c6d238
[INFO] running `Command { std: "docker" "start" "-a" "abe90cbd774b6587a84dfd5ed0332982fa723ec60211e5dd913b456ca9c6d238", kill_on_drop: false }`
[INFO] [stderr] warning: unused imports: `RowDVector`, `RowVector`, `Vector6`
[INFO] [stderr]  --> src/cube333.rs:1:38
[INFO] [stderr]   |
[INFO] [stderr] 1 | use nalgebra::{ArrayStorage, Matrix, RowDVector, RowVector, Vector, Vector6, U1, U54};
[INFO] [stderr]   |                                      ^^^^^^^^^^  ^^^^^^^^^          ^^^^^^^
[INFO] [stderr]   |
[INFO] [stderr]   = note: `#[warn(unused_imports)]` on by default
[INFO] [stderr] 
[INFO] [stderr] warning: unused imports: `Color as C`, `Conversions`
[INFO] [stderr]  --> src/cube333.rs:3:21
[INFO] [stderr]   |
[INFO] [stderr] 3 | use crate::colors::{Color as C, Conversions};
[INFO] [stderr]   |                     ^^^^^^^^^^  ^^^^^^^^^^^
[INFO] [stderr] 
[INFO] [stderr] warning: unused variable: `i`
[INFO] [stderr]    --> src/cube111.rs:103:13
[INFO] [stderr]     |
[INFO] [stderr] 103 |         for i in 0..n {
[INFO] [stderr]     |             ^ help: if this is intentional, prefix it with an underscore: `_i`
[INFO] [stderr]     |
[INFO] [stderr]     = note: `#[warn(unused_variables)]` on by default
[INFO] [stderr] 
[INFO] [stderr] warning: type alias `Vector54` is never used
[INFO] [stderr]  --> src/cube333.rs:5:10
[INFO] [stderr]   |
[INFO] [stderr] 5 | pub type Vector54<T> = Vector<T, U54, ArrayStorage<T, 54, 1>>;
[INFO] [stderr]   |          ^^^^^^^^
[INFO] [stderr]   |
[INFO] [stderr]   = note: `#[warn(dead_code)]` on by default
[INFO] [stderr] 
[INFO] [stderr] warning: struct `Cube333` is never constructed
[INFO] [stderr]  --> src/cube333.rs:7:8
[INFO] [stderr]   |
[INFO] [stderr] 7 | struct Cube333 {
[INFO] [stderr]   |        ^^^^^^^
[INFO] [stderr] 
[INFO] [stderr] warning: associated items `new` and `r` are never used
[INFO] [stderr]   --> src/cube333.rs:12:12
[INFO] [stderr]    |
[INFO] [stderr] 11 | impl Cube333 {
[INFO] [stderr]    | ------------ associated items in this implementation
[INFO] [stderr] 12 |     pub fn new() -> Self {
[INFO] [stderr]    |            ^^^
[INFO] [stderr] ...
[INFO] [stderr] 26 |     pub fn r(&self) -> Self {
[INFO] [stderr]    |            ^
[INFO] [stderr] 
[INFO] [stderr] warning: method `getFunByNum` should have a snake case name
[INFO] [stderr]   --> src/cube111.rs:83:12
[INFO] [stderr]    |
[INFO] [stderr] 83 |     pub fn getFunByNum(n: u8) -> fn(&Cube111) -> Cube111 {
[INFO] [stderr]    |            ^^^^^^^^^^^ help: convert the identifier to snake case: `get_fun_by_num`
[INFO] [stderr]    |
[INFO] [stderr]    = note: `#[warn(non_snake_case)]` on by default
[INFO] [stderr] 
[INFO] [stderr] warning: method `isSolved` should have a snake case name
[INFO] [stderr]    --> src/cube111.rs:110:12
[INFO] [stderr]     |
[INFO] [stderr] 110 |     pub fn isSolved(&self) -> bool {
[INFO] [stderr]     |            ^^^^^^^^ help: convert the identifier to snake case: `is_solved`
[INFO] [stderr] 
[INFO] [stderr] warning: `rubics` (bin "rubics" test) generated 8 warnings (run `cargo fix --bin "rubics" --tests` to apply 3 suggestions)
[INFO] [stderr]     Finished test [unoptimized + debuginfo] target(s) in 0.02s
[INFO] [stderr]      Running unittests src/main.rs (/opt/rustwide/target/debug/deps/rubics-9b6d14fd05b9e7cc)
[INFO] [stdout] 
[INFO] [stdout] running 9 tests
[INFO] [stdout] test tests::test_get_fun_by_num ... ok
[INFO] [stdout] test tests::m_gen_costom_test ... ok
[INFO] [stdout] test tests::cube111_test ... ok
[INFO] [stdout] test tests::test_is_solved ... ok
[INFO] [stdout] test tests::test_mgen ... ok
[INFO] [stdout] test tests::test_scrambled ... ok
[INFO] [stdout] test tests::test_mgen_different_sizes - should panic ... ok
[INFO] [stdout] test tests::test_mgen_invalid_permutation - should panic ... ok
[INFO] [stdout] test tests::test_solve ... FAILED
[INFO] [stdout] 
[INFO] [stdout] failures:
[INFO] [stdout] 
[INFO] [stdout] ---- tests::test_solve stdout ----
[INFO] [stdout] thread 'tests::test_solve' panicked at src/main.rs:171:9:
[INFO] [stdout] assertion failed: c.isSolved()
[INFO] [stdout] stack backtrace:
[INFO] [stdout]    0:     0x56113258b556 - std::backtrace_rs::backtrace::libunwind::trace::h261606ad26a499c1
[INFO] [stdout]                                at /rustc/0e09125c6c3c2fd70d7de961bcf0e51575235fad/library/std/src/../../backtrace/src/backtrace/libunwind.rs:104:5
[INFO] [stdout]    1:     0x56113258b556 - std::backtrace_rs::backtrace::trace_unsynchronized::hd183f0625477fb28
[INFO] [stdout]                                at /rustc/0e09125c6c3c2fd70d7de961bcf0e51575235fad/library/std/src/../../backtrace/src/backtrace/mod.rs:66:5
[INFO] [stdout]    2:     0x56113258b556 - std::sys_common::backtrace::_print_fmt::hd7f8fef21b4eda67
[INFO] [stdout]                                at /rustc/0e09125c6c3c2fd70d7de961bcf0e51575235fad/library/std/src/sys_common/backtrace.rs:68:5
[INFO] [stdout]    3:     0x56113258b556 - <std::sys_common::backtrace::_print::DisplayBacktrace as core::fmt::Display>::fmt::h623d9b51f2f453f1
[INFO] [stdout]                                at /rustc/0e09125c6c3c2fd70d7de961bcf0e51575235fad/library/std/src/sys_common/backtrace.rs:44:22
[INFO] [stdout]    4:     0x5611325b5090 - core::fmt::rt::Argument::fmt::h9f417ac76a86f368
[INFO] [stdout]                                at /rustc/0e09125c6c3c2fd70d7de961bcf0e51575235fad/library/core/src/fmt/rt.rs:142:9
[INFO] [stdout]    5:     0x5611325b5090 - core::fmt::write::hc9b6faf4ac2aeff7
[INFO] [stdout]                                at /rustc/0e09125c6c3c2fd70d7de961bcf0e51575235fad/library/core/src/fmt/mod.rs:1120:17
[INFO] [stdout]    6:     0x561132588fbf - std::io::Write::write_fmt::he04625a3a989fec3
[INFO] [stdout]                                at /rustc/0e09125c6c3c2fd70d7de961bcf0e51575235fad/library/std/src/io/mod.rs:1810:15
[INFO] [stdout]    7:     0x56113258b334 - std::sys_common::backtrace::_print::hd5d66399c7df88a2
[INFO] [stdout]                                at /rustc/0e09125c6c3c2fd70d7de961bcf0e51575235fad/library/std/src/sys_common/backtrace.rs:47:5
[INFO] [stdout]    8:     0x56113258b334 - std::sys_common::backtrace::print::he81ed2da642d37e5
[INFO] [stdout]                                at /rustc/0e09125c6c3c2fd70d7de961bcf0e51575235fad/library/std/src/sys_common/backtrace.rs:34:9
[INFO] [stdout]    9:     0x56113258d0a7 - std::panicking::default_hook::{{closure}}::h85773f4fa117163d
[INFO] [stdout]   10:     0x56113258cd8d - std::panicking::default_hook::h6a1694a91d09b278
[INFO] [stdout]                                at /rustc/0e09125c6c3c2fd70d7de961bcf0e51575235fad/library/std/src/panicking.rs:289:9
[INFO] [stdout]   11:     0x5611324ef1f7 - <alloc::boxed::Box<F,A> as core::ops::function::Fn<Args>>::call::h616ac37fa3cd6c8f
[INFO] [stdout]                                at /rustc/0e09125c6c3c2fd70d7de961bcf0e51575235fad/library/alloc/src/boxed.rs:2029:9
[INFO] [stdout]   12:     0x5611324ef1f7 - test::test_main::{{closure}}::h00d84697cefdcbb6
[INFO] [stdout]                                at /rustc/0e09125c6c3c2fd70d7de961bcf0e51575235fad/library/test/src/lib.rs:138:21
[INFO] [stdout]   13:     0x56113258d6c6 - <alloc::boxed::Box<F,A> as core::ops::function::Fn<Args>>::call::hcb3fe3b9bb537ba8
[INFO] [stdout]                                at /rustc/0e09125c6c3c2fd70d7de961bcf0e51575235fad/library/alloc/src/boxed.rs:2029:9
[INFO] [stdout]   14:     0x56113258d6c6 - std::panicking::rust_panic_with_hook::h0a7ad96e90f7145b
[INFO] [stdout]                                at /rustc/0e09125c6c3c2fd70d7de961bcf0e51575235fad/library/std/src/panicking.rs:783:13
[INFO] [stdout]   15:     0x56113258d3d9 - std::panicking::begin_panic_handler::{{closure}}::h7919090525c6485e
[INFO] [stdout]                                at /rustc/0e09125c6c3c2fd70d7de961bcf0e51575235fad/library/std/src/panicking.rs:649:13
[INFO] [stdout]   16:     0x56113258ba56 - std::sys_common::backtrace::__rust_end_short_backtrace::hf3289479464f7dfe
[INFO] [stdout]                                at /rustc/0e09125c6c3c2fd70d7de961bcf0e51575235fad/library/std/src/sys_common/backtrace.rs:171:18
[INFO] [stdout]   17:     0x56113258d170 - rust_begin_unwind
[INFO] [stdout]                                at /rustc/0e09125c6c3c2fd70d7de961bcf0e51575235fad/library/std/src/panicking.rs:645:5
[INFO] [stdout]   18:     0x5611324a2135 - core::panicking::panic_fmt::hcc9f77c5c132af55
[INFO] [stdout]                                at /rustc/0e09125c6c3c2fd70d7de961bcf0e51575235fad/library/core/src/panicking.rs:72:14
[INFO] [stdout]   19:     0x5611324a21f3 - core::panicking::panic::h5a1259c1164bd480
[INFO] [stdout]                                at /rustc/0e09125c6c3c2fd70d7de961bcf0e51575235fad/library/core/src/panicking.rs:144:5
[INFO] [stdout]   20:     0x5611324a7f7e - rubics::tests::test_solve::h6fd12a1ca9c594aa
[INFO] [stdout]                                at /opt/rustwide/workdir/src/main.rs:171:9
[INFO] [stdout]   21:     0x5611324a7f07 - rubics::tests::test_solve::{{closure}}::hba3f7eb93ba67401
[INFO] [stdout]                                at /opt/rustwide/workdir/src/main.rs:168:20
[INFO] [stdout]   22:     0x5611324b51d6 - core::ops::function::FnOnce::call_once::h7bae23d58216dfd4
[INFO] [stdout]                                at /rustc/0e09125c6c3c2fd70d7de961bcf0e51575235fad/library/core/src/ops/function.rs:250:5
[INFO] [stdout]   23:     0x5611324f4acf - core::ops::function::FnOnce::call_once::hd64d26f405258157
[INFO] [stdout]                                at /rustc/0e09125c6c3c2fd70d7de961bcf0e51575235fad/library/core/src/ops/function.rs:250:5
[INFO] [stdout]   24:     0x5611324f4acf - test::__rust_begin_short_backtrace::he21b0b7a6d731bf9
[INFO] [stdout]                                at /rustc/0e09125c6c3c2fd70d7de961bcf0e51575235fad/library/test/src/lib.rs:627:18
[INFO] [stdout]   25:     0x5611324f3851 - test::run_test_in_process::{{closure}}::hf5c73986d7bdfde2
[INFO] [stdout]                                at /rustc/0e09125c6c3c2fd70d7de961bcf0e51575235fad/library/test/src/lib.rs:650:60
[INFO] [stdout]   26:     0x5611324f3851 - <core::panic::unwind_safe::AssertUnwindSafe<F> as core::ops::function::FnOnce<()>>::call_once::h330011ad032aadc0
[INFO] [stdout]                                at /rustc/0e09125c6c3c2fd70d7de961bcf0e51575235fad/library/core/src/panic/unwind_safe.rs:272:9
[INFO] [stdout]   27:     0x5611324f3851 - std::panicking::try::do_call::he61b0a958b795a41
[INFO] [stdout]                                at /rustc/0e09125c6c3c2fd70d7de961bcf0e51575235fad/library/std/src/panicking.rs:552:40
[INFO] [stdout]   28:     0x5611324f3851 - std::panicking::try::h7309da130f906eb7
[INFO] [stdout]                                at /rustc/0e09125c6c3c2fd70d7de961bcf0e51575235fad/library/std/src/panicking.rs:516:19
[INFO] [stdout]   29:     0x5611324f3851 - std::panic::catch_unwind::hc5c3a06fdaf0a92a
[INFO] [stdout]                                at /rustc/0e09125c6c3c2fd70d7de961bcf0e51575235fad/library/std/src/panic.rs:142:14
[INFO] [stdout]   30:     0x5611324f3851 - test::run_test_in_process::h7e7b7c71c3324e0f
[INFO] [stdout]                                at /rustc/0e09125c6c3c2fd70d7de961bcf0e51575235fad/library/test/src/lib.rs:650:27
[INFO] [stdout]   31:     0x5611324f3851 - test::run_test::{{closure}}::h1f509f28f5cf20b1
[INFO] [stdout]                                at /rustc/0e09125c6c3c2fd70d7de961bcf0e51575235fad/library/test/src/lib.rs:573:43
[INFO] [stdout]   32:     0x5611324bab86 - test::run_test::{{closure}}::h1754218abf443f6d
[INFO] [stdout]                                at /rustc/0e09125c6c3c2fd70d7de961bcf0e51575235fad/library/test/src/lib.rs:601:41
[INFO] [stdout]   33:     0x5611324bab86 - std::sys_common::backtrace::__rust_begin_short_backtrace::h2ee174b9d5954948
[INFO] [stdout]                                at /rustc/0e09125c6c3c2fd70d7de961bcf0e51575235fad/library/std/src/sys_common/backtrace.rs:155:18
[INFO] [stdout]   34:     0x5611324bfbe7 - std::thread::Builder::spawn_unchecked_::{{closure}}::{{closure}}::hf60bee9c1a17ef09
[INFO] [stdout]                                at /rustc/0e09125c6c3c2fd70d7de961bcf0e51575235fad/library/std/src/thread/mod.rs:529:17
[INFO] [stdout]   35:     0x5611324bfbe7 - <core::panic::unwind_safe::AssertUnwindSafe<F> as core::ops::function::FnOnce<()>>::call_once::h33d0dddec5216160
[INFO] [stdout]                                at /rustc/0e09125c6c3c2fd70d7de961bcf0e51575235fad/library/core/src/panic/unwind_safe.rs:272:9
[INFO] [stdout]   36:     0x5611324bfbe7 - std::panicking::try::do_call::h144b3048b546f835
[INFO] [stdout]                                at /rustc/0e09125c6c3c2fd70d7de961bcf0e51575235fad/library/std/src/panicking.rs:552:40
[INFO] [stdout]   37:     0x5611324bfbe7 - std::panicking::try::h978244d04646189f
[INFO] [stdout]                                at /rustc/0e09125c6c3c2fd70d7de961bcf0e51575235fad/library/std/src/panicking.rs:516:19
[INFO] [stdout]   38:     0x5611324bfbe7 - std::panic::catch_unwind::hdf436369d188fe86
[INFO] [stdout]                                at /rustc/0e09125c6c3c2fd70d7de961bcf0e51575235fad/library/std/src/panic.rs:142:14
[INFO] [stdout]   39:     0x5611324bfbe7 - std::thread::Builder::spawn_unchecked_::{{closure}}::h87329cbdd33c79ec
[INFO] [stdout]                                at /rustc/0e09125c6c3c2fd70d7de961bcf0e51575235fad/library/std/src/thread/mod.rs:528:30
[INFO] [stdout]   40:     0x5611324bfbe7 - core::ops::function::FnOnce::call_once{{vtable.shim}}::h401abbe67897d450
[INFO] [stdout]                                at /rustc/0e09125c6c3c2fd70d7de961bcf0e51575235fad/library/core/src/ops/function.rs:250:5
[INFO] [stdout]   41:     0x561132592175 - <alloc::boxed::Box<F,A> as core::ops::function::FnOnce<Args>>::call_once::h5d7c8f150ab9c84c
[INFO] [stdout]                                at /rustc/0e09125c6c3c2fd70d7de961bcf0e51575235fad/library/alloc/src/boxed.rs:2015:9
[INFO] [stdout]   42:     0x561132592175 - <alloc::boxed::Box<F,A> as core::ops::function::FnOnce<Args>>::call_once::h570d5b005c242c15
[INFO] [stdout]                                at /rustc/0e09125c6c3c2fd70d7de961bcf0e51575235fad/library/alloc/src/boxed.rs:2015:9
[INFO] [stdout]   43:     0x561132592175 - std::sys::unix::thread::Thread::new::thread_start::h36b0a20c0b2361ad
[INFO] [stdout]                                at /rustc/0e09125c6c3c2fd70d7de961bcf0e51575235fad/library/std/src/sys/unix/thread.rs:108:17
[INFO] [stdout]   44:     0x7f6296036ac3 - <unknown>
[INFO] [stdout]   45:     0x7f62960c7bf4 - __clone
[INFO] [stdout]   46:                0x0 - <unknown>
[INFO] [stdout] 
[INFO] [stdout] 
[INFO] [stdout] failures:
[INFO] [stdout]     tests::test_solve
[INFO] [stdout] 
[INFO] [stdout] test result: FAILED. 8 passed; 1 failed; 0 ignored; 0 measured; 0 filtered out; finished in 0.01s
[INFO] [stdout] 
[INFO] [stderr] error: test failed, to rerun pass `--bin rubics`
[INFO] running `Command { std: "docker" "inspect" "abe90cbd774b6587a84dfd5ed0332982fa723ec60211e5dd913b456ca9c6d238", kill_on_drop: false }`
[INFO] running `Command { std: "docker" "rm" "-f" "abe90cbd774b6587a84dfd5ed0332982fa723ec60211e5dd913b456ca9c6d238", kill_on_drop: false }`
[INFO] [stdout] abe90cbd774b6587a84dfd5ed0332982fa723ec60211e5dd913b456ca9c6d238
