[INFO] cloning repository https://github.com/HansBlackCat/ritcoin
[INFO] running `Command { std: "git" "-c" "credential.helper=" "-c" "credential.helper=/workspace/cargo-home/bin/git-credential-null" "clone" "--bare" "https://github.com/HansBlackCat/ritcoin" "/workspace/cache/git-repos/https%3A%2F%2Fgithub.com%2FHansBlackCat%2Fritcoin", kill_on_drop: false }`
[INFO] [stderr] Cloning into bare repository '/workspace/cache/git-repos/https%3A%2F%2Fgithub.com%2FHansBlackCat%2Fritcoin'...
[INFO] running `Command { std: "git" "rev-parse" "HEAD", kill_on_drop: false }`
[INFO] [stdout] 8d3d12c1ff9f9d1c06b47236f3b1fcece41bad1d
[INFO] testing HansBlackCat/ritcoin against 1.75.0 for beta-1.76-1
[INFO] running `Command { std: "git" "clone" "/workspace/cache/git-repos/https%3A%2F%2Fgithub.com%2FHansBlackCat%2Fritcoin" "/workspace/builds/worker-1-tc1/source", kill_on_drop: false }`
[INFO] [stderr] Cloning into '/workspace/builds/worker-1-tc1/source'...
[INFO] [stderr] done.
[INFO] validating manifest of git repo https://github.com/HansBlackCat/ritcoin on toolchain 1.75.0
[INFO] running `Command { std: CARGO_HOME="/workspace/cargo-home" RUSTUP_HOME="/workspace/rustup-home" "/workspace/cargo-home/bin/cargo" "+1.75.0" "metadata" "--manifest-path" "Cargo.toml" "--no-deps", kill_on_drop: false }`
[INFO] started tweaking git repo https://github.com/HansBlackCat/ritcoin
[INFO] finished tweaking git repo https://github.com/HansBlackCat/ritcoin
[INFO] tweaked toml for git repo https://github.com/HansBlackCat/ritcoin written to /workspace/builds/worker-1-tc1/source/Cargo.toml
[INFO] crate git repo https://github.com/HansBlackCat/ritcoin already has a lockfile, it will not be regenerated
[INFO] running `Command { std: CARGO_HOME="/workspace/cargo-home" RUSTUP_HOME="/workspace/rustup-home" "/workspace/cargo-home/bin/cargo" "+1.75.0" "fetch" "--manifest-path" "Cargo.toml", kill_on_drop: false }`
[INFO] running `Command { std: "docker" "create" "-v" "/var/lib/crater-agent-workspace/builds/worker-1-tc1/target:/opt/rustwide/target:rw,Z" "-v" "/var/lib/crater-agent-workspace/builds/worker-1-tc1/source:/opt/rustwide/workdir:ro,Z" "-v" "/var/lib/crater-agent-workspace/cargo-home:/opt/rustwide/cargo-home:ro,Z" "-v" "/var/lib/crater-agent-workspace/rustup-home:/opt/rustwide/rustup-home:ro,Z" "-e" "SOURCE_DIR=/opt/rustwide/workdir" "-e" "CARGO_TARGET_DIR=/opt/rustwide/target" "-e" "CARGO_HOME=/opt/rustwide/cargo-home" "-e" "RUSTUP_HOME=/opt/rustwide/rustup-home" "-w" "/opt/rustwide/workdir" "-m" "1610612736" "--user" "0:0" "--network" "none" "ghcr.io/rust-lang/crates-build-env/linux@sha256:2788e3201cd34a07e3172128adcd8b3090168a8e3bcc40d7c032b9dda1df7d1c" "/opt/rustwide/cargo-home/bin/cargo" "+1.75.0" "metadata" "--no-deps" "--format-version=1", kill_on_drop: false }`
[INFO] [stdout] 38cd0d8e04fd30d38be22cae48bdd8b72da183d2edc24032cf2da33e4328e6c5
[INFO] running `Command { std: "docker" "start" "-a" "38cd0d8e04fd30d38be22cae48bdd8b72da183d2edc24032cf2da33e4328e6c5", kill_on_drop: false }`
[INFO] running `Command { std: "docker" "inspect" "38cd0d8e04fd30d38be22cae48bdd8b72da183d2edc24032cf2da33e4328e6c5", kill_on_drop: false }`
[INFO] running `Command { std: "docker" "rm" "-f" "38cd0d8e04fd30d38be22cae48bdd8b72da183d2edc24032cf2da33e4328e6c5", kill_on_drop: false }`
[INFO] [stdout] 38cd0d8e04fd30d38be22cae48bdd8b72da183d2edc24032cf2da33e4328e6c5
[INFO] running `Command { std: "docker" "create" "-v" "/var/lib/crater-agent-workspace/builds/worker-1-tc1/target:/opt/rustwide/target:rw,Z" "-v" "/var/lib/crater-agent-workspace/builds/worker-1-tc1/source:/opt/rustwide/workdir:ro,Z" "-v" "/var/lib/crater-agent-workspace/cargo-home:/opt/rustwide/cargo-home:ro,Z" "-v" "/var/lib/crater-agent-workspace/rustup-home:/opt/rustwide/rustup-home:ro,Z" "-e" "SOURCE_DIR=/opt/rustwide/workdir" "-e" "CARGO_TARGET_DIR=/opt/rustwide/target" "-e" "CARGO_INCREMENTAL=0" "-e" "RUST_BACKTRACE=full" "-e" "RUSTFLAGS=--cap-lints=warn" "-e" "RUSTDOCFLAGS=--cap-lints=warn" "-e" "CARGO_HOME=/opt/rustwide/cargo-home" "-e" "RUSTUP_HOME=/opt/rustwide/rustup-home" "-w" "/opt/rustwide/workdir" "-m" "1610612736" "--user" "0:0" "--network" "none" "ghcr.io/rust-lang/crates-build-env/linux@sha256:2788e3201cd34a07e3172128adcd8b3090168a8e3bcc40d7c032b9dda1df7d1c" "/opt/rustwide/cargo-home/bin/cargo" "+1.75.0" "build" "--frozen" "--message-format=json", kill_on_drop: false }`
[INFO] [stdout] 6c2384770f8cf924c586d11239b26628d715de736a914807c27748a45b36c129
[INFO] running `Command { std: "docker" "start" "-a" "6c2384770f8cf924c586d11239b26628d715de736a914807c27748a45b36c129", kill_on_drop: false }`
[INFO] [stderr]    Compiling libc v0.2.139
[INFO] [stderr]    Compiling num-traits v0.2.15
[INFO] [stderr]    Compiling io-lifetimes v1.0.4
[INFO] [stderr]    Compiling num-integer v0.1.45
[INFO] [stderr]    Compiling rustix v0.36.7
[INFO] [stderr]    Compiling num-iter v0.1.43
[INFO] [stderr]    Compiling linux-raw-sys v0.1.4
[INFO] [stderr]    Compiling serde v1.0.152
[INFO] [stderr]    Compiling libm v0.2.6
[INFO] [stderr]    Compiling log v0.4.17
[INFO] [stderr]    Compiling regex-syntax v0.6.28
[INFO] [stderr]    Compiling num-bigint-dig v0.8.2
[INFO] [stderr]    Compiling anyhow v1.0.68
[INFO] [stderr]    Compiling spin v0.5.2
[INFO] [stderr]    Compiling smallvec v1.10.0
[INFO] [stderr]    Compiling byteorder v1.4.3
[INFO] [stderr]    Compiling lazy_static v1.4.0
[INFO] [stderr]    Compiling termcolor v1.2.0
[INFO] [stderr]    Compiling humantime v2.1.0
[INFO] [stderr]    Compiling sha2 v0.10.6
[INFO] [stderr]    Compiling ripemd v0.1.3
[INFO] [stderr]    Compiling regex v1.7.1
[INFO] [stderr]    Compiling getrandom v0.2.8
[INFO] [stderr]    Compiling rand_core v0.6.4
[INFO] [stderr]    Compiling rand_chacha v0.3.1
[INFO] [stderr]    Compiling rand v0.8.5
[INFO] [stderr]    Compiling is-terminal v0.4.2
[INFO] [stderr]    Compiling env_logger v0.10.0
[INFO] [stderr]    Compiling ritcoin v0.1.0 (/opt/rustwide/workdir)
[INFO] [stdout] warning: unused import: `crate::libs::ecc::Ecc`
[INFO] [stdout]  --> src/libs/key.rs:4:5
[INFO] [stdout]   |
[INFO] [stdout] 4 | use crate::libs::ecc::Ecc;
[INFO] [stdout]   |     ^^^^^^^^^^^^^^^^^^^^^
[INFO] [stdout]   |
[INFO] [stdout]   = note: `#[warn(unused_imports)]` on by default
[INFO] [stdout] 
[INFO] [stdout] 
[INFO] [stdout] warning: unused import: `base58_encode`
[INFO] [stdout]   --> src/libs/ecc.rs:14:17
[INFO] [stdout]    |
[INFO] [stdout] 14 |     signature::{base58_encode, base58_encode_with_checksum, Signature},
[INFO] [stdout]    |                 ^^^^^^^^^^^^^
[INFO] [stdout] 
[INFO] [stdout] 
[INFO] [stdout] warning: unused import: `ToBigUint`
[INFO] [stdout]  --> src/libs/ecc.rs:4:61
[INFO] [stdout]   |
[INFO] [stdout] 4 | use num_bigint_dig::{BigInt, BigUint, ModInverse, ToBigInt, ToBigUint};
[INFO] [stdout]   |                                                             ^^^^^^^^^
[INFO] [stdout] 
[INFO] [stdout] 
[INFO] [stdout] warning: unused variable: `n`
[INFO] [stdout]    --> src/libs/transaction.rs:120:17
[INFO] [stdout]     |
[INFO] [stdout] 120 |         let mut n: i64 = -1;
[INFO] [stdout]     |                 ^ help: if this is intentional, prefix it with an underscore: `_n`
[INFO] [stdout]     |
[INFO] [stdout]     = note: `#[warn(unused_variables)]` on by default
[INFO] [stdout] 
[INFO] [stdout] 
[INFO] [stdout] warning: unused variable: `array`
[INFO] [stdout]    --> src/libs/transaction.rs:123:13
[INFO] [stdout]     |
[INFO] [stdout] 123 |         let array = Self::parse_nbytes::<4>(&mut stream);
[INFO] [stdout]     |             ^^^^^ help: if this is intentional, prefix it with an underscore: `_array`
[INFO] [stdout] 
[INFO] [stdout] 
[INFO] [stdout] warning: variable does not need to be mutable
[INFO] [stdout]    --> src/libs/transaction.rs:120:13
[INFO] [stdout]     |
[INFO] [stdout] 120 |         let mut n: i64 = -1;
[INFO] [stdout]     |             ----^
[INFO] [stdout]     |             |
[INFO] [stdout]     |             help: remove this `mut`
[INFO] [stdout]     |
[INFO] [stdout]     = note: `#[warn(unused_mut)]` on by default
[INFO] [stdout] 
[INFO] [stdout] 
[INFO] [stdout] warning: unused variable: `z`
[INFO] [stdout]   --> src/libs/key.rs:25:23
[INFO] [stdout]    |
[INFO] [stdout] 25 |     fn rfc6979(&self, z: BigUint) -> BigUint {
[INFO] [stdout]    |                       ^ help: if this is intentional, prefix it with an underscore: `_z`
[INFO] [stdout] 
[INFO] [stdout] 
[INFO] [stdout] warning: field `locktime_type` is never read
[INFO] [stdout]   --> src/libs/transaction.rs:50:5
[INFO] [stdout]    |
[INFO] [stdout] 48 | pub struct TransactionLocktime {
[INFO] [stdout]    |            ------------------- field in this struct
[INFO] [stdout] 49 |     locktime: [u8; 4],
[INFO] [stdout] 50 |     locktime_type: TransactionLocktimeType,
[INFO] [stdout]    |     ^^^^^^^^^^^^^
[INFO] [stdout]    |
[INFO] [stdout]    = note: `TransactionLocktime` has a derived impl for the trait `Debug`, but this is intentionally ignored during dead code analysis
[INFO] [stdout]    = note: `#[warn(dead_code)]` on by default
[INFO] [stdout] 
[INFO] [stdout] 
[INFO] [stdout] warning: fields `previous_tx_id`, `previous_tx_idx`, `script_signature`, and `sequence` are never read
[INFO] [stdout]   --> src/libs/transaction.rs:78:5
[INFO] [stdout]    |
[INFO] [stdout] 77 | pub struct TransactionInput {
[INFO] [stdout]    |            ---------------- fields in this struct
[INFO] [stdout] 78 |     previous_tx_id: [u8; 32],
[INFO] [stdout]    |     ^^^^^^^^^^^^^^
[INFO] [stdout] 79 |     previous_tx_idx: [u8; 4],
[INFO] [stdout]    |     ^^^^^^^^^^^^^^^
[INFO] [stdout] 80 |     script_signature: Vec<u8>,
[INFO] [stdout]    |     ^^^^^^^^^^^^^^^^
[INFO] [stdout] 81 |     sequence: [u8; 4],
[INFO] [stdout]    |     ^^^^^^^^
[INFO] [stdout]    |
[INFO] [stdout]    = note: `TransactionInput` has a derived impl for the trait `Debug`, but this is intentionally ignored during dead code analysis
[INFO] [stdout] 
[INFO] [stdout] 
[INFO] [stdout] warning: fields `amount` and `script_pubkey` are never read
[INFO] [stdout]    --> src/libs/transaction.rs:102:5
[INFO] [stdout]     |
[INFO] [stdout] 101 | pub struct TransactionOutput {
[INFO] [stdout]     |            ----------------- fields in this struct
[INFO] [stdout] 102 |     amount: Vec<u8>,
[INFO] [stdout]     |     ^^^^^^
[INFO] [stdout] 103 |     script_pubkey: Vec<u8>,
[INFO] [stdout]     |     ^^^^^^^^^^^^^
[INFO] [stdout]     |
[INFO] [stdout]     = note: `TransactionOutput` has a derived impl for the trait `Debug`, but this is intentionally ignored during dead code analysis
[INFO] [stdout] 
[INFO] [stdout] 
[INFO] [stdout] warning: fields `version`, `transaction_inputs_varint`, `transaction_inputs`, `transaction_outputs_varint`, `transaction_outputs`, and `locktime` are never read
[INFO] [stdout]    --> src/libs/transaction.rs:108:5
[INFO] [stdout]     |
[INFO] [stdout] 107 | pub struct Transaction {
[INFO] [stdout]     |            ----------- fields in this struct
[INFO] [stdout] 108 |     version: TransactionVersion,
[INFO] [stdout]     |     ^^^^^^^
[INFO] [stdout] 109 |     transaction_inputs_varint: Varint,
[INFO] [stdout]     |     ^^^^^^^^^^^^^^^^^^^^^^^^^
[INFO] [stdout] 110 |     transaction_inputs: Vec<TransactionInput>,
[INFO] [stdout]     |     ^^^^^^^^^^^^^^^^^^
[INFO] [stdout] 111 |     transaction_outputs_varint: Varint,
[INFO] [stdout]     |     ^^^^^^^^^^^^^^^^^^^^^^^^^^
[INFO] [stdout] 112 |     transaction_outputs: Vec<TransactionOutput>,
[INFO] [stdout]     |     ^^^^^^^^^^^^^^^^^^^
[INFO] [stdout] 113 |     locktime: TransactionLocktime,
[INFO] [stdout]     |     ^^^^^^^^
[INFO] [stdout]     |
[INFO] [stdout]     = note: `Transaction` has a derived impl for the trait `Debug`, but this is intentionally ignored during dead code analysis
[INFO] [stdout] 
[INFO] [stdout] 
[INFO] [stdout] warning: field `magic` is never read
[INFO] [stdout]   --> src/libs/network.rs:17:5
[INFO] [stdout]    |
[INFO] [stdout] 16 | pub struct NetworkMagic {
[INFO] [stdout]    |            ------------ field in this struct
[INFO] [stdout] 17 |     magic: [u8; 4],
[INFO] [stdout]    |     ^^^^^
[INFO] [stdout] 
[INFO] [stdout] 
[INFO] [stdout] warning: field `command` is never read
[INFO] [stdout]   --> src/libs/network.rs:21:5
[INFO] [stdout]    |
[INFO] [stdout] 20 | pub struct NetworkCommand {
[INFO] [stdout]    |            -------------- field in this struct
[INFO] [stdout] 21 |     command: [u8; 12],
[INFO] [stdout]    |     ^^^^^^^
[INFO] [stdout] 
[INFO] [stdout] 
[INFO] [stdout] warning: fields `payload_length`, `payload_checksum`, and `payload` are never read
[INFO] [stdout]   --> src/libs/network.rs:25:5
[INFO] [stdout]    |
[INFO] [stdout] 24 | pub struct NetworkPayload {
[INFO] [stdout]    |            -------------- fields in this struct
[INFO] [stdout] 25 |     payload_length: [u8; 4],
[INFO] [stdout]    |     ^^^^^^^^^^^^^^
[INFO] [stdout] 26 |     payload_checksum: [u8; 4],
[INFO] [stdout]    |     ^^^^^^^^^^^^^^^^
[INFO] [stdout] 27 |     payload: Vec<u8>,
[INFO] [stdout]    |     ^^^^^^^
[INFO] [stdout] 
[INFO] [stdout] 
[INFO] [stdout] warning: method `rfc6979` is never used
[INFO] [stdout]   --> src/libs/key.rs:25:8
[INFO] [stdout]    |
[INFO] [stdout] 19 | impl Key {
[INFO] [stdout]    | -------- method in this implementation
[INFO] [stdout] ...
[INFO] [stdout] 25 |     fn rfc6979(&self, z: BigUint) -> BigUint {
[INFO] [stdout]    |        ^^^^^^^
[INFO] [stdout] 
[INFO] [stdout] 
[INFO] [stdout] warning: associated function `verify` is never used
[INFO] [stdout]    --> src/libs/ecc.rs:128:8
[INFO] [stdout]     |
[INFO] [stdout] 107 | impl EccPoint {
[INFO] [stdout]     | ------------- associated function in this implementation
[INFO] [stdout] ...
[INFO] [stdout] 128 |     fn verify() {
[INFO] [stdout]     |        ^^^^^^
[INFO] [stdout] 
[INFO] [stdout] 
[INFO] [stdout] warning: 16 warnings emitted
[INFO] [stdout] 
[INFO] [stdout] 
[INFO] [stderr]     Finished dev [unoptimized + debuginfo] target(s) in 3.79s
[INFO] running `Command { std: "docker" "inspect" "6c2384770f8cf924c586d11239b26628d715de736a914807c27748a45b36c129", kill_on_drop: false }`
[INFO] running `Command { std: "docker" "rm" "-f" "6c2384770f8cf924c586d11239b26628d715de736a914807c27748a45b36c129", kill_on_drop: false }`
[INFO] [stdout] 6c2384770f8cf924c586d11239b26628d715de736a914807c27748a45b36c129
[INFO] running `Command { std: "docker" "create" "-v" "/var/lib/crater-agent-workspace/builds/worker-1-tc1/target:/opt/rustwide/target:rw,Z" "-v" "/var/lib/crater-agent-workspace/builds/worker-1-tc1/source:/opt/rustwide/workdir:ro,Z" "-v" "/var/lib/crater-agent-workspace/cargo-home:/opt/rustwide/cargo-home:ro,Z" "-v" "/var/lib/crater-agent-workspace/rustup-home:/opt/rustwide/rustup-home:ro,Z" "-e" "SOURCE_DIR=/opt/rustwide/workdir" "-e" "CARGO_TARGET_DIR=/opt/rustwide/target" "-e" "CARGO_INCREMENTAL=0" "-e" "RUST_BACKTRACE=full" "-e" "RUSTFLAGS=--cap-lints=warn" "-e" "RUSTDOCFLAGS=--cap-lints=warn" "-e" "CARGO_HOME=/opt/rustwide/cargo-home" "-e" "RUSTUP_HOME=/opt/rustwide/rustup-home" "-w" "/opt/rustwide/workdir" "-m" "1610612736" "--user" "0:0" "--network" "none" "ghcr.io/rust-lang/crates-build-env/linux@sha256:2788e3201cd34a07e3172128adcd8b3090168a8e3bcc40d7c032b9dda1df7d1c" "/opt/rustwide/cargo-home/bin/cargo" "+1.75.0" "test" "--frozen" "--no-run" "--message-format=json", kill_on_drop: false }`
[INFO] [stdout] 9c352e5e5032afb4912f2f1a900c8687024d874dcf7a95328870c4e576f851bd
[INFO] running `Command { std: "docker" "start" "-a" "9c352e5e5032afb4912f2f1a900c8687024d874dcf7a95328870c4e576f851bd", kill_on_drop: false }`
[INFO] [stderr]    Compiling ritcoin v0.1.0 (/opt/rustwide/workdir)
[INFO] [stdout] warning: unused import: `crate::libs::ecc::Ecc`
[INFO] [stdout]  --> src/libs/key.rs:4:5
[INFO] [stdout]   |
[INFO] [stdout] 4 | use crate::libs::ecc::Ecc;
[INFO] [stdout]   |     ^^^^^^^^^^^^^^^^^^^^^
[INFO] [stdout]   |
[INFO] [stdout]   = note: `#[warn(unused_imports)]` on by default
[INFO] [stdout] 
[INFO] [stdout] 
[INFO] [stdout] warning: unused import: `base58_encode`
[INFO] [stdout]   --> src/libs/ecc.rs:14:17
[INFO] [stdout]    |
[INFO] [stdout] 14 |     signature::{base58_encode, base58_encode_with_checksum, Signature},
[INFO] [stdout]    |                 ^^^^^^^^^^^^^
[INFO] [stdout] 
[INFO] [stdout] 
[INFO] [stdout] warning: unused import: `std::fmt::format`
[INFO] [stdout]    --> src/libs/ecc.rs:369:9
[INFO] [stdout]     |
[INFO] [stdout] 369 |     use std::fmt::format;
[INFO] [stdout]     |         ^^^^^^^^^^^^^^^^
[INFO] [stdout] 
[INFO] [stdout] 
[INFO] [stdout] warning: unused import: `Ecc`
[INFO] [stdout]    --> src/libs/ecc.rs:376:17
[INFO] [stdout]     |
[INFO] [stdout] 376 |     use super::{Ecc, EccPoint, SECP256K1GENS_ORDER, SECP256K1GENS_X, SECP256K1GENS_Y};
[INFO] [stdout]     |                 ^^^
[INFO] [stdout] 
[INFO] [stdout] 
[INFO] [stdout] warning: unused import: `ModInverse`
[INFO] [stdout]   --> src/libs/finite_field.rs:97:34
[INFO] [stdout]    |
[INFO] [stdout] 97 |     use num_bigint_dig::{BigInt, ModInverse};
[INFO] [stdout]    |                                  ^^^^^^^^^^
[INFO] [stdout] 
[INFO] [stdout] 
[INFO] [stdout] warning: unused import: `One`
[INFO] [stdout]   --> src/libs/finite_field.rs:98:22
[INFO] [stdout]    |
[INFO] [stdout] 98 |     use num_traits::{One, Pow};
[INFO] [stdout]    |                      ^^^
[INFO] [stdout] 
[INFO] [stdout] 
[INFO] [stdout] warning: unused import: `ToBigUint`
[INFO] [stdout]  --> src/libs/ecc.rs:4:61
[INFO] [stdout]   |
[INFO] [stdout] 4 | use num_bigint_dig::{BigInt, BigUint, ModInverse, ToBigInt, ToBigUint};
[INFO] [stdout]   |                                                             ^^^^^^^^^
[INFO] [stdout] 
[INFO] [stdout] 
[INFO] [stdout] warning: unused variable: `n`
[INFO] [stdout]    --> src/libs/transaction.rs:120:17
[INFO] [stdout]     |
[INFO] [stdout] 120 |         let mut n: i64 = -1;
[INFO] [stdout]     |                 ^ help: if this is intentional, prefix it with an underscore: `_n`
[INFO] [stdout]     |
[INFO] [stdout]     = note: `#[warn(unused_variables)]` on by default
[INFO] [stdout] 
[INFO] [stdout] 
[INFO] [stdout] warning: unused variable: `array`
[INFO] [stdout]    --> src/libs/transaction.rs:123:13
[INFO] [stdout]     |
[INFO] [stdout] 123 |         let array = Self::parse_nbytes::<4>(&mut stream);
[INFO] [stdout]     |             ^^^^^ help: if this is intentional, prefix it with an underscore: `_array`
[INFO] [stdout] 
[INFO] [stdout] 
[INFO] [stdout] warning: variable does not need to be mutable
[INFO] [stdout]    --> src/libs/transaction.rs:120:13
[INFO] [stdout]     |
[INFO] [stdout] 120 |         let mut n: i64 = -1;
[INFO] [stdout]     |             ----^
[INFO] [stdout]     |             |
[INFO] [stdout]     |             help: remove this `mut`
[INFO] [stdout]     |
[INFO] [stdout]     = note: `#[warn(unused_mut)]` on by default
[INFO] [stdout] 
[INFO] [stdout] 
[INFO] [stdout] warning: unused variable: `z`
[INFO] [stdout]   --> src/libs/key.rs:25:23
[INFO] [stdout]    |
[INFO] [stdout] 25 |     fn rfc6979(&self, z: BigUint) -> BigUint {
[INFO] [stdout]    |                       ^ help: if this is intentional, prefix it with an underscore: `_z`
[INFO] [stdout] 
[INFO] [stdout] 
[INFO] [stdout] warning: field `locktime_type` is never read
[INFO] [stdout]   --> src/libs/transaction.rs:50:5
[INFO] [stdout]    |
[INFO] [stdout] 48 | pub struct TransactionLocktime {
[INFO] [stdout]    |            ------------------- field in this struct
[INFO] [stdout] 49 |     locktime: [u8; 4],
[INFO] [stdout] 50 |     locktime_type: TransactionLocktimeType,
[INFO] [stdout]    |     ^^^^^^^^^^^^^
[INFO] [stdout]    |
[INFO] [stdout]    = note: `TransactionLocktime` has a derived impl for the trait `Debug`, but this is intentionally ignored during dead code analysis
[INFO] [stdout]    = note: `#[warn(dead_code)]` on by default
[INFO] [stdout] 
[INFO] [stdout] 
[INFO] [stdout] warning: fields `previous_tx_id`, `previous_tx_idx`, `script_signature`, and `sequence` are never read
[INFO] [stdout]   --> src/libs/transaction.rs:78:5
[INFO] [stdout]    |
[INFO] [stdout] 77 | pub struct TransactionInput {
[INFO] [stdout]    |            ---------------- fields in this struct
[INFO] [stdout] 78 |     previous_tx_id: [u8; 32],
[INFO] [stdout]    |     ^^^^^^^^^^^^^^
[INFO] [stdout] 79 |     previous_tx_idx: [u8; 4],
[INFO] [stdout]    |     ^^^^^^^^^^^^^^^
[INFO] [stdout] 80 |     script_signature: Vec<u8>,
[INFO] [stdout]    |     ^^^^^^^^^^^^^^^^
[INFO] [stdout] 81 |     sequence: [u8; 4],
[INFO] [stdout]    |     ^^^^^^^^
[INFO] [stdout]    |
[INFO] [stdout]    = note: `TransactionInput` has a derived impl for the trait `Debug`, but this is intentionally ignored during dead code analysis
[INFO] [stdout] 
[INFO] [stdout] 
[INFO] [stdout] warning: fields `amount` and `script_pubkey` are never read
[INFO] [stdout]    --> src/libs/transaction.rs:102:5
[INFO] [stdout]     |
[INFO] [stdout] 101 | pub struct TransactionOutput {
[INFO] [stdout]     |            ----------------- fields in this struct
[INFO] [stdout] 102 |     amount: Vec<u8>,
[INFO] [stdout]     |     ^^^^^^
[INFO] [stdout] 103 |     script_pubkey: Vec<u8>,
[INFO] [stdout]     |     ^^^^^^^^^^^^^
[INFO] [stdout]     |
[INFO] [stdout]     = note: `TransactionOutput` has a derived impl for the trait `Debug`, but this is intentionally ignored during dead code analysis
[INFO] [stdout] 
[INFO] [stdout] 
[INFO] [stdout] warning: fields `version`, `transaction_inputs_varint`, `transaction_inputs`, `transaction_outputs_varint`, `transaction_outputs`, and `locktime` are never read
[INFO] [stdout]    --> src/libs/transaction.rs:108:5
[INFO] [stdout]     |
[INFO] [stdout] 107 | pub struct Transaction {
[INFO] [stdout]     |            ----------- fields in this struct
[INFO] [stdout] 108 |     version: TransactionVersion,
[INFO] [stdout]     |     ^^^^^^^
[INFO] [stdout] 109 |     transaction_inputs_varint: Varint,
[INFO] [stdout]     |     ^^^^^^^^^^^^^^^^^^^^^^^^^
[INFO] [stdout] 110 |     transaction_inputs: Vec<TransactionInput>,
[INFO] [stdout]     |     ^^^^^^^^^^^^^^^^^^
[INFO] [stdout] 111 |     transaction_outputs_varint: Varint,
[INFO] [stdout]     |     ^^^^^^^^^^^^^^^^^^^^^^^^^^
[INFO] [stdout] 112 |     transaction_outputs: Vec<TransactionOutput>,
[INFO] [stdout]     |     ^^^^^^^^^^^^^^^^^^^
[INFO] [stdout] 113 |     locktime: TransactionLocktime,
[INFO] [stdout]     |     ^^^^^^^^
[INFO] [stdout]     |
[INFO] [stdout]     = note: `Transaction` has a derived impl for the trait `Debug`, but this is intentionally ignored during dead code analysis
[INFO] [stdout] 
[INFO] [stdout] 
[INFO] [stdout] warning: field `magic` is never read
[INFO] [stdout]   --> src/libs/network.rs:17:5
[INFO] [stdout]    |
[INFO] [stdout] 16 | pub struct NetworkMagic {
[INFO] [stdout]    |            ------------ field in this struct
[INFO] [stdout] 17 |     magic: [u8; 4],
[INFO] [stdout]    |     ^^^^^
[INFO] [stdout] 
[INFO] [stdout] 
[INFO] [stdout] warning: field `command` is never read
[INFO] [stdout]   --> src/libs/network.rs:21:5
[INFO] [stdout]    |
[INFO] [stdout] 20 | pub struct NetworkCommand {
[INFO] [stdout]    |            -------------- field in this struct
[INFO] [stdout] 21 |     command: [u8; 12],
[INFO] [stdout]    |     ^^^^^^^
[INFO] [stdout] 
[INFO] [stdout] 
[INFO] [stdout] warning: fields `payload_length`, `payload_checksum`, and `payload` are never read
[INFO] [stdout]   --> src/libs/network.rs:25:5
[INFO] [stdout]    |
[INFO] [stdout] 24 | pub struct NetworkPayload {
[INFO] [stdout]    |            -------------- fields in this struct
[INFO] [stdout] 25 |     payload_length: [u8; 4],
[INFO] [stdout]    |     ^^^^^^^^^^^^^^
[INFO] [stdout] 26 |     payload_checksum: [u8; 4],
[INFO] [stdout]    |     ^^^^^^^^^^^^^^^^
[INFO] [stdout] 27 |     payload: Vec<u8>,
[INFO] [stdout]    |     ^^^^^^^
[INFO] [stdout] 
[INFO] [stdout] 
[INFO] [stdout] warning: method `rfc6979` is never used
[INFO] [stdout]   --> src/libs/key.rs:25:8
[INFO] [stdout]    |
[INFO] [stdout] 19 | impl Key {
[INFO] [stdout]    | -------- method in this implementation
[INFO] [stdout] ...
[INFO] [stdout] 25 |     fn rfc6979(&self, z: BigUint) -> BigUint {
[INFO] [stdout]    |        ^^^^^^^
[INFO] [stdout] 
[INFO] [stdout] 
[INFO] [stdout] warning: associated function `verify` is never used
[INFO] [stdout]    --> src/libs/ecc.rs:128:8
[INFO] [stdout]     |
[INFO] [stdout] 107 | impl EccPoint {
[INFO] [stdout]     | ------------- associated function in this implementation
[INFO] [stdout] ...
[INFO] [stdout] 128 |     fn verify() {
[INFO] [stdout]     |        ^^^^^^
[INFO] [stdout] 
[INFO] [stdout] 
[INFO] [stdout] warning: 20 warnings emitted
[INFO] [stdout] 
[INFO] [stdout] 
[INFO] [stderr]     Finished test [unoptimized + debuginfo] target(s) in 0.88s
[INFO] running `Command { std: "docker" "inspect" "9c352e5e5032afb4912f2f1a900c8687024d874dcf7a95328870c4e576f851bd", kill_on_drop: false }`
[INFO] running `Command { std: "docker" "rm" "-f" "9c352e5e5032afb4912f2f1a900c8687024d874dcf7a95328870c4e576f851bd", kill_on_drop: false }`
[INFO] [stdout] 9c352e5e5032afb4912f2f1a900c8687024d874dcf7a95328870c4e576f851bd
[INFO] running `Command { std: "docker" "create" "-v" "/var/lib/crater-agent-workspace/builds/worker-1-tc1/target:/opt/rustwide/target:rw,Z" "-v" "/var/lib/crater-agent-workspace/builds/worker-1-tc1/source:/opt/rustwide/workdir:ro,Z" "-v" "/var/lib/crater-agent-workspace/cargo-home:/opt/rustwide/cargo-home:ro,Z" "-v" "/var/lib/crater-agent-workspace/rustup-home:/opt/rustwide/rustup-home:ro,Z" "-e" "SOURCE_DIR=/opt/rustwide/workdir" "-e" "CARGO_TARGET_DIR=/opt/rustwide/target" "-e" "CARGO_INCREMENTAL=0" "-e" "RUST_BACKTRACE=full" "-e" "RUSTFLAGS=--cap-lints=warn" "-e" "RUSTDOCFLAGS=--cap-lints=warn" "-e" "CARGO_HOME=/opt/rustwide/cargo-home" "-e" "RUSTUP_HOME=/opt/rustwide/rustup-home" "-w" "/opt/rustwide/workdir" "-m" "1610612736" "--user" "0:0" "--network" "none" "ghcr.io/rust-lang/crates-build-env/linux@sha256:2788e3201cd34a07e3172128adcd8b3090168a8e3bcc40d7c032b9dda1df7d1c" "/opt/rustwide/cargo-home/bin/cargo" "+1.75.0" "test" "--frozen", kill_on_drop: false }`
[INFO] [stdout] 5d721921db1db6fe546c59e5c32a7741c2c19bae7ef6e7aebc3c11f665ba09a5
[INFO] running `Command { std: "docker" "start" "-a" "5d721921db1db6fe546c59e5c32a7741c2c19bae7ef6e7aebc3c11f665ba09a5", kill_on_drop: false }`
[INFO] [stderr] warning: unused import: `crate::libs::ecc::Ecc`
[INFO] [stderr]  --> src/libs/key.rs:4:5
[INFO] [stderr]   |
[INFO] [stderr] 4 | use crate::libs::ecc::Ecc;
[INFO] [stderr]   |     ^^^^^^^^^^^^^^^^^^^^^
[INFO] [stderr]   |
[INFO] [stderr]   = note: `#[warn(unused_imports)]` on by default
[INFO] [stderr] 
[INFO] [stderr] warning: unused import: `base58_encode`
[INFO] [stderr]   --> src/libs/ecc.rs:14:17
[INFO] [stderr]    |
[INFO] [stderr] 14 |     signature::{base58_encode, base58_encode_with_checksum, Signature},
[INFO] [stderr]    |                 ^^^^^^^^^^^^^
[INFO] [stderr] 
[INFO] [stderr] warning: unused import: `std::fmt::format`
[INFO] [stderr]    --> src/libs/ecc.rs:369:9
[INFO] [stderr]     |
[INFO] [stderr] 369 |     use std::fmt::format;
[INFO] [stderr]     |         ^^^^^^^^^^^^^^^^
[INFO] [stderr] 
[INFO] [stderr] warning: unused import: `Ecc`
[INFO] [stderr]    --> src/libs/ecc.rs:376:17
[INFO] [stderr]     |
[INFO] [stderr] 376 |     use super::{Ecc, EccPoint, SECP256K1GENS_ORDER, SECP256K1GENS_X, SECP256K1GENS_Y};
[INFO] [stderr]     |                 ^^^
[INFO] [stderr] 
[INFO] [stderr] warning: unused import: `ModInverse`
[INFO] [stderr]   --> src/libs/finite_field.rs:97:34
[INFO] [stderr]    |
[INFO] [stderr] 97 |     use num_bigint_dig::{BigInt, ModInverse};
[INFO] [stderr]    |                                  ^^^^^^^^^^
[INFO] [stderr] 
[INFO] [stderr] warning: unused import: `One`
[INFO] [stderr]   --> src/libs/finite_field.rs:98:22
[INFO] [stderr]    |
[INFO] [stderr] 98 |     use num_traits::{One, Pow};
[INFO] [stderr]    |                      ^^^
[INFO] [stderr] 
[INFO] [stderr] warning: unused import: `ToBigUint`
[INFO] [stderr]  --> src/libs/ecc.rs:4:61
[INFO] [stderr]   |
[INFO] [stderr] 4 | use num_bigint_dig::{BigInt, BigUint, ModInverse, ToBigInt, ToBigUint};
[INFO] [stderr]   |                                                             ^^^^^^^^^
[INFO] [stderr] 
[INFO] [stderr] warning: unused variable: `n`
[INFO] [stderr]    --> src/libs/transaction.rs:120:17
[INFO] [stderr]     |
[INFO] [stderr] 120 |         let mut n: i64 = -1;
[INFO] [stderr]     |                 ^ help: if this is intentional, prefix it with an underscore: `_n`
[INFO] [stderr]     |
[INFO] [stderr]     = note: `#[warn(unused_variables)]` on by default
[INFO] [stderr] 
[INFO] [stderr] warning: unused variable: `array`
[INFO] [stderr]    --> src/libs/transaction.rs:123:13
[INFO] [stderr]     |
[INFO] [stderr] 123 |         let array = Self::parse_nbytes::<4>(&mut stream);
[INFO] [stderr]     |             ^^^^^ help: if this is intentional, prefix it with an underscore: `_array`
[INFO] [stderr] 
[INFO] [stderr] warning: variable does not need to be mutable
[INFO] [stderr]    --> src/libs/transaction.rs:120:13
[INFO] [stderr]     |
[INFO] [stderr] 120 |         let mut n: i64 = -1;
[INFO] [stderr]     |             ----^
[INFO] [stderr]     |             |
[INFO] [stderr]     |             help: remove this `mut`
[INFO] [stderr]     |
[INFO] [stderr]     = note: `#[warn(unused_mut)]` on by default
[INFO] [stderr] 
[INFO] [stderr] warning: unused variable: `z`
[INFO] [stderr]   --> src/libs/key.rs:25:23
[INFO] [stderr]    |
[INFO] [stderr] 25 |     fn rfc6979(&self, z: BigUint) -> BigUint {
[INFO] [stderr]    |                       ^ help: if this is intentional, prefix it with an underscore: `_z`
[INFO] [stderr] 
[INFO] [stderr] warning: field `locktime_type` is never read
[INFO] [stderr]   --> src/libs/transaction.rs:50:5
[INFO] [stderr]    |
[INFO] [stderr] 48 | pub struct TransactionLocktime {
[INFO] [stderr]    |            ------------------- field in this struct
[INFO] [stderr] 49 |     locktime: [u8; 4],
[INFO] [stderr] 50 |     locktime_type: TransactionLocktimeType,
[INFO] [stderr]    |     ^^^^^^^^^^^^^
[INFO] [stderr]    |
[INFO] [stderr]    = note: `TransactionLocktime` has a derived impl for the trait `Debug`, but this is intentionally ignored during dead code analysis
[INFO] [stderr]    = note: `#[warn(dead_code)]` on by default
[INFO] [stderr] 
[INFO] [stderr] warning: fields `previous_tx_id`, `previous_tx_idx`, `script_signature`, and `sequence` are never read
[INFO] [stderr]   --> src/libs/transaction.rs:78:5
[INFO] [stderr]    |
[INFO] [stderr] 77 | pub struct TransactionInput {
[INFO] [stderr]    |            ---------------- fields in this struct
[INFO] [stderr] 78 |     previous_tx_id: [u8; 32],
[INFO] [stderr]    |     ^^^^^^^^^^^^^^
[INFO] [stderr] 79 |     previous_tx_idx: [u8; 4],
[INFO] [stderr]    |     ^^^^^^^^^^^^^^^
[INFO] [stderr] 80 |     script_signature: Vec<u8>,
[INFO] [stderr]    |     ^^^^^^^^^^^^^^^^
[INFO] [stderr] 81 |     sequence: [u8; 4],
[INFO] [stderr]    |     ^^^^^^^^
[INFO] [stderr]    |
[INFO] [stderr]    = note: `TransactionInput` has a derived impl for the trait `Debug`, but this is intentionally ignored during dead code analysis
[INFO] [stderr] 
[INFO] [stderr] warning: fields `amount` and `script_pubkey` are never read
[INFO] [stderr]    --> src/libs/transaction.rs:102:5
[INFO] [stderr]     |
[INFO] [stderr] 101 | pub struct TransactionOutput {
[INFO] [stderr]     |            ----------------- fields in this struct
[INFO] [stderr] 102 |     amount: Vec<u8>,
[INFO] [stderr]     |     ^^^^^^
[INFO] [stderr] 103 |     script_pubkey: Vec<u8>,
[INFO] [stderr]     |     ^^^^^^^^^^^^^
[INFO] [stderr]     |
[INFO] [stderr]     = note: `TransactionOutput` has a derived impl for the trait `Debug`, but this is intentionally ignored during dead code analysis
[INFO] [stderr] 
[INFO] [stderr] warning: fields `version`, `transaction_inputs_varint`, `transaction_inputs`, `transaction_outputs_varint`, `transaction_outputs`, and `locktime` are never read
[INFO] [stderr]    --> src/libs/transaction.rs:108:5
[INFO] [stderr]     |
[INFO] [stderr] 107 | pub struct Transaction {
[INFO] [stderr]     |            ----------- fields in this struct
[INFO] [stderr] 108 |     version: TransactionVersion,
[INFO] [stderr]     |     ^^^^^^^
[INFO] [stderr] 109 |     transaction_inputs_varint: Varint,
[INFO] [stderr]     |     ^^^^^^^^^^^^^^^^^^^^^^^^^
[INFO] [stderr] 110 |     transaction_inputs: Vec<TransactionInput>,
[INFO] [stderr]     |     ^^^^^^^^^^^^^^^^^^
[INFO] [stderr] 111 |     transaction_outputs_varint: Varint,
[INFO] [stderr]     |     ^^^^^^^^^^^^^^^^^^^^^^^^^^
[INFO] [stderr] 112 |     transaction_outputs: Vec<TransactionOutput>,
[INFO] [stderr]     |     ^^^^^^^^^^^^^^^^^^^
[INFO] [stderr] 113 |     locktime: TransactionLocktime,
[INFO] [stderr]     |     ^^^^^^^^
[INFO] [stderr]     |
[INFO] [stderr]     = note: `Transaction` has a derived impl for the trait `Debug`, but this is intentionally ignored during dead code analysis
[INFO] [stderr] 
[INFO] [stderr] warning: field `magic` is never read
[INFO] [stderr]   --> src/libs/network.rs:17:5
[INFO] [stderr]    |
[INFO] [stderr] 16 | pub struct NetworkMagic {
[INFO] [stderr]    |            ------------ field in this struct
[INFO] [stderr] 17 |     magic: [u8; 4],
[INFO] [stderr]    |     ^^^^^
[INFO] [stderr] 
[INFO] [stderr] warning: field `command` is never read
[INFO] [stderr]   --> src/libs/network.rs:21:5
[INFO] [stderr]    |
[INFO] [stderr] 20 | pub struct NetworkCommand {
[INFO] [stderr]    |            -------------- field in this struct
[INFO] [stderr] 21 |     command: [u8; 12],
[INFO] [stderr]    |     ^^^^^^^
[INFO] [stderr] 
[INFO] [stderr] warning: fields `payload_length`, `payload_checksum`, and `payload` are never read
[INFO] [stderr]   --> src/libs/network.rs:25:5
[INFO] [stderr]    |
[INFO] [stderr] 24 | pub struct NetworkPayload {
[INFO] [stderr]    |            -------------- fields in this struct
[INFO] [stderr] 25 |     payload_length: [u8; 4],
[INFO] [stderr]    |     ^^^^^^^^^^^^^^
[INFO] [stderr] 26 |     payload_checksum: [u8; 4],
[INFO] [stderr]    |     ^^^^^^^^^^^^^^^^
[INFO] [stderr] 27 |     payload: Vec<u8>,
[INFO] [stderr]    |     ^^^^^^^
[INFO] [stderr] 
[INFO] [stderr] warning: method `rfc6979` is never used
[INFO] [stderr]   --> src/libs/key.rs:25:8
[INFO] [stderr]    |
[INFO] [stderr] 19 | impl Key {
[INFO] [stderr]    | -------- method in this implementation
[INFO] [stderr] ...
[INFO] [stderr] 25 |     fn rfc6979(&self, z: BigUint) -> BigUint {
[INFO] [stderr]    |        ^^^^^^^
[INFO] [stderr] 
[INFO] [stderr] warning: associated function `verify` is never used
[INFO] [stderr]    --> src/libs/ecc.rs:128:8
[INFO] [stderr]     |
[INFO] [stderr] 107 | impl EccPoint {
[INFO] [stderr]     | ------------- associated function in this implementation
[INFO] [stderr] ...
[INFO] [stderr] 128 |     fn verify() {
[INFO] [stderr]     |        ^^^^^^
[INFO] [stderr] 
[INFO] [stderr] warning: `ritcoin` (bin "ritcoin" test) generated 20 warnings (run `cargo fix --bin "ritcoin" --tests` to apply 10 suggestions)
[INFO] [stderr]     Finished test [unoptimized + debuginfo] target(s) in 0.03s
[INFO] [stderr]      Running unittests src/main.rs (/opt/rustwide/target/debug/deps/ritcoin-ba90d19d239d6ac3)
[INFO] [stdout] 
[INFO] [stdout] running 35 tests
[INFO] [stdout] test libs::ecc::tests::secp256k1_test1 ... ok
[INFO] [stdout] test libs::ecc::tests::ecc_add1 ... ok
[INFO] [stdout] test libs::ecc::tests::ecc_add3 ... ok
[INFO] [stdout] test libs::ecc::tests::ecc_add2 ... ok
[INFO] [stdout] test libs::ecc::tests::secp256k1_generator1 ... ok
[INFO] [stdout] test libs::ecc::tests::secp256k1_generator_order_test1 ... ok
[INFO] [stdout] test libs::finite_field::tests::finite_field_arith2 ... ok
[INFO] [stdout] test libs::ecc::tests::ecc_add4 ... ok
[INFO] [stdout] test libs::finite_field::tests::finite_field_arith3 ... ok
[INFO] [stdout] test libs::finite_field::tests::finite_field_new2 ... ok
[INFO] [stdout] test libs::finite_field::tests::finite_field_new1 ... ok
[INFO] [stdout] test libs::finite_field::tests::finite_field_arith4 ... ok
[INFO] [stdout] test libs::finite_field::tests::multiplicative_inverse_test1 ... ok
[INFO] [stdout] test libs::math::tests::modpow_test1 ... ok
[INFO] [stdout] test libs::signature::tests::der_test ... ok
[INFO] [stdout] test libs::signature::tests::sha_test ... ok
[INFO] [stdout] test libs::signature::tests::trim_test ... ok
[INFO] [stdout] test libs::transaction::tests::bufreader_test ... ok
[INFO] [stdout] test libs::transaction::tests::parse_version ... ok
[INFO] [stdout] test libs::signature::tests::base58_test ... ok
[INFO] [stdout] test libs::transaction::tests::tx_version ... ok
[INFO] [stdout] test libs::transaction::tests::variants_test ... ok
[INFO] [stdout] test libs::ecc::tests::ecc_pointatinfinity2 ... ok
[INFO] [stdout] test libs::ecc::tests::ecc_pointatinfinity ... ok
[INFO] [stdout] test libs::ecc::tests::ecc_mul1 ... ok
[INFO] [stdout] test libs::ecc::tests::ecc_lt_pointatinfinity ... ok
[INFO] [stdout] test libs::finite_field::tests::finite_field_arith1 - should panic ... ok
[INFO] [stdout] test libs::ecc::tests::secp256k1_test2 - should panic ... ok
[INFO] [stdout] test libs::signature::tests::base58_checksum_test ... FAILED
[INFO] [stdout] test libs::ecc::tests::sec_test ... ok
[INFO] [stdout] test libs::key::tests::wif_test ... FAILED
[INFO] [stdout] test libs::key::tests::secret_key_to_address ... FAILED
[INFO] [stdout] test libs::key::tests::wif_test2 ... FAILED
[INFO] [stdout] test libs::ecc::tests::secp256k1_signature_validate_test1 ... ok
[INFO] [stdout] test libs::ecc::tests::secp256k1_raw_signature_validate_test1 ... ok
[INFO] [stdout] 
[INFO] [stdout] failures:
[INFO] [stdout] 
[INFO] [stdout] ---- libs::signature::tests::base58_checksum_test stdout ----
[INFO] [stdout] "25JnwSn7XKfNQ"
[INFO] [stdout] [base58_checksum] given: "546573742064617461"
[INFO] [stdout] [base58_checksum] checksum res: "e27c8214be8b7cf5bccc7c08247e3cb0c1514a48ee1f63197fe4ef3ef51d7e6f"
[INFO] [stdout] "82iP79GRURMpBqpbNs"
[INFO] [stdout] thread 'libs::signature::tests::base58_checksum_test' panicked at src/libs/signature.rs:203:9:
[INFO] [stdout] s
[INFO] [stdout] stack backtrace:
[INFO] [stdout]    0:     0x563011636e2c - std::backtrace_rs::backtrace::libunwind::trace::ha637c64ce894333a
[INFO] [stdout]                                at /rustc/82e1608dfa6e0b5569232559e3d385fea5a93112/library/std/src/../../backtrace/src/backtrace/libunwind.rs:104:5
[INFO] [stdout]    1:     0x563011636e2c - std::backtrace_rs::backtrace::trace_unsynchronized::h47f62dea28e0c88d
[INFO] [stdout]                                at /rustc/82e1608dfa6e0b5569232559e3d385fea5a93112/library/std/src/../../backtrace/src/backtrace/mod.rs:66:5
[INFO] [stdout]    2:     0x563011636e2c - std::sys_common::backtrace::_print_fmt::h9eef0abe20ede486
[INFO] [stdout]                                at /rustc/82e1608dfa6e0b5569232559e3d385fea5a93112/library/std/src/sys_common/backtrace.rs:67:5
[INFO] [stdout]    3:     0x563011636e2c - <std::sys_common::backtrace::_print::DisplayBacktrace as core::fmt::Display>::fmt::hed7f999df88cc644
[INFO] [stdout]                                at /rustc/82e1608dfa6e0b5569232559e3d385fea5a93112/library/std/src/sys_common/backtrace.rs:44:22
[INFO] [stdout]    4:     0x563011660a00 - core::fmt::rt::Argument::fmt::h1539a9308b8d058d
[INFO] [stdout]                                at /rustc/82e1608dfa6e0b5569232559e3d385fea5a93112/library/core/src/fmt/rt.rs:142:9
[INFO] [stdout]    5:     0x563011660a00 - core::fmt::write::h3a39390d8560d9c9
[INFO] [stdout]                                at /rustc/82e1608dfa6e0b5569232559e3d385fea5a93112/library/core/src/fmt/mod.rs:1120:17
[INFO] [stdout]    6:     0x5630116347df - std::io::Write::write_fmt::h040b369f3a0f9cbc
[INFO] [stdout]                                at /rustc/82e1608dfa6e0b5569232559e3d385fea5a93112/library/std/src/io/mod.rs:1762:15
[INFO] [stdout]    7:     0x563011636c14 - std::sys_common::backtrace::_print::h894006fb5c6f3d45
[INFO] [stdout]                                at /rustc/82e1608dfa6e0b5569232559e3d385fea5a93112/library/std/src/sys_common/backtrace.rs:47:5
[INFO] [stdout]    8:     0x563011636c14 - std::sys_common::backtrace::print::h23a2d212c6fff936
[INFO] [stdout]                                at /rustc/82e1608dfa6e0b5569232559e3d385fea5a93112/library/std/src/sys_common/backtrace.rs:34:9
[INFO] [stdout]    9:     0x5630116388d7 - std::panicking::default_hook::{{closure}}::h8a1d2ee00185001a
[INFO] [stdout]   10:     0x5630116385c3 - std::panicking::default_hook::h6038f2eba384e475
[INFO] [stdout]                                at /rustc/82e1608dfa6e0b5569232559e3d385fea5a93112/library/std/src/panicking.rs:289:9
[INFO] [stdout]   11:     0x5630115d1677 - <alloc::boxed::Box<F,A> as core::ops::function::Fn<Args>>::call::h0ad024c9bdc6d768
[INFO] [stdout]                                at /rustc/82e1608dfa6e0b5569232559e3d385fea5a93112/library/alloc/src/boxed.rs:2021:9
[INFO] [stdout]   12:     0x5630115d1677 - test::test_main::{{closure}}::h7500b54257359db6
[INFO] [stdout]                                at /rustc/82e1608dfa6e0b5569232559e3d385fea5a93112/library/test/src/lib.rs:138:21
[INFO] [stdout]   13:     0x563011638ee8 - <alloc::boxed::Box<F,A> as core::ops::function::Fn<Args>>::call::h1f8f335eaa9cfaee
[INFO] [stdout]                                at /rustc/82e1608dfa6e0b5569232559e3d385fea5a93112/library/alloc/src/boxed.rs:2021:9
[INFO] [stdout]   14:     0x563011638ee8 - std::panicking::rust_panic_with_hook::h2b5517d590cab22e
[INFO] [stdout]                                at /rustc/82e1608dfa6e0b5569232559e3d385fea5a93112/library/std/src/panicking.rs:783:13
[INFO] [stdout]   15:     0x563011638c09 - std::panicking::begin_panic_handler::{{closure}}::h233112c06e0ef43e
[INFO] [stdout]                                at /rustc/82e1608dfa6e0b5569232559e3d385fea5a93112/library/std/src/panicking.rs:649:13
[INFO] [stdout]   16:     0x5630116372f6 - std::sys_common::backtrace::__rust_end_short_backtrace::h6e893f24d7ebbff8
[INFO] [stdout]                                at /rustc/82e1608dfa6e0b5569232559e3d385fea5a93112/library/std/src/sys_common/backtrace.rs:170:18
[INFO] [stdout]   17:     0x5630116389a2 - rust_begin_unwind
[INFO] [stdout]                                at /rustc/82e1608dfa6e0b5569232559e3d385fea5a93112/library/std/src/panicking.rs:645:5
[INFO] [stdout]   18:     0x563011566cf5 - core::panicking::panic_fmt::hbf0e066aabfa482c
[INFO] [stdout]                                at /rustc/82e1608dfa6e0b5569232559e3d385fea5a93112/library/core/src/panicking.rs:72:14
[INFO] [stdout]   19:     0x563011580fff - ritcoin::libs::signature::tests::base58_checksum_test::h6811528d40685735
[INFO] [stdout]                                at /opt/rustwide/workdir/src/libs/signature.rs:203:9
[INFO] [stdout]   20:     0x563011580d77 - ritcoin::libs::signature::tests::base58_checksum_test::{{closure}}::h2f18c0646889ae7c
[INFO] [stdout]                                at /opt/rustwide/workdir/src/libs/signature.rs:199:30
[INFO] [stdout]   21:     0x563011591e76 - core::ops::function::FnOnce::call_once::h669ed688b8021d99
[INFO] [stdout]                                at /rustc/82e1608dfa6e0b5569232559e3d385fea5a93112/library/core/src/ops/function.rs:250:5
[INFO] [stdout]   22:     0x5630115d6ccf - core::ops::function::FnOnce::call_once::h2b5d431d5046312d
[INFO] [stdout]                                at /rustc/82e1608dfa6e0b5569232559e3d385fea5a93112/library/core/src/ops/function.rs:250:5
[INFO] [stdout]   23:     0x5630115d6ccf - test::__rust_begin_short_backtrace::h7714669af176e207
[INFO] [stdout]                                at /rustc/82e1608dfa6e0b5569232559e3d385fea5a93112/library/test/src/lib.rs:628:18
[INFO] [stdout]   24:     0x5630115d5ce5 - test::run_test_in_process::{{closure}}::h85218797dcbcec12
[INFO] [stdout]                                at /rustc/82e1608dfa6e0b5569232559e3d385fea5a93112/library/test/src/lib.rs:651:60
[INFO] [stdout]   25:     0x5630115d5ce5 - <core::panic::unwind_safe::AssertUnwindSafe<F> as core::ops::function::FnOnce<()>>::call_once::h76c106ea31c14d7b
[INFO] [stdout]                                at /rustc/82e1608dfa6e0b5569232559e3d385fea5a93112/library/core/src/panic/unwind_safe.rs:272:9
[INFO] [stdout]   26:     0x5630115d5ce5 - std::panicking::try::do_call::h3bd5d0f6620ee946
[INFO] [stdout]                                at /rustc/82e1608dfa6e0b5569232559e3d385fea5a93112/library/std/src/panicking.rs:552:40
[INFO] [stdout]   27:     0x5630115d5ce5 - std::panicking::try::h232e535e4744fe31
[INFO] [stdout]                                at /rustc/82e1608dfa6e0b5569232559e3d385fea5a93112/library/std/src/panicking.rs:516:19
[INFO] [stdout]   28:     0x5630115d5ce5 - std::panic::catch_unwind::h3ce3bd6ca8dbac68
[INFO] [stdout]                                at /rustc/82e1608dfa6e0b5569232559e3d385fea5a93112/library/std/src/panic.rs:142:14
[INFO] [stdout]   29:     0x5630115d5ce5 - test::run_test_in_process::hc97b257c9621286a
[INFO] [stdout]                                at /rustc/82e1608dfa6e0b5569232559e3d385fea5a93112/library/test/src/lib.rs:651:27
[INFO] [stdout]   30:     0x5630115d5ce5 - test::run_test::{{closure}}::h2aa798823a438d38
[INFO] [stdout]                                at /rustc/82e1608dfa6e0b5569232559e3d385fea5a93112/library/test/src/lib.rs:574:43
[INFO] [stdout]   31:     0x56301159dfa6 - test::run_test::{{closure}}::h87d231c78fb59832
[INFO] [stdout]                                at /rustc/82e1608dfa6e0b5569232559e3d385fea5a93112/library/test/src/lib.rs:602:41
[INFO] [stdout]   32:     0x56301159dfa6 - std::sys_common::backtrace::__rust_begin_short_backtrace::he6df152596625789
[INFO] [stdout]                                at /rustc/82e1608dfa6e0b5569232559e3d385fea5a93112/library/std/src/sys_common/backtrace.rs:154:18
[INFO] [stdout]   33:     0x5630115a3057 - std::thread::Builder::spawn_unchecked_::{{closure}}::{{closure}}::ha94be15d1e0acf36
[INFO] [stdout]                                at /rustc/82e1608dfa6e0b5569232559e3d385fea5a93112/library/std/src/thread/mod.rs:529:17
[INFO] [stdout]   34:     0x5630115a3057 - <core::panic::unwind_safe::AssertUnwindSafe<F> as core::ops::function::FnOnce<()>>::call_once::h9dc6bd6372f16606
[INFO] [stdout]                                at /rustc/82e1608dfa6e0b5569232559e3d385fea5a93112/library/core/src/panic/unwind_safe.rs:272:9
[INFO] [stdout]   35:     0x5630115a3057 - std::panicking::try::do_call::h9057517f80303cd4
[INFO] [stdout]                                at /rustc/82e1608dfa6e0b5569232559e3d385fea5a93112/library/std/src/panicking.rs:552:40
[INFO] [stdout]   36:     0x5630115a3057 - std::panicking::try::he3a30b11ee45340c
[INFO] [stdout]                                at /rustc/82e1608dfa6e0b5569232559e3d385fea5a93112/library/std/src/panicking.rs:516:19
[INFO] [stdout]   37:     0x5630115a3057 - std::panic::catch_unwind::h410458cfd3528b8b
[INFO] [stdout]                                at /rustc/82e1608dfa6e0b5569232559e3d385fea5a93112/library/std/src/panic.rs:142:14
[INFO] [stdout]   38:     0x5630115a3057 - std::thread::Builder::spawn_unchecked_::{{closure}}::h72ac3bdb567b737b
[INFO] [stdout]                                at /rustc/82e1608dfa6e0b5569232559e3d385fea5a93112/library/std/src/thread/mod.rs:528:30
[INFO] [stdout]   39:     0x5630115a3057 - core::ops::function::FnOnce::call_once{{vtable.shim}}::h38f34da3654a8344
[INFO] [stdout]                                at /rustc/82e1608dfa6e0b5569232559e3d385fea5a93112/library/core/src/ops/function.rs:250:5
[INFO] [stdout]   40:     0x56301163d975 - <alloc::boxed::Box<F,A> as core::ops::function::FnOnce<Args>>::call_once::hc7eafaff61e32df9
[INFO] [stdout]                                at /rustc/82e1608dfa6e0b5569232559e3d385fea5a93112/library/alloc/src/boxed.rs:2007:9
[INFO] [stdout]   41:     0x56301163d975 - <alloc::boxed::Box<F,A> as core::ops::function::FnOnce<Args>>::call_once::h6ba4a5de48dd2304
[INFO] [stdout]                                at /rustc/82e1608dfa6e0b5569232559e3d385fea5a93112/library/alloc/src/boxed.rs:2007:9
[INFO] [stdout]   42:     0x56301163d975 - std::sys::unix::thread::Thread::new::thread_start::he469335aef763e45
[INFO] [stdout]                                at /rustc/82e1608dfa6e0b5569232559e3d385fea5a93112/library/std/src/sys/unix/thread.rs:108:17
[INFO] [stdout]   43:     0x7fe4ddc96ac3 - <unknown>
[INFO] [stdout]   44:     0x7fe4ddd27bf4 - __clone
[INFO] [stdout]   45:                0x0 - <unknown>
[INFO] [stdout] 
[INFO] [stdout] ---- libs::key::tests::wif_test stdout ----
[INFO] [stdout] [generate_wif_raw] prefix: "ef"
[INFO] [stdout] [generate_wif_raw] res: "ef138b3031"
[INFO] [stdout] [base58_checksum] given: "ef138b3031"
[INFO] [stdout] [base58_checksum] checksum res: "15e19c7c0bb262cb038045659f80a62dfc69557e0dd042de42cb75ad47268608"
[INFO] [stdout] 43W63MbFExM15
[INFO] [stdout] thread 'libs::key::tests::wif_test' panicked at src/libs/key.rs:113:9:
[INFO] [stdout] 
[INFO] [stdout] stack backtrace:
[INFO] [stdout]    0:     0x563011636e2c - std::backtrace_rs::backtrace::libunwind::trace::ha637c64ce894333a
[INFO] [stdout]                                at /rustc/82e1608dfa6e0b5569232559e3d385fea5a93112/library/std/src/../../backtrace/src/backtrace/libunwind.rs:104:5
[INFO] [stdout]    1:     0x563011636e2c - std::backtrace_rs::backtrace::trace_unsynchronized::h47f62dea28e0c88d
[INFO] [stdout]                                at /rustc/82e1608dfa6e0b5569232559e3d385fea5a93112/library/std/src/../../backtrace/src/backtrace/mod.rs:66:5
[INFO] [stdout]    2:     0x563011636e2c - std::sys_common::backtrace::_print_fmt::h9eef0abe20ede486
[INFO] [stdout]                                at /rustc/82e1608dfa6e0b5569232559e3d385fea5a93112/library/std/src/sys_common/backtrace.rs:67:5
[INFO] [stdout]    3:     0x563011636e2c - <std::sys_common::backtrace::_print::DisplayBacktrace as core::fmt::Display>::fmt::hed7f999df88cc644
[INFO] [stdout]                                at /rustc/82e1608dfa6e0b5569232559e3d385fea5a93112/library/std/src/sys_common/backtrace.rs:44:22
[INFO] [stdout]    4:     0x563011660a00 - core::fmt::rt::Argument::fmt::h1539a9308b8d058d
[INFO] [stdout]                                at /rustc/82e1608dfa6e0b5569232559e3d385fea5a93112/library/core/src/fmt/rt.rs:142:9
[INFO] [stdout]    5:     0x563011660a00 - core::fmt::write::h3a39390d8560d9c9
[INFO] [stdout]                                at /rustc/82e1608dfa6e0b5569232559e3d385fea5a93112/library/core/src/fmt/mod.rs:1120:17
[INFO] [stdout]    6:     0x5630116347df - std::io::Write::write_fmt::h040b369f3a0f9cbc
[INFO] [stdout]                                at /rustc/82e1608dfa6e0b5569232559e3d385fea5a93112/library/std/src/io/mod.rs:1762:15
[INFO] [stdout]    7:     0x563011636c14 - std::sys_common::backtrace::_print::h894006fb5c6f3d45
[INFO] [stdout]                                at /rustc/82e1608dfa6e0b5569232559e3d385fea5a93112/library/std/src/sys_common/backtrace.rs:47:5
[INFO] [stdout]    8:     0x563011636c14 - std::sys_common::backtrace::print::h23a2d212c6fff936
[INFO] [stdout]                                at /rustc/82e1608dfa6e0b5569232559e3d385fea5a93112/library/std/src/sys_common/backtrace.rs:34:9
[INFO] [stdout]    9:     0x5630116388d7 - std::panicking::default_hook::{{closure}}::h8a1d2ee00185001a
[INFO] [stdout]   10:     0x5630116385c3 - std::panicking::default_hook::h6038f2eba384e475
[INFO] [stdout]                                at /rustc/82e1608dfa6e0b5569232559e3d385fea5a93112/library/std/src/panicking.rs:289:9
[INFO] [stdout]   11:     0x5630115d1677 - <alloc::boxed::Box<F,A> as core::ops::function::Fn<Args>>::call::h0ad024c9bdc6d768
[INFO] [stdout]                                at /rustc/82e1608dfa6e0b5569232559e3d385fea5a93112/library/alloc/src/boxed.rs:2021:9
[INFO] [stdout]   12:     0x5630115d1677 - test::test_main::{{closure}}::h7500b54257359db6
[INFO] [stdout]                                at /rustc/82e1608dfa6e0b5569232559e3d385fea5a93112/library/test/src/lib.rs:138:21
[INFO] [stdout]   13:     0x563011638ee8 - <alloc::boxed::Box<F,A> as core::ops::function::Fn<Args>>::call::h1f8f335eaa9cfaee
[INFO] [stdout]                                at /rustc/82e1608dfa6e0b5569232559e3d385fea5a93112/library/alloc/src/boxed.rs:2021:9
[INFO] [stdout]   14:     0x563011638ee8 - std::panicking::rust_panic_with_hook::h2b5517d590cab22e
[INFO] [stdout]                                at /rustc/82e1608dfa6e0b5569232559e3d385fea5a93112/library/std/src/panicking.rs:783:13
[INFO] [stdout]   15:     0x563011638c09 - std::panicking::begin_panic_handler::{{closure}}::h233112c06e0ef43e
[INFO] [stdout]                                at /rustc/82e1608dfa6e0b5569232559e3d385fea5a93112/library/std/src/panicking.rs:649:13
[INFO] [stdout]   16:     0x5630116372f6 - std::sys_common::backtrace::__rust_end_short_backtrace::h6e893f24d7ebbff8
[INFO] [stdout]                                at /rustc/82e1608dfa6e0b5569232559e3d385fea5a93112/library/std/src/sys_common/backtrace.rs:170:18
[INFO] [stdout]   17:     0x5630116389a2 - rust_begin_unwind
[INFO] [stdout]                                at /rustc/82e1608dfa6e0b5569232559e3d385fea5a93112/library/std/src/panicking.rs:645:5
[INFO] [stdout]   18:     0x563011566cf5 - core::panicking::panic_fmt::hbf0e066aabfa482c
[INFO] [stdout]                                at /rustc/82e1608dfa6e0b5569232559e3d385fea5a93112/library/core/src/panicking.rs:72:14
[INFO] [stdout]   19:     0x56301157f4ec - ritcoin::libs::key::tests::wif_test::hd16813e94a12aba5
[INFO] [stdout]                                at /opt/rustwide/workdir/src/libs/key.rs:113:9
[INFO] [stdout]   20:     0x56301157f307 - ritcoin::libs::key::tests::wif_test::{{closure}}::h0069e4de4075047e
[INFO] [stdout]                                at /opt/rustwide/workdir/src/libs/key.rs:109:18
[INFO] [stdout]   21:     0x563011591c76 - core::ops::function::FnOnce::call_once::h40f4e1eb47b8078a
[INFO] [stdout]                                at /rustc/82e1608dfa6e0b5569232559e3d385fea5a93112/library/core/src/ops/function.rs:250:5
[INFO] [stdout]   22:     0x5630115d6ccf - core::ops::function::FnOnce::call_once::h2b5d431d5046312d
[INFO] [stdout]                                at /rustc/82e1608dfa6e0b5569232559e3d385fea5a93112/library/core/src/ops/function.rs:250:5
[INFO] [stdout]   23:     0x5630115d6ccf - test::__rust_begin_short_backtrace::h7714669af176e207
[INFO] [stdout]                                at /rustc/82e1608dfa6e0b5569232559e3d385fea5a93112/library/test/src/lib.rs:628:18
[INFO] [stdout]   24:     0x5630115d5ce5 - test::run_test_in_process::{{closure}}::h85218797dcbcec12
[INFO] [stdout]                                at /rustc/82e1608dfa6e0b5569232559e3d385fea5a93112/library/test/src/lib.rs:651:60
[INFO] [stdout]   25:     0x5630115d5ce5 - <core::panic::unwind_safe::AssertUnwindSafe<F> as core::ops::function::FnOnce<()>>::call_once::h76c106ea31c14d7b
[INFO] [stdout]                                at /rustc/82e1608dfa6e0b5569232559e3d385fea5a93112/library/core/src/panic/unwind_safe.rs:272:9
[INFO] [stdout]   26:     0x5630115d5ce5 - std::panicking::try::do_call::h3bd5d0f6620ee946
[INFO] [stdout]                                at /rustc/82e1608dfa6e0b5569232559e3d385fea5a93112/library/std/src/panicking.rs:552:40
[INFO] [stdout]   27:     0x5630115d5ce5 - std::panicking::try::h232e535e4744fe31
[INFO] [stdout]                                at /rustc/82e1608dfa6e0b5569232559e3d385fea5a93112/library/std/src/panicking.rs:516:19
[INFO] [stdout]   28:     0x5630115d5ce5 - std::panic::catch_unwind::h3ce3bd6ca8dbac68
[INFO] [stdout]                                at /rustc/82e1608dfa6e0b5569232559e3d385fea5a93112/library/std/src/panic.rs:142:14
[INFO] [stdout]   29:     0x5630115d5ce5 - test::run_test_in_process::hc97b257c9621286a
[INFO] [stdout]                                at /rustc/82e1608dfa6e0b5569232559e3d385fea5a93112/library/test/src/lib.rs:651:27
[INFO] [stdout]   30:     0x5630115d5ce5 - test::run_test::{{closure}}::h2aa798823a438d38
[INFO] [stdout]                                at /rustc/82e1608dfa6e0b5569232559e3d385fea5a93112/library/test/src/lib.rs:574:43
[INFO] [stdout]   31:     0x56301159dfa6 - test::run_test::{{closure}}::h87d231c78fb59832
[INFO] [stdout]                                at /rustc/82e1608dfa6e0b5569232559e3d385fea5a93112/library/test/src/lib.rs:602:41
[INFO] [stdout]   32:     0x56301159dfa6 - std::sys_common::backtrace::__rust_begin_short_backtrace::he6df152596625789
[INFO] [stdout]                                at /rustc/82e1608dfa6e0b5569232559e3d385fea5a93112/library/std/src/sys_common/backtrace.rs:154:18
[INFO] [stdout]   33:     0x5630115a3057 - std::thread::Builder::spawn_unchecked_::{{closure}}::{{closure}}::ha94be15d1e0acf36
[INFO] [stdout]                                at /rustc/82e1608dfa6e0b5569232559e3d385fea5a93112/library/std/src/thread/mod.rs:529:17
[INFO] [stdout]   34:     0x5630115a3057 - <core::panic::unwind_safe::AssertUnwindSafe<F> as core::ops::function::FnOnce<()>>::call_once::h9dc6bd6372f16606
[INFO] [stdout]                                at /rustc/82e1608dfa6e0b5569232559e3d385fea5a93112/library/core/src/panic/unwind_safe.rs:272:9
[INFO] [stdout]   35:     0x5630115a3057 - std::panicking::try::do_call::h9057517f80303cd4
[INFO] [stdout]                                at /rustc/82e1608dfa6e0b5569232559e3d385fea5a93112/library/std/src/panicking.rs:552:40
[INFO] [stdout]   36:     0x5630115a3057 - std::panicking::try::he3a30b11ee45340c
[INFO] [stdout]                                at /rustc/82e1608dfa6e0b5569232559e3d385fea5a93112/library/std/src/panicking.rs:516:19
[INFO] [stdout]   37:     0x5630115a3057 - std::panic::catch_unwind::h410458cfd3528b8b
[INFO] [stdout]                                at /rustc/82e1608dfa6e0b5569232559e3d385fea5a93112/library/std/src/panic.rs:142:14
[INFO] [stdout]   38:     0x5630115a3057 - std::thread::Builder::spawn_unchecked_::{{closure}}::h72ac3bdb567b737b
[INFO] [stdout]                                at /rustc/82e1608dfa6e0b5569232559e3d385fea5a93112/library/std/src/thread/mod.rs:528:30
[INFO] [stdout]   39:     0x5630115a3057 - core::ops::function::FnOnce::call_once{{vtable.shim}}::h38f34da3654a8344
[INFO] [stdout]                                at /rustc/82e1608dfa6e0b5569232559e3d385fea5a93112/library/core/src/ops/function.rs:250:5
[INFO] [stdout]   40:     0x56301163d975 - <alloc::boxed::Box<F,A> as core::ops::function::FnOnce<Args>>::call_once::hc7eafaff61e32df9
[INFO] [stdout]                                at /rustc/82e1608dfa6e0b5569232559e3d385fea5a93112/library/alloc/src/boxed.rs:2007:9
[INFO] [stdout]   41:     0x56301163d975 - <alloc::boxed::Box<F,A> as core::ops::function::FnOnce<Args>>::call_once::h6ba4a5de48dd2304
[INFO] [stdout]                                at /rustc/82e1608dfa6e0b5569232559e3d385fea5a93112/library/alloc/src/boxed.rs:2007:9
[INFO] [stdout]   42:     0x56301163d975 - std::sys::unix::thread::Thread::new::thread_start::he469335aef763e45
[INFO] [stdout]                                at /rustc/82e1608dfa6e0b5569232559e3d385fea5a93112/library/std/src/sys/unix/thread.rs:108:17
[INFO] [stdout]   43:     0x7fe4ddc96ac3 - <unknown>
[INFO] [stdout]   44:     0x7fe4ddd27bf4 - __clone
[INFO] [stdout]   45:                0x0 - <unknown>
[INFO] [stdout] 
[INFO] [stdout] ---- libs::key::tests::secret_key_to_address stdout ----
[INFO] [stdout] [base58_checksum] given: "6f040f85cb0c917647fadfd31e641231d3a01ac9d3d8a680aab2457e0036bf34d37e6949b302843a33cdf068589c8330bb5c09c1739420d65b7b33cfab6d10118d97"
[INFO] [stdout] [base58_checksum] checksum res: "823f24cd05f41625cc60b4233fe45a5c64863dfa423bc3d97b89ef0e8a48d98b"
[INFO] [stdout] "5sxACCssojKndNxi1Tg55CTjrKXPxWhrLsa4xhoW1a9eacVcxnxb4e78McCfj2hkwcTGrG3wXGJVin55t3PGVM12HLuaRW3v"
[INFO] [stdout] thread 'libs::key::tests::secret_key_to_address' panicked at src/libs/key.rs:105:9:
[INFO] [stdout] 
[INFO] [stdout] stack backtrace:
[INFO] [stdout]    0:     0x563011636e2c - std::backtrace_rs::backtrace::libunwind::trace::ha637c64ce894333a
[INFO] [stdout]                                at /rustc/82e1608dfa6e0b5569232559e3d385fea5a93112/library/std/src/../../backtrace/src/backtrace/libunwind.rs:104:5
[INFO] [stdout]    1:     0x563011636e2c - std::backtrace_rs::backtrace::trace_unsynchronized::h47f62dea28e0c88d
[INFO] [stdout]                                at /rustc/82e1608dfa6e0b5569232559e3d385fea5a93112/library/std/src/../../backtrace/src/backtrace/mod.rs:66:5
[INFO] [stdout]    2:     0x563011636e2c - std::sys_common::backtrace::_print_fmt::h9eef0abe20ede486
[INFO] [stdout]                                at /rustc/82e1608dfa6e0b5569232559e3d385fea5a93112/library/std/src/sys_common/backtrace.rs:67:5
[INFO] [stdout]    3:     0x563011636e2c - <std::sys_common::backtrace::_print::DisplayBacktrace as core::fmt::Display>::fmt::hed7f999df88cc644
[INFO] [stdout]                                at /rustc/82e1608dfa6e0b5569232559e3d385fea5a93112/library/std/src/sys_common/backtrace.rs:44:22
[INFO] [stdout]    4:     0x563011660a00 - core::fmt::rt::Argument::fmt::h1539a9308b8d058d
[INFO] [stdout]                                at /rustc/82e1608dfa6e0b5569232559e3d385fea5a93112/library/core/src/fmt/rt.rs:142:9
[INFO] [stdout]    5:     0x563011660a00 - core::fmt::write::h3a39390d8560d9c9
[INFO] [stdout]                                at /rustc/82e1608dfa6e0b5569232559e3d385fea5a93112/library/core/src/fmt/mod.rs:1120:17
[INFO] [stdout]    6:     0x5630116347df - std::io::Write::write_fmt::h040b369f3a0f9cbc
[INFO] [stdout]                                at /rustc/82e1608dfa6e0b5569232559e3d385fea5a93112/library/std/src/io/mod.rs:1762:15
[INFO] [stdout]    7:     0x563011636c14 - std::sys_common::backtrace::_print::h894006fb5c6f3d45
[INFO] [stdout]                                at /rustc/82e1608dfa6e0b5569232559e3d385fea5a93112/library/std/src/sys_common/backtrace.rs:47:5
[INFO] [stdout]    8:     0x563011636c14 - std::sys_common::backtrace::print::h23a2d212c6fff936
[INFO] [stdout]                                at /rustc/82e1608dfa6e0b5569232559e3d385fea5a93112/library/std/src/sys_common/backtrace.rs:34:9
[INFO] [stdout]    9:     0x5630116388d7 - std::panicking::default_hook::{{closure}}::h8a1d2ee00185001a
[INFO] [stdout]   10:     0x5630116385c3 - std::panicking::default_hook::h6038f2eba384e475
[INFO] [stdout]                                at /rustc/82e1608dfa6e0b5569232559e3d385fea5a93112/library/std/src/panicking.rs:289:9
[INFO] [stdout]   11:     0x5630115d1677 - <alloc::boxed::Box<F,A> as core::ops::function::Fn<Args>>::call::h0ad024c9bdc6d768
[INFO] [stdout]                                at /rustc/82e1608dfa6e0b5569232559e3d385fea5a93112/library/alloc/src/boxed.rs:2021:9
[INFO] [stdout]   12:     0x5630115d1677 - test::test_main::{{closure}}::h7500b54257359db6
[INFO] [stdout]                                at /rustc/82e1608dfa6e0b5569232559e3d385fea5a93112/library/test/src/lib.rs:138:21
[INFO] [stdout]   13:     0x563011638ee8 - <alloc::boxed::Box<F,A> as core::ops::function::Fn<Args>>::call::h1f8f335eaa9cfaee
[INFO] [stdout]                                at /rustc/82e1608dfa6e0b5569232559e3d385fea5a93112/library/alloc/src/boxed.rs:2021:9
[INFO] [stdout]   14:     0x563011638ee8 - std::panicking::rust_panic_with_hook::h2b5517d590cab22e
[INFO] [stdout]                                at /rustc/82e1608dfa6e0b5569232559e3d385fea5a93112/library/std/src/panicking.rs:783:13
[INFO] [stdout]   15:     0x563011638c09 - std::panicking::begin_panic_handler::{{closure}}::h233112c06e0ef43e
[INFO] [stdout]                                at /rustc/82e1608dfa6e0b5569232559e3d385fea5a93112/library/std/src/panicking.rs:649:13
[INFO] [stdout]   16:     0x5630116372f6 - std::sys_common::backtrace::__rust_end_short_backtrace::h6e893f24d7ebbff8
[INFO] [stdout]                                at /rustc/82e1608dfa6e0b5569232559e3d385fea5a93112/library/std/src/sys_common/backtrace.rs:170:18
[INFO] [stdout]   17:     0x5630116389a2 - rust_begin_unwind
[INFO] [stdout]                                at /rustc/82e1608dfa6e0b5569232559e3d385fea5a93112/library/std/src/panicking.rs:645:5
[INFO] [stdout]   18:     0x563011566cf5 - core::panicking::panic_fmt::hbf0e066aabfa482c
[INFO] [stdout]                                at /rustc/82e1608dfa6e0b5569232559e3d385fea5a93112/library/core/src/panicking.rs:72:14
[INFO] [stdout]   19:     0x56301157f2ca - ritcoin::libs::key::tests::secret_key_to_address::h94ec7616cd6f0e5d
[INFO] [stdout]                                at /opt/rustwide/workdir/src/libs/key.rs:105:9
[INFO] [stdout]   20:     0x56301157f0f7 - ritcoin::libs::key::tests::secret_key_to_address::{{closure}}::h1e16dc871be2b940
[INFO] [stdout]                                at /opt/rustwide/workdir/src/libs/key.rs:98:31
[INFO] [stdout]   21:     0x5630115925e6 - core::ops::function::FnOnce::call_once::hf581d3f09bb52682
[INFO] [stdout]                                at /rustc/82e1608dfa6e0b5569232559e3d385fea5a93112/library/core/src/ops/function.rs:250:5
[INFO] [stdout]   22:     0x5630115d6ccf - core::ops::function::FnOnce::call_once::h2b5d431d5046312d
[INFO] [stdout]                                at /rustc/82e1608dfa6e0b5569232559e3d385fea5a93112/library/core/src/ops/function.rs:250:5
[INFO] [stdout]   23:     0x5630115d6ccf - test::__rust_begin_short_backtrace::h7714669af176e207
[INFO] [stdout]                                at /rustc/82e1608dfa6e0b5569232559e3d385fea5a93112/library/test/src/lib.rs:628:18
[INFO] [stdout]   24:     0x5630115d5ce5 - test::run_test_in_process::{{closure}}::h85218797dcbcec12
[INFO] [stdout]                                at /rustc/82e1608dfa6e0b5569232559e3d385fea5a93112/library/test/src/lib.rs:651:60
[INFO] [stdout]   25:     0x5630115d5ce5 - <core::panic::unwind_safe::AssertUnwindSafe<F> as core::ops::function::FnOnce<()>>::call_once::h76c106ea31c14d7b
[INFO] [stdout]                                at /rustc/82e1608dfa6e0b5569232559e3d385fea5a93112/library/core/src/panic/unwind_safe.rs:272:9
[INFO] [stdout]   26:     0x5630115d5ce5 - std::panicking::try::do_call::h3bd5d0f6620ee946
[INFO] [stdout]                                at /rustc/82e1608dfa6e0b5569232559e3d385fea5a93112/library/std/src/panicking.rs:552:40
[INFO] [stdout]   27:     0x5630115d5ce5 - std::panicking::try::h232e535e4744fe31
[INFO] [stdout]                                at /rustc/82e1608dfa6e0b5569232559e3d385fea5a93112/library/std/src/panicking.rs:516:19
[INFO] [stdout]   28:     0x5630115d5ce5 - std::panic::catch_unwind::h3ce3bd6ca8dbac68
[INFO] [stdout]                                at /rustc/82e1608dfa6e0b5569232559e3d385fea5a93112/library/std/src/panic.rs:142:14
[INFO] [stdout]   29:     0x5630115d5ce5 - test::run_test_in_process::hc97b257c9621286a
[INFO] [stdout]                                at /rustc/82e1608dfa6e0b5569232559e3d385fea5a93112/library/test/src/lib.rs:651:27
[INFO] [stdout]   30:     0x5630115d5ce5 - test::run_test::{{closure}}::h2aa798823a438d38
[INFO] [stdout]                                at /rustc/82e1608dfa6e0b5569232559e3d385fea5a93112/library/test/src/lib.rs:574:43
[INFO] [stdout]   31:     0x56301159dfa6 - test::run_test::{{closure}}::h87d231c78fb59832
[INFO] [stdout]                                at /rustc/82e1608dfa6e0b5569232559e3d385fea5a93112/library/test/src/lib.rs:602:41
[INFO] [stdout]   32:     0x56301159dfa6 - std::sys_common::backtrace::__rust_begin_short_backtrace::he6df152596625789
[INFO] [stdout]                                at /rustc/82e1608dfa6e0b5569232559e3d385fea5a93112/library/std/src/sys_common/backtrace.rs:154:18
[INFO] [stdout]   33:     0x5630115a3057 - std::thread::Builder::spawn_unchecked_::{{closure}}::{{closure}}::ha94be15d1e0acf36
[INFO] [stdout]                                at /rustc/82e1608dfa6e0b5569232559e3d385fea5a93112/library/std/src/thread/mod.rs:529:17
[INFO] [stdout]   34:     0x5630115a3057 - <core::panic::unwind_safe::AssertUnwindSafe<F> as core::ops::function::FnOnce<()>>::call_once::h9dc6bd6372f16606
[INFO] [stdout]                                at /rustc/82e1608dfa6e0b5569232559e3d385fea5a93112/library/core/src/panic/unwind_safe.rs:272:9
[INFO] [stdout]   35:     0x5630115a3057 - std::panicking::try::do_call::h9057517f80303cd4
[INFO] [stdout]                                at /rustc/82e1608dfa6e0b5569232559e3d385fea5a93112/library/std/src/panicking.rs:552:40
[INFO] [stdout]   36:     0x5630115a3057 - std::panicking::try::he3a30b11ee45340c
[INFO] [stdout]                                at /rustc/82e1608dfa6e0b5569232559e3d385fea5a93112/library/std/src/panicking.rs:516:19
[INFO] [stdout]   37:     0x5630115a3057 - std::panic::catch_unwind::h410458cfd3528b8b
[INFO] [stdout]                                at /rustc/82e1608dfa6e0b5569232559e3d385fea5a93112/library/std/src/panic.rs:142:14
[INFO] [stdout]   38:     0x5630115a3057 - std::thread::Builder::spawn_unchecked_::{{closure}}::h72ac3bdb567b737b
[INFO] [stdout]                                at /rustc/82e1608dfa6e0b5569232559e3d385fea5a93112/library/std/src/thread/mod.rs:528:30
[INFO] [stdout]   39:     0x5630115a3057 - core::ops::function::FnOnce::call_once{{vtable.shim}}::h38f34da3654a8344
[INFO] [stdout]                                at /rustc/82e1608dfa6e0b5569232559e3d385fea5a93112/library/core/src/ops/function.rs:250:5
[INFO] [stdout]   40:     0x56301163d975 - <alloc::boxed::Box<F,A> as core::ops::function::FnOnce<Args>>::call_once::hc7eafaff61e32df9
[INFO] [stdout]                                at /rustc/82e1608dfa6e0b5569232559e3d385fea5a93112/library/alloc/src/boxed.rs:2007:9
[INFO] [stdout]   41:     0x56301163d975 - <alloc::boxed::Box<F,A> as core::ops::function::FnOnce<Args>>::call_once::h6ba4a5de48dd2304
[INFO] [stdout]                                at /rustc/82e1608dfa6e0b5569232559e3d385fea5a93112/library/alloc/src/boxed.rs:2007:9
[INFO] [stdout]   42:     0x56301163d975 - std::sys::unix::thread::Thread::new::thread_start::he469335aef763e45
[INFO] [stdout]                                at /rustc/82e1608dfa6e0b5569232559e3d385fea5a93112/library/std/src/sys/unix/thread.rs:108:17
[INFO] [stdout]   43:     0x7fe4ddc96ac3 - <unknown>
[INFO] [stdout]   44:     0x7fe4ddd27bf4 - __clone
[INFO] [stdout]   45:                0x0 - <unknown>
[INFO] [stdout] 
[INFO] [stdout] ---- libs::key::tests::wif_test2 stdout ----
[INFO] [stdout] [generate_wif_raw] prefix: "80"
[INFO] [stdout] [generate_wif_raw] res: "800c28fca386c7a227600b2fe50b7cae11ec86d3bf1fbe471be89827e19d72aa1d"
[INFO] [stdout] [base58_checksum] given: "800c28fca386c7a227600b2fe50b7cae11ec86d3bf1fbe471be89827e19d72aa1d"
[INFO] [stdout] [base58_checksum] checksum res: "8147786c4d15106333bf278d71dadaf1079ef2d2440a4dde37d747ded5403592"
[INFO] [stdout] 5HueCGU8rMjxEXxiPuD5BDku4MkFqeZyd4dZ1jvhTVqvbUbHGu9
[INFO] [stdout] thread 'libs::key::tests::wif_test2' panicked at src/libs/key.rs:126:9:
[INFO] [stdout] pan
[INFO] [stdout] stack backtrace:
[INFO] [stdout]    0:     0x563011636e2c - std::backtrace_rs::backtrace::libunwind::trace::ha637c64ce894333a
[INFO] [stdout]                                at /rustc/82e1608dfa6e0b5569232559e3d385fea5a93112/library/std/src/../../backtrace/src/backtrace/libunwind.rs:104:5
[INFO] [stdout]    1:     0x563011636e2c - std::backtrace_rs::backtrace::trace_unsynchronized::h47f62dea28e0c88d
[INFO] [stdout]                                at /rustc/82e1608dfa6e0b5569232559e3d385fea5a93112/library/std/src/../../backtrace/src/backtrace/mod.rs:66:5
[INFO] [stdout]    2:     0x563011636e2c - std::sys_common::backtrace::_print_fmt::h9eef0abe20ede486
[INFO] [stdout]                                at /rustc/82e1608dfa6e0b5569232559e3d385fea5a93112/library/std/src/sys_common/backtrace.rs:67:5
[INFO] [stdout]    3:     0x563011636e2c - <std::sys_common::backtrace::_print::DisplayBacktrace as core::fmt::Display>::fmt::hed7f999df88cc644
[INFO] [stdout]                                at /rustc/82e1608dfa6e0b5569232559e3d385fea5a93112/library/std/src/sys_common/backtrace.rs:44:22
[INFO] [stdout]    4:     0x563011660a00 - core::fmt::rt::Argument::fmt::h1539a9308b8d058d
[INFO] [stdout]                                at /rustc/82e1608dfa6e0b5569232559e3d385fea5a93112/library/core/src/fmt/rt.rs:142:9
[INFO] [stdout]    5:     0x563011660a00 - core::fmt::write::h3a39390d8560d9c9
[INFO] [stdout]                                at /rustc/82e1608dfa6e0b5569232559e3d385fea5a93112/library/core/src/fmt/mod.rs:1120:17
[INFO] [stdout]    6:     0x5630116347df - std::io::Write::write_fmt::h040b369f3a0f9cbc
[INFO] [stdout]                                at /rustc/82e1608dfa6e0b5569232559e3d385fea5a93112/library/std/src/io/mod.rs:1762:15
[INFO] [stdout]    7:     0x563011636c14 - std::sys_common::backtrace::_print::h894006fb5c6f3d45
[INFO] [stdout]                                at /rustc/82e1608dfa6e0b5569232559e3d385fea5a93112/library/std/src/sys_common/backtrace.rs:47:5
[INFO] [stdout]    8:     0x563011636c14 - std::sys_common::backtrace::print::h23a2d212c6fff936
[INFO] [stdout]                                at /rustc/82e1608dfa6e0b5569232559e3d385fea5a93112/library/std/src/sys_common/backtrace.rs:34:9
[INFO] [stdout]    9:     0x5630116388d7 - std::panicking::default_hook::{{closure}}::h8a1d2ee00185001a
[INFO] [stdout]   10:     0x5630116385c3 - std::panicking::default_hook::h6038f2eba384e475
[INFO] [stdout]                                at /rustc/82e1608dfa6e0b5569232559e3d385fea5a93112/library/std/src/panicking.rs:289:9
[INFO] [stdout]   11:     0x5630115d1677 - <alloc::boxed::Box<F,A> as core::ops::function::Fn<Args>>::call::h0ad024c9bdc6d768
[INFO] [stdout]                                at /rustc/82e1608dfa6e0b5569232559e3d385fea5a93112/library/alloc/src/boxed.rs:2021:9
[INFO] [stdout]   12:     0x5630115d1677 - test::test_main::{{closure}}::h7500b54257359db6
[INFO] [stdout]                                at /rustc/82e1608dfa6e0b5569232559e3d385fea5a93112/library/test/src/lib.rs:138:21
[INFO] [stdout]   13:     0x563011638ee8 - <alloc::boxed::Box<F,A> as core::ops::function::Fn<Args>>::call::h1f8f335eaa9cfaee
[INFO] [stdout]                                at /rustc/82e1608dfa6e0b5569232559e3d385fea5a93112/library/alloc/src/boxed.rs:2021:9
[INFO] [stdout]   14:     0x563011638ee8 - std::panicking::rust_panic_with_hook::h2b5517d590cab22e
[INFO] [stdout]                                at /rustc/82e1608dfa6e0b5569232559e3d385fea5a93112/library/std/src/panicking.rs:783:13
[INFO] [stdout]   15:     0x563011638c09 - std::panicking::begin_panic_handler::{{closure}}::h233112c06e0ef43e
[INFO] [stdout]                                at /rustc/82e1608dfa6e0b5569232559e3d385fea5a93112/library/std/src/panicking.rs:649:13
[INFO] [stdout]   16:     0x5630116372f6 - std::sys_common::backtrace::__rust_end_short_backtrace::h6e893f24d7ebbff8
[INFO] [stdout]                                at /rustc/82e1608dfa6e0b5569232559e3d385fea5a93112/library/std/src/sys_common/backtrace.rs:170:18
[INFO] [stdout]   17:     0x5630116389a2 - rust_begin_unwind
[INFO] [stdout]                                at /rustc/82e1608dfa6e0b5569232559e3d385fea5a93112/library/std/src/panicking.rs:645:5
[INFO] [stdout]   18:     0x563011566cf5 - core::panicking::panic_fmt::hbf0e066aabfa482c
[INFO] [stdout]                                at /rustc/82e1608dfa6e0b5569232559e3d385fea5a93112/library/core/src/panicking.rs:72:14
[INFO] [stdout]   19:     0x56301157f719 - ritcoin::libs::key::tests::wif_test2::hb2098bc020773ea7
[INFO] [stdout]                                at /opt/rustwide/workdir/src/libs/key.rs:126:9
[INFO] [stdout]   20:     0x56301157f527 - ritcoin::libs::key::tests::wif_test2::{{closure}}::hed14ec2417ec1fb2
[INFO] [stdout]                                at /opt/rustwide/workdir/src/libs/key.rs:117:19
[INFO] [stdout]   21:     0x563011592426 - core::ops::function::FnOnce::call_once::he1c508b46e630167
[INFO] [stdout]                                at /rustc/82e1608dfa6e0b5569232559e3d385fea5a93112/library/core/src/ops/function.rs:250:5
[INFO] [stdout]   22:     0x5630115d6ccf - core::ops::function::FnOnce::call_once::h2b5d431d5046312d
[INFO] [stdout]                                at /rustc/82e1608dfa6e0b5569232559e3d385fea5a93112/library/core/src/ops/function.rs:250:5
[INFO] [stdout]   23:     0x5630115d6ccf - test::__rust_begin_short_backtrace::h7714669af176e207
[INFO] [stdout]                                at /rustc/82e1608dfa6e0b5569232559e3d385fea5a93112/library/test/src/lib.rs:628:18
[INFO] [stdout]   24:     0x5630115d5ce5 - test::run_test_in_process::{{closure}}::h85218797dcbcec12
[INFO] [stdout]                                at /rustc/82e1608dfa6e0b5569232559e3d385fea5a93112/library/test/src/lib.rs:651:60
[INFO] [stdout]   25:     0x5630115d5ce5 - <core::panic::unwind_safe::AssertUnwindSafe<F> as core::ops::function::FnOnce<()>>::call_once::h76c106ea31c14d7b
[INFO] [stdout]                                at /rustc/82e1608dfa6e0b5569232559e3d385fea5a93112/library/core/src/panic/unwind_safe.rs:272:9
[INFO] [stdout]   26:     0x5630115d5ce5 - std::panicking::try::do_call::h3bd5d0f6620ee946
[INFO] [stdout]                                at /rustc/82e1608dfa6e0b5569232559e3d385fea5a93112/library/std/src/panicking.rs:552:40
[INFO] [stdout]   27:     0x5630115d5ce5 - std::panicking::try::h232e535e4744fe31
[INFO] [stdout]                                at /rustc/82e1608dfa6e0b5569232559e3d385fea5a93112/library/std/src/panicking.rs:516:19
[INFO] [stdout]   28:     0x5630115d5ce5 - std::panic::catch_unwind::h3ce3bd6ca8dbac68
[INFO] [stdout]                                at /rustc/82e1608dfa6e0b5569232559e3d385fea5a93112/library/std/src/panic.rs:142:14
[INFO] [stdout]   29:     0x5630115d5ce5 - test::run_test_in_process::hc97b257c9621286a
[INFO] [stdout]                                at /rustc/82e1608dfa6e0b5569232559e3d385fea5a93112/library/test/src/lib.rs:651:27
[INFO] [stdout]   30:     0x5630115d5ce5 - test::run_test::{{closure}}::h2aa798823a438d38
[INFO] [stdout]                                at /rustc/82e1608dfa6e0b5569232559e3d385fea5a93112/library/test/src/lib.rs:574:43
[INFO] [stdout]   31:     0x56301159dfa6 - test::run_test::{{closure}}::h87d231c78fb59832
[INFO] [stdout]                                at /rustc/82e1608dfa6e0b5569232559e3d385fea5a93112/library/test/src/lib.rs:602:41
[INFO] [stdout]   32:     0x56301159dfa6 - std::sys_common::backtrace::__rust_begin_short_backtrace::he6df152596625789
[INFO] [stdout]                                at /rustc/82e1608dfa6e0b5569232559e3d385fea5a93112/library/std/src/sys_common/backtrace.rs:154:18
[INFO] [stdout]   33:     0x5630115a3057 - std::thread::Builder::spawn_unchecked_::{{closure}}::{{closure}}::ha94be15d1e0acf36
[INFO] [stdout]                                at /rustc/82e1608dfa6e0b5569232559e3d385fea5a93112/library/std/src/thread/mod.rs:529:17
[INFO] [stdout]   34:     0x5630115a3057 - <core::panic::unwind_safe::AssertUnwindSafe<F> as core::ops::function::FnOnce<()>>::call_once::h9dc6bd6372f16606
[INFO] [stdout]                                at /rustc/82e1608dfa6e0b5569232559e3d385fea5a93112/library/core/src/panic/unwind_safe.rs:272:9
[INFO] [stdout]   35:     0x5630115a3057 - std::panicking::try::do_call::h9057517f80303cd4
[INFO] [stdout]                                at /rustc/82e1608dfa6e0b5569232559e3d385fea5a93112/library/std/src/panicking.rs:552:40
[INFO] [stdout]   36:     0x5630115a3057 - std::panicking::try::he3a30b11ee45340c
[INFO] [stdout]                                at /rustc/82e1608dfa6e0b5569232559e3d385fea5a93112/library/std/src/panicking.rs:516:19
[INFO] [stdout]   37:     0x5630115a3057 - std::panic::catch_unwind::h410458cfd3528b8b
[INFO] [stdout]                                at /rustc/82e1608dfa6e0b5569232559e3d385fea5a93112/library/std/src/panic.rs:142:14
[INFO] [stdout]   38:     0x5630115a3057 - std::thread::Builder::spawn_unchecked_::{{closure}}::h72ac3bdb567b737b
[INFO] [stdout]                                at /rustc/82e1608dfa6e0b5569232559e3d385fea5a93112/library/std/src/thread/mod.rs:528:30
[INFO] [stdout]   39:     0x5630115a3057 - core::ops::function::FnOnce::call_once{{vtable.shim}}::h38f34da3654a8344
[INFO] [stdout]                                at /rustc/82e1608dfa6e0b5569232559e3d385fea5a93112/library/core/src/ops/function.rs:250:5
[INFO] [stdout]   40:     0x56301163d975 - <alloc::boxed::Box<F,A> as core::ops::function::FnOnce<Args>>::call_once::hc7eafaff61e32df9
[INFO] [stdout]                                at /rustc/82e1608dfa6e0b5569232559e3d385fea5a93112/library/alloc/src/boxed.rs:2007:9
[INFO] [stdout]   41:     0x56301163d975 - <alloc::boxed::Box<F,A> as core::ops::function::FnOnce<Args>>::call_once::h6ba4a5de48dd2304
[INFO] [stdout]                                at /rustc/82e1608dfa6e0b5569232559e3d385fea5a93112/library/alloc/src/boxed.rs:2007:9
[INFO] [stdout]   42:     0x56301163d975 - std::sys::unix::thread::Thread::new::thread_start::he469335aef763e45
[INFO] [stdout]                                at /rustc/82e1608dfa6e0b5569232559e3d385fea5a93112/library/std/src/sys/unix/thread.rs:108:17
[INFO] [stdout]   43:     0x7fe4ddc96ac3 - <unknown>
[INFO] [stdout]   44:     0x7fe4ddd27bf4 - __clone
[INFO] [stdout]   45:                0x0 - <unknown>
[INFO] [stdout] 
[INFO] [stdout] 
[INFO] [stdout] failures:
[INFO] [stdout]     libs::key::tests::secret_key_to_address
[INFO] [stdout]     libs::key::tests::wif_test
[INFO] [stdout]     libs::key::tests::wif_test2
[INFO] [stdout]     libs::signature::tests::base58_checksum_test
[INFO] [stdout] 
[INFO] [stdout] test result: FAILED. 31 passed; 4 failed; 0 ignored; 0 measured; 0 filtered out; finished in 2.37s
[INFO] [stdout] 
[INFO] [stderr] error: test failed, to rerun pass `--bin ritcoin`
[INFO] running `Command { std: "docker" "inspect" "5d721921db1db6fe546c59e5c32a7741c2c19bae7ef6e7aebc3c11f665ba09a5", kill_on_drop: false }`
[INFO] running `Command { std: "docker" "rm" "-f" "5d721921db1db6fe546c59e5c32a7741c2c19bae7ef6e7aebc3c11f665ba09a5", kill_on_drop: false }`
[INFO] [stdout] 5d721921db1db6fe546c59e5c32a7741c2c19bae7ef6e7aebc3c11f665ba09a5
