[INFO] cloning repository https://github.com/HalsekiRaika/wawwd
[INFO] running `Command { std: "git" "-c" "credential.helper=" "-c" "credential.helper=/workspace/cargo-home/bin/git-credential-null" "clone" "--bare" "https://github.com/HalsekiRaika/wawwd" "/workspace/cache/git-repos/https%3A%2F%2Fgithub.com%2FHalsekiRaika%2Fwawwd", kill_on_drop: false }`
[INFO] [stderr] Cloning into bare repository '/workspace/cache/git-repos/https%3A%2F%2Fgithub.com%2FHalsekiRaika%2Fwawwd'...
[INFO] running `Command { std: "git" "rev-parse" "HEAD", kill_on_drop: false }`
[INFO] [stdout] 55d8521926e21f8e486fff6efecb139710e5cc19
[INFO] testing HalsekiRaika/wawwd against 1.75.0 for beta-1.76-1
[INFO] running `Command { std: "git" "clone" "/workspace/cache/git-repos/https%3A%2F%2Fgithub.com%2FHalsekiRaika%2Fwawwd" "/workspace/builds/worker-7-tc1/source", kill_on_drop: false }`
[INFO] [stderr] Cloning into '/workspace/builds/worker-7-tc1/source'...
[INFO] [stderr] done.
[INFO] validating manifest of git repo https://github.com/HalsekiRaika/wawwd on toolchain 1.75.0
[INFO] running `Command { std: CARGO_HOME="/workspace/cargo-home" RUSTUP_HOME="/workspace/rustup-home" "/workspace/cargo-home/bin/cargo" "+1.75.0" "metadata" "--manifest-path" "Cargo.toml" "--no-deps", kill_on_drop: false }`
[INFO] started tweaking git repo https://github.com/HalsekiRaika/wawwd
[INFO] finished tweaking git repo https://github.com/HalsekiRaika/wawwd
[INFO] tweaked toml for git repo https://github.com/HalsekiRaika/wawwd written to /workspace/builds/worker-7-tc1/source/Cargo.toml
[INFO] crate git repo https://github.com/HalsekiRaika/wawwd already has a lockfile, it will not be regenerated
[INFO] running `Command { std: CARGO_HOME="/workspace/cargo-home" RUSTUP_HOME="/workspace/rustup-home" "/workspace/cargo-home/bin/cargo" "+1.75.0" "fetch" "--manifest-path" "Cargo.toml", kill_on_drop: false }`
[INFO] [stderr]     Updating crates.io index
[INFO] [stderr]  Downloading crates ...
[INFO] [stderr]   Downloaded openssl-sys v0.9.94
[INFO] [stderr]   Downloaded aws-region v0.25.4
[INFO] [stderr]   Downloaded rxml_validation v0.9.1
[INFO] [stderr]   Downloaded deadpool-runtime v0.1.3
[INFO] [stderr]   Downloaded deadpool-redis v0.13.0
[INFO] [stderr]   Downloaded minidom v0.15.2
[INFO] [stderr]   Downloaded ipnetwork v0.20.0
[INFO] [stderr]   Downloaded rust-s3 v0.33.0
[INFO] [stderr]   Downloaded attohttpc v0.22.0
[INFO] [stderr]   Downloaded zerocopy-derive v0.7.21
[INFO] [stderr]   Downloaded zerocopy v0.7.21
[INFO] [stderr]   Downloaded openssl v0.10.58
[INFO] [stderr]   Downloaded geozero v0.11.0
[INFO] [stderr]   Downloaded wkt v0.10.3
[INFO] [stderr]   Downloaded rxml v0.9.1
[INFO] [stderr]   Downloaded deadpool v0.10.0
[INFO] [stderr]   Downloaded crc-catalog v2.3.0
[INFO] [stderr]   Downloaded aws-creds v0.34.1
[INFO] [stderr]   Downloaded destructure v0.3.0
[INFO] [stderr]   Downloaded orbital v0.1.0
[INFO] running `Command { std: "docker" "create" "-v" "/var/lib/crater-agent-workspace/builds/worker-7-tc1/target:/opt/rustwide/target:rw,Z" "-v" "/var/lib/crater-agent-workspace/builds/worker-7-tc1/source:/opt/rustwide/workdir:ro,Z" "-v" "/var/lib/crater-agent-workspace/cargo-home:/opt/rustwide/cargo-home:ro,Z" "-v" "/var/lib/crater-agent-workspace/rustup-home:/opt/rustwide/rustup-home:ro,Z" "-e" "SOURCE_DIR=/opt/rustwide/workdir" "-e" "CARGO_TARGET_DIR=/opt/rustwide/target" "-e" "CARGO_HOME=/opt/rustwide/cargo-home" "-e" "RUSTUP_HOME=/opt/rustwide/rustup-home" "-w" "/opt/rustwide/workdir" "-m" "1610612736" "--user" "0:0" "--network" "none" "ghcr.io/rust-lang/crates-build-env/linux@sha256:2788e3201cd34a07e3172128adcd8b3090168a8e3bcc40d7c032b9dda1df7d1c" "/opt/rustwide/cargo-home/bin/cargo" "+1.75.0" "metadata" "--no-deps" "--format-version=1", kill_on_drop: false }`
[INFO] [stdout] e7547498ffce823035075cdf076ed3e307f5aacf35f8916011afeadbad268f86
[INFO] running `Command { std: "docker" "start" "-a" "e7547498ffce823035075cdf076ed3e307f5aacf35f8916011afeadbad268f86", kill_on_drop: false }`
[INFO] running `Command { std: "docker" "inspect" "e7547498ffce823035075cdf076ed3e307f5aacf35f8916011afeadbad268f86", kill_on_drop: false }`
[INFO] running `Command { std: "docker" "rm" "-f" "e7547498ffce823035075cdf076ed3e307f5aacf35f8916011afeadbad268f86", kill_on_drop: false }`
[INFO] [stdout] e7547498ffce823035075cdf076ed3e307f5aacf35f8916011afeadbad268f86
[INFO] running `Command { std: "docker" "create" "-v" "/var/lib/crater-agent-workspace/builds/worker-7-tc1/target:/opt/rustwide/target:rw,Z" "-v" "/var/lib/crater-agent-workspace/builds/worker-7-tc1/source:/opt/rustwide/workdir:ro,Z" "-v" "/var/lib/crater-agent-workspace/cargo-home:/opt/rustwide/cargo-home:ro,Z" "-v" "/var/lib/crater-agent-workspace/rustup-home:/opt/rustwide/rustup-home:ro,Z" "-e" "SOURCE_DIR=/opt/rustwide/workdir" "-e" "CARGO_TARGET_DIR=/opt/rustwide/target" "-e" "CARGO_INCREMENTAL=0" "-e" "RUST_BACKTRACE=full" "-e" "RUSTFLAGS=--cap-lints=warn" "-e" "RUSTDOCFLAGS=--cap-lints=warn" "-e" "CARGO_HOME=/opt/rustwide/cargo-home" "-e" "RUSTUP_HOME=/opt/rustwide/rustup-home" "-w" "/opt/rustwide/workdir" "-m" "1610612736" "--user" "0:0" "--network" "none" "ghcr.io/rust-lang/crates-build-env/linux@sha256:2788e3201cd34a07e3172128adcd8b3090168a8e3bcc40d7c032b9dda1df7d1c" "/opt/rustwide/cargo-home/bin/cargo" "+1.75.0" "build" "--frozen" "--message-format=json", kill_on_drop: false }`
[INFO] [stdout] ffb4db8e9cb87025a1dc27a8bc27bb5cd6d9a50c1141092813f9ca4ae294c336
[INFO] running `Command { std: "docker" "start" "-a" "ffb4db8e9cb87025a1dc27a8bc27bb5cd6d9a50c1141092813f9ca4ae294c336", kill_on_drop: false }`
[INFO] [stderr]    Compiling proc-macro2 v1.0.69
[INFO] [stderr]    Compiling unicode-ident v1.0.12
[INFO] [stderr]    Compiling libc v0.2.149
[INFO] [stderr]    Compiling once_cell v1.18.0
[INFO] [stderr]    Compiling memchr v2.6.4
[INFO] [stderr]    Compiling pin-project-lite v0.2.13
[INFO] [stderr]    Compiling bytes v1.5.0
[INFO] [stderr]    Compiling itoa v1.0.9
[INFO] [stderr]    Compiling futures-core v0.3.29
[INFO] [stderr]    Compiling log v0.4.20
[INFO] [stderr]    Compiling serde v1.0.190
[INFO] [stderr]    Compiling smallvec v1.11.1
[INFO] [stderr]    Compiling lock_api v0.4.11
[INFO] [stderr]    Compiling parking_lot_core v0.9.9
[INFO] [stderr]    Compiling scopeguard v1.2.0
[INFO] [stderr]    Compiling slab v0.4.9
[INFO] [stderr]    Compiling typenum v1.17.0
[INFO] [stderr]    Compiling futures-task v0.3.29
[INFO] [stderr]    Compiling quote v1.0.33
[INFO] [stderr]    Compiling generic-array v0.14.7
[INFO] [stderr]    Compiling syn v2.0.38
[INFO] [stderr]    Compiling getrandom v0.2.10
[INFO] [stderr]    Compiling mio v0.8.9
[INFO] [stderr]    Compiling socket2 v0.5.5
[INFO] [stderr]    Compiling futures-io v0.3.29
[INFO] [stderr]    Compiling parking_lot v0.12.1
[INFO] [stderr]    Compiling cc v1.0.83
[INFO] [stderr]    Compiling pkg-config v0.3.27
[INFO] [stderr]    Compiling futures-sink v0.3.29
[INFO] [stderr]    Compiling vcpkg v0.2.15
[INFO] [stderr]    Compiling futures-channel v0.3.29
[INFO] [stderr]    Compiling subtle v2.5.0
[INFO] [stderr]    Compiling signal-hook-registry v1.4.1
[INFO] [stderr]    Compiling num_cpus v1.16.0
[INFO] [stderr]    Compiling tracing-core v0.1.32
[INFO] [stderr]    Compiling ryu v1.0.15
[INFO] [stderr]    Compiling percent-encoding v2.3.0
[INFO] [stderr]    Compiling unicode-bidi v0.3.13
[INFO] [stderr]    Compiling futures-util v0.3.29
[INFO] [stderr]    Compiling block-buffer v0.10.4
[INFO] [stderr]    Compiling crypto-common v0.1.6
[INFO] [stderr]    Compiling openssl-sys v0.9.94
[INFO] [stderr]    Compiling form_urlencoded v1.2.0
[INFO] [stderr]    Compiling digest v0.10.7
[INFO] [stderr]    Compiling thiserror v1.0.50
[INFO] [stderr]    Compiling idna v0.4.0
[INFO] [stderr]    Compiling foreign-types-shared v0.1.1
[INFO] [stderr]    Compiling openssl v0.10.58
[INFO] [stderr]    Compiling serde_json v1.0.108
[INFO] [stderr]    Compiling foreign-types v0.3.2
[INFO] [stderr]    Compiling cpufeatures v0.2.11
[INFO] [stderr]    Compiling powerfmt v0.2.0
[INFO] [stderr]    Compiling native-tls v0.2.11
[INFO] [stderr]    Compiling http v0.2.9
[INFO] [stderr]    Compiling libm v0.2.8
[INFO] [stderr]    Compiling time-core v0.1.2
[INFO] [stderr]    Compiling openssl-probe v0.1.5
[INFO] [stderr]    Compiling time-macros v0.2.15
[INFO] [stderr]    Compiling num-traits v0.2.17
[INFO] [stderr]    Compiling rand_core v0.6.4
[INFO] [stderr]    Compiling url v2.4.1
[INFO] [stderr]    Compiling rand_chacha v0.3.1
[INFO] [stderr]    Compiling ahash v0.8.6
[INFO] [stderr]    Compiling ahash v0.7.7
[INFO] [stderr]    Compiling bitflags v2.4.1
[INFO] [stderr]    Compiling crossbeam-utils v0.8.16
[INFO] [stderr]    Compiling syn v1.0.109
[INFO] [stderr]    Compiling zerocopy v0.7.21
[INFO] [stderr]    Compiling sha2 v0.10.8
[INFO] [stderr]    Compiling minimal-lexical v0.2.1
[INFO] [stderr]    Compiling allocator-api2 v0.2.16
[INFO] [stderr]    Compiling nom v7.1.3
[INFO] [stderr]    Compiling hashbrown v0.12.3
[INFO] [stderr]    Compiling hashbrown v0.14.2
[INFO] [stderr]    Compiling crossbeam-queue v0.3.8
[INFO] [stderr]    Compiling async-trait v0.1.74
[INFO] [stderr]    Compiling unicode_categories v0.1.1
[INFO] [stderr]    Compiling paste v1.0.14
[INFO] [stderr]    Compiling crc-catalog v2.3.0
[INFO] [stderr]    Compiling base64 v0.21.5
[INFO] [stderr]    Compiling equivalent v1.0.1
[INFO] [stderr]    Compiling hex v0.4.3
[INFO] [stderr]    Compiling indexmap v2.1.0
[INFO] [stderr]    Compiling hashlink v0.8.4
[INFO] [stderr]    Compiling crc v3.0.1
[INFO] [stderr]    Compiling rand v0.8.5
[INFO] [stderr]    Compiling hmac v0.12.1
[INFO] [stderr]    Compiling futures-intrusive v0.5.0
[INFO] [stderr]    Compiling aho-corasick v1.1.2
[INFO] [stderr]    Compiling indexmap v1.9.3
[INFO] [stderr]    Compiling serde_derive v1.0.190
[INFO] [stderr]    Compiling tracing-attributes v0.1.27
[INFO] [stderr]    Compiling tokio-macros v2.1.0
[INFO] [stderr]    Compiling futures-macro v0.3.29
[INFO] [stderr]    Compiling thiserror-impl v1.0.50
[INFO] [stderr]    Compiling openssl-macros v0.1.1
[INFO] [stderr]    Compiling tokio v1.33.0
[INFO] [stderr]    Compiling tracing v0.1.40
[INFO] [stderr]    Compiling dotenvy v0.15.7
[INFO] [stderr]    Compiling regex-syntax v0.8.2
[INFO] [stderr]    Compiling event-listener v2.5.3
[INFO] [stderr]    Compiling http-body v0.4.5
[INFO] [stderr]    Compiling deranged v0.3.9
[INFO] [stderr]    Compiling sha1 v0.10.6
[INFO] [stderr]    Compiling regex-automata v0.4.3
[INFO] [stderr]    Compiling tokio-util v0.7.10
[INFO] [stderr]    Compiling rustix v0.38.21
[INFO] [stderr]    Compiling rustversion v1.0.14
[INFO] [stderr]    Compiling either v1.9.0
[INFO] [stderr]    Compiling byteorder v1.5.0
[INFO] [stderr]    Compiling finl_unicode v1.2.0
[INFO] [stderr]    Compiling itertools v0.11.0
[INFO] [stderr]    Compiling stringprep v0.1.4
[INFO] [stderr]    Compiling uuid v1.5.0
[INFO] [stderr]    Compiling time v0.3.30
[INFO] [stderr]    Compiling tokio-stream v0.1.14
[INFO] [stderr]    Compiling sqlformat v0.2.2
[INFO] [stderr]    Compiling ipnetwork v0.20.0
[INFO] [stderr]    Compiling regex v1.10.2
[INFO] [stderr]    Compiling atoi v2.0.0
[INFO] [stderr]    Compiling hkdf v0.12.3
[INFO] [stderr]    Compiling md-5 v0.10.6
[INFO] [stderr]    Compiling home v0.5.5
[INFO] [stderr]    Compiling whoami v1.4.1
[INFO] [stderr]    Compiling httpdate v1.0.3
[INFO] [stderr]    Compiling mime v0.3.17
[INFO] [stderr]    Compiling linux-raw-sys v0.4.10
[INFO] [stderr]    Compiling want v0.3.1
[INFO] [stderr]    Compiling h2 v0.3.21
[INFO] [stderr]    Compiling geo-types v0.7.11
[INFO] [stderr]    Compiling socket2 v0.4.10
[INFO] [stderr]    Compiling smartstring v1.0.1
[INFO] [stderr]    Compiling predicates-core v1.0.6
[INFO] [stderr]    Compiling unicode-segmentation v1.10.1
[INFO] [stderr]    Compiling fastrand v2.0.1
[INFO] [stderr]    Compiling heck v0.4.1
[INFO] [stderr]    Compiling itertools v0.10.5
[INFO] [stderr]    Compiling tempfile v3.8.1
[INFO] [stderr]    Compiling float-cmp v0.9.0
[INFO] [stderr]    Compiling encoding_rs v0.8.33
[INFO] [stderr]    Compiling termtree v0.4.1
[INFO] [stderr]    Compiling sqlx-core v0.7.2
[INFO] [stderr]    Compiling static_assertions v1.1.0
[INFO] [stderr]    Compiling anyhow v1.0.75
[INFO] [stderr]    Compiling difflib v0.4.0
[INFO] [stderr]    Compiling normalize-line-endings v0.3.0
[INFO] [stderr]    Compiling dlv-list v0.3.0
[INFO] [stderr]    Compiling ordered-multimap v0.4.3
[INFO] [stderr]    Compiling predicates-tree v1.0.9
[INFO] [stderr]    Compiling geojson v0.24.1
[INFO] [stderr]    Compiling predicates v2.1.5
[INFO] [stderr]    Compiling serde_urlencoded v0.7.1
[INFO] [stderr]    Compiling tokio-native-tls v0.3.1
[INFO] [stderr]    Compiling mockall_derive v0.11.4
[INFO] [stderr]    Compiling pin-project-internal v1.1.3
[INFO] [stderr]    Compiling dirs-sys v0.3.7
[INFO] [stderr]    Compiling hyper v0.14.27
[INFO] [stderr]    Compiling rxml_validation v0.9.1
[INFO] [stderr]    Compiling downcast v0.11.0
[INFO] [stderr]    Compiling sqlx-postgres v0.7.2
[INFO] [stderr]    Compiling tower-layer v0.3.2
[INFO] [stderr]    Compiling regex-syntax v0.6.29
[INFO] [stderr]    Compiling fragile v2.0.0
[INFO] [stderr]    Compiling pin-project v1.1.3
[INFO] [stderr]    Compiling rxml v0.9.1
[INFO] [stderr]    Compiling dirs v4.0.0
[INFO] [stderr]    Compiling rust-ini v0.18.0
[INFO] [stderr]    Compiling regex-automata v0.1.10
[INFO] [stderr]    Compiling axum-core v0.3.4
[INFO] [stderr]    Compiling attohttpc v0.22.0
[INFO] [stderr]    Compiling mockall v0.11.4
[INFO] [stderr]    Compiling quick-xml v0.26.0
[INFO] [stderr]    Compiling combine v4.6.6
[INFO] [stderr]    Compiling sqlx-macros-core v0.7.2
[INFO] [stderr]    Compiling hyper-tls v0.5.0
[INFO] [stderr]    Compiling deadpool-runtime v0.1.3
[INFO] [stderr]    Compiling futures-executor v0.3.29
[INFO] [stderr]    Compiling orbital v0.1.0
[INFO] [stderr]    Compiling destructure v0.3.0
[INFO] [stderr]    Compiling multer v2.1.0
[INFO] [stderr]    Compiling data-encoding v2.4.0
[INFO] [stderr]    Compiling overload v0.1.1
[INFO] [stderr]    Compiling ipnet v2.9.0
[INFO] [stderr]    Compiling geozero v0.11.0
[INFO] [stderr]    Compiling kernel v0.1.0 (/opt/rustwide/workdir/kernel)
[INFO] [stderr]    Compiling reqwest v0.11.22
[INFO] [stderr]    Compiling nu-ansi-term v0.46.0
[INFO] [stderr]    Compiling tungstenite v0.20.1
[INFO] [stderr]    Compiling futures v0.3.29
[INFO] [stderr]    Compiling deadpool v0.10.0
[INFO] [stderr]    Compiling aws-creds v0.34.1
[INFO] [stderr]    Compiling matchers v0.1.0
[INFO] [stderr]    Compiling minidom v0.15.2
[INFO] [stderr]    Compiling sqlx-macros v0.7.2
[INFO] [stderr]    Compiling redis v0.23.3
[INFO] [stderr]    Compiling axum v0.6.20
[INFO] [stderr]    Compiling wkt v0.10.3
[INFO] [stderr]    Compiling sharded-slab v0.1.7
[INFO] [stderr]    Compiling maybe-async v0.2.7
[INFO] [stderr]    Compiling aws-region v0.25.4
[INFO] [stderr]    Compiling headers-core v0.2.0
[INFO] [stderr]    Compiling tracing-log v0.1.4
[INFO] [stderr]    Compiling thread_local v1.1.7
[INFO] [stderr]    Compiling md5 v0.7.0
[INFO] [stderr]    Compiling scroll v0.11.0
[INFO] [stderr]    Compiling spin v0.9.8
[INFO] [stderr]    Compiling tracing-subscriber v0.3.17
[INFO] [stderr]    Compiling rust-s3 v0.33.0
[INFO] [stderr]    Compiling headers v0.3.9
[INFO] [stderr]    Compiling tokio-tungstenite v0.20.1
[INFO] [stderr]    Compiling sqlx v0.7.2
[INFO] [stderr]    Compiling deadpool-redis v0.13.0
[INFO] [stderr]    Compiling tower v0.4.13
[INFO] [stderr]    Compiling serde_path_to_error v0.1.14
[INFO] [stderr]    Compiling crossbeam-channel v0.5.8
[INFO] [stderr]    Compiling matchit v0.7.3
[INFO] [stderr]    Compiling http-range-header v0.3.1
[INFO] [stderr]    Compiling sync_wrapper v0.1.2
[INFO] [stderr]    Compiling tracing-appender v0.2.2
[INFO] [stderr]    Compiling tower-http v0.4.4
[INFO] [stderr]    Compiling driver v0.1.0 (/opt/rustwide/workdir/driver)
[INFO] [stderr]    Compiling application v0.1.0 (/opt/rustwide/workdir/application)
[INFO] [stderr]    Compiling tracing-futures v0.2.5
[INFO] [stderr]    Compiling server v0.1.0 (/opt/rustwide/workdir/server)
[INFO] [stderr]     Finished dev [unoptimized + debuginfo] target(s) in 2m 10s
[INFO] running `Command { std: "docker" "inspect" "ffb4db8e9cb87025a1dc27a8bc27bb5cd6d9a50c1141092813f9ca4ae294c336", kill_on_drop: false }`
[INFO] running `Command { std: "docker" "rm" "-f" "ffb4db8e9cb87025a1dc27a8bc27bb5cd6d9a50c1141092813f9ca4ae294c336", kill_on_drop: false }`
[INFO] [stdout] ffb4db8e9cb87025a1dc27a8bc27bb5cd6d9a50c1141092813f9ca4ae294c336
[INFO] running `Command { std: "docker" "create" "-v" "/var/lib/crater-agent-workspace/builds/worker-7-tc1/target:/opt/rustwide/target:rw,Z" "-v" "/var/lib/crater-agent-workspace/builds/worker-7-tc1/source:/opt/rustwide/workdir:ro,Z" "-v" "/var/lib/crater-agent-workspace/cargo-home:/opt/rustwide/cargo-home:ro,Z" "-v" "/var/lib/crater-agent-workspace/rustup-home:/opt/rustwide/rustup-home:ro,Z" "-e" "SOURCE_DIR=/opt/rustwide/workdir" "-e" "CARGO_TARGET_DIR=/opt/rustwide/target" "-e" "CARGO_INCREMENTAL=0" "-e" "RUST_BACKTRACE=full" "-e" "RUSTFLAGS=--cap-lints=warn" "-e" "RUSTDOCFLAGS=--cap-lints=warn" "-e" "CARGO_HOME=/opt/rustwide/cargo-home" "-e" "RUSTUP_HOME=/opt/rustwide/rustup-home" "-w" "/opt/rustwide/workdir" "-m" "1610612736" "--user" "0:0" "--network" "none" "ghcr.io/rust-lang/crates-build-env/linux@sha256:2788e3201cd34a07e3172128adcd8b3090168a8e3bcc40d7c032b9dda1df7d1c" "/opt/rustwide/cargo-home/bin/cargo" "+1.75.0" "test" "--frozen" "--no-run" "--message-format=json", kill_on_drop: false }`
[INFO] [stdout] 94754b6f60ab65ef3f56211068ec3595a78f29dee5717d9f5aa82803d4fca6cc
[INFO] running `Command { std: "docker" "start" "-a" "94754b6f60ab65ef3f56211068ec3595a78f29dee5717d9f5aa82803d4fca6cc", kill_on_drop: false }`
[INFO] [stderr]    Compiling trybuild v1.0.85
[INFO] [stderr]    Compiling basic-toml v0.1.7
[INFO] [stderr]    Compiling termcolor v1.3.0
[INFO] [stderr]    Compiling glob v0.3.1
[INFO] [stderr]    Compiling server v0.1.0 (/opt/rustwide/workdir/server)
[INFO] [stderr]    Compiling driver v0.1.0 (/opt/rustwide/workdir/driver)
[INFO] [stderr]    Compiling kernel v0.1.0 (/opt/rustwide/workdir/kernel)
[INFO] [stderr]    Compiling application v0.1.0 (/opt/rustwide/workdir/application)
[INFO] [stderr]     Finished test [unoptimized + debuginfo] target(s) in 13.26s
[INFO] running `Command { std: "docker" "inspect" "94754b6f60ab65ef3f56211068ec3595a78f29dee5717d9f5aa82803d4fca6cc", kill_on_drop: false }`
[INFO] running `Command { std: "docker" "rm" "-f" "94754b6f60ab65ef3f56211068ec3595a78f29dee5717d9f5aa82803d4fca6cc", kill_on_drop: false }`
[INFO] [stdout] 94754b6f60ab65ef3f56211068ec3595a78f29dee5717d9f5aa82803d4fca6cc
[INFO] running `Command { std: "docker" "create" "-v" "/var/lib/crater-agent-workspace/builds/worker-7-tc1/target:/opt/rustwide/target:rw,Z" "-v" "/var/lib/crater-agent-workspace/builds/worker-7-tc1/source:/opt/rustwide/workdir:ro,Z" "-v" "/var/lib/crater-agent-workspace/cargo-home:/opt/rustwide/cargo-home:ro,Z" "-v" "/var/lib/crater-agent-workspace/rustup-home:/opt/rustwide/rustup-home:ro,Z" "-e" "SOURCE_DIR=/opt/rustwide/workdir" "-e" "CARGO_TARGET_DIR=/opt/rustwide/target" "-e" "CARGO_INCREMENTAL=0" "-e" "RUST_BACKTRACE=full" "-e" "RUSTFLAGS=--cap-lints=warn" "-e" "RUSTDOCFLAGS=--cap-lints=warn" "-e" "CARGO_HOME=/opt/rustwide/cargo-home" "-e" "RUSTUP_HOME=/opt/rustwide/rustup-home" "-w" "/opt/rustwide/workdir" "-m" "1610612736" "--user" "0:0" "--network" "none" "ghcr.io/rust-lang/crates-build-env/linux@sha256:2788e3201cd34a07e3172128adcd8b3090168a8e3bcc40d7c032b9dda1df7d1c" "/opt/rustwide/cargo-home/bin/cargo" "+1.75.0" "test" "--frozen", kill_on_drop: false }`
[INFO] [stdout] d3062f61da6c2a530cfded13da6cd245558e48a95b7a7514e827641c31668c56
[INFO] running `Command { std: "docker" "start" "-a" "d3062f61da6c2a530cfded13da6cd245558e48a95b7a7514e827641c31668c56", kill_on_drop: false }`
[INFO] [stderr]     Finished test [unoptimized + debuginfo] target(s) in 0.49s
[INFO] [stderr]      Running unittests src/lib.rs (/opt/rustwide/target/debug/deps/application-fe0db4ca5676bdd5)
[INFO] [stdout] 
[INFO] [stdout] running 0 tests
[INFO] [stdout] 
[INFO] [stdout] test result: ok. 0 passed; 0 failed; 0 ignored; 0 measured; 0 filtered out; finished in 0.00s
[INFO] [stdout] 
[INFO] [stderr]      Running tests/ring.rs (/opt/rustwide/target/debug/deps/ring-e7a3a021269a62b6)
[INFO] [stdout] 
[INFO] [stdout] running 0 tests
[INFO] [stdout] 
[INFO] [stdout] test result: ok. 0 passed; 0 failed; 0 ignored; 0 measured; 0 filtered out; finished in 0.00s
[INFO] [stdout] 
[INFO] [stderr]      Running tests/program.rs (/opt/rustwide/target/debug/deps/tests-fe90223f5b006bc8)
[INFO] [stdout] 
[INFO] [stdout] running 1 test
[INFO] [stderr]    Compiling proc-macro2 v1.0.69
[INFO] [stderr]    Compiling unicode-ident v1.0.12
[INFO] [stderr]    Compiling libc v0.2.149
[INFO] [stderr]    Compiling autocfg v1.1.0
[INFO] [stderr]    Compiling cfg-if v1.0.0
[INFO] [stderr]    Compiling serde v1.0.190
[INFO] [stderr]    Compiling libm v0.2.8
[INFO] [stderr]    Compiling typenum v1.17.0
[INFO] [stderr]    Compiling version_check v0.9.4
[INFO] [stderr]    Compiling memchr v2.6.4
[INFO] [stderr]    Compiling syn v1.0.109
[INFO] [stderr]    Compiling num-traits v0.2.17
[INFO] [stderr]    Compiling generic-array v0.14.7
[INFO] [stderr]    Compiling aho-corasick v1.1.2
[INFO] [stderr]    Compiling quote v1.0.33
[INFO] [stderr]    Compiling syn v2.0.38
[INFO] [stderr]    Compiling getrandom v0.2.10
[INFO] [stderr]    Compiling regex-syntax v0.8.2
[INFO] [stderr]    Compiling serde_json v1.0.108
[INFO] [stderr]    Compiling either v1.9.0
[INFO] [stderr]    Compiling predicates-core v1.0.6
[INFO] [stderr]    Compiling itoa v1.0.9
[INFO] [stderr]    Compiling thiserror v1.0.50
[INFO] [stderr]    Compiling itertools v0.10.5
[INFO] [stderr]    Compiling block-buffer v0.10.4
[INFO] [stderr]    Compiling crypto-common v0.1.6
[INFO] [stderr]    Compiling rand_core v0.6.4
[INFO] [stderr]    Compiling lock_api v0.4.11
[INFO] [stderr]    Compiling termtree v0.4.1
[INFO] [stderr]    Compiling normalize-line-endings v0.3.0
[INFO] [stderr]    Compiling difflib v0.4.0
[INFO] [stderr]    Compiling async-trait v0.1.74
[INFO] [stderr]    Compiling float-cmp v0.9.0
[INFO] [stderr]    Compiling ryu v1.0.15
[INFO] [stderr]    Compiling time-core v0.1.2
[INFO] [stderr]    Compiling parking_lot_core v0.9.9
[INFO] [stderr]    Compiling anyhow v1.0.75
[INFO] [stderr]    Compiling ppv-lite86 v0.2.17
[INFO] [stderr]    Compiling regex-automata v0.4.3
[INFO] [stderr]    Compiling powerfmt v0.2.0
[INFO] [stderr]    Compiling rand_chacha v0.3.1
[INFO] [stderr]    Compiling time-macros v0.2.15
[INFO] [stderr]    Compiling predicates-tree v1.0.9
[INFO] [stderr]    Compiling digest v0.10.7
[INFO] [stderr]    Compiling cpufeatures v0.2.11
[INFO] [stderr]    Compiling lazy_static v1.4.0
[INFO] [stderr]    Compiling scopeguard v1.2.0
[INFO] [stderr]    Compiling smallvec v1.11.1
[INFO] [stderr]    Compiling downcast v0.11.0
[INFO] [stderr]    Compiling fragile v2.0.0
[INFO] [stderr]    Compiling log v0.4.20
[INFO] [stderr]    Compiling sha2 v0.10.8
[INFO] [stderr]    Compiling rand v0.8.5
[INFO] [stderr]    Compiling base64 v0.21.5
[INFO] [stderr]    Compiling parking_lot v0.12.1
[INFO] [stderr]    Compiling mio v0.8.9
[INFO] [stderr]    Compiling socket2 v0.5.5
[INFO] [stderr]    Compiling signal-hook-registry v1.4.1
[INFO] [stderr]    Compiling num_cpus v1.16.0
[INFO] [stderr]    Compiling regex v1.10.2
[INFO] [stderr]    Compiling bytes v1.5.0
[INFO] [stderr]    Compiling pin-project-lite v0.2.13
[INFO] [stderr]    Compiling predicates v2.1.5
[INFO] [stderr]    Compiling serde_derive v1.0.190
[INFO] [stderr]    Compiling thiserror-impl v1.0.50
[INFO] [stderr]    Compiling destructure v0.3.0
[INFO] [stderr]    Compiling orbital v0.1.0
[INFO] [stderr]    Compiling tokio-macros v2.1.0
[INFO] [stderr]    Compiling mockall_derive v0.11.4
[INFO] [stderr]    Compiling tokio v1.33.0
[INFO] [stderr]    Compiling mockall v0.11.4
[INFO] [stderr]    Compiling geo-types v0.7.11
[INFO] [stderr]    Compiling deranged v0.3.9
[INFO] [stderr]    Compiling uuid v1.5.0
[INFO] [stderr]    Compiling time v0.3.30
[INFO] [stderr]    Compiling geojson v0.24.1
[INFO] [stderr]    Compiling kernel v0.1.0 (/opt/rustwide/workdir/kernel)
[INFO] [stderr]    Compiling application v0.1.0 (/opt/rustwide/workdir/application)
[INFO] [stderr]    Compiling application-tests v0.0.0 (/opt/rustwide/target/tests/trybuild/application)
[INFO] [stderr]     Finished dev [unoptimized + debuginfo] target(s) in 57.25s
[INFO] [stderr] 
[INFO] [stderr] 
[INFO] [stdout] test test has been running for over 60 seconds
[INFO] [stderr] test tests/ring.rs ... error
[INFO] [stderr] Test case failed at runtime.
[INFO] [stderr] 
[INFO] [stderr] STDERR:
[INFO] [stderr] ┈┈┈┈┈┈┈┈┈┈┈┈┈┈┈┈┈┈┈┈┈┈┈┈┈┈┈┈┈┈┈┈┈┈┈┈┈┈┈┈┈┈┈┈┈┈┈┈┈┈┈┈┈┈┈┈┈┈┈┈
[INFO] [stderr] thread 'main' panicked at /opt/rustwide/workdir/kernel/src/repository/instance.rs:10:1:
[INFO] [stderr] MockInstanceRepository::find_unfinished(): No matching expectation found
[INFO] [stderr] stack backtrace:
[INFO] [stderr]    0:     0x559d2fe2fd5c - std::backtrace_rs::backtrace::libunwind::trace::ha637c64ce894333a
[INFO] [stderr]                                at /rustc/82e1608dfa6e0b5569232559e3d385fea5a93112/library/std/src/../../backtrace/src/backtrace/libunwind.rs:104:5
[INFO] [stderr]    1:     0x559d2fe2fd5c - std::backtrace_rs::backtrace::trace_unsynchronized::h47f62dea28e0c88d
[INFO] [stderr]                                at /rustc/82e1608dfa6e0b5569232559e3d385fea5a93112/library/std/src/../../backtrace/src/backtrace/mod.rs:66:5
[INFO] [stderr]    2:     0x559d2fe2fd5c - std::sys_common::backtrace::_print_fmt::h9eef0abe20ede486
[INFO] [stderr]                                at /rustc/82e1608dfa6e0b5569232559e3d385fea5a93112/library/std/src/sys_common/backtrace.rs:67:5
[INFO] [stderr]    3:     0x559d2fe2fd5c - <std::sys_common::backtrace::_print::DisplayBacktrace as core::fmt::Display>::fmt::hed7f999df88cc644
[INFO] [stderr]                                at /rustc/82e1608dfa6e0b5569232559e3d385fea5a93112/library/std/src/sys_common/backtrace.rs:44:22
[INFO] [stderr]    4:     0x559d2fe50bf0 - core::fmt::rt::Argument::fmt::h1539a9308b8d058d
[INFO] [stderr]                                at /rustc/82e1608dfa6e0b5569232559e3d385fea5a93112/library/core/src/fmt/rt.rs:142:9
[INFO] [stderr]    5:     0x559d2fe50bf0 - core::fmt::write::h3a39390d8560d9c9
[INFO] [stderr]                                at /rustc/82e1608dfa6e0b5569232559e3d385fea5a93112/library/core/src/fmt/mod.rs:1120:17
[INFO] [stderr]    6:     0x559d2fe2dbdf - std::io::Write::write_fmt::h5fc9997dfe05f882
[INFO] [stderr]                                at /rustc/82e1608dfa6e0b5569232559e3d385fea5a93112/library/std/src/io/mod.rs:1762:15
[INFO] [stderr]    7:     0x559d2fe2fb44 - std::sys_common::backtrace::_print::h894006fb5c6f3d45
[INFO] [stderr]                                at /rustc/82e1608dfa6e0b5569232559e3d385fea5a93112/library/std/src/sys_common/backtrace.rs:47:5
[INFO] [stderr]    8:     0x559d2fe2fb44 - std::sys_common::backtrace::print::h23a2d212c6fff936
[INFO] [stderr]                                at /rustc/82e1608dfa6e0b5569232559e3d385fea5a93112/library/std/src/sys_common/backtrace.rs:34:9
[INFO] [stderr]    9:     0x559d2fe31147 - std::panicking::default_hook::{{closure}}::h8a1d2ee00185001a
[INFO] [stderr]   10:     0x559d2fe30eaf - std::panicking::default_hook::h6038f2eba384e475
[INFO] [stderr]                                at /rustc/82e1608dfa6e0b5569232559e3d385fea5a93112/library/std/src/panicking.rs:292:9
[INFO] [stderr]   11:     0x559d2fe315c8 - std::panicking::rust_panic_with_hook::h2b5517d590cab22e
[INFO] [stderr]                                at /rustc/82e1608dfa6e0b5569232559e3d385fea5a93112/library/std/src/panicking.rs:779:13
[INFO] [stderr]   12:     0x559d2fe314ae - std::panicking::begin_panic_handler::{{closure}}::h233112c06e0ef43e
[INFO] [stderr]                                at /rustc/82e1608dfa6e0b5569232559e3d385fea5a93112/library/std/src/panicking.rs:657:13
[INFO] [stderr]   13:     0x559d2fe30226 - std::sys_common::backtrace::__rust_end_short_backtrace::h6e893f24d7ebbff8
[INFO] [stderr]                                at /rustc/82e1608dfa6e0b5569232559e3d385fea5a93112/library/std/src/sys_common/backtrace.rs:170:18
[INFO] [stderr]   14:     0x559d2fe31212 - rust_begin_unwind
[INFO] [stderr]                                at /rustc/82e1608dfa6e0b5569232559e3d385fea5a93112/library/std/src/panicking.rs:645:5
[INFO] [stderr]   15:     0x559d2fd08355 - core::panicking::panic_fmt::hbf0e066aabfa482c
[INFO] [stderr]                                at /rustc/82e1608dfa6e0b5569232559e3d385fea5a93112/library/core/src/panicking.rs:72:14
[INFO] [stderr]   16:     0x559d2fd08313 - core::panicking::panic_display::h68e6012a1c287ca5
[INFO] [stderr]                                at /rustc/82e1608dfa6e0b5569232559e3d385fea5a93112/library/core/src/panicking.rs:178:5
[INFO] [stderr]   17:     0x559d2fd08313 - core::panicking::panic_str::h1ca8e3b0d2d70f80
[INFO] [stderr]                                at /rustc/82e1608dfa6e0b5569232559e3d385fea5a93112/library/core/src/panicking.rs:152:5
[INFO] [stderr]   18:     0x559d2fd08313 - core::option::expect_failed::h1ae4bac6b7606972
[INFO] [stderr]                                at /rustc/82e1608dfa6e0b5569232559e3d385fea5a93112/library/core/src/option.rs:1985:5
[INFO] [stderr]   19:     0x559d2fddf187 - core::option::Option<T>::expect::h2df5061a7ca77632
[INFO] [stderr]                                at /rustc/82e1608dfa6e0b5569232559e3d385fea5a93112/library/core/src/option.rs:894:21
[INFO] [stderr]   20:     0x559d2fde224d - <kernel::repository::instance::MockInstanceRepository as kernel::repository::instance::InstanceRepository>::find_unfinished::h1f0b8708a07bd7f4
[INFO] [stderr]                                at /opt/rustwide/workdir/kernel/src/repository/instance.rs:10:1
[INFO] [stderr]   21:     0x559d2fd09032 - application::services::ring::CreateRingService::create::{{closure}}::h24a089c4d654980e
[INFO] [stderr]                                at /opt/rustwide/workdir/application/src/services/ring.rs:44:48
[INFO] [stderr]   22:     0x559d2fd0f09d - <core::pin::Pin<P> as core::future::future::Future>::poll::h31f3598d48d88258
[INFO] [stderr]                                at /rustc/82e1608dfa6e0b5569232559e3d385fea5a93112/library/core/src/future/future.rs:125:9
[INFO] [stderr]   23:     0x559d2fd155db - trybuild000::main::{{closure}}::hc47dc53816cd3a0b
[INFO] [stderr]                                at /opt/rustwide/workdir/application/tests/ring.rs:27:14
[INFO] [stderr]   24:     0x559d2fd12414 - tokio::runtime::park::CachedParkThread::block_on::{{closure}}::h56070796849e14a0
[INFO] [stderr]                                at /opt/rustwide/cargo-home/registry/src/index.crates.io-6f17d22bba15001f/tokio-1.33.0/src/runtime/park.rs:282:63
[INFO] [stderr]   25:     0x559d2fd12244 - tokio::runtime::coop::with_budget::hdead94ba7b9a78f3
[INFO] [stderr]                                at /opt/rustwide/cargo-home/registry/src/index.crates.io-6f17d22bba15001f/tokio-1.33.0/src/runtime/coop.rs:107:5
[INFO] [stderr]   26:     0x559d2fd12244 - tokio::runtime::coop::budget::hf0b9dc30a42fef3a
[INFO] [stderr]                                at /opt/rustwide/cargo-home/registry/src/index.crates.io-6f17d22bba15001f/tokio-1.33.0/src/runtime/coop.rs:73:5
[INFO] [stderr]   27:     0x559d2fd12244 - tokio::runtime::park::CachedParkThread::block_on::hdeb2049546145374
[INFO] [stderr]                                at /opt/rustwide/cargo-home/registry/src/index.crates.io-6f17d22bba15001f/tokio-1.33.0/src/runtime/park.rs:282:31
[INFO] [stderr]   28:     0x559d2fd125b5 - tokio::runtime::context::blocking::BlockingRegionGuard::block_on::h6b0c70a840305f26
[INFO] [stderr]                                at /opt/rustwide/cargo-home/registry/src/index.crates.io-6f17d22bba15001f/tokio-1.33.0/src/runtime/context/blocking.rs:66:9
[INFO] [stderr]   29:     0x559d2fd12696 - tokio::runtime::scheduler::multi_thread::MultiThread::block_on::{{closure}}::h3930599b7d180a9a
[INFO] [stderr]                                at /opt/rustwide/cargo-home/registry/src/index.crates.io-6f17d22bba15001f/tokio-1.33.0/src/runtime/scheduler/multi_thread/mod.rs:87:13
[INFO] [stderr]   30:     0x559d2fd0e014 - tokio::runtime::context::runtime::enter_runtime::h6d35ffde671c1715
[INFO] [stderr]                                at /opt/rustwide/cargo-home/registry/src/index.crates.io-6f17d22bba15001f/tokio-1.33.0/src/runtime/context/runtime.rs:65:16
[INFO] [stderr]   31:     0x559d2fd12651 - tokio::runtime::scheduler::multi_thread::MultiThread::block_on::haabdf6c75814bde7
[INFO] [stderr]                                at /opt/rustwide/cargo-home/registry/src/index.crates.io-6f17d22bba15001f/tokio-1.33.0/src/runtime/scheduler/multi_thread/mod.rs:86:9
[INFO] [stderr]   32:     0x559d2fd0e5fe - tokio::runtime::runtime::Runtime::block_on::h76b9fb1fe133bb7b
[INFO] [stderr]                                at /opt/rustwide/cargo-home/registry/src/index.crates.io-6f17d22bba15001f/tokio-1.33.0/src/runtime/runtime.rs:350:45
[INFO] [stderr]   33:     0x559d2fd1520f - trybuild000::main::h822538f17e6bdb6e
[INFO] [stderr]                                at /opt/rustwide/workdir/application/tests/ring.rs:15:5
[INFO] [stderr]   34:     0x559d2fd0bcab - core::ops::function::FnOnce::call_once::hefad59f5e9d464db
[INFO] [stderr]                                at /rustc/82e1608dfa6e0b5569232559e3d385fea5a93112/library/core/src/ops/function.rs:250:5
[INFO] [stderr]   35:     0x559d2fd0ab6e - std::sys_common::backtrace::__rust_begin_short_backtrace::hdb38ae1fd2b418ca
[INFO] [stderr]                                at /rustc/82e1608dfa6e0b5569232559e3d385fea5a93112/library/std/src/sys_common/backtrace.rs:154:18
[INFO] [stderr]   36:     0x559d2fd10eb1 - std::rt::lang_start::{{closure}}::hf2868d1272de54d4
[INFO] [stderr]                                at /rustc/82e1608dfa6e0b5569232559e3d385fea5a93112/library/std/src/rt.rs:167:18
[INFO] [stderr]   37:     0x559d2fe2a6e7 - core::ops::function::impls::<impl core::ops::function::FnOnce<A> for &F>::call_once::hd95060ecd5e1ca24
[INFO] [stderr]                                at /rustc/82e1608dfa6e0b5569232559e3d385fea5a93112/library/core/src/ops/function.rs:284:13
[INFO] [stderr]   38:     0x559d2fe2a6e7 - std::panicking::try::do_call::h6e8cf51db32a6e4b
[INFO] [stderr]                                at /rustc/82e1608dfa6e0b5569232559e3d385fea5a93112/library/std/src/panicking.rs:552:40
[INFO] [stderr]   39:     0x559d2fe2a6e7 - std::panicking::try::h3a52eefe24fe3c29
[INFO] [stderr]                                at /rustc/82e1608dfa6e0b5569232559e3d385fea5a93112/library/std/src/panicking.rs:516:19
[INFO] [stderr]   40:     0x559d2fe2a6e7 - std::panic::catch_unwind::h24c28c23c02c3841
[INFO] [stderr]                                at /rustc/82e1608dfa6e0b5569232559e3d385fea5a93112/library/std/src/panic.rs:142:14
[INFO] [stderr]   41:     0x559d2fe2a6e7 - std::rt::lang_start_internal::{{closure}}::h705d3c9cbc06ef47
[INFO] [stderr]                                at /rustc/82e1608dfa6e0b5569232559e3d385fea5a93112/library/std/src/rt.rs:148:48
[INFO] [stderr]   42:     0x559d2fe2a6e7 - std::panicking::try::do_call::ha21f52ba13158470
[INFO] [stderr]                                at /rustc/82e1608dfa6e0b5569232559e3d385fea5a93112/library/std/src/panicking.rs:552:40
[INFO] [stderr]   43:     0x559d2fe2a6e7 - std::panicking::try::h5581346bf6aeb1f8
[INFO] [stderr]                                at /rustc/82e1608dfa6e0b5569232559e3d385fea5a93112/library/std/src/panicking.rs:516:19
[INFO] [stderr]   44:     0x559d2fe2a6e7 - std::panic::catch_unwind::h7919645a6b72e25b
[INFO] [stderr]                                at /rustc/82e1608dfa6e0b5569232559e3d385fea5a93112/library/std/src/panic.rs:142:14
[INFO] [stderr]   45:     0x559d2fe2a6e7 - std::rt::lang_start_internal::h12de51168669836e
[INFO] [stderr]                                at /rustc/82e1608dfa6e0b5569232559e3d385fea5a93112/library/std/src/rt.rs:148:20
[INFO] [stderr]   46:     0x559d2fd10e8a - std::rt::lang_start::hf536858978154a5b
[INFO] [stderr]                                at /rustc/82e1608dfa6e0b5569232559e3d385fea5a93112/library/std/src/rt.rs:166:17
[INFO] [stderr]   47:     0x559d2fd1594e - main
[INFO] [stderr]   48:     0x7f76326e5d90 - <unknown>
[INFO] [stderr]   49:     0x7f76326e5e40 - __libc_start_main
[INFO] [stderr]   50:     0x559d2fd08c05 - _start
[INFO] [stderr]   51:                0x0 - <unknown>
[INFO] [stderr] ┈┈┈┈┈┈┈┈┈┈┈┈┈┈┈┈┈┈┈┈┈┈┈┈┈┈┈┈┈┈┈┈┈┈┈┈┈┈┈┈┈┈┈┈┈┈┈┈┈┈┈┈┈┈┈┈┈┈┈┈
[INFO] [stderr] 
[INFO] [stderr] 
[INFO] [stderr] 
[INFO] [stdout] test test ... FAILED
[INFO] [stdout] 
[INFO] [stdout] failures:
[INFO] [stdout] 
[INFO] [stdout] ---- test stdout ----
[INFO] [stdout] thread 'test' panicked at /opt/rustwide/cargo-home/registry/src/index.crates.io-6f17d22bba15001f/trybuild-1.0.85/src/run.rs:101:13:
[INFO] [stdout] 1 of 1 tests failed
[INFO] [stdout] stack backtrace:
[INFO] [stdout]    0:     0x55d42bdf3aec - std::backtrace_rs::backtrace::libunwind::trace::ha637c64ce894333a
[INFO] [stdout]                                at /rustc/82e1608dfa6e0b5569232559e3d385fea5a93112/library/std/src/../../backtrace/src/backtrace/libunwind.rs:104:5
[INFO] [stdout]    1:     0x55d42bdf3aec - std::backtrace_rs::backtrace::trace_unsynchronized::h47f62dea28e0c88d
[INFO] [stdout]                                at /rustc/82e1608dfa6e0b5569232559e3d385fea5a93112/library/std/src/../../backtrace/src/backtrace/mod.rs:66:5
[INFO] [stdout]    2:     0x55d42bdf3aec - std::sys_common::backtrace::_print_fmt::h9eef0abe20ede486
[INFO] [stdout]                                at /rustc/82e1608dfa6e0b5569232559e3d385fea5a93112/library/std/src/sys_common/backtrace.rs:67:5
[INFO] [stdout]    3:     0x55d42bdf3aec - <std::sys_common::backtrace::_print::DisplayBacktrace as core::fmt::Display>::fmt::hed7f999df88cc644
[INFO] [stdout]                                at /rustc/82e1608dfa6e0b5569232559e3d385fea5a93112/library/std/src/sys_common/backtrace.rs:44:22
[INFO] [stdout]    4:     0x55d42be1fed0 - core::fmt::rt::Argument::fmt::h1539a9308b8d058d
[INFO] [stdout]                                at /rustc/82e1608dfa6e0b5569232559e3d385fea5a93112/library/core/src/fmt/rt.rs:142:9
[INFO] [stdout]    5:     0x55d42be1fed0 - core::fmt::write::h3a39390d8560d9c9
[INFO] [stdout]                                at /rustc/82e1608dfa6e0b5569232559e3d385fea5a93112/library/core/src/fmt/mod.rs:1120:17
[INFO] [stdout]    6:     0x55d42bdf099f - std::io::Write::write_fmt::h040b369f3a0f9cbc
[INFO] [stdout]                                at /rustc/82e1608dfa6e0b5569232559e3d385fea5a93112/library/std/src/io/mod.rs:1762:15
[INFO] [stdout]    7:     0x55d42bdf38d4 - std::sys_common::backtrace::_print::h894006fb5c6f3d45
[INFO] [stdout]                                at /rustc/82e1608dfa6e0b5569232559e3d385fea5a93112/library/std/src/sys_common/backtrace.rs:47:5
[INFO] [stdout]    8:     0x55d42bdf38d4 - std::sys_common::backtrace::print::h23a2d212c6fff936
[INFO] [stdout]                                at /rustc/82e1608dfa6e0b5569232559e3d385fea5a93112/library/std/src/sys_common/backtrace.rs:34:9
[INFO] [stdout]    9:     0x55d42bdf5597 - std::panicking::default_hook::{{closure}}::h8a1d2ee00185001a
[INFO] [stdout]   10:     0x55d42bdf5283 - std::panicking::default_hook::h6038f2eba384e475
[INFO] [stdout]                                at /rustc/82e1608dfa6e0b5569232559e3d385fea5a93112/library/std/src/panicking.rs:289:9
[INFO] [stdout]   11:     0x55d42bdc3d87 - <alloc::boxed::Box<F,A> as core::ops::function::Fn<Args>>::call::h0ad024c9bdc6d768
[INFO] [stdout]                                at /rustc/82e1608dfa6e0b5569232559e3d385fea5a93112/library/alloc/src/boxed.rs:2021:9
[INFO] [stdout]   12:     0x55d42bdc3d87 - test::test_main::{{closure}}::h7500b54257359db6
[INFO] [stdout]                                at /rustc/82e1608dfa6e0b5569232559e3d385fea5a93112/library/test/src/lib.rs:138:21
[INFO] [stdout]   13:     0x55d42bdf5ba8 - <alloc::boxed::Box<F,A> as core::ops::function::Fn<Args>>::call::h1f8f335eaa9cfaee
[INFO] [stdout]                                at /rustc/82e1608dfa6e0b5569232559e3d385fea5a93112/library/alloc/src/boxed.rs:2021:9
[INFO] [stdout]   14:     0x55d42bdf5ba8 - std::panicking::rust_panic_with_hook::h2b5517d590cab22e
[INFO] [stdout]                                at /rustc/82e1608dfa6e0b5569232559e3d385fea5a93112/library/std/src/panicking.rs:783:13
[INFO] [stdout]   15:     0x55d42bdf58fe - std::panicking::begin_panic_handler::{{closure}}::h233112c06e0ef43e
[INFO] [stdout]                                at /rustc/82e1608dfa6e0b5569232559e3d385fea5a93112/library/std/src/panicking.rs:657:13
[INFO] [stdout]   16:     0x55d42bdf3fb6 - std::sys_common::backtrace::__rust_end_short_backtrace::h6e893f24d7ebbff8
[INFO] [stdout]                                at /rustc/82e1608dfa6e0b5569232559e3d385fea5a93112/library/std/src/sys_common/backtrace.rs:170:18
[INFO] [stdout]   17:     0x55d42bdf5662 - rust_begin_unwind
[INFO] [stdout]                                at /rustc/82e1608dfa6e0b5569232559e3d385fea5a93112/library/std/src/panicking.rs:645:5
[INFO] [stdout]   18:     0x55d42bba0fc5 - core::panicking::panic_fmt::hbf0e066aabfa482c
[INFO] [stdout]                                at /rustc/82e1608dfa6e0b5569232559e3d385fea5a93112/library/core/src/panicking.rs:72:14
[INFO] [stdout]   19:     0x55d42bbad1fb - trybuild::run::<impl trybuild::Runner>::run::h45279fb12c44a2b0
[INFO] [stdout]                                at /opt/rustwide/cargo-home/registry/src/index.crates.io-6f17d22bba15001f/trybuild-1.0.85/src/run.rs:101:13
[INFO] [stdout]   20:     0x55d42bbb28b8 - <trybuild::TestCases as core::ops::drop::Drop>::drop::he6b681c2018f6910
[INFO] [stdout]                                at /opt/rustwide/cargo-home/registry/src/index.crates.io-6f17d22bba15001f/trybuild-1.0.85/src/lib.rs:315:13
[INFO] [stdout]   21:     0x55d42bba1bc7 - core::ptr::drop_in_place<trybuild::TestCases>::h3e0ddeef9f086d14
[INFO] [stdout]                                at /rustc/82e1608dfa6e0b5569232559e3d385fea5a93112/library/core/src/ptr/mod.rs:498:1
[INFO] [stdout]   22:     0x55d42bba2b53 - tests::test::he0d10251ae03c39f
[INFO] [stdout]                                at /opt/rustwide/workdir/application/tests/program.rs:5:1
[INFO] [stdout]   23:     0x55d42bba2ae7 - tests::test::{{closure}}::h1bfa5fc99e60554f
[INFO] [stdout]                                at /opt/rustwide/workdir/application/tests/program.rs:2:10
[INFO] [stdout]   24:     0x55d42bba1b36 - core::ops::function::FnOnce::call_once::h503e9acd06572ec9
[INFO] [stdout]                                at /rustc/82e1608dfa6e0b5569232559e3d385fea5a93112/library/core/src/ops/function.rs:250:5
[INFO] [stdout]   25:     0x55d42bdc93df - core::ops::function::FnOnce::call_once::h2b5d431d5046312d
[INFO] [stdout]                                at /rustc/82e1608dfa6e0b5569232559e3d385fea5a93112/library/core/src/ops/function.rs:250:5
[INFO] [stdout]   26:     0x55d42bdc93df - test::__rust_begin_short_backtrace::h7714669af176e207
[INFO] [stdout]                                at /rustc/82e1608dfa6e0b5569232559e3d385fea5a93112/library/test/src/lib.rs:628:18
[INFO] [stdout]   27:     0x55d42bdc83f5 - test::run_test_in_process::{{closure}}::h85218797dcbcec12
[INFO] [stdout]                                at /rustc/82e1608dfa6e0b5569232559e3d385fea5a93112/library/test/src/lib.rs:651:60
[INFO] [stdout]   28:     0x55d42bdc83f5 - <core::panic::unwind_safe::AssertUnwindSafe<F> as core::ops::function::FnOnce<()>>::call_once::h76c106ea31c14d7b
[INFO] [stdout]                                at /rustc/82e1608dfa6e0b5569232559e3d385fea5a93112/library/core/src/panic/unwind_safe.rs:272:9
[INFO] [stdout]   29:     0x55d42bdc83f5 - std::panicking::try::do_call::h3bd5d0f6620ee946
[INFO] [stdout]                                at /rustc/82e1608dfa6e0b5569232559e3d385fea5a93112/library/std/src/panicking.rs:552:40
[INFO] [stdout]   30:     0x55d42bdc83f5 - std::panicking::try::h232e535e4744fe31
[INFO] [stdout]                                at /rustc/82e1608dfa6e0b5569232559e3d385fea5a93112/library/std/src/panicking.rs:516:19
[INFO] [stdout]   31:     0x55d42bdc83f5 - std::panic::catch_unwind::h3ce3bd6ca8dbac68
[INFO] [stdout]                                at /rustc/82e1608dfa6e0b5569232559e3d385fea5a93112/library/std/src/panic.rs:142:14
[INFO] [stdout]   32:     0x55d42bdc83f5 - test::run_test_in_process::hc97b257c9621286a
[INFO] [stdout]                                at /rustc/82e1608dfa6e0b5569232559e3d385fea5a93112/library/test/src/lib.rs:651:27
[INFO] [stdout]   33:     0x55d42bdc83f5 - test::run_test::{{closure}}::h2aa798823a438d38
[INFO] [stdout]                                at /rustc/82e1608dfa6e0b5569232559e3d385fea5a93112/library/test/src/lib.rs:574:43
[INFO] [stdout]   34:     0x55d42bd906b6 - test::run_test::{{closure}}::h87d231c78fb59832
[INFO] [stdout]                                at /rustc/82e1608dfa6e0b5569232559e3d385fea5a93112/library/test/src/lib.rs:602:41
[INFO] [stdout]   35:     0x55d42bd906b6 - std::sys_common::backtrace::__rust_begin_short_backtrace::he6df152596625789
[INFO] [stdout]                                at /rustc/82e1608dfa6e0b5569232559e3d385fea5a93112/library/std/src/sys_common/backtrace.rs:154:18
[INFO] [stdout]   36:     0x55d42bd95767 - std::thread::Builder::spawn_unchecked_::{{closure}}::{{closure}}::ha94be15d1e0acf36
[INFO] [stdout]                                at /rustc/82e1608dfa6e0b5569232559e3d385fea5a93112/library/std/src/thread/mod.rs:529:17
[INFO] [stdout]   37:     0x55d42bd95767 - <core::panic::unwind_safe::AssertUnwindSafe<F> as core::ops::function::FnOnce<()>>::call_once::h9dc6bd6372f16606
[INFO] [stdout]                                at /rustc/82e1608dfa6e0b5569232559e3d385fea5a93112/library/core/src/panic/unwind_safe.rs:272:9
[INFO] [stdout]   38:     0x55d42bd95767 - std::panicking::try::do_call::h9057517f80303cd4
[INFO] [stdout]                                at /rustc/82e1608dfa6e0b5569232559e3d385fea5a93112/library/std/src/panicking.rs:552:40
[INFO] [stdout]   39:     0x55d42bd95767 - std::panicking::try::he3a30b11ee45340c
[INFO] [stdout]                                at /rustc/82e1608dfa6e0b5569232559e3d385fea5a93112/library/std/src/panicking.rs:516:19
[INFO] [stdout]   40:     0x55d42bd95767 - std::panic::catch_unwind::h410458cfd3528b8b
[INFO] [stdout]                                at /rustc/82e1608dfa6e0b5569232559e3d385fea5a93112/library/std/src/panic.rs:142:14
[INFO] [stdout]   41:     0x55d42bd95767 - std::thread::Builder::spawn_unchecked_::{{closure}}::h72ac3bdb567b737b
[INFO] [stdout]                                at /rustc/82e1608dfa6e0b5569232559e3d385fea5a93112/library/std/src/thread/mod.rs:528:30
[INFO] [stdout]   42:     0x55d42bd95767 - core::ops::function::FnOnce::call_once{{vtable.shim}}::h38f34da3654a8344
[INFO] [stdout]                                at /rustc/82e1608dfa6e0b5569232559e3d385fea5a93112/library/core/src/ops/function.rs:250:5
[INFO] [stdout]   43:     0x55d42bdfb785 - <alloc::boxed::Box<F,A> as core::ops::function::FnOnce<Args>>::call_once::hc7eafaff61e32df9
[INFO] [stdout]                                at /rustc/82e1608dfa6e0b5569232559e3d385fea5a93112/library/alloc/src/boxed.rs:2007:9
[INFO] [stdout]   44:     0x55d42bdfb785 - <alloc::boxed::Box<F,A> as core::ops::function::FnOnce<Args>>::call_once::h6ba4a5de48dd2304
[INFO] [stdout]                                at /rustc/82e1608dfa6e0b5569232559e3d385fea5a93112/library/alloc/src/boxed.rs:2007:9
[INFO] [stdout]   45:     0x55d42bdfb785 - std::sys::unix::thread::Thread::new::thread_start::he469335aef763e45
[INFO] [stdout]                                at /rustc/82e1608dfa6e0b5569232559e3d385fea5a93112/library/std/src/sys/unix/thread.rs:108:17
[INFO] [stdout]   46:     0x7f8d75c71ac3 - <unknown>
[INFO] [stdout]   47:     0x7f8d75d02bf4 - __clone
[INFO] [stdout]   48:                0x0 - <unknown>
[INFO] [stdout] 
[INFO] [stdout] 
[INFO] [stdout] failures:
[INFO] [stdout]     test
[INFO] [stdout] 
[INFO] [stdout] test result: FAILED. 0 passed; 1 failed; 0 ignored; 0 measured; 0 filtered out; finished in 60.19s
[INFO] [stdout] 
[INFO] [stderr] error: test failed, to rerun pass `-p application --test tests`
[INFO] running `Command { std: "docker" "inspect" "d3062f61da6c2a530cfded13da6cd245558e48a95b7a7514e827641c31668c56", kill_on_drop: false }`
[INFO] running `Command { std: "docker" "rm" "-f" "d3062f61da6c2a530cfded13da6cd245558e48a95b7a7514e827641c31668c56", kill_on_drop: false }`
[INFO] [stdout] d3062f61da6c2a530cfded13da6cd245558e48a95b7a7514e827641c31668c56
[INFO] testing HalsekiRaika/wawwd against beta-2023-12-22 for beta-1.76-1
[INFO] running `Command { std: "git" "clone" "/workspace/cache/git-repos/https%3A%2F%2Fgithub.com%2FHalsekiRaika%2Fwawwd" "/workspace/builds/worker-7-tc2/source", kill_on_drop: false }`
[INFO] [stderr] Cloning into '/workspace/builds/worker-7-tc2/source'...
[INFO] [stderr] done.
[INFO] validating manifest of git repo https://github.com/HalsekiRaika/wawwd on toolchain beta-2023-12-22
[INFO] running `Command { std: CARGO_HOME="/workspace/cargo-home" RUSTUP_HOME="/workspace/rustup-home" "/workspace/cargo-home/bin/cargo" "+beta-2023-12-22" "metadata" "--manifest-path" "Cargo.toml" "--no-deps", kill_on_drop: false }`
[INFO] started tweaking git repo https://github.com/HalsekiRaika/wawwd
[INFO] finished tweaking git repo https://github.com/HalsekiRaika/wawwd
[INFO] tweaked toml for git repo https://github.com/HalsekiRaika/wawwd written to /workspace/builds/worker-7-tc2/source/Cargo.toml
[INFO] crate git repo https://github.com/HalsekiRaika/wawwd already has a lockfile, it will not be regenerated
[INFO] running `Command { std: CARGO_HOME="/workspace/cargo-home" RUSTUP_HOME="/workspace/rustup-home" "/workspace/cargo-home/bin/cargo" "+beta-2023-12-22" "fetch" "--manifest-path" "Cargo.toml", kill_on_drop: false }`
[INFO] running `Command { std: "docker" "create" "-v" "/var/lib/crater-agent-workspace/builds/worker-7-tc2/target:/opt/rustwide/target:rw,Z" "-v" "/var/lib/crater-agent-workspace/builds/worker-7-tc2/source:/opt/rustwide/workdir:ro,Z" "-v" "/var/lib/crater-agent-workspace/cargo-home:/opt/rustwide/cargo-home:ro,Z" "-v" "/var/lib/crater-agent-workspace/rustup-home:/opt/rustwide/rustup-home:ro,Z" "-e" "SOURCE_DIR=/opt/rustwide/workdir" "-e" "CARGO_TARGET_DIR=/opt/rustwide/target" "-e" "CARGO_HOME=/opt/rustwide/cargo-home" "-e" "RUSTUP_HOME=/opt/rustwide/rustup-home" "-w" "/opt/rustwide/workdir" "-m" "1610612736" "--user" "0:0" "--network" "none" "ghcr.io/rust-lang/crates-build-env/linux@sha256:2788e3201cd34a07e3172128adcd8b3090168a8e3bcc40d7c032b9dda1df7d1c" "/opt/rustwide/cargo-home/bin/cargo" "+beta-2023-12-22" "metadata" "--no-deps" "--format-version=1", kill_on_drop: false }`
[INFO] [stdout] 06cf56697728abcfa3f34d73007d3fb0947b6e53cb0b9f6de912579590035fd7
[INFO] running `Command { std: "docker" "start" "-a" "06cf56697728abcfa3f34d73007d3fb0947b6e53cb0b9f6de912579590035fd7", kill_on_drop: false }`
[INFO] running `Command { std: "docker" "inspect" "06cf56697728abcfa3f34d73007d3fb0947b6e53cb0b9f6de912579590035fd7", kill_on_drop: false }`
[INFO] running `Command { std: "docker" "rm" "-f" "06cf56697728abcfa3f34d73007d3fb0947b6e53cb0b9f6de912579590035fd7", kill_on_drop: false }`
[INFO] [stdout] 06cf56697728abcfa3f34d73007d3fb0947b6e53cb0b9f6de912579590035fd7
[INFO] running `Command { std: "docker" "create" "-v" "/var/lib/crater-agent-workspace/builds/worker-7-tc2/target:/opt/rustwide/target:rw,Z" "-v" "/var/lib/crater-agent-workspace/builds/worker-7-tc2/source:/opt/rustwide/workdir:ro,Z" "-v" "/var/lib/crater-agent-workspace/cargo-home:/opt/rustwide/cargo-home:ro,Z" "-v" "/var/lib/crater-agent-workspace/rustup-home:/opt/rustwide/rustup-home:ro,Z" "-e" "SOURCE_DIR=/opt/rustwide/workdir" "-e" "CARGO_TARGET_DIR=/opt/rustwide/target" "-e" "CARGO_INCREMENTAL=0" "-e" "RUST_BACKTRACE=full" "-e" "RUSTFLAGS=--cap-lints=warn" "-e" "RUSTDOCFLAGS=--cap-lints=warn" "-e" "CARGO_HOME=/opt/rustwide/cargo-home" "-e" "RUSTUP_HOME=/opt/rustwide/rustup-home" "-w" "/opt/rustwide/workdir" "-m" "1610612736" "--user" "0:0" "--network" "none" "ghcr.io/rust-lang/crates-build-env/linux@sha256:2788e3201cd34a07e3172128adcd8b3090168a8e3bcc40d7c032b9dda1df7d1c" "/opt/rustwide/cargo-home/bin/cargo" "+beta-2023-12-22" "build" "--frozen" "--message-format=json", kill_on_drop: false }`
[INFO] [stdout] d4e45b36ed225c78540500aadb8bc3ae4a98f9c59763a2f75dac86d71699df10
[INFO] running `Command { std: "docker" "start" "-a" "d4e45b36ed225c78540500aadb8bc3ae4a98f9c59763a2f75dac86d71699df10", kill_on_drop: false }`
[INFO] [stderr]    Compiling proc-macro2 v1.0.69
[INFO] [stderr]    Compiling unicode-ident v1.0.12
[INFO] [stderr]    Compiling libc v0.2.149
[INFO] [stderr]    Compiling once_cell v1.18.0
[INFO] [stderr]    Compiling pin-project-lite v0.2.13
[INFO] [stderr]    Compiling memchr v2.6.4
[INFO] [stderr]    Compiling bytes v1.5.0
[INFO] [stderr]    Compiling itoa v1.0.9
[INFO] [stderr]    Compiling futures-core v0.3.29
[INFO] [stderr]    Compiling log v0.4.20
[INFO] [stderr]    Compiling serde v1.0.190
[INFO] [stderr]    Compiling smallvec v1.11.1
[INFO] [stderr]    Compiling lock_api v0.4.11
[INFO] [stderr]    Compiling parking_lot_core v0.9.9
[INFO] [stderr]    Compiling scopeguard v1.2.0
[INFO] [stderr]    Compiling slab v0.4.9
[INFO] [stderr]    Compiling typenum v1.17.0
[INFO] [stderr]    Compiling futures-task v0.3.29
[INFO] [stderr]    Compiling generic-array v0.14.7
[INFO] [stderr]    Compiling futures-io v0.3.29
[INFO] [stderr]    Compiling quote v1.0.33
[INFO] [stderr]    Compiling vcpkg v0.2.15
[INFO] [stderr]    Compiling getrandom v0.2.10
[INFO] [stderr]    Compiling socket2 v0.5.5
[INFO] [stderr]    Compiling mio v0.8.9
[INFO] [stderr]    Compiling syn v2.0.38
[INFO] [stderr]    Compiling cc v1.0.83
[INFO] [stderr]    Compiling futures-sink v0.3.29
[INFO] [stderr]    Compiling parking_lot v0.12.1
[INFO] [stderr]    Compiling pkg-config v0.3.27
[INFO] [stderr]    Compiling subtle v2.5.0
[INFO] [stderr]    Compiling futures-channel v0.3.29
[INFO] [stderr]    Compiling signal-hook-registry v1.4.1
[INFO] [stderr]    Compiling num_cpus v1.16.0
[INFO] [stderr]    Compiling tracing-core v0.1.32
[INFO] [stderr]    Compiling percent-encoding v2.3.0
[INFO] [stderr]    Compiling futures-util v0.3.29
[INFO] [stderr]    Compiling ryu v1.0.15
[INFO] [stderr]    Compiling unicode-bidi v0.3.13
[INFO] [stderr]    Compiling form_urlencoded v1.2.0
[INFO] [stderr]    Compiling thiserror v1.0.50
[INFO] [stderr]    Compiling serde_json v1.0.108
[INFO] [stderr]    Compiling openssl v0.10.58
[INFO] [stderr]    Compiling foreign-types-shared v0.1.1
[INFO] [stderr]    Compiling idna v0.4.0
[INFO] [stderr]    Compiling crypto-common v0.1.6
[INFO] [stderr]    Compiling block-buffer v0.10.4
[INFO] [stderr]    Compiling foreign-types v0.3.2
[INFO] [stderr]    Compiling cpufeatures v0.2.11
[INFO] [stderr]    Compiling digest v0.10.7
[INFO] [stderr]    Compiling native-tls v0.2.11
[INFO] [stderr]    Compiling powerfmt v0.2.0
[INFO] [stderr]    Compiling http v0.2.9
[INFO] [stderr]    Compiling time-core v0.1.2
[INFO] [stderr]    Compiling libm v0.2.8
[INFO] [stderr]    Compiling openssl-probe v0.1.5
[INFO] [stderr]    Compiling time-macros v0.2.15
[INFO] [stderr]    Compiling num-traits v0.2.17
[INFO] [stderr]    Compiling openssl-sys v0.9.94
[INFO] [stderr]    Compiling rand_core v0.6.4
[INFO] [stderr]    Compiling rand_chacha v0.3.1
[INFO] [stderr]    Compiling url v2.4.1
[INFO] [stderr]    Compiling ahash v0.8.6
[INFO] [stderr]    Compiling ahash v0.7.7
[INFO] [stderr]    Compiling bitflags v2.4.1
[INFO] [stderr]    Compiling crossbeam-utils v0.8.16
[INFO] [stderr]    Compiling syn v1.0.109
[INFO] [stderr]    Compiling zerocopy v0.7.21
[INFO] [stderr]    Compiling sha2 v0.10.8
[INFO] [stderr]    Compiling allocator-api2 v0.2.16
[INFO] [stderr]    Compiling minimal-lexical v0.2.1
[INFO] [stderr]    Compiling hashbrown v0.12.3
[INFO] [stderr]    Compiling hashbrown v0.14.2
[INFO] [stderr]    Compiling nom v7.1.3
[INFO] [stderr]    Compiling crossbeam-queue v0.3.8
[INFO] [stderr]    Compiling paste v1.0.14
[INFO] [stderr]    Compiling unicode_categories v0.1.1
[INFO] [stderr]    Compiling async-trait v0.1.74
[INFO] [stderr]    Compiling crc-catalog v2.3.0
[INFO] [stderr]    Compiling hex v0.4.3
[INFO] [stderr]    Compiling equivalent v1.0.1
[INFO] [stderr]    Compiling base64 v0.21.5
[INFO] [stderr]    Compiling indexmap v2.1.0
[INFO] [stderr]    Compiling hashlink v0.8.4
[INFO] [stderr]    Compiling crc v3.0.1
[INFO] [stderr]    Compiling rand v0.8.5
[INFO] [stderr]    Compiling hmac v0.12.1
[INFO] [stderr]    Compiling futures-intrusive v0.5.0
[INFO] [stderr]    Compiling aho-corasick v1.1.2
[INFO] [stderr]    Compiling indexmap v1.9.3
[INFO] [stderr]    Compiling regex-syntax v0.8.2
[INFO] [stderr]    Compiling event-listener v2.5.3
[INFO] [stderr]    Compiling dotenvy v0.15.7
[INFO] [stderr]    Compiling http-body v0.4.5
[INFO] [stderr]    Compiling deranged v0.3.9
[INFO] [stderr]    Compiling sha1 v0.10.6
[INFO] [stderr]    Compiling tokio v1.33.0
[INFO] [stderr]    Compiling rustix v0.38.21
[INFO] [stderr]    Compiling byteorder v1.5.0
[INFO] [stderr]    Compiling rustversion v1.0.14
[INFO] [stderr]    Compiling finl_unicode v1.2.0
[INFO] [stderr]    Compiling serde_derive v1.0.190
[INFO] [stderr]    Compiling tracing-attributes v0.1.27
[INFO] [stderr]    Compiling tokio-macros v2.1.0
[INFO] [stderr]    Compiling futures-macro v0.3.29
[INFO] [stderr]    Compiling tracing v0.1.40
[INFO] [stderr]    Compiling thiserror-impl v1.0.50
[INFO] [stderr]    Compiling openssl-macros v0.1.1
[INFO] [stderr]    Compiling regex-automata v0.4.3
[INFO] [stderr]    Compiling tokio-stream v0.1.14
[INFO] [stderr]    Compiling stringprep v0.1.4
[INFO] [stderr]    Compiling time v0.3.30
[INFO] [stderr]    Compiling atoi v2.0.0
[INFO] [stderr]    Compiling tokio-util v0.7.10
[INFO] [stderr]    Compiling either v1.9.0
[INFO] [stderr]    Compiling itertools v0.11.0
[INFO] [stderr]    Compiling ipnetwork v0.20.0
[INFO] [stderr]    Compiling uuid v1.5.0
[INFO] [stderr]    Compiling regex v1.10.2
[INFO] [stderr]    Compiling sqlformat v0.2.2
[INFO] [stderr]    Compiling hkdf v0.12.3
[INFO] [stderr]    Compiling md-5 v0.10.6
[INFO] [stderr]    Compiling mime v0.3.17
[INFO] [stderr]    Compiling whoami v1.4.1
[INFO] [stderr]    Compiling home v0.5.5
[INFO] [stderr]    Compiling httpdate v1.0.3
[INFO] [stderr]    Compiling linux-raw-sys v0.4.10
[INFO] [stderr]    Compiling want v0.3.1
[INFO] [stderr]    Compiling h2 v0.3.21
[INFO] [stderr]    Compiling geo-types v0.7.11
[INFO] [stderr]    Compiling sqlx-core v0.7.2
[INFO] [stderr]    Compiling socket2 v0.4.10
[INFO] [stderr]    Compiling smartstring v1.0.1
[INFO] [stderr]    Compiling unicode-segmentation v1.10.1
[INFO] [stderr]    Compiling predicates-core v1.0.6
[INFO] [stderr]    Compiling fastrand v2.0.1
[INFO] [stderr]    Compiling heck v0.4.1
[INFO] [stderr]    Compiling itertools v0.10.5
[INFO] [stderr]    Compiling tempfile v3.8.1
[INFO] [stderr]    Compiling float-cmp v0.9.0
[INFO] [stderr]    Compiling encoding_rs v0.8.33
[INFO] [stderr]    Compiling anyhow v1.0.75
[INFO] [stderr]    Compiling dlv-list v0.3.0
[INFO] [stderr]    Compiling difflib v0.4.0
[INFO] [stderr]    Compiling normalize-line-endings v0.3.0
[INFO] [stderr]    Compiling sqlx-postgres v0.7.2
[INFO] [stderr]    Compiling static_assertions v1.1.0
[INFO] [stderr]    Compiling termtree v0.4.1
[INFO] [stderr]    Compiling predicates-tree v1.0.9
[INFO] [stderr]    Compiling predicates v2.1.5
[INFO] [stderr]    Compiling ordered-multimap v0.4.3
[INFO] [stderr]    Compiling geojson v0.24.1
[INFO] [stderr]    Compiling serde_urlencoded v0.7.1
[INFO] [stderr]    Compiling tokio-native-tls v0.3.1
[INFO] [stderr]    Compiling mockall_derive v0.11.4
[INFO] [stderr]    Compiling pin-project-internal v1.1.3
[INFO] [stderr]    Compiling dirs-sys v0.3.7
[INFO] [stderr]    Compiling hyper v0.14.27
[INFO] [stderr]    Compiling downcast v0.11.0
[INFO] [stderr]    Compiling rxml_validation v0.9.1
[INFO] [stderr]    Compiling regex-syntax v0.6.29
[INFO] [stderr]    Compiling fragile v2.0.0
[INFO] [stderr]    Compiling tower-layer v0.3.2
[INFO] [stderr]    Compiling sqlx-macros-core v0.7.2
[INFO] [stderr]    Compiling regex-automata v0.1.10
[INFO] [stderr]    Compiling pin-project v1.1.3
[INFO] [stderr]    Compiling rxml v0.9.1
[INFO] [stderr]    Compiling dirs v4.0.0
[INFO] [stderr]    Compiling rust-ini v0.18.0
[INFO] [stderr]    Compiling mockall v0.11.4
[INFO] [stderr]    Compiling axum-core v0.3.4
[INFO] [stderr]    Compiling attohttpc v0.22.0
[INFO] [stderr]    Compiling sqlx-macros v0.7.2
[INFO] [stderr]    Compiling combine v4.6.6
[INFO] [stderr]    Compiling quick-xml v0.26.0
[INFO] [stderr]    Compiling deadpool-runtime v0.1.3
[INFO] [stderr]    Compiling hyper-tls v0.5.0
[INFO] [stderr]    Compiling futures-executor v0.3.29
[INFO] [stderr]    Compiling destructure v0.3.0
[INFO] [stderr]    Compiling orbital v0.1.0
[INFO] [stderr]    Compiling multer v2.1.0
[INFO] [stderr]    Compiling ipnet v2.9.0
[INFO] [stderr]    Compiling data-encoding v2.4.0
[INFO] [stderr]    Compiling geozero v0.11.0
[INFO] [stderr]    Compiling overload v0.1.1
[INFO] [stderr]    Compiling nu-ansi-term v0.46.0
[INFO] [stderr]    Compiling reqwest v0.11.22
[INFO] [stderr]    Compiling tungstenite v0.20.1
[INFO] [stderr]    Compiling kernel v0.1.0 (/opt/rustwide/workdir/kernel)
[INFO] [stderr]    Compiling aws-creds v0.34.1
[INFO] [stderr]    Compiling futures v0.3.29
[INFO] [stderr]    Compiling deadpool v0.10.0
[INFO] [stderr]    Compiling matchers v0.1.0
[INFO] [stderr]    Compiling minidom v0.15.2
[INFO] [stderr]    Compiling axum v0.6.20
[INFO] [stderr]    Compiling sqlx v0.7.2
[INFO] [stderr]    Compiling wkt v0.10.3
[INFO] [stderr]    Compiling sharded-slab v0.1.7
[INFO] [stderr]    Compiling aws-region v0.25.4
[INFO] [stderr]    Compiling maybe-async v0.2.7
[INFO] [stderr]    Compiling headers-core v0.2.0
[INFO] [stderr]    Compiling tracing-log v0.1.4
[INFO] [stderr]    Compiling thread_local v1.1.7
[INFO] [stderr]    Compiling md5 v0.7.0
[INFO] [stderr]    Compiling scroll v0.11.0
[INFO] [stderr]    Compiling spin v0.9.8
[INFO] [stderr]    Compiling tracing-subscriber v0.3.17
[INFO] [stderr]    Compiling rust-s3 v0.33.0
[INFO] [stderr]    Compiling redis v0.23.3
[INFO] [stderr]    Compiling headers v0.3.9
[INFO] [stderr]    Compiling tokio-tungstenite v0.20.1
[INFO] [stderr]    Compiling tower v0.4.13
[INFO] [stderr]    Compiling serde_path_to_error v0.1.14
[INFO] [stderr]    Compiling crossbeam-channel v0.5.8
[INFO] [stderr]    Compiling sync_wrapper v0.1.2
[INFO] [stderr]    Compiling matchit v0.7.3
[INFO] [stderr]    Compiling http-range-header v0.3.1
[INFO] [stderr]    Compiling tracing-appender v0.2.2
[INFO] [stderr]    Compiling tower-http v0.4.4
[INFO] [stderr]    Compiling application v0.1.0 (/opt/rustwide/workdir/application)
[INFO] [stderr]    Compiling tracing-futures v0.2.5
[INFO] [stderr]    Compiling deadpool-redis v0.13.0
[INFO] [stderr]    Compiling driver v0.1.0 (/opt/rustwide/workdir/driver)
[INFO] [stderr]    Compiling server v0.1.0 (/opt/rustwide/workdir/server)
[INFO] [stderr]     Finished dev [unoptimized + debuginfo] target(s) in 1m 57s
[INFO] running `Command { std: "docker" "inspect" "d4e45b36ed225c78540500aadb8bc3ae4a98f9c59763a2f75dac86d71699df10", kill_on_drop: false }`
[INFO] running `Command { std: "docker" "rm" "-f" "d4e45b36ed225c78540500aadb8bc3ae4a98f9c59763a2f75dac86d71699df10", kill_on_drop: false }`
[INFO] [stdout] d4e45b36ed225c78540500aadb8bc3ae4a98f9c59763a2f75dac86d71699df10
[INFO] running `Command { std: "docker" "create" "-v" "/var/lib/crater-agent-workspace/builds/worker-7-tc2/target:/opt/rustwide/target:rw,Z" "-v" "/var/lib/crater-agent-workspace/builds/worker-7-tc2/source:/opt/rustwide/workdir:ro,Z" "-v" "/var/lib/crater-agent-workspace/cargo-home:/opt/rustwide/cargo-home:ro,Z" "-v" "/var/lib/crater-agent-workspace/rustup-home:/opt/rustwide/rustup-home:ro,Z" "-e" "SOURCE_DIR=/opt/rustwide/workdir" "-e" "CARGO_TARGET_DIR=/opt/rustwide/target" "-e" "CARGO_INCREMENTAL=0" "-e" "RUST_BACKTRACE=full" "-e" "RUSTFLAGS=--cap-lints=warn" "-e" "RUSTDOCFLAGS=--cap-lints=warn" "-e" "CARGO_HOME=/opt/rustwide/cargo-home" "-e" "RUSTUP_HOME=/opt/rustwide/rustup-home" "-w" "/opt/rustwide/workdir" "-m" "1610612736" "--user" "0:0" "--network" "none" "ghcr.io/rust-lang/crates-build-env/linux@sha256:2788e3201cd34a07e3172128adcd8b3090168a8e3bcc40d7c032b9dda1df7d1c" "/opt/rustwide/cargo-home/bin/cargo" "+beta-2023-12-22" "test" "--frozen" "--no-run" "--message-format=json", kill_on_drop: false }`
[INFO] [stdout] 108dd87b66011a5e5ca987229fd28a05a967bcb23c7234db2d07c08d169a074d
[INFO] running `Command { std: "docker" "start" "-a" "108dd87b66011a5e5ca987229fd28a05a967bcb23c7234db2d07c08d169a074d", kill_on_drop: false }`
[INFO] [stderr]    Compiling trybuild v1.0.85
[INFO] [stderr]    Compiling basic-toml v0.1.7
[INFO] [stderr]    Compiling termcolor v1.3.0
[INFO] [stderr]    Compiling glob v0.3.1
[INFO] [stderr]    Compiling driver v0.1.0 (/opt/rustwide/workdir/driver)
[INFO] [stderr]    Compiling server v0.1.0 (/opt/rustwide/workdir/server)
[INFO] [stderr]    Compiling kernel v0.1.0 (/opt/rustwide/workdir/kernel)
[INFO] [stderr]    Compiling application v0.1.0 (/opt/rustwide/workdir/application)
[INFO] [stderr]     Finished test [unoptimized + debuginfo] target(s) in 11.73s
[INFO] running `Command { std: "docker" "inspect" "108dd87b66011a5e5ca987229fd28a05a967bcb23c7234db2d07c08d169a074d", kill_on_drop: false }`
[INFO] running `Command { std: "docker" "rm" "-f" "108dd87b66011a5e5ca987229fd28a05a967bcb23c7234db2d07c08d169a074d", kill_on_drop: false }`
[INFO] [stdout] 108dd87b66011a5e5ca987229fd28a05a967bcb23c7234db2d07c08d169a074d
[INFO] running `Command { std: "docker" "create" "-v" "/var/lib/crater-agent-workspace/builds/worker-7-tc2/target:/opt/rustwide/target:rw,Z" "-v" "/var/lib/crater-agent-workspace/builds/worker-7-tc2/source:/opt/rustwide/workdir:ro,Z" "-v" "/var/lib/crater-agent-workspace/cargo-home:/opt/rustwide/cargo-home:ro,Z" "-v" "/var/lib/crater-agent-workspace/rustup-home:/opt/rustwide/rustup-home:ro,Z" "-e" "SOURCE_DIR=/opt/rustwide/workdir" "-e" "CARGO_TARGET_DIR=/opt/rustwide/target" "-e" "CARGO_INCREMENTAL=0" "-e" "RUST_BACKTRACE=full" "-e" "RUSTFLAGS=--cap-lints=warn" "-e" "RUSTDOCFLAGS=--cap-lints=warn" "-e" "CARGO_HOME=/opt/rustwide/cargo-home" "-e" "RUSTUP_HOME=/opt/rustwide/rustup-home" "-w" "/opt/rustwide/workdir" "-m" "1610612736" "--user" "0:0" "--network" "none" "ghcr.io/rust-lang/crates-build-env/linux@sha256:2788e3201cd34a07e3172128adcd8b3090168a8e3bcc40d7c032b9dda1df7d1c" "/opt/rustwide/cargo-home/bin/cargo" "+beta-2023-12-22" "test" "--frozen", kill_on_drop: false }`
[INFO] [stdout] 648c6cc64133dc16b7b22955dcb0576fb0efee43afe0d58d90620809663e1a28
[INFO] running `Command { std: "docker" "start" "-a" "648c6cc64133dc16b7b22955dcb0576fb0efee43afe0d58d90620809663e1a28", kill_on_drop: false }`
[INFO] [stderr]     Finished test [unoptimized + debuginfo] target(s) in 0.27s
[INFO] [stderr]      Running unittests src/lib.rs (/opt/rustwide/target/debug/deps/application-aac87233e8131b7d)
[INFO] [stdout] 
[INFO] [stdout] running 0 tests
[INFO] [stdout] 
[INFO] [stdout] test result: ok. 0 passed; 0 failed; 0 ignored; 0 measured; 0 filtered out; finished in 0.00s
[INFO] [stdout] 
[INFO] [stderr]      Running tests/ring.rs (/opt/rustwide/target/debug/deps/ring-74803040cc50f459)
[INFO] [stdout] 
[INFO] [stdout] running 0 tests
[INFO] [stdout] 
[INFO] [stdout] test result: ok. 0 passed; 0 failed; 0 ignored; 0 measured; 0 filtered out; finished in 0.00s
[INFO] [stdout] 
[INFO] [stderr]      Running tests/program.rs (/opt/rustwide/target/debug/deps/tests-ac94d6bc0b2a3af8)
[INFO] [stdout] 
[INFO] [stdout] running 1 test
[INFO] [stderr]    Compiling proc-macro2 v1.0.69
[INFO] [stderr]    Compiling unicode-ident v1.0.12
[INFO] [stderr]    Compiling libc v0.2.149
[INFO] [stderr]    Compiling autocfg v1.1.0
[INFO] [stderr]    Compiling cfg-if v1.0.0
[INFO] [stderr]    Compiling libm v0.2.8
[INFO] [stderr]    Compiling serde v1.0.190
[INFO] [stderr]    Compiling typenum v1.17.0
[INFO] [stderr]    Compiling version_check v0.9.4
[INFO] [stderr]    Compiling memchr v2.6.4
[INFO] [stderr]    Compiling syn v1.0.109
[INFO] [stderr]    Compiling generic-array v0.14.7
[INFO] [stderr]    Compiling num-traits v0.2.17
[INFO] [stderr]    Compiling quote v1.0.33
[INFO] [stderr]    Compiling aho-corasick v1.1.2
[INFO] [stderr]    Compiling syn v2.0.38
[INFO] [stderr]    Compiling getrandom v0.2.10
[INFO] [stderr]    Compiling regex-syntax v0.8.2
[INFO] [stderr]    Compiling itoa v1.0.9
[INFO] [stderr]    Compiling thiserror v1.0.50
[INFO] [stderr]    Compiling either v1.9.0
[INFO] [stderr]    Compiling serde_json v1.0.108
[INFO] [stderr]    Compiling predicates-core v1.0.6
[INFO] [stderr]    Compiling itertools v0.10.5
[INFO] [stderr]    Compiling rand_core v0.6.4
[INFO] [stderr]    Compiling lock_api v0.4.11
[INFO] [stderr]    Compiling float-cmp v0.9.0
[INFO] [stderr]    Compiling crypto-common v0.1.6
[INFO] [stderr]    Compiling block-buffer v0.10.4
[INFO] [stderr]    Compiling time-core v0.1.2
[INFO] [stderr]    Compiling ryu v1.0.15
[INFO] [stderr]    Compiling ppv-lite86 v0.2.17
[INFO] [stderr]    Compiling termtree v0.4.1
[INFO] [stderr]    Compiling anyhow v1.0.75
[INFO] [stderr]    Compiling powerfmt v0.2.0
[INFO] [stderr]    Compiling difflib v0.4.0
[INFO] [stderr]    Compiling normalize-line-endings v0.3.0
[INFO] [stderr]    Compiling parking_lot_core v0.9.9
[INFO] [stderr]    Compiling async-trait v0.1.74
[INFO] [stderr]    Compiling rand_chacha v0.3.1
[INFO] [stderr]    Compiling regex-automata v0.4.3
[INFO] [stderr]    Compiling predicates-tree v1.0.9
[INFO] [stderr]    Compiling time-macros v0.2.15
[INFO] [stderr]    Compiling digest v0.10.7
[INFO] [stderr]    Compiling scopeguard v1.2.0
[INFO] [stderr]    Compiling lazy_static v1.4.0
[INFO] [stderr]    Compiling log v0.4.20
[INFO] [stderr]    Compiling fragile v2.0.0
[INFO] [stderr]    Compiling smallvec v1.11.1
[INFO] [stderr]    Compiling cpufeatures v0.2.11
[INFO] [stderr]    Compiling downcast v0.11.0
[INFO] [stderr]    Compiling sha2 v0.10.8
[INFO] [stderr]    Compiling rand v0.8.5
[INFO] [stderr]    Compiling base64 v0.21.5
[INFO] [stderr]    Compiling parking_lot v0.12.1
[INFO] [stderr]    Compiling num_cpus v1.16.0
[INFO] [stderr]    Compiling signal-hook-registry v1.4.1
[INFO] [stderr]    Compiling regex v1.10.2
[INFO] [stderr]    Compiling socket2 v0.5.5
[INFO] [stderr]    Compiling mio v0.8.9
[INFO] [stderr]    Compiling pin-project-lite v0.2.13
[INFO] [stderr]    Compiling bytes v1.5.0
[INFO] [stderr]    Compiling predicates v2.1.5
[INFO] [stderr]    Compiling serde_derive v1.0.190
[INFO] [stderr]    Compiling thiserror-impl v1.0.50
[INFO] [stderr]    Compiling orbital v0.1.0
[INFO] [stderr]    Compiling destructure v0.3.0
[INFO] [stderr]    Compiling tokio-macros v2.1.0
[INFO] [stderr]    Compiling mockall_derive v0.11.4
[INFO] [stderr]    Compiling tokio v1.33.0
[INFO] [stderr]    Compiling mockall v0.11.4
[INFO] [stderr]    Compiling geo-types v0.7.11
[INFO] [stderr]    Compiling deranged v0.3.9
[INFO] [stderr]    Compiling uuid v1.5.0
[INFO] [stderr]    Compiling time v0.3.30
[INFO] [stderr]    Compiling geojson v0.24.1
[INFO] [stderr]    Compiling kernel v0.1.0 (/opt/rustwide/workdir/kernel)
[INFO] [stderr]    Compiling application v0.1.0 (/opt/rustwide/workdir/application)
[INFO] [stderr]    Compiling application-tests v0.0.0 (/opt/rustwide/target/tests/trybuild/application)
[INFO] [stderr]     Finished dev [unoptimized + debuginfo] target(s) in 34.50s
[INFO] [stderr] 
[INFO] [stderr] 
[INFO] [stderr] test tests/ring.rs ... error
[INFO] [stderr] Test case failed at runtime.
[INFO] [stderr] 
[INFO] [stderr] STDERR:
[INFO] [stderr] ┈┈┈┈┈┈┈┈┈┈┈┈┈┈┈┈┈┈┈┈┈┈┈┈┈┈┈┈┈┈┈┈┈┈┈┈┈┈┈┈┈┈┈┈┈┈┈┈┈┈┈┈┈┈┈┈┈┈┈┈
[INFO] [stderr] thread 'main' panicked at /opt/rustwide/workdir/kernel/src/repository/instance.rs:10:1:
[INFO] [stderr] MockInstanceRepository::find_unfinished(): No matching expectation found
[INFO] [stderr] stack backtrace:
[INFO] [stderr]    0:     0x55fff38ef666 - std::backtrace_rs::backtrace::libunwind::trace::h261606ad26a499c1
[INFO] [stderr]                                at /rustc/0e09125c6c3c2fd70d7de961bcf0e51575235fad/library/std/src/../../backtrace/src/backtrace/libunwind.rs:104:5
[INFO] [stderr]    1:     0x55fff38ef666 - std::backtrace_rs::backtrace::trace_unsynchronized::hd183f0625477fb28
[INFO] [stderr]                                at /rustc/0e09125c6c3c2fd70d7de961bcf0e51575235fad/library/std/src/../../backtrace/src/backtrace/mod.rs:66:5
[INFO] [stderr]    2:     0x55fff38ef666 - std::sys_common::backtrace::_print_fmt::hd7f8fef21b4eda67
[INFO] [stderr]                                at /rustc/0e09125c6c3c2fd70d7de961bcf0e51575235fad/library/std/src/sys_common/backtrace.rs:68:5
[INFO] [stderr]    3:     0x55fff38ef666 - <std::sys_common::backtrace::_print::DisplayBacktrace as core::fmt::Display>::fmt::h623d9b51f2f453f1
[INFO] [stderr]                                at /rustc/0e09125c6c3c2fd70d7de961bcf0e51575235fad/library/std/src/sys_common/backtrace.rs:44:22
[INFO] [stderr]    4:     0x55fff390f6d0 - core::fmt::rt::Argument::fmt::h9f417ac76a86f368
[INFO] [stderr]                                at /rustc/0e09125c6c3c2fd70d7de961bcf0e51575235fad/library/core/src/fmt/rt.rs:142:9
[INFO] [stderr]    5:     0x55fff390f6d0 - core::fmt::write::hc9b6faf4ac2aeff7
[INFO] [stderr]                                at /rustc/0e09125c6c3c2fd70d7de961bcf0e51575235fad/library/core/src/fmt/mod.rs:1120:17
[INFO] [stderr]    6:     0x55fff38ed3ff - std::io::Write::write_fmt::hfead1eee52c2e65e
[INFO] [stderr]                                at /rustc/0e09125c6c3c2fd70d7de961bcf0e51575235fad/library/std/src/io/mod.rs:1810:15
[INFO] [stderr]    7:     0x55fff38ef444 - std::sys_common::backtrace::_print::hd5d66399c7df88a2
[INFO] [stderr]                                at /rustc/0e09125c6c3c2fd70d7de961bcf0e51575235fad/library/std/src/sys_common/backtrace.rs:47:5
[INFO] [stderr]    8:     0x55fff38ef444 - std::sys_common::backtrace::print::he81ed2da642d37e5
[INFO] [stderr]                                at /rustc/0e09125c6c3c2fd70d7de961bcf0e51575235fad/library/std/src/sys_common/backtrace.rs:34:9
[INFO] [stderr]    9:     0x55fff38f0b17 - std::panicking::default_hook::{{closure}}::h85773f4fa117163d
[INFO] [stderr]   10:     0x55fff38f0879 - std::panicking::default_hook::h6a1694a91d09b278
[INFO] [stderr]                                at /rustc/0e09125c6c3c2fd70d7de961bcf0e51575235fad/library/std/src/panicking.rs:292:9
[INFO] [stderr]   11:     0x55fff38f0fa8 - std::panicking::rust_panic_with_hook::h0a7ad96e90f7145b
[INFO] [stderr]                                at /rustc/0e09125c6c3c2fd70d7de961bcf0e51575235fad/library/std/src/panicking.rs:779:13
[INFO] [stderr]   12:     0x55fff38f0e82 - std::panicking::begin_panic_handler::{{closure}}::h7919090525c6485e
[INFO] [stderr]                                at /rustc/0e09125c6c3c2fd70d7de961bcf0e51575235fad/library/std/src/panicking.rs:657:13
[INFO] [stderr]   13:     0x55fff38efb66 - std::sys_common::backtrace::__rust_end_short_backtrace::hf3289479464f7dfe
[INFO] [stderr]                                at /rustc/0e09125c6c3c2fd70d7de961bcf0e51575235fad/library/std/src/sys_common/backtrace.rs:171:18
[INFO] [stderr]   14:     0x55fff38f0be0 - rust_begin_unwind
[INFO] [stderr]                                at /rustc/0e09125c6c3c2fd70d7de961bcf0e51575235fad/library/std/src/panicking.rs:645:5
[INFO] [stderr]   15:     0x55fff37c8345 - core::panicking::panic_fmt::hcc9f77c5c132af55
[INFO] [stderr]                                at /rustc/0e09125c6c3c2fd70d7de961bcf0e51575235fad/library/core/src/panicking.rs:72:14
[INFO] [stderr]   16:     0x55fff37c8303 - core::panicking::panic_display::h0204da5f51c86759
[INFO] [stderr]                                at /rustc/0e09125c6c3c2fd70d7de961bcf0e51575235fad/library/core/src/panicking.rs:196:5
[INFO] [stderr]   17:     0x55fff37c8303 - core::panicking::panic_str::h384c8d5de2012701
[INFO] [stderr]                                at /rustc/0e09125c6c3c2fd70d7de961bcf0e51575235fad/library/core/src/panicking.rs:171:5
[INFO] [stderr]   18:     0x55fff37c8303 - core::option::expect_failed::h6b23844cf3a4e381
[INFO] [stderr]                                at /rustc/0e09125c6c3c2fd70d7de961bcf0e51575235fad/library/core/src/option.rs:1980:5
[INFO] [stderr]   19:     0x55fff389a897 - core::option::Option<T>::expect::h20d9ec9e4caafd0b
[INFO] [stderr]                                at /rustc/0e09125c6c3c2fd70d7de961bcf0e51575235fad/library/core/src/option.rs:894:21
[INFO] [stderr]   20:     0x55fff38ae0cd - <kernel::repository::instance::MockInstanceRepository as kernel::repository::instance::InstanceRepository>::find_unfinished::h21bc2d2747847477
[INFO] [stderr]                                at /opt/rustwide/workdir/kernel/src/repository/instance.rs:10:1
[INFO] [stderr]   21:     0x55fff37c9030 - application::services::ring::CreateRingService::create::{{closure}}::h3520332a2ea1f39b
[INFO] [stderr]                                at /opt/rustwide/workdir/application/src/services/ring.rs:44:48
[INFO] [stderr]   22:     0x55fff37cf1ad - <core::pin::Pin<P> as core::future::future::Future>::poll::h9bcd6f0c76959624
[INFO] [stderr]                                at /rustc/0e09125c6c3c2fd70d7de961bcf0e51575235fad/library/core/src/future/future.rs:124:9
[INFO] [stderr]   23:     0x55fff37d5533 - trybuild000::main::{{closure}}::h789a25209ae1f8ef
[INFO] [stderr]                                at /opt/rustwide/workdir/application/tests/ring.rs:27:14
[INFO] [stderr]   24:     0x55fff37d23c4 - tokio::runtime::park::CachedParkThread::block_on::{{closure}}::hd451013b1604f1e7
[INFO] [stderr]                                at /opt/rustwide/cargo-home/registry/src/index.crates.io-6f17d22bba15001f/tokio-1.33.0/src/runtime/park.rs:282:63
[INFO] [stderr]   25:     0x55fff37d1c94 - tokio::runtime::coop::with_budget::hd89ec9a3ab3e67b4
[INFO] [stderr]                                at /opt/rustwide/cargo-home/registry/src/index.crates.io-6f17d22bba15001f/tokio-1.33.0/src/runtime/coop.rs:107:5
[INFO] [stderr]   26:     0x55fff37d1c94 - tokio::runtime::coop::budget::h3f4515e08208fd1a
[INFO] [stderr]                                at /opt/rustwide/cargo-home/registry/src/index.crates.io-6f17d22bba15001f/tokio-1.33.0/src/runtime/coop.rs:73:5
[INFO] [stderr]   27:     0x55fff37d1c94 - tokio::runtime::park::CachedParkThread::block_on::h0ea5a3ef2e8ec1e3
[INFO] [stderr]                                at /opt/rustwide/cargo-home/registry/src/index.crates.io-6f17d22bba15001f/tokio-1.33.0/src/runtime/park.rs:282:31
[INFO] [stderr]   28:     0x55fff37ce3d5 - tokio::runtime::context::blocking::BlockingRegionGuard::block_on::h825f25f6f0e90852
[INFO] [stderr]                                at /opt/rustwide/cargo-home/registry/src/index.crates.io-6f17d22bba15001f/tokio-1.33.0/src/runtime/context/blocking.rs:66:9
[INFO] [stderr]   29:     0x55fff37ce716 - tokio::runtime::scheduler::multi_thread::MultiThread::block_on::{{closure}}::h6dff63565e604120
[INFO] [stderr]                                at /opt/rustwide/cargo-home/registry/src/index.crates.io-6f17d22bba15001f/tokio-1.33.0/src/runtime/scheduler/multi_thread/mod.rs:87:13
[INFO] [stderr]   30:     0x55fff37cdca4 - tokio::runtime::context::runtime::enter_runtime::h65e8eafdc02b672f
[INFO] [stderr]                                at /opt/rustwide/cargo-home/registry/src/index.crates.io-6f17d22bba15001f/tokio-1.33.0/src/runtime/context/runtime.rs:65:16
[INFO] [stderr]   31:     0x55fff37ce6d1 - tokio::runtime::scheduler::multi_thread::MultiThread::block_on::hbfad647073c67089
[INFO] [stderr]                                at /opt/rustwide/cargo-home/registry/src/index.crates.io-6f17d22bba15001f/tokio-1.33.0/src/runtime/scheduler/multi_thread/mod.rs:86:9
[INFO] [stderr]   32:     0x55fff37ce5ee - tokio::runtime::runtime::Runtime::block_on::h8d48eeef2e861bcd
[INFO] [stderr]                                at /opt/rustwide/cargo-home/registry/src/index.crates.io-6f17d22bba15001f/tokio-1.33.0/src/runtime/runtime.rs:350:45
[INFO] [stderr]   33:     0x55fff37d517f - trybuild000::main::h53b0f4f5ecfa0b29
[INFO] [stderr]                                at /opt/rustwide/workdir/application/tests/ring.rs:15:5
[INFO] [stderr]   34:     0x55fff37cbcab - core::ops::function::FnOnce::call_once::hb24acfa3317c6a71
[INFO] [stderr]                                at /rustc/0e09125c6c3c2fd70d7de961bcf0e51575235fad/library/core/src/ops/function.rs:250:5
[INFO] [stderr]   35:     0x55fff37cab6e - std::sys_common::backtrace::__rust_begin_short_backtrace::hea8f8075a34b45f2
[INFO] [stderr]                                at /rustc/0e09125c6c3c2fd70d7de961bcf0e51575235fad/library/std/src/sys_common/backtrace.rs:155:18
[INFO] [stderr]   36:     0x55fff37d0e31 - std::rt::lang_start::{{closure}}::he239cc851483736c
[INFO] [stderr]                                at /rustc/0e09125c6c3c2fd70d7de961bcf0e51575235fad/library/std/src/rt.rs:166:18
[INFO] [stderr]   37:     0x55fff38e9df1 - core::ops::function::impls::<impl core::ops::function::FnOnce<A> for &F>::call_once::h4eb4c5e1620f29b0
[INFO] [stderr]                                at /rustc/0e09125c6c3c2fd70d7de961bcf0e51575235fad/library/core/src/ops/function.rs:284:13
[INFO] [stderr]   38:     0x55fff38e9df1 - std::panicking::try::do_call::h73fd26535faffcdf
[INFO] [stderr]                                at /rustc/0e09125c6c3c2fd70d7de961bcf0e51575235fad/library/std/src/panicking.rs:552:40
[INFO] [stderr]   39:     0x55fff38e9df1 - std::panicking::try::h77ff1d98f0fb9f39
[INFO] [stderr]                                at /rustc/0e09125c6c3c2fd70d7de961bcf0e51575235fad/library/std/src/panicking.rs:516:19
[INFO] [stderr]   40:     0x55fff38e9df1 - std::panic::catch_unwind::hab3caf2448b95e37
[INFO] [stderr]                                at /rustc/0e09125c6c3c2fd70d7de961bcf0e51575235fad/library/std/src/panic.rs:142:14
[INFO] [stderr]   41:     0x55fff38e9df1 - std::rt::lang_start_internal::{{closure}}::h8086711f9c783f78
[INFO] [stderr]                                at /rustc/0e09125c6c3c2fd70d7de961bcf0e51575235fad/library/std/src/rt.rs:148:48
[INFO] [stderr]   42:     0x55fff38e9df1 - std::panicking::try::do_call::hf920d4dc291cd6ca
[INFO] [stderr]                                at /rustc/0e09125c6c3c2fd70d7de961bcf0e51575235fad/library/std/src/panicking.rs:552:40
[INFO] [stderr]   43:     0x55fff38e9df1 - std::panicking::try::h2b806ccc0a85db74
[INFO] [stderr]                                at /rustc/0e09125c6c3c2fd70d7de961bcf0e51575235fad/library/std/src/panicking.rs:516:19
[INFO] [stderr]   44:     0x55fff38e9df1 - std::panic::catch_unwind::h038489539c507df2
[INFO] [stderr]                                at /rustc/0e09125c6c3c2fd70d7de961bcf0e51575235fad/library/std/src/panic.rs:142:14
[INFO] [stderr]   45:     0x55fff38e9df1 - std::rt::lang_start_internal::h28503b88912e8a5c
[INFO] [stderr]                                at /rustc/0e09125c6c3c2fd70d7de961bcf0e51575235fad/library/std/src/rt.rs:148:20
[INFO] [stderr]   46:     0x55fff37d0e0a - std::rt::lang_start::h01701b60b607418b
[INFO] [stderr]                                at /rustc/0e09125c6c3c2fd70d7de961bcf0e51575235fad/library/std/src/rt.rs:165:17
[INFO] [stderr]   47:     0x55fff37d58ae - main
[INFO] [stderr]   48:     0x7f479c6d2d90 - <unknown>
[INFO] [stderr]   49:     0x7f479c6d2e40 - __libc_start_main
[INFO] [stderr]   50:     0x55fff37c8c05 - _start
[INFO] [stderr]   51:                0x0 - <unknown>
[INFO] [stderr] ┈┈┈┈┈┈┈┈┈┈┈┈┈┈┈┈┈┈┈┈┈┈┈┈┈┈┈┈┈┈┈┈┈┈┈┈┈┈┈┈┈┈┈┈┈┈┈┈┈┈┈┈┈┈┈┈┈┈┈┈
[INFO] [stderr] 
[INFO] [stderr] 
[INFO] [stderr] 
[INFO] [stdout] test test ... FAILED
[INFO] [stdout] 
[INFO] [stdout] failures:
[INFO] [stdout] 
[INFO] [stdout] ---- test stdout ----
[INFO] [stdout] thread 'test' panicked at /opt/rustwide/cargo-home/registry/src/index.crates.io-6f17d22bba15001f/trybuild-1.0.85/src/run.rs:101:13:
[INFO] [stdout] 1 of 1 tests failed
[INFO] [stdout] stack backtrace:
[INFO] [stdout]    0:     0x56275e25fe06 - std::backtrace_rs::backtrace::libunwind::trace::h261606ad26a499c1
[INFO] [stdout]                                at /rustc/0e09125c6c3c2fd70d7de961bcf0e51575235fad/library/std/src/../../backtrace/src/backtrace/libunwind.rs:104:5
[INFO] [stdout]    1:     0x56275e25fe06 - std::backtrace_rs::backtrace::trace_unsynchronized::hd183f0625477fb28
[INFO] [stdout]                                at /rustc/0e09125c6c3c2fd70d7de961bcf0e51575235fad/library/std/src/../../backtrace/src/backtrace/mod.rs:66:5
[INFO] [stdout]    2:     0x56275e25fe06 - std::sys_common::backtrace::_print_fmt::hd7f8fef21b4eda67
[INFO] [stdout]                                at /rustc/0e09125c6c3c2fd70d7de961bcf0e51575235fad/library/std/src/sys_common/backtrace.rs:68:5
[INFO] [stdout]    3:     0x56275e25fe06 - <std::sys_common::backtrace::_print::DisplayBacktrace as core::fmt::Display>::fmt::h623d9b51f2f453f1
[INFO] [stdout]                                at /rustc/0e09125c6c3c2fd70d7de961bcf0e51575235fad/library/std/src/sys_common/backtrace.rs:44:22
[INFO] [stdout]    4:     0x56275e28b500 - core::fmt::rt::Argument::fmt::h9f417ac76a86f368
[INFO] [stdout]                                at /rustc/0e09125c6c3c2fd70d7de961bcf0e51575235fad/library/core/src/fmt/rt.rs:142:9
[INFO] [stdout]    5:     0x56275e28b500 - core::fmt::write::hc9b6faf4ac2aeff7
[INFO] [stdout]                                at /rustc/0e09125c6c3c2fd70d7de961bcf0e51575235fad/library/core/src/fmt/mod.rs:1120:17
[INFO] [stdout]    6:     0x56275e25cdff - std::io::Write::write_fmt::he04625a3a989fec3
[INFO] [stdout]                                at /rustc/0e09125c6c3c2fd70d7de961bcf0e51575235fad/library/std/src/io/mod.rs:1810:15
[INFO] [stdout]    7:     0x56275e25fbe4 - std::sys_common::backtrace::_print::hd5d66399c7df88a2
[INFO] [stdout]                                at /rustc/0e09125c6c3c2fd70d7de961bcf0e51575235fad/library/std/src/sys_common/backtrace.rs:47:5
[INFO] [stdout]    8:     0x56275e25fbe4 - std::sys_common::backtrace::print::he81ed2da642d37e5
[INFO] [stdout]                                at /rustc/0e09125c6c3c2fd70d7de961bcf0e51575235fad/library/std/src/sys_common/backtrace.rs:34:9
[INFO] [stdout]    9:     0x56275e261957 - std::panicking::default_hook::{{closure}}::h85773f4fa117163d
[INFO] [stdout]   10:     0x56275e26163d - std::panicking::default_hook::h6a1694a91d09b278
[INFO] [stdout]                                at /rustc/0e09125c6c3c2fd70d7de961bcf0e51575235fad/library/std/src/panicking.rs:289:9
[INFO] [stdout]   11:     0x56275e22f847 - <alloc::boxed::Box<F,A> as core::ops::function::Fn<Args>>::call::h616ac37fa3cd6c8f
[INFO] [stdout]                                at /rustc/0e09125c6c3c2fd70d7de961bcf0e51575235fad/library/alloc/src/boxed.rs:2029:9
[INFO] [stdout]   12:     0x56275e22f847 - test::test_main::{{closure}}::h00d84697cefdcbb6
[INFO] [stdout]                                at /rustc/0e09125c6c3c2fd70d7de961bcf0e51575235fad/library/test/src/lib.rs:138:21
[INFO] [stdout]   13:     0x56275e261f76 - <alloc::boxed::Box<F,A> as core::ops::function::Fn<Args>>::call::hcb3fe3b9bb537ba8
[INFO] [stdout]                                at /rustc/0e09125c6c3c2fd70d7de961bcf0e51575235fad/library/alloc/src/boxed.rs:2029:9
[INFO] [stdout]   14:     0x56275e261f76 - std::panicking::rust_panic_with_hook::h0a7ad96e90f7145b
[INFO] [stdout]                                at /rustc/0e09125c6c3c2fd70d7de961bcf0e51575235fad/library/std/src/panicking.rs:783:13
[INFO] [stdout]   15:     0x56275e261cc2 - std::panicking::begin_panic_handler::{{closure}}::h7919090525c6485e
[INFO] [stdout]                                at /rustc/0e09125c6c3c2fd70d7de961bcf0e51575235fad/library/std/src/panicking.rs:657:13
[INFO] [stdout]   16:     0x56275e260306 - std::sys_common::backtrace::__rust_end_short_backtrace::hf3289479464f7dfe
[INFO] [stdout]                                at /rustc/0e09125c6c3c2fd70d7de961bcf0e51575235fad/library/std/src/sys_common/backtrace.rs:171:18
[INFO] [stdout]   17:     0x56275e261a20 - rust_begin_unwind
[INFO] [stdout]                                at /rustc/0e09125c6c3c2fd70d7de961bcf0e51575235fad/library/std/src/panicking.rs:645:5
[INFO] [stdout]   18:     0x56275e007fc5 - core::panicking::panic_fmt::hcc9f77c5c132af55
[INFO] [stdout]                                at /rustc/0e09125c6c3c2fd70d7de961bcf0e51575235fad/library/core/src/panicking.rs:72:14
[INFO] [stdout]   19:     0x56275e08fe29 - trybuild::run::<impl trybuild::Runner>::run::hff25691e2a32fb81
[INFO] [stdout]                                at /opt/rustwide/cargo-home/registry/src/index.crates.io-6f17d22bba15001f/trybuild-1.0.85/src/run.rs:101:13
[INFO] [stdout]   20:     0x56275e095998 - <trybuild::TestCases as core::ops::drop::Drop>::drop::he76ba67f42052d9a
[INFO] [stdout]                                at /opt/rustwide/cargo-home/registry/src/index.crates.io-6f17d22bba15001f/trybuild-1.0.85/src/lib.rs:315:13
[INFO] [stdout]   21:     0x56275e008bd7 - core::ptr::drop_in_place<trybuild::TestCases>::h42abc9318811a1b1
[INFO] [stdout]                                at /rustc/0e09125c6c3c2fd70d7de961bcf0e51575235fad/library/core/src/ptr/mod.rs:507:1
[INFO] [stdout]   22:     0x56275e009b73 - tests::test::h61f6cf233fc37a3c
[INFO] [stdout]                                at /opt/rustwide/workdir/application/tests/program.rs:5:1
[INFO] [stdout]   23:     0x56275e009b07 - tests::test::{{closure}}::h7639de45d86d41e9
[INFO] [stdout]                                at /opt/rustwide/workdir/application/tests/program.rs:2:10
[INFO] [stdout]   24:     0x56275e008b36 - core::ops::function::FnOnce::call_once::h4befe8b2890be99e
[INFO] [stdout]                                at /rustc/0e09125c6c3c2fd70d7de961bcf0e51575235fad/library/core/src/ops/function.rs:250:5
[INFO] [stdout]   25:     0x56275e23511f - core::ops::function::FnOnce::call_once::hd64d26f405258157
[INFO] [stdout]                                at /rustc/0e09125c6c3c2fd70d7de961bcf0e51575235fad/library/core/src/ops/function.rs:250:5
[INFO] [stdout]   26:     0x56275e23511f - test::__rust_begin_short_backtrace::he21b0b7a6d731bf9
[INFO] [stdout]                                at /rustc/0e09125c6c3c2fd70d7de961bcf0e51575235fad/library/test/src/lib.rs:627:18
[INFO] [stdout]   27:     0x56275e233ea1 - test::run_test_in_process::{{closure}}::hf5c73986d7bdfde2
[INFO] [stdout]                                at /rustc/0e09125c6c3c2fd70d7de961bcf0e51575235fad/library/test/src/lib.rs:650:60
[INFO] [stdout]   28:     0x56275e233ea1 - <core::panic::unwind_safe::AssertUnwindSafe<F> as core::ops::function::FnOnce<()>>::call_once::h330011ad032aadc0
[INFO] [stdout]                                at /rustc/0e09125c6c3c2fd70d7de961bcf0e51575235fad/library/core/src/panic/unwind_safe.rs:272:9
[INFO] [stdout]   29:     0x56275e233ea1 - std::panicking::try::do_call::he61b0a958b795a41
[INFO] [stdout]                                at /rustc/0e09125c6c3c2fd70d7de961bcf0e51575235fad/library/std/src/panicking.rs:552:40
[INFO] [stdout]   30:     0x56275e233ea1 - std::panicking::try::h7309da130f906eb7
[INFO] [stdout]                                at /rustc/0e09125c6c3c2fd70d7de961bcf0e51575235fad/library/std/src/panicking.rs:516:19
[INFO] [stdout]   31:     0x56275e233ea1 - std::panic::catch_unwind::hc5c3a06fdaf0a92a
[INFO] [stdout]                                at /rustc/0e09125c6c3c2fd70d7de961bcf0e51575235fad/library/std/src/panic.rs:142:14
[INFO] [stdout]   32:     0x56275e233ea1 - test::run_test_in_process::h7e7b7c71c3324e0f
[INFO] [stdout]                                at /rustc/0e09125c6c3c2fd70d7de961bcf0e51575235fad/library/test/src/lib.rs:650:27
[INFO] [stdout]   33:     0x56275e233ea1 - test::run_test::{{closure}}::h1f509f28f5cf20b1
[INFO] [stdout]                                at /rustc/0e09125c6c3c2fd70d7de961bcf0e51575235fad/library/test/src/lib.rs:573:43
[INFO] [stdout]   34:     0x56275e1fb1d6 - test::run_test::{{closure}}::h1754218abf443f6d
[INFO] [stdout]                                at /rustc/0e09125c6c3c2fd70d7de961bcf0e51575235fad/library/test/src/lib.rs:601:41
[INFO] [stdout]   35:     0x56275e1fb1d6 - std::sys_common::backtrace::__rust_begin_short_backtrace::h2ee174b9d5954948
[INFO] [stdout]                                at /rustc/0e09125c6c3c2fd70d7de961bcf0e51575235fad/library/std/src/sys_common/backtrace.rs:155:18
[INFO] [stdout]   36:     0x56275e200237 - std::thread::Builder::spawn_unchecked_::{{closure}}::{{closure}}::hf60bee9c1a17ef09
[INFO] [stdout]                                at /rustc/0e09125c6c3c2fd70d7de961bcf0e51575235fad/library/std/src/thread/mod.rs:529:17
[INFO] [stdout]   37:     0x56275e200237 - <core::panic::unwind_safe::AssertUnwindSafe<F> as core::ops::function::FnOnce<()>>::call_once::h33d0dddec5216160
[INFO] [stdout]                                at /rustc/0e09125c6c3c2fd70d7de961bcf0e51575235fad/library/core/src/panic/unwind_safe.rs:272:9
[INFO] [stdout]   38:     0x56275e200237 - std::panicking::try::do_call::h144b3048b546f835
[INFO] [stdout]                                at /rustc/0e09125c6c3c2fd70d7de961bcf0e51575235fad/library/std/src/panicking.rs:552:40
[INFO] [stdout]   39:     0x56275e200237 - std::panicking::try::h978244d04646189f
[INFO] [stdout]                                at /rustc/0e09125c6c3c2fd70d7de961bcf0e51575235fad/library/std/src/panicking.rs:516:19
[INFO] [stdout]   40:     0x56275e200237 - std::panic::catch_unwind::hdf436369d188fe86
[INFO] [stdout]                                at /rustc/0e09125c6c3c2fd70d7de961bcf0e51575235fad/library/std/src/panic.rs:142:14
[INFO] [stdout]   41:     0x56275e200237 - std::thread::Builder::spawn_unchecked_::{{closure}}::h87329cbdd33c79ec
[INFO] [stdout]                                at /rustc/0e09125c6c3c2fd70d7de961bcf0e51575235fad/library/std/src/thread/mod.rs:528:30
[INFO] [stdout]   42:     0x56275e200237 - core::ops::function::FnOnce::call_once{{vtable.shim}}::h401abbe67897d450
[INFO] [stdout]                                at /rustc/0e09125c6c3c2fd70d7de961bcf0e51575235fad/library/core/src/ops/function.rs:250:5
[INFO] [stdout]   43:     0x56275e267ba5 - <alloc::boxed::Box<F,A> as core::ops::function::FnOnce<Args>>::call_once::h5d7c8f150ab9c84c
[INFO] [stdout]                                at /rustc/0e09125c6c3c2fd70d7de961bcf0e51575235fad/library/alloc/src/boxed.rs:2015:9
[INFO] [stdout]   44:     0x56275e267ba5 - <alloc::boxed::Box<F,A> as core::ops::function::FnOnce<Args>>::call_once::h570d5b005c242c15
[INFO] [stdout]                                at /rustc/0e09125c6c3c2fd70d7de961bcf0e51575235fad/library/alloc/src/boxed.rs:2015:9
[INFO] [stdout]   45:     0x56275e267ba5 - std::sys::unix::thread::Thread::new::thread_start::h36b0a20c0b2361ad
[INFO] [stdout]                                at /rustc/0e09125c6c3c2fd70d7de961bcf0e51575235fad/library/std/src/sys/unix/thread.rs:108:17
[INFO] [stdout]   46:     0x7f0219adfac3 - <unknown>
[INFO] [stdout]   47:     0x7f0219b70bf4 - __clone
[INFO] [stdout]   48:                0x0 - <unknown>
[INFO] [stdout] 
[INFO] [stdout] 
[INFO] [stdout] failures:
[INFO] [stdout]     test
[INFO] [stdout] 
[INFO] [stdout] test result: FAILED. 0 passed; 1 failed; 0 ignored; 0 measured; 0 filtered out; finished in 35.89s
[INFO] [stdout] 
[INFO] [stderr] error: test failed, to rerun pass `-p application --test tests`
[INFO] running `Command { std: "docker" "inspect" "648c6cc64133dc16b7b22955dcb0576fb0efee43afe0d58d90620809663e1a28", kill_on_drop: false }`
[INFO] running `Command { std: "docker" "rm" "-f" "648c6cc64133dc16b7b22955dcb0576fb0efee43afe0d58d90620809663e1a28", kill_on_drop: false }`
[INFO] [stdout] 648c6cc64133dc16b7b22955dcb0576fb0efee43afe0d58d90620809663e1a28
