[INFO] cloning repository https://github.com/Halifuda/cachesim
[INFO] running `Command { std: "git" "-c" "credential.helper=" "-c" "credential.helper=/workspace/cargo-home/bin/git-credential-null" "clone" "--bare" "https://github.com/Halifuda/cachesim" "/workspace/cache/git-repos/https%3A%2F%2Fgithub.com%2FHalifuda%2Fcachesim", kill_on_drop: false }`
[INFO] [stderr] Cloning into bare repository '/workspace/cache/git-repos/https%3A%2F%2Fgithub.com%2FHalifuda%2Fcachesim'...
[INFO] running `Command { std: "git" "rev-parse" "HEAD", kill_on_drop: false }`
[INFO] [stdout] 5fc67d6b534a9383506b1399cf67412cae979dfe
[INFO] testing Halifuda/cachesim against 1.75.0 for beta-1.76-1
[INFO] running `Command { std: "git" "clone" "/workspace/cache/git-repos/https%3A%2F%2Fgithub.com%2FHalifuda%2Fcachesim" "/workspace/builds/worker-1-tc1/source", kill_on_drop: false }`
[INFO] [stderr] Cloning into '/workspace/builds/worker-1-tc1/source'...
[INFO] [stderr] done.
[INFO] validating manifest of git repo https://github.com/Halifuda/cachesim on toolchain 1.75.0
[INFO] running `Command { std: CARGO_HOME="/workspace/cargo-home" RUSTUP_HOME="/workspace/rustup-home" "/workspace/cargo-home/bin/cargo" "+1.75.0" "metadata" "--manifest-path" "Cargo.toml" "--no-deps", kill_on_drop: false }`
[INFO] started tweaking git repo https://github.com/Halifuda/cachesim
[INFO] finished tweaking git repo https://github.com/Halifuda/cachesim
[INFO] tweaked toml for git repo https://github.com/Halifuda/cachesim written to /workspace/builds/worker-1-tc1/source/Cargo.toml
[INFO] crate git repo https://github.com/Halifuda/cachesim already has a lockfile, it will not be regenerated
[INFO] running `Command { std: CARGO_HOME="/workspace/cargo-home" RUSTUP_HOME="/workspace/rustup-home" "/workspace/cargo-home/bin/cargo" "+1.75.0" "fetch" "--manifest-path" "Cargo.toml", kill_on_drop: false }`
[INFO] running `Command { std: "docker" "create" "-v" "/var/lib/crater-agent-workspace/builds/worker-1-tc1/target:/opt/rustwide/target:rw,Z" "-v" "/var/lib/crater-agent-workspace/builds/worker-1-tc1/source:/opt/rustwide/workdir:ro,Z" "-v" "/var/lib/crater-agent-workspace/cargo-home:/opt/rustwide/cargo-home:ro,Z" "-v" "/var/lib/crater-agent-workspace/rustup-home:/opt/rustwide/rustup-home:ro,Z" "-e" "SOURCE_DIR=/opt/rustwide/workdir" "-e" "CARGO_TARGET_DIR=/opt/rustwide/target" "-e" "CARGO_HOME=/opt/rustwide/cargo-home" "-e" "RUSTUP_HOME=/opt/rustwide/rustup-home" "-w" "/opt/rustwide/workdir" "-m" "1610612736" "--user" "0:0" "--network" "none" "ghcr.io/rust-lang/crates-build-env/linux@sha256:2788e3201cd34a07e3172128adcd8b3090168a8e3bcc40d7c032b9dda1df7d1c" "/opt/rustwide/cargo-home/bin/cargo" "+1.75.0" "metadata" "--no-deps" "--format-version=1", kill_on_drop: false }`
[INFO] [stdout] b152ef23aac42a180e49a13077e14d50c1eb0ebe813e7cdc08c3be29a0a4cdbc
[INFO] running `Command { std: "docker" "start" "-a" "b152ef23aac42a180e49a13077e14d50c1eb0ebe813e7cdc08c3be29a0a4cdbc", kill_on_drop: false }`
[INFO] running `Command { std: "docker" "inspect" "b152ef23aac42a180e49a13077e14d50c1eb0ebe813e7cdc08c3be29a0a4cdbc", kill_on_drop: false }`
[INFO] running `Command { std: "docker" "rm" "-f" "b152ef23aac42a180e49a13077e14d50c1eb0ebe813e7cdc08c3be29a0a4cdbc", kill_on_drop: false }`
[INFO] [stdout] b152ef23aac42a180e49a13077e14d50c1eb0ebe813e7cdc08c3be29a0a4cdbc
[INFO] running `Command { std: "docker" "create" "-v" "/var/lib/crater-agent-workspace/builds/worker-1-tc1/target:/opt/rustwide/target:rw,Z" "-v" "/var/lib/crater-agent-workspace/builds/worker-1-tc1/source:/opt/rustwide/workdir:ro,Z" "-v" "/var/lib/crater-agent-workspace/cargo-home:/opt/rustwide/cargo-home:ro,Z" "-v" "/var/lib/crater-agent-workspace/rustup-home:/opt/rustwide/rustup-home:ro,Z" "-e" "SOURCE_DIR=/opt/rustwide/workdir" "-e" "CARGO_TARGET_DIR=/opt/rustwide/target" "-e" "CARGO_INCREMENTAL=0" "-e" "RUST_BACKTRACE=full" "-e" "RUSTFLAGS=--cap-lints=warn" "-e" "RUSTDOCFLAGS=--cap-lints=warn" "-e" "CARGO_HOME=/opt/rustwide/cargo-home" "-e" "RUSTUP_HOME=/opt/rustwide/rustup-home" "-w" "/opt/rustwide/workdir" "-m" "1610612736" "--user" "0:0" "--network" "none" "ghcr.io/rust-lang/crates-build-env/linux@sha256:2788e3201cd34a07e3172128adcd8b3090168a8e3bcc40d7c032b9dda1df7d1c" "/opt/rustwide/cargo-home/bin/cargo" "+1.75.0" "build" "--frozen" "--message-format=json", kill_on_drop: false }`
[INFO] [stdout] 3aaf1daacf09d883ba3c8e5af47b42278b4bccae56a9fce3678a0eb58e91efab
[INFO] running `Command { std: "docker" "start" "-a" "3aaf1daacf09d883ba3c8e5af47b42278b4bccae56a9fce3678a0eb58e91efab", kill_on_drop: false }`
[INFO] [stderr]    Compiling cachesim v0.1.3 (/opt/rustwide/workdir)
[INFO] [stderr]     Finished dev [unoptimized + debuginfo] target(s) in 0.17s
[INFO] running `Command { std: "docker" "inspect" "3aaf1daacf09d883ba3c8e5af47b42278b4bccae56a9fce3678a0eb58e91efab", kill_on_drop: false }`
[INFO] running `Command { std: "docker" "rm" "-f" "3aaf1daacf09d883ba3c8e5af47b42278b4bccae56a9fce3678a0eb58e91efab", kill_on_drop: false }`
[INFO] [stdout] 3aaf1daacf09d883ba3c8e5af47b42278b4bccae56a9fce3678a0eb58e91efab
[INFO] running `Command { std: "docker" "create" "-v" "/var/lib/crater-agent-workspace/builds/worker-1-tc1/target:/opt/rustwide/target:rw,Z" "-v" "/var/lib/crater-agent-workspace/builds/worker-1-tc1/source:/opt/rustwide/workdir:ro,Z" "-v" "/var/lib/crater-agent-workspace/cargo-home:/opt/rustwide/cargo-home:ro,Z" "-v" "/var/lib/crater-agent-workspace/rustup-home:/opt/rustwide/rustup-home:ro,Z" "-e" "SOURCE_DIR=/opt/rustwide/workdir" "-e" "CARGO_TARGET_DIR=/opt/rustwide/target" "-e" "CARGO_INCREMENTAL=0" "-e" "RUST_BACKTRACE=full" "-e" "RUSTFLAGS=--cap-lints=warn" "-e" "RUSTDOCFLAGS=--cap-lints=warn" "-e" "CARGO_HOME=/opt/rustwide/cargo-home" "-e" "RUSTUP_HOME=/opt/rustwide/rustup-home" "-w" "/opt/rustwide/workdir" "-m" "1610612736" "--user" "0:0" "--network" "none" "ghcr.io/rust-lang/crates-build-env/linux@sha256:2788e3201cd34a07e3172128adcd8b3090168a8e3bcc40d7c032b9dda1df7d1c" "/opt/rustwide/cargo-home/bin/cargo" "+1.75.0" "test" "--frozen" "--no-run" "--message-format=json", kill_on_drop: false }`
[INFO] [stdout] f8296cd791fd319e22bbda0fc680038cc12d59ef21d9256721dee4439ad969b5
[INFO] running `Command { std: "docker" "start" "-a" "f8296cd791fd319e22bbda0fc680038cc12d59ef21d9256721dee4439ad969b5", kill_on_drop: false }`
[INFO] [stderr]    Compiling cachesim v0.1.3 (/opt/rustwide/workdir)
[INFO] [stderr]     Finished test [unoptimized + debuginfo] target(s) in 0.27s
[INFO] running `Command { std: "docker" "inspect" "f8296cd791fd319e22bbda0fc680038cc12d59ef21d9256721dee4439ad969b5", kill_on_drop: false }`
[INFO] running `Command { std: "docker" "rm" "-f" "f8296cd791fd319e22bbda0fc680038cc12d59ef21d9256721dee4439ad969b5", kill_on_drop: false }`
[INFO] [stdout] f8296cd791fd319e22bbda0fc680038cc12d59ef21d9256721dee4439ad969b5
[INFO] running `Command { std: "docker" "create" "-v" "/var/lib/crater-agent-workspace/builds/worker-1-tc1/target:/opt/rustwide/target:rw,Z" "-v" "/var/lib/crater-agent-workspace/builds/worker-1-tc1/source:/opt/rustwide/workdir:ro,Z" "-v" "/var/lib/crater-agent-workspace/cargo-home:/opt/rustwide/cargo-home:ro,Z" "-v" "/var/lib/crater-agent-workspace/rustup-home:/opt/rustwide/rustup-home:ro,Z" "-e" "SOURCE_DIR=/opt/rustwide/workdir" "-e" "CARGO_TARGET_DIR=/opt/rustwide/target" "-e" "CARGO_INCREMENTAL=0" "-e" "RUST_BACKTRACE=full" "-e" "RUSTFLAGS=--cap-lints=warn" "-e" "RUSTDOCFLAGS=--cap-lints=warn" "-e" "CARGO_HOME=/opt/rustwide/cargo-home" "-e" "RUSTUP_HOME=/opt/rustwide/rustup-home" "-w" "/opt/rustwide/workdir" "-m" "1610612736" "--user" "0:0" "--network" "none" "ghcr.io/rust-lang/crates-build-env/linux@sha256:2788e3201cd34a07e3172128adcd8b3090168a8e3bcc40d7c032b9dda1df7d1c" "/opt/rustwide/cargo-home/bin/cargo" "+1.75.0" "test" "--frozen", kill_on_drop: false }`
[INFO] [stdout] 250263ca9ed9db392f793037d8c7557288a9acbfc07c588f6985a923034c9d20
[INFO] running `Command { std: "docker" "start" "-a" "250263ca9ed9db392f793037d8c7557288a9acbfc07c588f6985a923034c9d20", kill_on_drop: false }`
[INFO] [stderr]     Finished test [unoptimized + debuginfo] target(s) in 0.00s
[INFO] [stderr]      Running unittests src/lib.rs (/opt/rustwide/target/debug/deps/cachesim-ad7e48bf680b7894)
[INFO] [stdout] 
[INFO] [stdout] running 0 tests
[INFO] [stdout] 
[INFO] [stdout] test result: ok. 0 passed; 0 failed; 0 ignored; 0 measured; 0 filtered out; finished in 0.00s
[INFO] [stdout] 
[INFO] [stderr]    Doc-tests cachesim
[INFO] [stdout] 
[INFO] [stdout] running 4 tests
[INFO] [stdout] test src/lib.rs - (line 59) ... FAILED
[INFO] [stdout] test src/lib.rs - (line 75) ... FAILED
[INFO] [stdout] test src/lib.rs - (line 50) ... ok
[INFO] [stdout] test src/lib.rs - (line 12) ... FAILED
[INFO] [stdout] 
[INFO] [stdout] failures:
[INFO] [stdout] 
[INFO] [stdout] ---- src/lib.rs - (line 59) stdout ----
[INFO] [stdout] error: unexpected token: `...`
[INFO] [stdout]  --> src/lib.rs:64:63
[INFO] [stdout]   |
[INFO] [stdout] 7 |     fn init(&mut self, filename:&str) -> Result<(), String> { ... }
[INFO] [stdout]   |                                                               ^^^
[INFO] [stdout]   |
[INFO] [stdout] help: use `..` for an exclusive range
[INFO] [stdout]   |
[INFO] [stdout] 7 |     fn init(&mut self, filename:&str) -> Result<(), String> { .. }
[INFO] [stdout]   |                                                               ~~
[INFO] [stdout] help: or `..=` for an inclusive range
[INFO] [stdout]   |
[INFO] [stdout] 7 |     fn init(&mut self, filename:&str) -> Result<(), String> { ..= }
[INFO] [stdout]   |                                                               ~~~
[INFO] [stdout] 
[INFO] [stdout] error[E0586]: inclusive range with no end
[INFO] [stdout]  --> src/lib.rs:64:63
[INFO] [stdout]   |
[INFO] [stdout] 7 |     fn init(&mut self, filename:&str) -> Result<(), String> { ... }
[INFO] [stdout]   |                                                               ^^^ help: use `..` instead
[INFO] [stdout]   |
[INFO] [stdout]   = note: inclusive ranges must be bounded at the end (`..=b` or `a..=b`)
[INFO] [stdout] 
[INFO] [stdout] error: unexpected token: `...`
[INFO] [stdout]  --> src/lib.rs:65:34
[INFO] [stdout]   |
[INFO] [stdout] 8 |     fn get_type(&self) -> &str { ... }
[INFO] [stdout]   |                                  ^^^
[INFO] [stdout]   |
[INFO] [stdout] help: use `..` for an exclusive range
[INFO] [stdout]   |
[INFO] [stdout] 8 |     fn get_type(&self) -> &str { .. }
[INFO] [stdout]   |                                  ~~
[INFO] [stdout] help: or `..=` for an inclusive range
[INFO] [stdout]   |
[INFO] [stdout] 8 |     fn get_type(&self) -> &str { ..= }
[INFO] [stdout]   |                                  ~~~
[INFO] [stdout] 
[INFO] [stdout] error[E0586]: inclusive range with no end
[INFO] [stdout]  --> src/lib.rs:65:34
[INFO] [stdout]   |
[INFO] [stdout] 8 |     fn get_type(&self) -> &str { ... }
[INFO] [stdout]   |                                  ^^^ help: use `..` instead
[INFO] [stdout]   |
[INFO] [stdout]   = note: inclusive ranges must be bounded at the end (`..=b` or `a..=b`)
[INFO] [stdout] 
[INFO] [stdout] error: unexpected token: `...`
[INFO] [stdout]  --> src/lib.rs:66:55
[INFO] [stdout]   |
[INFO] [stdout] 9 |     fn access(&mut self, _addr:u32) -> AccessResult { ... }
[INFO] [stdout]   |                                                       ^^^
[INFO] [stdout]   |
[INFO] [stdout] help: use `..` for an exclusive range
[INFO] [stdout]   |
[INFO] [stdout] 9 |     fn access(&mut self, _addr:u32) -> AccessResult { .. }
[INFO] [stdout]   |                                                       ~~
[INFO] [stdout] help: or `..=` for an inclusive range
[INFO] [stdout]   |
[INFO] [stdout] 9 |     fn access(&mut self, _addr:u32) -> AccessResult { ..= }
[INFO] [stdout]   |                                                       ~~~
[INFO] [stdout] 
[INFO] [stdout] error[E0586]: inclusive range with no end
[INFO] [stdout]  --> src/lib.rs:66:55
[INFO] [stdout]   |
[INFO] [stdout] 9 |     fn access(&mut self, _addr:u32) -> AccessResult { ... }
[INFO] [stdout]   |                                                       ^^^ help: use `..` instead
[INFO] [stdout]   |
[INFO] [stdout]   = note: inclusive ranges must be bounded at the end (`..=b` or `a..=b`)
[INFO] [stdout] 
[INFO] [stdout] error: unexpected token: `...`
[INFO] [stdout]   --> src/lib.rs:67:27
[INFO] [stdout]    |
[INFO] [stdout] 10 |     fn clear(&mut self) { ... }
[INFO] [stdout]    |                           ^^^
[INFO] [stdout]    |
[INFO] [stdout] help: use `..` for an exclusive range
[INFO] [stdout]    |
[INFO] [stdout] 10 |     fn clear(&mut self) { .. }
[INFO] [stdout]    |                           ~~
[INFO] [stdout] help: or `..=` for an inclusive range
[INFO] [stdout]    |
[INFO] [stdout] 10 |     fn clear(&mut self) { ..= }
[INFO] [stdout]    |                           ~~~
[INFO] [stdout] 
[INFO] [stdout] error[E0586]: inclusive range with no end
[INFO] [stdout]   --> src/lib.rs:67:27
[INFO] [stdout]    |
[INFO] [stdout] 10 |     fn clear(&mut self) { ... }
[INFO] [stdout]    |                           ^^^ help: use `..` instead
[INFO] [stdout]    |
[INFO] [stdout]    = note: inclusive ranges must be bounded at the end (`..=b` or `a..=b`)
[INFO] [stdout] 
[INFO] [stdout] error: unexpected token: `...`
[INFO] [stdout]   --> src/lib.rs:68:31
[INFO] [stdout]    |
[INFO] [stdout] 11 |     fn size(&self) -> usize { ... }
[INFO] [stdout]    |                               ^^^
[INFO] [stdout]    |
[INFO] [stdout] help: use `..` for an exclusive range
[INFO] [stdout]    |
[INFO] [stdout] 11 |     fn size(&self) -> usize { .. }
[INFO] [stdout]    |                               ~~
[INFO] [stdout] help: or `..=` for an inclusive range
[INFO] [stdout]    |
[INFO] [stdout] 11 |     fn size(&self) -> usize { ..= }
[INFO] [stdout]    |                               ~~~
[INFO] [stdout] 
[INFO] [stdout] error[E0586]: inclusive range with no end
[INFO] [stdout]   --> src/lib.rs:68:31
[INFO] [stdout]    |
[INFO] [stdout] 11 |     fn size(&self) -> usize { ... }
[INFO] [stdout]    |                               ^^^ help: use `..` instead
[INFO] [stdout]    |
[INFO] [stdout]    = note: inclusive ranges must be bounded at the end (`..=b` or `a..=b`)
[INFO] [stdout] 
[INFO] [stdout] error[E0433]: failed to resolve: unresolved import
[INFO] [stdout]  --> src/lib.rs:60:12
[INFO] [stdout]   |
[INFO] [stdout] 3 | use crate::cache_behav::{general_cache_behavior::*};
[INFO] [stdout]   |            ^^^^^^^^^^^
[INFO] [stdout]   |            |
[INFO] [stdout]   |            unresolved import
[INFO] [stdout]   |            help: a similar path exists: `cachesim::cache_behav`
[INFO] [stdout] 
[INFO] [stdout] error[E0405]: cannot find trait `GeneralCacheBehavior` in this scope
[INFO] [stdout]  --> src/lib.rs:62:6
[INFO] [stdout]   |
[INFO] [stdout] 5 | impl GeneralCacheBehavior for OracleCache {
[INFO] [stdout]   |      ^^^^^^^^^^^^^^^^^^^^ not found in this scope
[INFO] [stdout]   |
[INFO] [stdout] help: consider importing this trait
[INFO] [stdout]   |
[INFO] [stdout] 2 + use cachesim::general_cache_behavior::GeneralCacheBehavior;
[INFO] [stdout]   |
[INFO] [stdout] 
[INFO] [stdout] error[E0412]: cannot find type `OracleCache` in this scope
[INFO] [stdout]  --> src/lib.rs:62:31
[INFO] [stdout]   |
[INFO] [stdout] 5 | impl GeneralCacheBehavior for OracleCache {
[INFO] [stdout]   |                               ^^^^^^^^^^^ not found in this scope
[INFO] [stdout]   |
[INFO] [stdout] help: consider importing this struct
[INFO] [stdout]   |
[INFO] [stdout] 2 + use cachesim::OracleCache;
[INFO] [stdout]   |
[INFO] [stdout] 
[INFO] [stdout] error[E0412]: cannot find type `AccessResult` in this scope
[INFO] [stdout]  --> src/lib.rs:66:40
[INFO] [stdout]   |
[INFO] [stdout] 9 |     fn access(&mut self, _addr:u32) -> AccessResult { ... }
[INFO] [stdout]   |                                        ^^^^^^^^^^^^ not found in this scope
[INFO] [stdout]   |
[INFO] [stdout] help: consider importing this struct
[INFO] [stdout]   |
[INFO] [stdout] 2 + use cachesim::general_cache_behavior::AccessResult;
[INFO] [stdout]   |
[INFO] [stdout] 
[INFO] [stdout] error: aborting due to 14 previous errors
[INFO] [stdout] 
[INFO] [stdout] Some errors have detailed explanations: E0405, E0412, E0433, E0586.
[INFO] [stdout] For more information about an error, try `rustc --explain E0405`.
[INFO] [stdout] Couldn't compile the test.
[INFO] [stdout] ---- src/lib.rs - (line 75) stdout ----
[INFO] [stdout] error[E0433]: failed to resolve: unresolved import
[INFO] [stdout]  --> src/oracle_cache/mod.rs:5:12
[INFO] [stdout]   |
[INFO] [stdout] 5 | use crate::cache_behav::{general_cache_behavior::*};
[INFO] [stdout]   |            ^^^^^^^^^^^
[INFO] [stdout]   |            |
[INFO] [stdout]   |            unresolved import
[INFO] [stdout]   |            help: a similar path exists: `cachesim::cache_behav`
[INFO] [stdout] 
[INFO] [stdout] error[E0405]: cannot find trait `GeneralCacheBehavior` in this scope
[INFO] [stdout]   --> src/oracle_cache/mod.rs:19:6
[INFO] [stdout]    |
[INFO] [stdout] 19 | impl GeneralCacheBehavior for OracleCache {
[INFO] [stdout]    |      ^^^^^^^^^^^^^^^^^^^^ not found in this scope
[INFO] [stdout]    |
[INFO] [stdout] help: consider importing one of these items
[INFO] [stdout]    |
[INFO] [stdout] 5  + use cachesim::general_cache_behavior::GeneralCacheBehavior;
[INFO] [stdout]    |
[INFO] [stdout] 5  + use crate::GeneralCacheBehavior;
[INFO] [stdout]    |
[INFO] [stdout] 
[INFO] [stdout] error[E0412]: cannot find type `AccessResult` in this scope
[INFO] [stdout]   --> src/oracle_cache/mod.rs:39:40
[INFO] [stdout]    |
[INFO] [stdout] 39 |     fn access(&mut self, _addr:u32) -> AccessResult {
[INFO] [stdout]    |                                        ^^^^^^^^^^^^ not found in this scope
[INFO] [stdout]    |
[INFO] [stdout] help: consider importing one of these items
[INFO] [stdout]    |
[INFO] [stdout] 5  + use cachesim::general_cache_behavior::AccessResult;
[INFO] [stdout]    |
[INFO] [stdout] 5  + use crate::AccessResult;
[INFO] [stdout]    |
[INFO] [stdout] 
[INFO] [stdout] error[E0425]: cannot find function, tuple struct or tuple variant `AccessResult` in this scope
[INFO] [stdout]   --> src/oracle_cache/mod.rs:40:9
[INFO] [stdout]    |
[INFO] [stdout] 40 |         AccessResult(HitOrMiss::Hit, 0.0)
[INFO] [stdout]    |         ^^^^^^^^^^^^ not found in this scope
[INFO] [stdout]    |
[INFO] [stdout] help: consider importing one of these items
[INFO] [stdout]    |
[INFO] [stdout] 5  + use cachesim::general_cache_behavior::AccessResult;
[INFO] [stdout]    |
[INFO] [stdout] 5  + use crate::AccessResult;
[INFO] [stdout]    |
[INFO] [stdout] 
[INFO] [stdout] error[E0433]: failed to resolve: use of undeclared type `HitOrMiss`
[INFO] [stdout]   --> src/oracle_cache/mod.rs:40:22
[INFO] [stdout]    |
[INFO] [stdout] 40 |         AccessResult(HitOrMiss::Hit, 0.0)
[INFO] [stdout]    |                      ^^^^^^^^^ use of undeclared type `HitOrMiss`
[INFO] [stdout]    |
[INFO] [stdout] help: consider importing one of these items
[INFO] [stdout]    |
[INFO] [stdout] 5  + use cachesim::general_cache_behavior::HitOrMiss;
[INFO] [stdout]    |
[INFO] [stdout] 5  + use crate::HitOrMiss;
[INFO] [stdout]    |
[INFO] [stdout] 
[INFO] [stdout] error: aborting due to 5 previous errors
[INFO] [stdout] 
[INFO] [stdout] Some errors have detailed explanations: E0405, E0412, E0425, E0433.
[INFO] [stdout] For more information about an error, try `rustc --explain E0405`.
[INFO] [stdout] Couldn't compile the test.
[INFO] [stdout] ---- src/lib.rs - (line 12) stdout ----
[INFO] [stdout] Test executable failed (exit status: 101).
[INFO] [stdout] 
[INFO] [stdout] stdout:
[INFO] [stdout] Constructing Cache Device...
[INFO] [stdout] Initializing default cache...
[INFO] [stdout] 
[INFO] [stdout] stderr:
[INFO] [stdout] thread 'main' panicked at /opt/rustwide/workdir/src/cache_device.rs:18:35:
[INFO] [stdout] Cache Init Error: "failed to read path\\to\\config\\file"
[INFO] [stdout] stack backtrace:
[INFO] [stdout]    0:     0x5623ee36835c - std::backtrace_rs::backtrace::libunwind::trace::ha637c64ce894333a
[INFO] [stdout]                                at /rustc/82e1608dfa6e0b5569232559e3d385fea5a93112/library/std/src/../../backtrace/src/backtrace/libunwind.rs:104:5
[INFO] [stdout]    1:     0x5623ee36835c - std::backtrace_rs::backtrace::trace_unsynchronized::h47f62dea28e0c88d
[INFO] [stdout]                                at /rustc/82e1608dfa6e0b5569232559e3d385fea5a93112/library/std/src/../../backtrace/src/backtrace/mod.rs:66:5
[INFO] [stdout]    2:     0x5623ee36835c - std::sys_common::backtrace::_print_fmt::h9eef0abe20ede486
[INFO] [stdout]                                at /rustc/82e1608dfa6e0b5569232559e3d385fea5a93112/library/std/src/sys_common/backtrace.rs:67:5
[INFO] [stdout]    3:     0x5623ee36835c - <std::sys_common::backtrace::_print::DisplayBacktrace as core::fmt::Display>::fmt::hed7f999df88cc644
[INFO] [stdout]                                at /rustc/82e1608dfa6e0b5569232559e3d385fea5a93112/library/std/src/sys_common/backtrace.rs:44:22
[INFO] [stdout]    4:     0x5623ee38c7e0 - core::fmt::rt::Argument::fmt::h1539a9308b8d058d
[INFO] [stdout]                                at /rustc/82e1608dfa6e0b5569232559e3d385fea5a93112/library/core/src/fmt/rt.rs:142:9
[INFO] [stdout]    5:     0x5623ee38c7e0 - core::fmt::write::h3a39390d8560d9c9
[INFO] [stdout]                                at /rustc/82e1608dfa6e0b5569232559e3d385fea5a93112/library/core/src/fmt/mod.rs:1120:17
[INFO] [stdout]    6:     0x5623ee3667bf - std::io::Write::write_fmt::h5fc9997dfe05f882
[INFO] [stdout]                                at /rustc/82e1608dfa6e0b5569232559e3d385fea5a93112/library/std/src/io/mod.rs:1762:15
[INFO] [stdout]    7:     0x5623ee368144 - std::sys_common::backtrace::_print::h894006fb5c6f3d45
[INFO] [stdout]                                at /rustc/82e1608dfa6e0b5569232559e3d385fea5a93112/library/std/src/sys_common/backtrace.rs:47:5
[INFO] [stdout]    8:     0x5623ee368144 - std::sys_common::backtrace::print::h23a2d212c6fff936
[INFO] [stdout]                                at /rustc/82e1608dfa6e0b5569232559e3d385fea5a93112/library/std/src/sys_common/backtrace.rs:34:9
[INFO] [stdout]    9:     0x5623ee369657 - std::panicking::default_hook::{{closure}}::h8a1d2ee00185001a
[INFO] [stdout]   10:     0x5623ee3693bf - std::panicking::default_hook::h6038f2eba384e475
[INFO] [stdout]                                at /rustc/82e1608dfa6e0b5569232559e3d385fea5a93112/library/std/src/panicking.rs:292:9
[INFO] [stdout]   11:     0x5623ee369ad8 - std::panicking::rust_panic_with_hook::h2b5517d590cab22e
[INFO] [stdout]                                at /rustc/82e1608dfa6e0b5569232559e3d385fea5a93112/library/std/src/panicking.rs:779:13
[INFO] [stdout]   12:     0x5623ee3699be - std::panicking::begin_panic_handler::{{closure}}::h233112c06e0ef43e
[INFO] [stdout]                                at /rustc/82e1608dfa6e0b5569232559e3d385fea5a93112/library/std/src/panicking.rs:657:13
[INFO] [stdout]   13:     0x5623ee368826 - std::sys_common::backtrace::__rust_end_short_backtrace::h6e893f24d7ebbff8
[INFO] [stdout]                                at /rustc/82e1608dfa6e0b5569232559e3d385fea5a93112/library/std/src/sys_common/backtrace.rs:170:18
[INFO] [stdout]   14:     0x5623ee369722 - rust_begin_unwind
[INFO] [stdout]                                at /rustc/82e1608dfa6e0b5569232559e3d385fea5a93112/library/std/src/panicking.rs:645:5
[INFO] [stdout]   15:     0x5623ee343105 - core::panicking::panic_fmt::hbf0e066aabfa482c
[INFO] [stdout]                                at /rustc/82e1608dfa6e0b5569232559e3d385fea5a93112/library/core/src/panicking.rs:72:14
[INFO] [stdout]   16:     0x5623ee3435a3 - core::result::unwrap_failed::hddb4fea594200c52
[INFO] [stdout]                                at /rustc/82e1608dfa6e0b5569232559e3d385fea5a93112/library/core/src/result.rs:1653:5
[INFO] [stdout]   17:     0x5623ee343d9d - core::result::Result<T,E>::expect::h1e4e0f1155e119ab
[INFO] [stdout]   18:     0x5623ee344134 - cachesim::cache_device::CacheDevice<T>::new::hb5a9116af792fc3f
[INFO] [stdout]   19:     0x5623ee3443f9 - rust_out::main::hc20c0d07e2402830
[INFO] [stdout]   20:     0x5623ee343b53 - core::ops::function::FnOnce::call_once::hbc459743598298c4
[INFO] [stdout]   21:     0x5623ee343936 - std::sys_common::backtrace::__rust_begin_short_backtrace::h62debe7d3058b76a
[INFO] [stdout]   22:     0x5623ee343989 - std::rt::lang_start::{{closure}}::h8f486f3e1e6418b2
[INFO] [stdout]   23:     0x5623ee3636f7 - core::ops::function::impls::<impl core::ops::function::FnOnce<A> for &F>::call_once::hd95060ecd5e1ca24
[INFO] [stdout]                                at /rustc/82e1608dfa6e0b5569232559e3d385fea5a93112/library/core/src/ops/function.rs:284:13
[INFO] [stdout]   24:     0x5623ee3636f7 - std::panicking::try::do_call::h6e8cf51db32a6e4b
[INFO] [stdout]                                at /rustc/82e1608dfa6e0b5569232559e3d385fea5a93112/library/std/src/panicking.rs:552:40
[INFO] [stdout]   25:     0x5623ee3636f7 - std::panicking::try::h3a52eefe24fe3c29
[INFO] [stdout]                                at /rustc/82e1608dfa6e0b5569232559e3d385fea5a93112/library/std/src/panicking.rs:516:19
[INFO] [stdout]   26:     0x5623ee3636f7 - std::panic::catch_unwind::h24c28c23c02c3841
[INFO] [stdout]                                at /rustc/82e1608dfa6e0b5569232559e3d385fea5a93112/library/std/src/panic.rs:142:14
[INFO] [stdout]   27:     0x5623ee3636f7 - std::rt::lang_start_internal::{{closure}}::h705d3c9cbc06ef47
[INFO] [stdout]                                at /rustc/82e1608dfa6e0b5569232559e3d385fea5a93112/library/std/src/rt.rs:148:48
[INFO] [stdout]   28:     0x5623ee3636f7 - std::panicking::try::do_call::ha21f52ba13158470
[INFO] [stdout]                                at /rustc/82e1608dfa6e0b5569232559e3d385fea5a93112/library/std/src/panicking.rs:552:40
[INFO] [stdout]   29:     0x5623ee3636f7 - std::panicking::try::h5581346bf6aeb1f8
[INFO] [stdout]                                at /rustc/82e1608dfa6e0b5569232559e3d385fea5a93112/library/std/src/panicking.rs:516:19
[INFO] [stdout]   30:     0x5623ee3636f7 - std::panic::catch_unwind::h7919645a6b72e25b
[INFO] [stdout]                                at /rustc/82e1608dfa6e0b5569232559e3d385fea5a93112/library/std/src/panic.rs:142:14
[INFO] [stdout]   31:     0x5623ee3636f7 - std::rt::lang_start_internal::h12de51168669836e
[INFO] [stdout]                                at /rustc/82e1608dfa6e0b5569232559e3d385fea5a93112/library/std/src/rt.rs:148:20
[INFO] [stdout]   32:     0x5623ee343967 - std::rt::lang_start::h2c48f91a7bf85629
[INFO] [stdout]   33:     0x5623ee344865 - main
[INFO] [stdout]   34:     0x7f69854fad90 - <unknown>
[INFO] [stdout]   35:     0x7f69854fae40 - __libc_start_main
[INFO] [stdout]   36:     0x5623ee343865 - _start
[INFO] [stdout]   37:                0x0 - <unknown>
[INFO] [stdout] 
[INFO] [stdout] 
[INFO] [stdout] 
[INFO] [stdout] failures:
[INFO] [stdout]     src/lib.rs - (line 12)
[INFO] [stdout]     src/lib.rs - (line 59)
[INFO] [stdout]     src/lib.rs - (line 75)
[INFO] [stdout] 
[INFO] [stdout] test result: FAILED. 1 passed; 3 failed; 0 ignored; 0 measured; 0 filtered out; finished in 0.18s
[INFO] [stdout] 
[INFO] [stderr] error: doctest failed, to rerun pass `--doc`
[INFO] running `Command { std: "docker" "inspect" "250263ca9ed9db392f793037d8c7557288a9acbfc07c588f6985a923034c9d20", kill_on_drop: false }`
[INFO] running `Command { std: "docker" "rm" "-f" "250263ca9ed9db392f793037d8c7557288a9acbfc07c588f6985a923034c9d20", kill_on_drop: false }`
[INFO] [stdout] 250263ca9ed9db392f793037d8c7557288a9acbfc07c588f6985a923034c9d20
[INFO] testing Halifuda/cachesim against beta-2023-12-22 for beta-1.76-1
[INFO] running `Command { std: "git" "clone" "/workspace/cache/git-repos/https%3A%2F%2Fgithub.com%2FHalifuda%2Fcachesim" "/workspace/builds/worker-1-tc2/source", kill_on_drop: false }`
[INFO] [stderr] Cloning into '/workspace/builds/worker-1-tc2/source'...
[INFO] [stderr] done.
[INFO] validating manifest of git repo https://github.com/Halifuda/cachesim on toolchain beta-2023-12-22
[INFO] running `Command { std: CARGO_HOME="/workspace/cargo-home" RUSTUP_HOME="/workspace/rustup-home" "/workspace/cargo-home/bin/cargo" "+beta-2023-12-22" "metadata" "--manifest-path" "Cargo.toml" "--no-deps", kill_on_drop: false }`
[INFO] started tweaking git repo https://github.com/Halifuda/cachesim
[INFO] finished tweaking git repo https://github.com/Halifuda/cachesim
[INFO] tweaked toml for git repo https://github.com/Halifuda/cachesim written to /workspace/builds/worker-1-tc2/source/Cargo.toml
[INFO] crate git repo https://github.com/Halifuda/cachesim already has a lockfile, it will not be regenerated
[INFO] running `Command { std: CARGO_HOME="/workspace/cargo-home" RUSTUP_HOME="/workspace/rustup-home" "/workspace/cargo-home/bin/cargo" "+beta-2023-12-22" "fetch" "--manifest-path" "Cargo.toml", kill_on_drop: false }`
[INFO] running `Command { std: "docker" "create" "-v" "/var/lib/crater-agent-workspace/builds/worker-1-tc2/target:/opt/rustwide/target:rw,Z" "-v" "/var/lib/crater-agent-workspace/builds/worker-1-tc2/source:/opt/rustwide/workdir:ro,Z" "-v" "/var/lib/crater-agent-workspace/cargo-home:/opt/rustwide/cargo-home:ro,Z" "-v" "/var/lib/crater-agent-workspace/rustup-home:/opt/rustwide/rustup-home:ro,Z" "-e" "SOURCE_DIR=/opt/rustwide/workdir" "-e" "CARGO_TARGET_DIR=/opt/rustwide/target" "-e" "CARGO_HOME=/opt/rustwide/cargo-home" "-e" "RUSTUP_HOME=/opt/rustwide/rustup-home" "-w" "/opt/rustwide/workdir" "-m" "1610612736" "--user" "0:0" "--network" "none" "ghcr.io/rust-lang/crates-build-env/linux@sha256:2788e3201cd34a07e3172128adcd8b3090168a8e3bcc40d7c032b9dda1df7d1c" "/opt/rustwide/cargo-home/bin/cargo" "+beta-2023-12-22" "metadata" "--no-deps" "--format-version=1", kill_on_drop: false }`
[INFO] [stdout] 3a40b4611fd60c13c5bfed5a4e7621457d3e69e127e939d062b35cd48f9bc174
[INFO] running `Command { std: "docker" "start" "-a" "3a40b4611fd60c13c5bfed5a4e7621457d3e69e127e939d062b35cd48f9bc174", kill_on_drop: false }`
[INFO] running `Command { std: "docker" "inspect" "3a40b4611fd60c13c5bfed5a4e7621457d3e69e127e939d062b35cd48f9bc174", kill_on_drop: false }`
[INFO] running `Command { std: "docker" "rm" "-f" "3a40b4611fd60c13c5bfed5a4e7621457d3e69e127e939d062b35cd48f9bc174", kill_on_drop: false }`
[INFO] [stdout] 3a40b4611fd60c13c5bfed5a4e7621457d3e69e127e939d062b35cd48f9bc174
[INFO] running `Command { std: "docker" "create" "-v" "/var/lib/crater-agent-workspace/builds/worker-1-tc2/target:/opt/rustwide/target:rw,Z" "-v" "/var/lib/crater-agent-workspace/builds/worker-1-tc2/source:/opt/rustwide/workdir:ro,Z" "-v" "/var/lib/crater-agent-workspace/cargo-home:/opt/rustwide/cargo-home:ro,Z" "-v" "/var/lib/crater-agent-workspace/rustup-home:/opt/rustwide/rustup-home:ro,Z" "-e" "SOURCE_DIR=/opt/rustwide/workdir" "-e" "CARGO_TARGET_DIR=/opt/rustwide/target" "-e" "CARGO_INCREMENTAL=0" "-e" "RUST_BACKTRACE=full" "-e" "RUSTFLAGS=--cap-lints=warn" "-e" "RUSTDOCFLAGS=--cap-lints=warn" "-e" "CARGO_HOME=/opt/rustwide/cargo-home" "-e" "RUSTUP_HOME=/opt/rustwide/rustup-home" "-w" "/opt/rustwide/workdir" "-m" "1610612736" "--user" "0:0" "--network" "none" "ghcr.io/rust-lang/crates-build-env/linux@sha256:2788e3201cd34a07e3172128adcd8b3090168a8e3bcc40d7c032b9dda1df7d1c" "/opt/rustwide/cargo-home/bin/cargo" "+beta-2023-12-22" "build" "--frozen" "--message-format=json", kill_on_drop: false }`
[INFO] [stdout] b733ebe753b6019bdcda93766ed2f335ae8bcdfa4637790f0356a2c7db41d9ad
[INFO] running `Command { std: "docker" "start" "-a" "b733ebe753b6019bdcda93766ed2f335ae8bcdfa4637790f0356a2c7db41d9ad", kill_on_drop: false }`
[INFO] [stderr]    Compiling cachesim v0.1.3 (/opt/rustwide/workdir)
[INFO] [stderr]     Finished dev [unoptimized + debuginfo] target(s) in 0.13s
[INFO] running `Command { std: "docker" "inspect" "b733ebe753b6019bdcda93766ed2f335ae8bcdfa4637790f0356a2c7db41d9ad", kill_on_drop: false }`
[INFO] running `Command { std: "docker" "rm" "-f" "b733ebe753b6019bdcda93766ed2f335ae8bcdfa4637790f0356a2c7db41d9ad", kill_on_drop: false }`
[INFO] [stdout] b733ebe753b6019bdcda93766ed2f335ae8bcdfa4637790f0356a2c7db41d9ad
[INFO] running `Command { std: "docker" "create" "-v" "/var/lib/crater-agent-workspace/builds/worker-1-tc2/target:/opt/rustwide/target:rw,Z" "-v" "/var/lib/crater-agent-workspace/builds/worker-1-tc2/source:/opt/rustwide/workdir:ro,Z" "-v" "/var/lib/crater-agent-workspace/cargo-home:/opt/rustwide/cargo-home:ro,Z" "-v" "/var/lib/crater-agent-workspace/rustup-home:/opt/rustwide/rustup-home:ro,Z" "-e" "SOURCE_DIR=/opt/rustwide/workdir" "-e" "CARGO_TARGET_DIR=/opt/rustwide/target" "-e" "CARGO_INCREMENTAL=0" "-e" "RUST_BACKTRACE=full" "-e" "RUSTFLAGS=--cap-lints=warn" "-e" "RUSTDOCFLAGS=--cap-lints=warn" "-e" "CARGO_HOME=/opt/rustwide/cargo-home" "-e" "RUSTUP_HOME=/opt/rustwide/rustup-home" "-w" "/opt/rustwide/workdir" "-m" "1610612736" "--user" "0:0" "--network" "none" "ghcr.io/rust-lang/crates-build-env/linux@sha256:2788e3201cd34a07e3172128adcd8b3090168a8e3bcc40d7c032b9dda1df7d1c" "/opt/rustwide/cargo-home/bin/cargo" "+beta-2023-12-22" "test" "--frozen" "--no-run" "--message-format=json", kill_on_drop: false }`
[INFO] [stdout] db465be5b8f35aadb7068721b65a893bda013631f9ec186f21b92231f6adf056
[INFO] running `Command { std: "docker" "start" "-a" "db465be5b8f35aadb7068721b65a893bda013631f9ec186f21b92231f6adf056", kill_on_drop: false }`
[INFO] [stderr]    Compiling cachesim v0.1.3 (/opt/rustwide/workdir)
[INFO] [stderr]     Finished test [unoptimized + debuginfo] target(s) in 0.22s
[INFO] running `Command { std: "docker" "inspect" "db465be5b8f35aadb7068721b65a893bda013631f9ec186f21b92231f6adf056", kill_on_drop: false }`
[INFO] running `Command { std: "docker" "rm" "-f" "db465be5b8f35aadb7068721b65a893bda013631f9ec186f21b92231f6adf056", kill_on_drop: false }`
[INFO] [stdout] db465be5b8f35aadb7068721b65a893bda013631f9ec186f21b92231f6adf056
[INFO] running `Command { std: "docker" "create" "-v" "/var/lib/crater-agent-workspace/builds/worker-1-tc2/target:/opt/rustwide/target:rw,Z" "-v" "/var/lib/crater-agent-workspace/builds/worker-1-tc2/source:/opt/rustwide/workdir:ro,Z" "-v" "/var/lib/crater-agent-workspace/cargo-home:/opt/rustwide/cargo-home:ro,Z" "-v" "/var/lib/crater-agent-workspace/rustup-home:/opt/rustwide/rustup-home:ro,Z" "-e" "SOURCE_DIR=/opt/rustwide/workdir" "-e" "CARGO_TARGET_DIR=/opt/rustwide/target" "-e" "CARGO_INCREMENTAL=0" "-e" "RUST_BACKTRACE=full" "-e" "RUSTFLAGS=--cap-lints=warn" "-e" "RUSTDOCFLAGS=--cap-lints=warn" "-e" "CARGO_HOME=/opt/rustwide/cargo-home" "-e" "RUSTUP_HOME=/opt/rustwide/rustup-home" "-w" "/opt/rustwide/workdir" "-m" "1610612736" "--user" "0:0" "--network" "none" "ghcr.io/rust-lang/crates-build-env/linux@sha256:2788e3201cd34a07e3172128adcd8b3090168a8e3bcc40d7c032b9dda1df7d1c" "/opt/rustwide/cargo-home/bin/cargo" "+beta-2023-12-22" "test" "--frozen", kill_on_drop: false }`
[INFO] [stdout] 0069da049d53b1ccc8b8f3193791725a6942128b77844c2cc91cbae8dcbd0ad2
[INFO] running `Command { std: "docker" "start" "-a" "0069da049d53b1ccc8b8f3193791725a6942128b77844c2cc91cbae8dcbd0ad2", kill_on_drop: false }`
[INFO] [stderr]     Finished test [unoptimized + debuginfo] target(s) in 0.00s
[INFO] [stderr]      Running unittests src/lib.rs (/opt/rustwide/target/debug/deps/cachesim-63734ccc4749b014)
[INFO] [stdout] 
[INFO] [stdout] running 0 tests
[INFO] [stdout] 
[INFO] [stdout] test result: ok. 0 passed; 0 failed; 0 ignored; 0 measured; 0 filtered out; finished in 0.00s
[INFO] [stdout] 
[INFO] [stderr]    Doc-tests cachesim
[INFO] [stdout] 
[INFO] [stdout] running 4 tests
[INFO] [stdout] test src/lib.rs - (line 75) ... FAILED
[INFO] [stdout] test src/lib.rs - (line 59) ... FAILED
[INFO] [stdout] test src/lib.rs - (line 50) ... ok
[INFO] [stdout] test src/lib.rs - (line 12) ... FAILED
[INFO] [stdout] 
[INFO] [stdout] failures:
[INFO] [stdout] 
[INFO] [stdout] ---- src/lib.rs - (line 75) stdout ----
[INFO] [stdout] error[E0433]: failed to resolve: unresolved import
[INFO] [stdout]  --> src/oracle_cache/mod.rs:5:12
[INFO] [stdout]   |
[INFO] [stdout] 5 | use crate::cache_behav::{general_cache_behavior::*};
[INFO] [stdout]   |            ^^^^^^^^^^^
[INFO] [stdout]   |            |
[INFO] [stdout]   |            unresolved import
[INFO] [stdout]   |            help: a similar path exists: `cachesim::cache_behav`
[INFO] [stdout] 
[INFO] [stdout] error[E0405]: cannot find trait `GeneralCacheBehavior` in this scope
[INFO] [stdout]   --> src/oracle_cache/mod.rs:19:6
[INFO] [stdout]    |
[INFO] [stdout] 19 | impl GeneralCacheBehavior for OracleCache {
[INFO] [stdout]    |      ^^^^^^^^^^^^^^^^^^^^ not found in this scope
[INFO] [stdout]    |
[INFO] [stdout] help: consider importing one of these items
[INFO] [stdout]    |
[INFO] [stdout] 5  + use cachesim::general_cache_behavior::GeneralCacheBehavior;
[INFO] [stdout]    |
[INFO] [stdout] 5  + use crate::GeneralCacheBehavior;
[INFO] [stdout]    |
[INFO] [stdout] 
[INFO] [stdout] error[E0412]: cannot find type `AccessResult` in this scope
[INFO] [stdout]   --> src/oracle_cache/mod.rs:39:40
[INFO] [stdout]    |
[INFO] [stdout] 39 |     fn access(&mut self, _addr:u32) -> AccessResult {
[INFO] [stdout]    |                                        ^^^^^^^^^^^^ not found in this scope
[INFO] [stdout]    |
[INFO] [stdout] help: consider importing one of these items
[INFO] [stdout]    |
[INFO] [stdout] 5  + use cachesim::general_cache_behavior::AccessResult;
[INFO] [stdout]    |
[INFO] [stdout] 5  + use crate::AccessResult;
[INFO] [stdout]    |
[INFO] [stdout] 
[INFO] [stdout] error[E0425]: cannot find function, tuple struct or tuple variant `AccessResult` in this scope
[INFO] [stdout]   --> src/oracle_cache/mod.rs:40:9
[INFO] [stdout]    |
[INFO] [stdout] 40 |         AccessResult(HitOrMiss::Hit, 0.0)
[INFO] [stdout]    |         ^^^^^^^^^^^^ not found in this scope
[INFO] [stdout]    |
[INFO] [stdout] help: consider importing one of these items
[INFO] [stdout]    |
[INFO] [stdout] 5  + use cachesim::general_cache_behavior::AccessResult;
[INFO] [stdout]    |
[INFO] [stdout] 5  + use crate::AccessResult;
[INFO] [stdout]    |
[INFO] [stdout] 
[INFO] [stdout] error[E0433]: failed to resolve: use of undeclared type `HitOrMiss`
[INFO] [stdout]   --> src/oracle_cache/mod.rs:40:22
[INFO] [stdout]    |
[INFO] [stdout] 40 |         AccessResult(HitOrMiss::Hit, 0.0)
[INFO] [stdout]    |                      ^^^^^^^^^ use of undeclared type `HitOrMiss`
[INFO] [stdout]    |
[INFO] [stdout] help: consider importing one of these items
[INFO] [stdout]    |
[INFO] [stdout] 5  + use cachesim::general_cache_behavior::HitOrMiss;
[INFO] [stdout]    |
[INFO] [stdout] 5  + use crate::HitOrMiss;
[INFO] [stdout]    |
[INFO] [stdout] 
[INFO] [stdout] error: aborting due to 5 previous errors
[INFO] [stdout] 
[INFO] [stdout] Some errors have detailed explanations: E0405, E0412, E0425, E0433.
[INFO] [stdout] For more information about an error, try `rustc --explain E0405`.
[INFO] [stdout] Couldn't compile the test.
[INFO] [stdout] ---- src/lib.rs - (line 59) stdout ----
[INFO] [stdout] error: unexpected token: `...`
[INFO] [stdout]  --> src/lib.rs:64:63
[INFO] [stdout]   |
[INFO] [stdout] 7 |     fn init(&mut self, filename:&str) -> Result<(), String> { ... }
[INFO] [stdout]   |                                                               ^^^
[INFO] [stdout]   |
[INFO] [stdout] help: use `..` for an exclusive range
[INFO] [stdout]   |
[INFO] [stdout] 7 |     fn init(&mut self, filename:&str) -> Result<(), String> { .. }
[INFO] [stdout]   |                                                               ~~
[INFO] [stdout] help: or `..=` for an inclusive range
[INFO] [stdout]   |
[INFO] [stdout] 7 |     fn init(&mut self, filename:&str) -> Result<(), String> { ..= }
[INFO] [stdout]   |                                                               ~~~
[INFO] [stdout] 
[INFO] [stdout] error[E0586]: inclusive range with no end
[INFO] [stdout]  --> src/lib.rs:64:63
[INFO] [stdout]   |
[INFO] [stdout] 7 |     fn init(&mut self, filename:&str) -> Result<(), String> { ... }
[INFO] [stdout]   |                                                               ^^^ help: use `..` instead
[INFO] [stdout]   |
[INFO] [stdout]   = note: inclusive ranges must be bounded at the end (`..=b` or `a..=b`)
[INFO] [stdout] 
[INFO] [stdout] error: unexpected token: `...`
[INFO] [stdout]  --> src/lib.rs:65:34
[INFO] [stdout]   |
[INFO] [stdout] 8 |     fn get_type(&self) -> &str { ... }
[INFO] [stdout]   |                                  ^^^
[INFO] [stdout]   |
[INFO] [stdout] help: use `..` for an exclusive range
[INFO] [stdout]   |
[INFO] [stdout] 8 |     fn get_type(&self) -> &str { .. }
[INFO] [stdout]   |                                  ~~
[INFO] [stdout] help: or `..=` for an inclusive range
[INFO] [stdout]   |
[INFO] [stdout] 8 |     fn get_type(&self) -> &str { ..= }
[INFO] [stdout]   |                                  ~~~
[INFO] [stdout] 
[INFO] [stdout] error[E0586]: inclusive range with no end
[INFO] [stdout]  --> src/lib.rs:65:34
[INFO] [stdout]   |
[INFO] [stdout] 8 |     fn get_type(&self) -> &str { ... }
[INFO] [stdout]   |                                  ^^^ help: use `..` instead
[INFO] [stdout]   |
[INFO] [stdout]   = note: inclusive ranges must be bounded at the end (`..=b` or `a..=b`)
[INFO] [stdout] 
[INFO] [stdout] error: unexpected token: `...`
[INFO] [stdout]  --> src/lib.rs:66:55
[INFO] [stdout]   |
[INFO] [stdout] 9 |     fn access(&mut self, _addr:u32) -> AccessResult { ... }
[INFO] [stdout]   |                                                       ^^^
[INFO] [stdout]   |
[INFO] [stdout] help: use `..` for an exclusive range
[INFO] [stdout]   |
[INFO] [stdout] 9 |     fn access(&mut self, _addr:u32) -> AccessResult { .. }
[INFO] [stdout]   |                                                       ~~
[INFO] [stdout] help: or `..=` for an inclusive range
[INFO] [stdout]   |
[INFO] [stdout] 9 |     fn access(&mut self, _addr:u32) -> AccessResult { ..= }
[INFO] [stdout]   |                                                       ~~~
[INFO] [stdout] 
[INFO] [stdout] error[E0586]: inclusive range with no end
[INFO] [stdout]  --> src/lib.rs:66:55
[INFO] [stdout]   |
[INFO] [stdout] 9 |     fn access(&mut self, _addr:u32) -> AccessResult { ... }
[INFO] [stdout]   |                                                       ^^^ help: use `..` instead
[INFO] [stdout]   |
[INFO] [stdout]   = note: inclusive ranges must be bounded at the end (`..=b` or `a..=b`)
[INFO] [stdout] 
[INFO] [stdout] error: unexpected token: `...`
[INFO] [stdout]   --> src/lib.rs:67:27
[INFO] [stdout]    |
[INFO] [stdout] 10 |     fn clear(&mut self) { ... }
[INFO] [stdout]    |                           ^^^
[INFO] [stdout]    |
[INFO] [stdout] help: use `..` for an exclusive range
[INFO] [stdout]    |
[INFO] [stdout] 10 |     fn clear(&mut self) { .. }
[INFO] [stdout]    |                           ~~
[INFO] [stdout] help: or `..=` for an inclusive range
[INFO] [stdout]    |
[INFO] [stdout] 10 |     fn clear(&mut self) { ..= }
[INFO] [stdout]    |                           ~~~
[INFO] [stdout] 
[INFO] [stdout] error[E0586]: inclusive range with no end
[INFO] [stdout]   --> src/lib.rs:67:27
[INFO] [stdout]    |
[INFO] [stdout] 10 |     fn clear(&mut self) { ... }
[INFO] [stdout]    |                           ^^^ help: use `..` instead
[INFO] [stdout]    |
[INFO] [stdout]    = note: inclusive ranges must be bounded at the end (`..=b` or `a..=b`)
[INFO] [stdout] 
[INFO] [stdout] error: unexpected token: `...`
[INFO] [stdout]   --> src/lib.rs:68:31
[INFO] [stdout]    |
[INFO] [stdout] 11 |     fn size(&self) -> usize { ... }
[INFO] [stdout]    |                               ^^^
[INFO] [stdout]    |
[INFO] [stdout] help: use `..` for an exclusive range
[INFO] [stdout]    |
[INFO] [stdout] 11 |     fn size(&self) -> usize { .. }
[INFO] [stdout]    |                               ~~
[INFO] [stdout] help: or `..=` for an inclusive range
[INFO] [stdout]    |
[INFO] [stdout] 11 |     fn size(&self) -> usize { ..= }
[INFO] [stdout]    |                               ~~~
[INFO] [stdout] 
[INFO] [stdout] error[E0586]: inclusive range with no end
[INFO] [stdout]   --> src/lib.rs:68:31
[INFO] [stdout]    |
[INFO] [stdout] 11 |     fn size(&self) -> usize { ... }
[INFO] [stdout]    |                               ^^^ help: use `..` instead
[INFO] [stdout]    |
[INFO] [stdout]    = note: inclusive ranges must be bounded at the end (`..=b` or `a..=b`)
[INFO] [stdout] 
[INFO] [stdout] error[E0433]: failed to resolve: unresolved import
[INFO] [stdout]  --> src/lib.rs:60:12
[INFO] [stdout]   |
[INFO] [stdout] 3 | use crate::cache_behav::{general_cache_behavior::*};
[INFO] [stdout]   |            ^^^^^^^^^^^
[INFO] [stdout]   |            |
[INFO] [stdout]   |            unresolved import
[INFO] [stdout]   |            help: a similar path exists: `cachesim::cache_behav`
[INFO] [stdout] 
[INFO] [stdout] error[E0405]: cannot find trait `GeneralCacheBehavior` in this scope
[INFO] [stdout]  --> src/lib.rs:62:6
[INFO] [stdout]   |
[INFO] [stdout] 5 | impl GeneralCacheBehavior for OracleCache {
[INFO] [stdout]   |      ^^^^^^^^^^^^^^^^^^^^ not found in this scope
[INFO] [stdout]   |
[INFO] [stdout] help: consider importing this trait
[INFO] [stdout]   |
[INFO] [stdout] 2 + use cachesim::general_cache_behavior::GeneralCacheBehavior;
[INFO] [stdout]   |
[INFO] [stdout] 
[INFO] [stdout] error[E0412]: cannot find type `OracleCache` in this scope
[INFO] [stdout]  --> src/lib.rs:62:31
[INFO] [stdout]   |
[INFO] [stdout] 5 | impl GeneralCacheBehavior for OracleCache {
[INFO] [stdout]   |                               ^^^^^^^^^^^ not found in this scope
[INFO] [stdout]   |
[INFO] [stdout] help: consider importing this struct
[INFO] [stdout]   |
[INFO] [stdout] 2 + use cachesim::OracleCache;
[INFO] [stdout]   |
[INFO] [stdout] 
[INFO] [stdout] error[E0412]: cannot find type `AccessResult` in this scope
[INFO] [stdout]  --> src/lib.rs:66:40
[INFO] [stdout]   |
[INFO] [stdout] 9 |     fn access(&mut self, _addr:u32) -> AccessResult { ... }
[INFO] [stdout]   |                                        ^^^^^^^^^^^^ not found in this scope
[INFO] [stdout]   |
[INFO] [stdout] help: consider importing this struct
[INFO] [stdout]   |
[INFO] [stdout] 2 + use cachesim::general_cache_behavior::AccessResult;
[INFO] [stdout]   |
[INFO] [stdout] 
[INFO] [stdout] error: aborting due to 14 previous errors
[INFO] [stdout] 
[INFO] [stdout] Some errors have detailed explanations: E0405, E0412, E0433, E0586.
[INFO] [stdout] For more information about an error, try `rustc --explain E0405`.
[INFO] [stdout] Couldn't compile the test.
[INFO] [stdout] ---- src/lib.rs - (line 12) stdout ----
[INFO] [stdout] Test executable failed (exit status: 101).
[INFO] [stdout] 
[INFO] [stdout] stdout:
[INFO] [stdout] Constructing Cache Device...
[INFO] [stdout] Initializing default cache...
[INFO] [stdout] 
[INFO] [stdout] stderr:
[INFO] [stdout] thread 'main' panicked at /opt/rustwide/workdir/src/cache_device.rs:18:35:
[INFO] [stdout] Cache Init Error: "failed to read path\\to\\config\\file"
[INFO] [stdout] stack backtrace:
[INFO] [stdout]    0:     0x55e7c61d4516 - std::backtrace_rs::backtrace::libunwind::trace::h261606ad26a499c1
[INFO] [stdout]                                at /rustc/0e09125c6c3c2fd70d7de961bcf0e51575235fad/library/std/src/../../backtrace/src/backtrace/libunwind.rs:104:5
[INFO] [stdout]    1:     0x55e7c61d4516 - std::backtrace_rs::backtrace::trace_unsynchronized::hd183f0625477fb28
[INFO] [stdout]                                at /rustc/0e09125c6c3c2fd70d7de961bcf0e51575235fad/library/std/src/../../backtrace/src/backtrace/mod.rs:66:5
[INFO] [stdout]    2:     0x55e7c61d4516 - std::sys_common::backtrace::_print_fmt::hd7f8fef21b4eda67
[INFO] [stdout]                                at /rustc/0e09125c6c3c2fd70d7de961bcf0e51575235fad/library/std/src/sys_common/backtrace.rs:68:5
[INFO] [stdout]    3:     0x55e7c61d4516 - <std::sys_common::backtrace::_print::DisplayBacktrace as core::fmt::Display>::fmt::h623d9b51f2f453f1
[INFO] [stdout]                                at /rustc/0e09125c6c3c2fd70d7de961bcf0e51575235fad/library/std/src/sys_common/backtrace.rs:44:22
[INFO] [stdout]    4:     0x55e7c61f7a50 - core::fmt::rt::Argument::fmt::h9f417ac76a86f368
[INFO] [stdout]                                at /rustc/0e09125c6c3c2fd70d7de961bcf0e51575235fad/library/core/src/fmt/rt.rs:142:9
[INFO] [stdout]    5:     0x55e7c61f7a50 - core::fmt::write::hc9b6faf4ac2aeff7
[INFO] [stdout]                                at /rustc/0e09125c6c3c2fd70d7de961bcf0e51575235fad/library/core/src/fmt/mod.rs:1120:17
[INFO] [stdout]    6:     0x55e7c61d297f - std::io::Write::write_fmt::hfead1eee52c2e65e
[INFO] [stdout]                                at /rustc/0e09125c6c3c2fd70d7de961bcf0e51575235fad/library/std/src/io/mod.rs:1810:15
[INFO] [stdout]    7:     0x55e7c61d42f4 - std::sys_common::backtrace::_print::hd5d66399c7df88a2
[INFO] [stdout]                                at /rustc/0e09125c6c3c2fd70d7de961bcf0e51575235fad/library/std/src/sys_common/backtrace.rs:47:5
[INFO] [stdout]    8:     0x55e7c61d42f4 - std::sys_common::backtrace::print::he81ed2da642d37e5
[INFO] [stdout]                                at /rustc/0e09125c6c3c2fd70d7de961bcf0e51575235fad/library/std/src/sys_common/backtrace.rs:34:9
[INFO] [stdout]    9:     0x55e7c61d5857 - std::panicking::default_hook::{{closure}}::h85773f4fa117163d
[INFO] [stdout]   10:     0x55e7c61d55b9 - std::panicking::default_hook::h6a1694a91d09b278
[INFO] [stdout]                                at /rustc/0e09125c6c3c2fd70d7de961bcf0e51575235fad/library/std/src/panicking.rs:292:9
[INFO] [stdout]   11:     0x55e7c61d5ce8 - std::panicking::rust_panic_with_hook::h0a7ad96e90f7145b
[INFO] [stdout]                                at /rustc/0e09125c6c3c2fd70d7de961bcf0e51575235fad/library/std/src/panicking.rs:779:13
[INFO] [stdout]   12:     0x55e7c61d5bc2 - std::panicking::begin_panic_handler::{{closure}}::h7919090525c6485e
[INFO] [stdout]                                at /rustc/0e09125c6c3c2fd70d7de961bcf0e51575235fad/library/std/src/panicking.rs:657:13
[INFO] [stdout]   13:     0x55e7c61d4a16 - std::sys_common::backtrace::__rust_end_short_backtrace::hf3289479464f7dfe
[INFO] [stdout]                                at /rustc/0e09125c6c3c2fd70d7de961bcf0e51575235fad/library/std/src/sys_common/backtrace.rs:171:18
[INFO] [stdout]   14:     0x55e7c61d5920 - rust_begin_unwind
[INFO] [stdout]                                at /rustc/0e09125c6c3c2fd70d7de961bcf0e51575235fad/library/std/src/panicking.rs:645:5
[INFO] [stdout]   15:     0x55e7c61af0f5 - core::panicking::panic_fmt::hcc9f77c5c132af55
[INFO] [stdout]                                at /rustc/0e09125c6c3c2fd70d7de961bcf0e51575235fad/library/core/src/panicking.rs:72:14
[INFO] [stdout]   16:     0x55e7c61af5a3 - core::result::unwrap_failed::hbe14f498be1452f9
[INFO] [stdout]                                at /rustc/0e09125c6c3c2fd70d7de961bcf0e51575235fad/library/core/src/result.rs:1649:5
[INFO] [stdout]   17:     0x55e7c61afd93 - core::result::Result<T,E>::expect::h05617eacdf2455af
[INFO] [stdout]   18:     0x55e7c61b0124 - cachesim::cache_device::CacheDevice<T>::new::hb791543410e0f6b8
[INFO] [stdout]   19:     0x55e7c61b03d9 - rust_out::main::h71185a25be64b52e
[INFO] [stdout]   20:     0x55e7c61afb43 - core::ops::function::FnOnce::call_once::h0a5e8bc522cf7e26
[INFO] [stdout]   21:     0x55e7c61af936 - std::sys_common::backtrace::__rust_begin_short_backtrace::h904992c6a2208b49
[INFO] [stdout]   22:     0x55e7c61af989 - std::rt::lang_start::{{closure}}::h95a4dad7805b7c7c
[INFO] [stdout]   23:     0x55e7c61cf671 - core::ops::function::impls::<impl core::ops::function::FnOnce<A> for &F>::call_once::h4eb4c5e1620f29b0
[INFO] [stdout]                                at /rustc/0e09125c6c3c2fd70d7de961bcf0e51575235fad/library/core/src/ops/function.rs:284:13
[INFO] [stdout]   24:     0x55e7c61cf671 - std::panicking::try::do_call::h73fd26535faffcdf
[INFO] [stdout]                                at /rustc/0e09125c6c3c2fd70d7de961bcf0e51575235fad/library/std/src/panicking.rs:552:40
[INFO] [stdout]   25:     0x55e7c61cf671 - std::panicking::try::h77ff1d98f0fb9f39
[INFO] [stdout]                                at /rustc/0e09125c6c3c2fd70d7de961bcf0e51575235fad/library/std/src/panicking.rs:516:19
[INFO] [stdout]   26:     0x55e7c61cf671 - std::panic::catch_unwind::hab3caf2448b95e37
[INFO] [stdout]                                at /rustc/0e09125c6c3c2fd70d7de961bcf0e51575235fad/library/std/src/panic.rs:142:14
[INFO] [stdout]   27:     0x55e7c61cf671 - std::rt::lang_start_internal::{{closure}}::h8086711f9c783f78
[INFO] [stdout]                                at /rustc/0e09125c6c3c2fd70d7de961bcf0e51575235fad/library/std/src/rt.rs:148:48
[INFO] [stdout]   28:     0x55e7c61cf671 - std::panicking::try::do_call::hf920d4dc291cd6ca
[INFO] [stdout]                                at /rustc/0e09125c6c3c2fd70d7de961bcf0e51575235fad/library/std/src/panicking.rs:552:40
[INFO] [stdout]   29:     0x55e7c61cf671 - std::panicking::try::h2b806ccc0a85db74
[INFO] [stdout]                                at /rustc/0e09125c6c3c2fd70d7de961bcf0e51575235fad/library/std/src/panicking.rs:516:19
[INFO] [stdout]   30:     0x55e7c61cf671 - std::panic::catch_unwind::h038489539c507df2
[INFO] [stdout]                                at /rustc/0e09125c6c3c2fd70d7de961bcf0e51575235fad/library/std/src/panic.rs:142:14
[INFO] [stdout]   31:     0x55e7c61cf671 - std::rt::lang_start_internal::h28503b88912e8a5c
[INFO] [stdout]                                at /rustc/0e09125c6c3c2fd70d7de961bcf0e51575235fad/library/std/src/rt.rs:148:20
[INFO] [stdout]   32:     0x55e7c61af967 - std::rt::lang_start::h9942cc54b4d5350a
[INFO] [stdout]   33:     0x55e7c61b0845 - main
[INFO] [stdout]   34:     0x7f98e6b7bd90 - <unknown>
[INFO] [stdout]   35:     0x7f98e6b7be40 - __libc_start_main
[INFO] [stdout]   36:     0x55e7c61af865 - _start
[INFO] [stdout]   37:                0x0 - <unknown>
[INFO] [stdout] 
[INFO] [stdout] 
[INFO] [stdout] 
[INFO] [stdout] failures:
[INFO] [stdout]     src/lib.rs - (line 12)
[INFO] [stdout]     src/lib.rs - (line 59)
[INFO] [stdout]     src/lib.rs - (line 75)
[INFO] [stdout] 
[INFO] [stdout] test result: FAILED. 1 passed; 3 failed; 0 ignored; 0 measured; 0 filtered out; finished in 0.18s
[INFO] [stdout] 
[INFO] [stderr] error: doctest failed, to rerun pass `--doc`
[INFO] running `Command { std: "docker" "inspect" "0069da049d53b1ccc8b8f3193791725a6942128b77844c2cc91cbae8dcbd0ad2", kill_on_drop: false }`
[INFO] running `Command { std: "docker" "rm" "-f" "0069da049d53b1ccc8b8f3193791725a6942128b77844c2cc91cbae8dcbd0ad2", kill_on_drop: false }`
[INFO] [stdout] 0069da049d53b1ccc8b8f3193791725a6942128b77844c2cc91cbae8dcbd0ad2
