[INFO] cloning repository https://github.com/HadziqM/test_workflow
[INFO] running `Command { std: "git" "-c" "credential.helper=" "-c" "credential.helper=/workspace/cargo-home/bin/git-credential-null" "clone" "--bare" "https://github.com/HadziqM/test_workflow" "/workspace/cache/git-repos/https%3A%2F%2Fgithub.com%2FHadziqM%2Ftest_workflow", kill_on_drop: false }`
[INFO] [stderr] Cloning into bare repository '/workspace/cache/git-repos/https%3A%2F%2Fgithub.com%2FHadziqM%2Ftest_workflow'...
[INFO] running `Command { std: "git" "rev-parse" "HEAD", kill_on_drop: false }`
[INFO] [stdout] 63147a7781a452e56f9395968969dc27bbbf89b6
[INFO] testing HadziqM/test_workflow against 1.75.0 for beta-1.76-1
[INFO] running `Command { std: "git" "clone" "/workspace/cache/git-repos/https%3A%2F%2Fgithub.com%2FHadziqM%2Ftest_workflow" "/workspace/builds/worker-1-tc1/source", kill_on_drop: false }`
[INFO] [stderr] Cloning into '/workspace/builds/worker-1-tc1/source'...
[INFO] [stderr] done.
[INFO] validating manifest of git repo https://github.com/HadziqM/test_workflow on toolchain 1.75.0
[INFO] running `Command { std: CARGO_HOME="/workspace/cargo-home" RUSTUP_HOME="/workspace/rustup-home" "/workspace/cargo-home/bin/cargo" "+1.75.0" "metadata" "--manifest-path" "Cargo.toml" "--no-deps", kill_on_drop: false }`
[INFO] started tweaking git repo https://github.com/HadziqM/test_workflow
[INFO] finished tweaking git repo https://github.com/HadziqM/test_workflow
[INFO] tweaked toml for git repo https://github.com/HadziqM/test_workflow written to /workspace/builds/worker-1-tc1/source/Cargo.toml
[INFO] crate git repo https://github.com/HadziqM/test_workflow already has a lockfile, it will not be regenerated
[INFO] running `Command { std: CARGO_HOME="/workspace/cargo-home" RUSTUP_HOME="/workspace/rustup-home" "/workspace/cargo-home/bin/cargo" "+1.75.0" "fetch" "--manifest-path" "Cargo.toml", kill_on_drop: false }`
[INFO] [stderr] warning: unused manifest key: build
[INFO] [stderr]     Updating crates.io index
[INFO] [stderr]  Downloading crates ...
[INFO] [stderr]   Downloaded rocket_db_pools_codegen v0.1.0-rc.3
[INFO] [stderr]   Downloaded rocket_db_pools v0.1.0-rc.3
[INFO] [stderr]   Downloaded toml v0.8.4
[INFO] [stderr]   Downloaded uuid-macro-internal v1.5.0
[INFO] [stderr]   Downloaded figment v0.10.11
[INFO] [stderr]   Downloaded toml_edit v0.20.4
[INFO] [stderr]   Downloaded zerocopy-derive v0.7.15
[INFO] [stderr]   Downloaded zerocopy v0.7.15
[INFO] running `Command { std: "docker" "create" "-v" "/var/lib/crater-agent-workspace/builds/worker-1-tc1/target:/opt/rustwide/target:rw,Z" "-v" "/var/lib/crater-agent-workspace/builds/worker-1-tc1/source:/opt/rustwide/workdir:ro,Z" "-v" "/var/lib/crater-agent-workspace/cargo-home:/opt/rustwide/cargo-home:ro,Z" "-v" "/var/lib/crater-agent-workspace/rustup-home:/opt/rustwide/rustup-home:ro,Z" "-e" "SOURCE_DIR=/opt/rustwide/workdir" "-e" "CARGO_TARGET_DIR=/opt/rustwide/target" "-e" "CARGO_HOME=/opt/rustwide/cargo-home" "-e" "RUSTUP_HOME=/opt/rustwide/rustup-home" "-w" "/opt/rustwide/workdir" "-m" "1610612736" "--user" "0:0" "--network" "none" "ghcr.io/rust-lang/crates-build-env/linux@sha256:2788e3201cd34a07e3172128adcd8b3090168a8e3bcc40d7c032b9dda1df7d1c" "/opt/rustwide/cargo-home/bin/cargo" "+1.75.0" "metadata" "--no-deps" "--format-version=1", kill_on_drop: false }`
[INFO] [stdout] 189fe9f7a4aed465b91ec9fae88030bcdb8e6103759e08372b36174457a3e404
[INFO] running `Command { std: "docker" "start" "-a" "189fe9f7a4aed465b91ec9fae88030bcdb8e6103759e08372b36174457a3e404", kill_on_drop: false }`
[INFO] running `Command { std: "docker" "inspect" "189fe9f7a4aed465b91ec9fae88030bcdb8e6103759e08372b36174457a3e404", kill_on_drop: false }`
[INFO] running `Command { std: "docker" "rm" "-f" "189fe9f7a4aed465b91ec9fae88030bcdb8e6103759e08372b36174457a3e404", kill_on_drop: false }`
[INFO] [stdout] 189fe9f7a4aed465b91ec9fae88030bcdb8e6103759e08372b36174457a3e404
[INFO] running `Command { std: "docker" "create" "-v" "/var/lib/crater-agent-workspace/builds/worker-1-tc1/target:/opt/rustwide/target:rw,Z" "-v" "/var/lib/crater-agent-workspace/builds/worker-1-tc1/source:/opt/rustwide/workdir:ro,Z" "-v" "/var/lib/crater-agent-workspace/cargo-home:/opt/rustwide/cargo-home:ro,Z" "-v" "/var/lib/crater-agent-workspace/rustup-home:/opt/rustwide/rustup-home:ro,Z" "-e" "SOURCE_DIR=/opt/rustwide/workdir" "-e" "CARGO_TARGET_DIR=/opt/rustwide/target" "-e" "CARGO_INCREMENTAL=0" "-e" "RUST_BACKTRACE=full" "-e" "RUSTFLAGS=--cap-lints=warn" "-e" "RUSTDOCFLAGS=--cap-lints=warn" "-e" "CARGO_HOME=/opt/rustwide/cargo-home" "-e" "RUSTUP_HOME=/opt/rustwide/rustup-home" "-w" "/opt/rustwide/workdir" "-m" "1610612736" "--user" "0:0" "--network" "none" "ghcr.io/rust-lang/crates-build-env/linux@sha256:2788e3201cd34a07e3172128adcd8b3090168a8e3bcc40d7c032b9dda1df7d1c" "/opt/rustwide/cargo-home/bin/cargo" "+1.75.0" "build" "--frozen" "--message-format=json", kill_on_drop: false }`
[INFO] [stdout] 22dd548f12ba13609e18ca404540d83a7bfbaacd585514d5533e048b1789cb06
[INFO] running `Command { std: "docker" "start" "-a" "22dd548f12ba13609e18ca404540d83a7bfbaacd585514d5533e048b1789cb06", kill_on_drop: false }`
[INFO] [stderr] warning: unused manifest key: build
[INFO] [stderr]    Compiling libc v0.2.149
[INFO] [stderr]    Compiling proc-macro2 v1.0.69
[INFO] [stderr]    Compiling unicode-ident v1.0.12
[INFO] [stderr]    Compiling once_cell v1.18.0
[INFO] [stderr]    Compiling pin-project-lite v0.2.13
[INFO] [stderr]    Compiling futures-core v0.3.28
[INFO] [stderr]    Compiling bytes v1.5.0
[INFO] [stderr]    Compiling itoa v1.0.9
[INFO] [stderr]    Compiling serde v1.0.189
[INFO] [stderr]    Compiling typenum v1.17.0
[INFO] [stderr]    Compiling generic-array v0.14.7
[INFO] [stderr]    Compiling untrusted v0.9.0
[INFO] [stderr]    Compiling futures-channel v0.3.28
[INFO] [stderr]    Compiling memchr v2.6.4
[INFO] [stderr]    Compiling pin-utils v0.1.0
[INFO] [stderr]    Compiling ahash v0.8.6
[INFO] [stderr]    Compiling zerocopy v0.7.15
[INFO] [stderr]    Compiling proc-macro2-diagnostics v0.10.1
[INFO] [stderr]    Compiling quote v1.0.33
[INFO] [stderr]    Compiling smallvec v1.11.1
[INFO] [stderr]    Compiling allocator-api2 v0.2.16
[INFO] [stderr]    Compiling syn v2.0.38
[INFO] [stderr]    Compiling hashbrown v0.12.3
[INFO] [stderr]    Compiling yansi v1.0.0-rc.1
[INFO] [stderr]    Compiling slab v0.4.9
[INFO] [stderr]    Compiling getrandom v0.2.10
[INFO] [stderr]    Compiling cc v1.0.83
[INFO] [stderr]    Compiling mio v0.8.9
[INFO] [stderr]    Compiling socket2 v0.5.5
[INFO] [stderr]    Compiling num_cpus v1.16.0
[INFO] [stderr]    Compiling signal-hook-registry v1.4.1
[INFO] [stderr]    Compiling spin v0.9.8
[INFO] [stderr]    Compiling futures-task v0.3.28
[INFO] [stderr]    Compiling futures-sink v0.3.28
[INFO] [stderr]    Compiling rustls v0.20.9
[INFO] [stderr]    Compiling spin v0.5.2
[INFO] [stderr]    Compiling untrusted v0.7.1
[INFO] [stderr]    Compiling tokio v1.33.0
[INFO] [stderr]    Compiling crypto-common v0.1.6
[INFO] [stderr]    Compiling block-buffer v0.10.4
[INFO] [stderr]    Compiling tracing-core v0.1.32
[INFO] [stderr]    Compiling lock_api v0.4.11
[INFO] [stderr]    Compiling subtle v2.5.0
[INFO] [stderr]    Compiling either v1.9.0
[INFO] [stderr]    Compiling futures-util v0.3.28
[INFO] [stderr]    Compiling fnv v1.0.7
[INFO] [stderr]    Compiling http v0.2.9
[INFO] [stderr]    Compiling ring v0.17.5
[INFO] [stderr]    Compiling ring v0.16.20
[INFO] [stderr]    Compiling digest v0.10.7
[INFO] [stderr]    Compiling tracing v0.1.40
[INFO] [stderr]    Compiling rand_core v0.6.4
[INFO] [stderr]    Compiling num-traits v0.2.17
[INFO] [stderr]    Compiling scopeguard v1.2.0
[INFO] [stderr]    Compiling log v0.4.20
[INFO] [stderr]    Compiling tinyvec_macros v0.1.1
[INFO] [stderr]    Compiling httparse v1.8.0
[INFO] [stderr]    Compiling futures-io v0.3.28
[INFO] [stderr]    Compiling ppv-lite86 v0.2.17
[INFO] [stderr]    Compiling rand_chacha v0.3.1
[INFO] [stderr]    Compiling tinyvec v1.6.0
[INFO] [stderr]    Compiling hashbrown v0.14.2
[INFO] [stderr]    Compiling indexmap v1.9.3
[INFO] [stderr]    Compiling parking_lot_core v0.8.6
[INFO] [stderr]    Compiling serde_json v1.0.107
[INFO] [stderr]    Compiling ryu v1.0.15
[INFO] [stderr]    Compiling unicode-normalization v0.1.22
[INFO] [stderr]    Compiling webpki v0.22.4
[INFO] [stderr]    Compiling instant v0.1.12
[INFO] [stderr]    Compiling crossbeam-utils v0.8.16
[INFO] [stderr]    Compiling try-lock v0.2.4
[INFO] [stderr]    Compiling powerfmt v0.2.0
[INFO] [stderr]    Compiling unicode-bidi v0.3.13
[INFO] [stderr]    Compiling time-core v0.1.2
[INFO] [stderr]    Compiling deranged v0.3.9
[INFO] [stderr]    Compiling time-macros v0.2.15
[INFO] [stderr]    Compiling want v0.3.1
[INFO] [stderr]    Compiling serde_derive v1.0.189
[INFO] [stderr]    Compiling tokio-macros v2.1.0
[INFO] [stderr]    Compiling pear_codegen v0.2.7
[INFO] [stderr]    Compiling sct v0.7.1
[INFO] [stderr]    Compiling http-body v0.4.5
[INFO] [stderr]    Compiling socket2 v0.4.10
[INFO] [stderr]    Compiling ahash v0.7.7
[INFO] [stderr]    Compiling cookie v0.17.0
[INFO] [stderr]    Compiling byteorder v1.5.0
[INFO] [stderr]    Compiling thiserror v1.0.50
[INFO] [stderr]    Compiling crossbeam-queue v0.3.8
[INFO] [stderr]    Compiling iana-time-zone v0.1.58
[INFO] [stderr]    Compiling ref-cast v1.0.20
[INFO] [stderr]    Compiling cpufeatures v0.2.10
[INFO] [stderr]    Compiling inlinable_string v0.1.15
[INFO] [stderr]    Compiling tower-service v0.3.2
[INFO] [stderr]    Compiling bitflags v2.4.1
[INFO] [stderr]    Compiling httpdate v1.0.3
[INFO] [stderr]    Compiling paste v1.0.14
[INFO] [stderr]    Compiling pear v0.2.7
[INFO] [stderr]    Compiling devise_core v0.4.1
[INFO] [stderr]    Compiling nom v7.1.3
[INFO] [stderr]    Compiling time v0.3.30
[INFO] [stderr]    Compiling ref-cast-impl v1.0.20
[INFO] [stderr]    Compiling thiserror-impl v1.0.50
[INFO] [stderr]    Compiling parking_lot v0.11.2
[INFO] [stderr]    Compiling idna v0.4.0
[INFO] [stderr]    Compiling hmac v0.12.1
[INFO] [stderr]    Compiling itertools v0.11.0
[INFO] [stderr]    Compiling form_urlencoded v1.2.0
[INFO] [stderr]    Compiling dirs-sys v0.3.7
[INFO] [stderr]    Compiling uncased v0.9.9
[INFO] [stderr]    Compiling event-listener v2.5.3
[INFO] [stderr]    Compiling finl_unicode v1.2.0
[INFO] [stderr]    Compiling base64 v0.13.1
[INFO] [stderr]    Compiling rustix v0.38.20
[INFO] [stderr]    Compiling base64 v0.21.5
[INFO] [stderr]    Compiling equivalent v1.0.1
[INFO] [stderr]    Compiling unicode_categories v0.1.1
[INFO] [stderr]    Compiling sqlformat v0.2.2
[INFO] [stderr]    Compiling rustls-pemfile v1.0.3
[INFO] [stderr]    Compiling indexmap v2.0.2
[INFO] [stderr]    Compiling stringprep v0.1.4
[INFO] [stderr]    Compiling tokio-rustls v0.23.4
[INFO] [stderr]    Compiling dirs v4.0.0
[INFO] [stderr]    Compiling url v2.4.1
[INFO] [stderr]    Compiling hkdf v0.12.3
[INFO] [stderr]    Compiling tokio-util v0.7.10
[INFO] [stderr]    Compiling futures-intrusive v0.4.2
[INFO] [stderr]    Compiling devise_codegen v0.4.1
[INFO] [stderr]    Compiling sha1 v0.10.6
[INFO] [stderr]    Compiling sha2 v0.10.8
[INFO] [stderr]    Compiling serde_spanned v0.6.4
[INFO] [stderr]    Compiling toml_datetime v0.6.5
[INFO] [stderr]    Compiling atoi v1.0.0
[INFO] [stderr]    Compiling rand v0.8.5
[INFO] [stderr]    Compiling md-5 v0.10.6
[INFO] [stderr]    Compiling stable-pattern v0.1.0
[INFO] [stderr]    Compiling whoami v1.4.1
[INFO] [stderr]    Compiling hex v0.4.3
[INFO] [stderr]    Compiling dotenvy v0.15.7
[INFO] [stderr]    Compiling syn v1.0.109
[INFO] [stderr]    Compiling bitflags v1.3.2
[INFO] [stderr]    Compiling linux-raw-sys v0.4.10
[INFO] [stderr]    Compiling winnow v0.5.17
[INFO] [stderr]    Compiling state v0.5.3
[INFO] [stderr]    Compiling parking_lot_core v0.9.9
[INFO] [stderr]    Compiling hashlink v0.8.4
[INFO] [stderr]    Compiling futures v0.3.28
[INFO] [stderr]    Compiling h2 v0.3.21
[INFO] [stderr]    Compiling devise v0.4.1
[INFO] [stderr]    Compiling tokio-stream v0.1.14
[INFO] [stderr]    Compiling sqlx-rt v0.6.3
[INFO] [stderr]    Compiling toml_edit v0.20.4
[INFO] [stderr]    Compiling hyper v0.14.27
[INFO] [stderr]    Compiling chrono v0.4.31
[INFO] [stderr]    Compiling webpki-roots v0.22.6
[INFO] [stderr]    Compiling figment v0.10.11
[INFO] [stderr]    Compiling multer v2.1.0
[INFO] [stderr]    Compiling unicode-segmentation v1.10.1
[INFO] [stderr]    Compiling async-trait v0.1.74
[INFO] [stderr]    Compiling heck v0.4.1
[INFO] [stderr]    Compiling rocket_http v0.5.0-rc.3
[INFO] [stderr]    Compiling sqlx-core v0.6.3
[INFO] [stderr]    Compiling toml v0.8.4
[INFO] [stderr]    Compiling async-stream-impl v0.3.5
[INFO] [stderr]    Compiling inout v0.1.3
[INFO] [stderr]    Compiling encoding_rs v0.8.33
[INFO] [stderr]    Compiling rocket v0.5.0-rc.3
[INFO] [stderr]    Compiling glob v0.3.1
[INFO] [stderr]    Compiling fastrand v2.0.1
[INFO] [stderr]    Compiling unicode-xid v0.2.4
[INFO] [stderr]    Compiling mime v0.3.17
[INFO] [stderr]    Compiling tempfile v3.8.0
[INFO] [stderr]    Compiling rocket_codegen v0.5.0-rc.3
[INFO] [stderr]    Compiling cipher v0.4.4
[INFO] [stderr]    Compiling async-stream v0.3.5
[INFO] [stderr]    Compiling parking_lot v0.12.1
[INFO] [stderr]    Compiling is-terminal v0.4.9
[INFO] [stderr]    Compiling ubyte v0.10.4
[INFO] [stderr]    Compiling binascii v0.1.4
[INFO] [stderr]    Compiling yansi v0.5.1
[INFO] [stderr]    Compiling atomic v0.5.3
[INFO] [stderr]    Compiling blowfish v0.9.1
[INFO] [stderr]    Compiling rocket_db_pools_codegen v0.1.0-rc.3
[INFO] [stderr]    Compiling uuid-macro-internal v1.5.0
[INFO] [stderr]    Compiling csv-core v0.1.11
[INFO] [stderr]    Compiling zeroize v1.6.0
[INFO] [stderr]    Compiling csv v1.3.0
[INFO] [stderr]    Compiling bcrypt v0.13.0
[INFO] [stderr]    Compiling uuid v1.5.0
[INFO] [stderr]    Compiling async-mutex v1.4.0
[INFO] [stderr]    Compiling sqlx-macros v0.6.3
[INFO] [stderr]    Compiling sqlx v0.6.3
[INFO] [stderr]    Compiling rocket_db_pools v0.1.0-rc.3
[INFO] [stderr]    Compiling ship-monitor-astro-rocket v0.1.0 (/opt/rustwide/workdir)
[INFO] [stdout] warning: unused import: `vibration`
[INFO] [stdout]   --> src/router/api/monitor.rs:28:14
[INFO] [stdout]    |
[INFO] [stdout] 28 | pub async fn vibration<'a>(jar:&CookieJar<'_>,db:&'a Logs,id:i32,state:&State<Session>)->EventStream![Event + 'a] {
[INFO] [stdout]    |              ^^^^^^^^^
[INFO] [stdout]    |
[INFO] [stdout]    = note: `#[warn(unused_imports)]` on by default
[INFO] [stdout] 
[INFO] [stdout] 
[INFO] [stdout] warning: unused import: `temp`
[INFO] [stdout]   --> src/router/api/monitor.rs:32:14
[INFO] [stdout]    |
[INFO] [stdout] 32 | pub async fn temp<'a>(jar:&CookieJar<'_>,db:&'a Logs,id:i32,state:&State<Session>)->EventStream![Event + 'a] {
[INFO] [stdout]    |              ^^^^
[INFO] [stdout] 
[INFO] [stdout] 
[INFO] [stdout] warning: unused import: `flow`
[INFO] [stdout]   --> src/router/api/monitor.rs:36:14
[INFO] [stdout]    |
[INFO] [stdout] 36 | pub async fn flow<'a>(jar:&CookieJar<'_>,db:&'a Logs,id:i32,state:&State<Session>)->EventStream![Event + 'a] {
[INFO] [stdout]    |              ^^^^
[INFO] [stdout] 
[INFO] [stdout] 
[INFO] [stdout] warning: unused import: `message`
[INFO] [stdout]   --> src/router/api/monitor.rs:42:14
[INFO] [stdout]    |
[INFO] [stdout] 42 | pub async fn message(jar:&CookieJar<'_>,state:&State<Session>,db:&Logs,id:i32)-> Option<Json<Vec<ShipLogs>>> {
[INFO] [stdout]    |              ^^^^^^^
[INFO] [stdout] 
[INFO] [stdout] 
[INFO] [stdout] warning: unused import: `status`
[INFO] [stdout]   --> src/router/api/monitor.rs:49:14
[INFO] [stdout]    |
[INFO] [stdout] 49 | pub async fn status(jar:&CookieJar<'_>,db:&Logs,state:&State<Session>,ship:Json<UserShip>)->Option<Json<Vec<Status>>> {
[INFO] [stdout]    |              ^^^^^^
[INFO] [stdout] 
[INFO] [stdout] 
[INFO] [stdout] warning: unused import: `login`
[INFO] [stdout]   --> src/router/api/user.rs:14:14
[INFO] [stdout]    |
[INFO] [stdout] 14 | pub async fn login(form:Json<FormUser>,db:&Logs,jar:&CookieJar<'_>,state:&State<Session>)->String{
[INFO] [stdout]    |              ^^^^^
[INFO] [stdout] 
[INFO] [stdout] 
[INFO] [stdout] warning: unused import: `ships`
[INFO] [stdout]   --> src/router/api/user.rs:28:14
[INFO] [stdout]    |
[INFO] [stdout] 28 | pub async fn ships(db:&Logs,jar:&CookieJar<'_>,state:&State<Session>)->Option<Json<Users>> {
[INFO] [stdout]    |              ^^^^^
[INFO] [stdout] 
[INFO] [stdout] 
[INFO] [stdout] warning: unused import: `general`
[INFO] [stdout]  --> src/router/api/input.rs:6:14
[INFO] [stdout]   |
[INFO] [stdout] 6 | pub async fn general(sensor:Json<SensorInput>,db:&Logs,)->Status {
[INFO] [stdout]   |              ^^^^^^^
[INFO] [stdout] 
[INFO] [stdout] 
[INFO] [stdout] warning: unused import: `index`
[INFO] [stdout]   --> src/router/mod.rs:18:10
[INFO] [stdout]    |
[INFO] [stdout] 18 | async fn index(jar:&CookieJar<'_>,state:&State<Session>)->NamedFile {
[INFO] [stdout]    |          ^^^^^
[INFO] [stdout] 
[INFO] [stdout] 
[INFO] [stdout] warning: unused import: `dashboard`
[INFO] [stdout]   --> src/router/mod.rs:23:10
[INFO] [stdout]    |
[INFO] [stdout] 23 | async fn dashboard(jar:&CookieJar<'_>,state:&State<Session>)->NamedFile{
[INFO] [stdout]    |          ^^^^^^^^^
[INFO] [stdout] 
[INFO] [stdout] 
[INFO] [stdout] warning: unused variable: `jar`
[INFO] [stdout]   --> src/router/api/monitor.rs:13:29
[INFO] [stdout]    |
[INFO] [stdout] 13 | async fn generic_stream<'a>(jar:&CookieJar<'_>,db:&'a Logs,id:i32,state:&State<Session>,table:&str)->EventStream![Event + 'a] {
[INFO] [stdout]    |                             ^^^ help: if this is intentional, prefix it with an underscore: `_jar`
[INFO] [stdout]    |
[INFO] [stdout]    = note: `#[warn(unused_variables)]` on by default
[INFO] [stdout] 
[INFO] [stdout] 
[INFO] [stdout] warning: unused variable: `state`
[INFO] [stdout]   --> src/router/api/monitor.rs:13:67
[INFO] [stdout]    |
[INFO] [stdout] 13 | async fn generic_stream<'a>(jar:&CookieJar<'_>,db:&'a Logs,id:i32,state:&State<Session>,table:&str)->EventStream![Event + 'a] {
[INFO] [stdout]    |                                                                   ^^^^^ help: if this is intentional, prefix it with an underscore: `_state`
[INFO] [stdout] 
[INFO] [stdout] 
[INFO] [stdout] warning: 12 warnings emitted
[INFO] [stdout] 
[INFO] [stdout] 
[INFO] [stderr]     Finished dev [unoptimized + debuginfo] target(s) in 1m 32s
[INFO] running `Command { std: "docker" "inspect" "22dd548f12ba13609e18ca404540d83a7bfbaacd585514d5533e048b1789cb06", kill_on_drop: false }`
[INFO] running `Command { std: "docker" "rm" "-f" "22dd548f12ba13609e18ca404540d83a7bfbaacd585514d5533e048b1789cb06", kill_on_drop: false }`
[INFO] [stdout] 22dd548f12ba13609e18ca404540d83a7bfbaacd585514d5533e048b1789cb06
[INFO] running `Command { std: "docker" "create" "-v" "/var/lib/crater-agent-workspace/builds/worker-1-tc1/target:/opt/rustwide/target:rw,Z" "-v" "/var/lib/crater-agent-workspace/builds/worker-1-tc1/source:/opt/rustwide/workdir:ro,Z" "-v" "/var/lib/crater-agent-workspace/cargo-home:/opt/rustwide/cargo-home:ro,Z" "-v" "/var/lib/crater-agent-workspace/rustup-home:/opt/rustwide/rustup-home:ro,Z" "-e" "SOURCE_DIR=/opt/rustwide/workdir" "-e" "CARGO_TARGET_DIR=/opt/rustwide/target" "-e" "CARGO_INCREMENTAL=0" "-e" "RUST_BACKTRACE=full" "-e" "RUSTFLAGS=--cap-lints=warn" "-e" "RUSTDOCFLAGS=--cap-lints=warn" "-e" "CARGO_HOME=/opt/rustwide/cargo-home" "-e" "RUSTUP_HOME=/opt/rustwide/rustup-home" "-w" "/opt/rustwide/workdir" "-m" "1610612736" "--user" "0:0" "--network" "none" "ghcr.io/rust-lang/crates-build-env/linux@sha256:2788e3201cd34a07e3172128adcd8b3090168a8e3bcc40d7c032b9dda1df7d1c" "/opt/rustwide/cargo-home/bin/cargo" "+1.75.0" "test" "--frozen" "--no-run" "--message-format=json", kill_on_drop: false }`
[INFO] [stdout] a01c071ff9b6d62d61799c3e484aad66ad62c09de1ce305cb5d801d01663f53e
[INFO] running `Command { std: "docker" "start" "-a" "a01c071ff9b6d62d61799c3e484aad66ad62c09de1ce305cb5d801d01663f53e", kill_on_drop: false }`
[INFO] [stderr] warning: unused manifest key: build
[INFO] [stderr]    Compiling ship-monitor-astro-rocket v0.1.0 (/opt/rustwide/workdir)
[INFO] [stdout] warning: unused import: `vibration`
[INFO] [stdout]   --> src/router/api/monitor.rs:28:14
[INFO] [stdout]    |
[INFO] [stdout] 28 | pub async fn vibration<'a>(jar:&CookieJar<'_>,db:&'a Logs,id:i32,state:&State<Session>)->EventStream![Event + 'a] {
[INFO] [stdout]    |              ^^^^^^^^^
[INFO] [stdout]    |
[INFO] [stdout]    = note: `#[warn(unused_imports)]` on by default
[INFO] [stdout] 
[INFO] [stdout] 
[INFO] [stdout] warning: unused import: `temp`
[INFO] [stdout]   --> src/router/api/monitor.rs:32:14
[INFO] [stdout]    |
[INFO] [stdout] 32 | pub async fn temp<'a>(jar:&CookieJar<'_>,db:&'a Logs,id:i32,state:&State<Session>)->EventStream![Event + 'a] {
[INFO] [stdout]    |              ^^^^
[INFO] [stdout] 
[INFO] [stdout] 
[INFO] [stdout] warning: unused import: `flow`
[INFO] [stdout]   --> src/router/api/monitor.rs:36:14
[INFO] [stdout]    |
[INFO] [stdout] 36 | pub async fn flow<'a>(jar:&CookieJar<'_>,db:&'a Logs,id:i32,state:&State<Session>)->EventStream![Event + 'a] {
[INFO] [stdout]    |              ^^^^
[INFO] [stdout] 
[INFO] [stdout] 
[INFO] [stdout] warning: unused import: `message`
[INFO] [stdout]   --> src/router/api/monitor.rs:42:14
[INFO] [stdout]    |
[INFO] [stdout] 42 | pub async fn message(jar:&CookieJar<'_>,state:&State<Session>,db:&Logs,id:i32)-> Option<Json<Vec<ShipLogs>>> {
[INFO] [stdout]    |              ^^^^^^^
[INFO] [stdout] 
[INFO] [stdout] 
[INFO] [stdout] warning: unused import: `status`
[INFO] [stdout]   --> src/router/api/monitor.rs:49:14
[INFO] [stdout]    |
[INFO] [stdout] 49 | pub async fn status(jar:&CookieJar<'_>,db:&Logs,state:&State<Session>,ship:Json<UserShip>)->Option<Json<Vec<Status>>> {
[INFO] [stdout]    |              ^^^^^^
[INFO] [stdout] 
[INFO] [stdout] 
[INFO] [stdout] warning: unused import: `login`
[INFO] [stdout]   --> src/router/api/user.rs:14:14
[INFO] [stdout]    |
[INFO] [stdout] 14 | pub async fn login(form:Json<FormUser>,db:&Logs,jar:&CookieJar<'_>,state:&State<Session>)->String{
[INFO] [stdout]    |              ^^^^^
[INFO] [stdout] 
[INFO] [stdout] 
[INFO] [stdout] warning: unused import: `ships`
[INFO] [stdout]   --> src/router/api/user.rs:28:14
[INFO] [stdout]    |
[INFO] [stdout] 28 | pub async fn ships(db:&Logs,jar:&CookieJar<'_>,state:&State<Session>)->Option<Json<Users>> {
[INFO] [stdout]    |              ^^^^^
[INFO] [stdout] 
[INFO] [stdout] 
[INFO] [stdout] warning: unused import: `general`
[INFO] [stdout]  --> src/router/api/input.rs:6:14
[INFO] [stdout]   |
[INFO] [stdout] 6 | pub async fn general(sensor:Json<SensorInput>,db:&Logs,)->Status {
[INFO] [stdout]   |              ^^^^^^^
[INFO] [stdout] 
[INFO] [stdout] 
[INFO] [stdout] warning: unused import: `index`
[INFO] [stdout]   --> src/router/mod.rs:18:10
[INFO] [stdout]    |
[INFO] [stdout] 18 | async fn index(jar:&CookieJar<'_>,state:&State<Session>)->NamedFile {
[INFO] [stdout]    |          ^^^^^
[INFO] [stdout] 
[INFO] [stdout] 
[INFO] [stdout] warning: unused import: `dashboard`
[INFO] [stdout]   --> src/router/mod.rs:23:10
[INFO] [stdout]    |
[INFO] [stdout] 23 | async fn dashboard(jar:&CookieJar<'_>,state:&State<Session>)->NamedFile{
[INFO] [stdout]    |          ^^^^^^^^^
[INFO] [stdout] 
[INFO] [stdout] 
[INFO] [stdout] warning: unused variable: `jar`
[INFO] [stdout]   --> src/router/api/monitor.rs:13:29
[INFO] [stdout]    |
[INFO] [stdout] 13 | async fn generic_stream<'a>(jar:&CookieJar<'_>,db:&'a Logs,id:i32,state:&State<Session>,table:&str)->EventStream![Event + 'a] {
[INFO] [stdout]    |                             ^^^ help: if this is intentional, prefix it with an underscore: `_jar`
[INFO] [stdout]    |
[INFO] [stdout]    = note: `#[warn(unused_variables)]` on by default
[INFO] [stdout] 
[INFO] [stdout] 
[INFO] [stdout] warning: unused variable: `state`
[INFO] [stdout]   --> src/router/api/monitor.rs:13:67
[INFO] [stdout]    |
[INFO] [stdout] 13 | async fn generic_stream<'a>(jar:&CookieJar<'_>,db:&'a Logs,id:i32,state:&State<Session>,table:&str)->EventStream![Event + 'a] {
[INFO] [stdout]    |                                                                   ^^^^^ help: if this is intentional, prefix it with an underscore: `_state`
[INFO] [stdout] 
[INFO] [stdout] 
[INFO] [stdout] warning: 12 warnings emitted
[INFO] [stdout] 
[INFO] [stdout] 
[INFO] [stderr]     Finished test [unoptimized + debuginfo] target(s) in 4.43s
[INFO] running `Command { std: "docker" "inspect" "a01c071ff9b6d62d61799c3e484aad66ad62c09de1ce305cb5d801d01663f53e", kill_on_drop: false }`
[INFO] running `Command { std: "docker" "rm" "-f" "a01c071ff9b6d62d61799c3e484aad66ad62c09de1ce305cb5d801d01663f53e", kill_on_drop: false }`
[INFO] [stdout] a01c071ff9b6d62d61799c3e484aad66ad62c09de1ce305cb5d801d01663f53e
[INFO] running `Command { std: "docker" "create" "-v" "/var/lib/crater-agent-workspace/builds/worker-1-tc1/target:/opt/rustwide/target:rw,Z" "-v" "/var/lib/crater-agent-workspace/builds/worker-1-tc1/source:/opt/rustwide/workdir:ro,Z" "-v" "/var/lib/crater-agent-workspace/cargo-home:/opt/rustwide/cargo-home:ro,Z" "-v" "/var/lib/crater-agent-workspace/rustup-home:/opt/rustwide/rustup-home:ro,Z" "-e" "SOURCE_DIR=/opt/rustwide/workdir" "-e" "CARGO_TARGET_DIR=/opt/rustwide/target" "-e" "CARGO_INCREMENTAL=0" "-e" "RUST_BACKTRACE=full" "-e" "RUSTFLAGS=--cap-lints=warn" "-e" "RUSTDOCFLAGS=--cap-lints=warn" "-e" "CARGO_HOME=/opt/rustwide/cargo-home" "-e" "RUSTUP_HOME=/opt/rustwide/rustup-home" "-w" "/opt/rustwide/workdir" "-m" "1610612736" "--user" "0:0" "--network" "none" "ghcr.io/rust-lang/crates-build-env/linux@sha256:2788e3201cd34a07e3172128adcd8b3090168a8e3bcc40d7c032b9dda1df7d1c" "/opt/rustwide/cargo-home/bin/cargo" "+1.75.0" "test" "--frozen", kill_on_drop: false }`
[INFO] [stdout] 343894215ea023aaaf06d88533e4feafbb7ff859eec50c7b5addc45bd23449c6
[INFO] running `Command { std: "docker" "start" "-a" "343894215ea023aaaf06d88533e4feafbb7ff859eec50c7b5addc45bd23449c6", kill_on_drop: false }`
[INFO] [stderr] warning: unused manifest key: build
[INFO] [stderr] warning: unused import: `vibration`
[INFO] [stderr]   --> src/router/api/monitor.rs:28:14
[INFO] [stderr]    |
[INFO] [stderr] 28 | pub async fn vibration<'a>(jar:&CookieJar<'_>,db:&'a Logs,id:i32,state:&State<Session>)->EventStream![Event + 'a] {
[INFO] [stderr]    |              ^^^^^^^^^
[INFO] [stderr]    |
[INFO] [stderr]    = note: `#[warn(unused_imports)]` on by default
[INFO] [stderr] 
[INFO] [stderr] warning: unused import: `temp`
[INFO] [stderr]   --> src/router/api/monitor.rs:32:14
[INFO] [stderr]    |
[INFO] [stderr] 32 | pub async fn temp<'a>(jar:&CookieJar<'_>,db:&'a Logs,id:i32,state:&State<Session>)->EventStream![Event + 'a] {
[INFO] [stderr]    |              ^^^^
[INFO] [stderr] 
[INFO] [stderr] warning: unused import: `flow`
[INFO] [stderr]   --> src/router/api/monitor.rs:36:14
[INFO] [stderr]    |
[INFO] [stderr] 36 | pub async fn flow<'a>(jar:&CookieJar<'_>,db:&'a Logs,id:i32,state:&State<Session>)->EventStream![Event + 'a] {
[INFO] [stderr]    |              ^^^^
[INFO] [stderr] 
[INFO] [stderr] warning: unused import: `message`
[INFO] [stderr]   --> src/router/api/monitor.rs:42:14
[INFO] [stderr]    |
[INFO] [stderr] 42 | pub async fn message(jar:&CookieJar<'_>,state:&State<Session>,db:&Logs,id:i32)-> Option<Json<Vec<ShipLogs>>> {
[INFO] [stderr]    |              ^^^^^^^
[INFO] [stderr] 
[INFO] [stderr] warning: unused import: `status`
[INFO] [stderr]   --> src/router/api/monitor.rs:49:14
[INFO] [stderr]    |
[INFO] [stderr] 49 | pub async fn status(jar:&CookieJar<'_>,db:&Logs,state:&State<Session>,ship:Json<UserShip>)->Option<Json<Vec<Status>>> {
[INFO] [stderr]    |              ^^^^^^
[INFO] [stderr] 
[INFO] [stderr] warning: unused import: `login`
[INFO] [stderr]   --> src/router/api/user.rs:14:14
[INFO] [stderr]    |
[INFO] [stderr] 14 | pub async fn login(form:Json<FormUser>,db:&Logs,jar:&CookieJar<'_>,state:&State<Session>)->String{
[INFO] [stderr]    |              ^^^^^
[INFO] [stderr] 
[INFO] [stderr] warning: unused import: `ships`
[INFO] [stderr]   --> src/router/api/user.rs:28:14
[INFO] [stderr]    |
[INFO] [stderr] 28 | pub async fn ships(db:&Logs,jar:&CookieJar<'_>,state:&State<Session>)->Option<Json<Users>> {
[INFO] [stderr]    |              ^^^^^
[INFO] [stderr] 
[INFO] [stderr] warning: unused import: `general`
[INFO] [stderr]  --> src/router/api/input.rs:6:14
[INFO] [stderr]   |
[INFO] [stderr] 6 | pub async fn general(sensor:Json<SensorInput>,db:&Logs,)->Status {
[INFO] [stderr]   |              ^^^^^^^
[INFO] [stderr] 
[INFO] [stderr] warning: unused import: `index`
[INFO] [stderr]   --> src/router/mod.rs:18:10
[INFO] [stderr]    |
[INFO] [stderr] 18 | async fn index(jar:&CookieJar<'_>,state:&State<Session>)->NamedFile {
[INFO] [stderr]    |          ^^^^^
[INFO] [stderr] 
[INFO] [stderr] warning: unused import: `dashboard`
[INFO] [stderr]   --> src/router/mod.rs:23:10
[INFO] [stderr]    |
[INFO] [stderr] 23 | async fn dashboard(jar:&CookieJar<'_>,state:&State<Session>)->NamedFile{
[INFO] [stderr]    |          ^^^^^^^^^
[INFO] [stderr] 
[INFO] [stderr] warning: unused variable: `jar`
[INFO] [stderr]   --> src/router/api/monitor.rs:13:29
[INFO] [stderr]    |
[INFO] [stderr] 13 | async fn generic_stream<'a>(jar:&CookieJar<'_>,db:&'a Logs,id:i32,state:&State<Session>,table:&str)->EventStream![Event + 'a] {
[INFO] [stderr]    |                             ^^^ help: if this is intentional, prefix it with an underscore: `_jar`
[INFO] [stderr]    |
[INFO] [stderr]    = note: `#[warn(unused_variables)]` on by default
[INFO] [stderr] 
[INFO] [stderr] warning: unused variable: `state`
[INFO] [stderr]   --> src/router/api/monitor.rs:13:67
[INFO] [stderr]    |
[INFO] [stderr] 13 | async fn generic_stream<'a>(jar:&CookieJar<'_>,db:&'a Logs,id:i32,state:&State<Session>,table:&str)->EventStream![Event + 'a] {
[INFO] [stderr]    |                                                                   ^^^^^ help: if this is intentional, prefix it with an underscore: `_state`
[INFO] [stderr] 
[INFO] [stderr] warning: `ship-monitor-astro-rocket` (bin "ship-monitor-astro-rocket" test) generated 12 warnings (run `cargo fix --bin "ship-monitor-astro-rocket" --tests` to apply 12 suggestions)
[INFO] [stderr]     Finished test [unoptimized + debuginfo] target(s) in 0.12s
[INFO] [stderr]      Running unittests src/main.rs (/opt/rustwide/target/debug/deps/ship_monitor_astro_rocket-1925d31de977848b)
[INFO] [stdout] 
[INFO] [stdout] running 2 tests
[INFO] [stdout] test setting::test::load_config ... FAILED
[INFO] [stdout] test database::test::connect ... FAILED
[INFO] [stdout] 
[INFO] [stdout] failures:
[INFO] [stdout] 
[INFO] [stdout] ---- setting::test::load_config stdout ----
[INFO] [stdout] thread 'setting::test::load_config' panicked at src/setting.rs:31:40:
[INFO] [stdout] called `Result::unwrap()` on an `Err` value: Os { code: 2, kind: NotFound, message: "No such file or directory" }
[INFO] [stdout] stack backtrace:
[INFO] [stdout]    0:     0x5592af486b3c - std::backtrace_rs::backtrace::libunwind::trace::ha637c64ce894333a
[INFO] [stdout]                                at /rustc/82e1608dfa6e0b5569232559e3d385fea5a93112/library/std/src/../../backtrace/src/backtrace/libunwind.rs:104:5
[INFO] [stdout]    1:     0x5592af486b3c - std::backtrace_rs::backtrace::trace_unsynchronized::h47f62dea28e0c88d
[INFO] [stdout]                                at /rustc/82e1608dfa6e0b5569232559e3d385fea5a93112/library/std/src/../../backtrace/src/backtrace/mod.rs:66:5
[INFO] [stdout]    2:     0x5592af486b3c - std::sys_common::backtrace::_print_fmt::h9eef0abe20ede486
[INFO] [stdout]                                at /rustc/82e1608dfa6e0b5569232559e3d385fea5a93112/library/std/src/sys_common/backtrace.rs:67:5
[INFO] [stdout]    3:     0x5592af486b3c - <std::sys_common::backtrace::_print::DisplayBacktrace as core::fmt::Display>::fmt::hed7f999df88cc644
[INFO] [stdout]                                at /rustc/82e1608dfa6e0b5569232559e3d385fea5a93112/library/std/src/sys_common/backtrace.rs:44:22
[INFO] [stdout]    4:     0x5592af4b2d80 - core::fmt::rt::Argument::fmt::h1539a9308b8d058d
[INFO] [stdout]                                at /rustc/82e1608dfa6e0b5569232559e3d385fea5a93112/library/core/src/fmt/rt.rs:142:9
[INFO] [stdout]    5:     0x5592af4b2d80 - core::fmt::write::h3a39390d8560d9c9
[INFO] [stdout]                                at /rustc/82e1608dfa6e0b5569232559e3d385fea5a93112/library/core/src/fmt/mod.rs:1120:17
[INFO] [stdout]    6:     0x5592af483bef - std::io::Write::write_fmt::h040b369f3a0f9cbc
[INFO] [stdout]                                at /rustc/82e1608dfa6e0b5569232559e3d385fea5a93112/library/std/src/io/mod.rs:1762:15
[INFO] [stdout]    7:     0x5592af486924 - std::sys_common::backtrace::_print::h894006fb5c6f3d45
[INFO] [stdout]                                at /rustc/82e1608dfa6e0b5569232559e3d385fea5a93112/library/std/src/sys_common/backtrace.rs:47:5
[INFO] [stdout]    8:     0x5592af486924 - std::sys_common::backtrace::print::h23a2d212c6fff936
[INFO] [stdout]                                at /rustc/82e1608dfa6e0b5569232559e3d385fea5a93112/library/std/src/sys_common/backtrace.rs:34:9
[INFO] [stdout]    9:     0x5592af4885e7 - std::panicking::default_hook::{{closure}}::h8a1d2ee00185001a
[INFO] [stdout]   10:     0x5592af4882d3 - std::panicking::default_hook::h6038f2eba384e475
[INFO] [stdout]                                at /rustc/82e1608dfa6e0b5569232559e3d385fea5a93112/library/std/src/panicking.rs:289:9
[INFO] [stdout]   11:     0x5592af0dea67 - <alloc::boxed::Box<F,A> as core::ops::function::Fn<Args>>::call::h0ad024c9bdc6d768
[INFO] [stdout]                                at /rustc/82e1608dfa6e0b5569232559e3d385fea5a93112/library/alloc/src/boxed.rs:2021:9
[INFO] [stdout]   12:     0x5592af0dea67 - test::test_main::{{closure}}::h7500b54257359db6
[INFO] [stdout]                                at /rustc/82e1608dfa6e0b5569232559e3d385fea5a93112/library/test/src/lib.rs:138:21
[INFO] [stdout]   13:     0x5592af488bf8 - <alloc::boxed::Box<F,A> as core::ops::function::Fn<Args>>::call::h1f8f335eaa9cfaee
[INFO] [stdout]                                at /rustc/82e1608dfa6e0b5569232559e3d385fea5a93112/library/alloc/src/boxed.rs:2021:9
[INFO] [stdout]   14:     0x5592af488bf8 - std::panicking::rust_panic_with_hook::h2b5517d590cab22e
[INFO] [stdout]                                at /rustc/82e1608dfa6e0b5569232559e3d385fea5a93112/library/std/src/panicking.rs:783:13
[INFO] [stdout]   15:     0x5592af48894e - std::panicking::begin_panic_handler::{{closure}}::h233112c06e0ef43e
[INFO] [stdout]                                at /rustc/82e1608dfa6e0b5569232559e3d385fea5a93112/library/std/src/panicking.rs:657:13
[INFO] [stdout]   16:     0x5592af487006 - std::sys_common::backtrace::__rust_end_short_backtrace::h6e893f24d7ebbff8
[INFO] [stdout]                                at /rustc/82e1608dfa6e0b5569232559e3d385fea5a93112/library/std/src/sys_common/backtrace.rs:170:18
[INFO] [stdout]   17:     0x5592af4886b2 - rust_begin_unwind
[INFO] [stdout]                                at /rustc/82e1608dfa6e0b5569232559e3d385fea5a93112/library/std/src/panicking.rs:645:5
[INFO] [stdout]   18:     0x5592af077485 - core::panicking::panic_fmt::hbf0e066aabfa482c
[INFO] [stdout]                                at /rustc/82e1608dfa6e0b5569232559e3d385fea5a93112/library/core/src/panicking.rs:72:14
[INFO] [stdout]   19:     0x5592af077ab3 - core::result::unwrap_failed::hddb4fea594200c52
[INFO] [stdout]                                at /rustc/82e1608dfa6e0b5569232559e3d385fea5a93112/library/core/src/result.rs:1653:5
[INFO] [stdout]   20:     0x5592af091d5c - core::result::Result<T,E>::unwrap::h9beec1b7d5eb6331
[INFO] [stdout]                                at /rustc/82e1608dfa6e0b5569232559e3d385fea5a93112/library/core/src/result.rs:1077:23
[INFO] [stdout]   21:     0x5592af083b2b - <ship_monitor_astro_rocket::setting::Config as core::default::Default>::default::h51b88930f67ecd25
[INFO] [stdout]                                at /opt/rustwide/workdir/src/setting.rs:31:20
[INFO] [stdout]   22:     0x5592af09f02f - ship_monitor_astro_rocket::setting::test::load_config::h7b10cb5e87e122d8
[INFO] [stdout]                                at /opt/rustwide/workdir/src/setting.rs:65:17
[INFO] [stdout]   23:     0x5592af09f007 - ship_monitor_astro_rocket::setting::test::load_config::{{closure}}::h714e6adfcc216f93
[INFO] [stdout]                                at /opt/rustwide/workdir/src/setting.rs:64:21
[INFO] [stdout]   24:     0x5592af097176 - core::ops::function::FnOnce::call_once::h8d38248575c8209c
[INFO] [stdout]                                at /rustc/82e1608dfa6e0b5569232559e3d385fea5a93112/library/core/src/ops/function.rs:250:5
[INFO] [stdout]   25:     0x5592af0e40bf - core::ops::function::FnOnce::call_once::h2b5d431d5046312d
[INFO] [stdout]                                at /rustc/82e1608dfa6e0b5569232559e3d385fea5a93112/library/core/src/ops/function.rs:250:5
[INFO] [stdout]   26:     0x5592af0e40bf - test::__rust_begin_short_backtrace::h7714669af176e207
[INFO] [stdout]                                at /rustc/82e1608dfa6e0b5569232559e3d385fea5a93112/library/test/src/lib.rs:628:18
[INFO] [stdout]   27:     0x5592af0e30d5 - test::run_test_in_process::{{closure}}::h85218797dcbcec12
[INFO] [stdout]                                at /rustc/82e1608dfa6e0b5569232559e3d385fea5a93112/library/test/src/lib.rs:651:60
[INFO] [stdout]   28:     0x5592af0e30d5 - <core::panic::unwind_safe::AssertUnwindSafe<F> as core::ops::function::FnOnce<()>>::call_once::h76c106ea31c14d7b
[INFO] [stdout]                                at /rustc/82e1608dfa6e0b5569232559e3d385fea5a93112/library/core/src/panic/unwind_safe.rs:272:9
[INFO] [stdout]   29:     0x5592af0e30d5 - std::panicking::try::do_call::h3bd5d0f6620ee946
[INFO] [stdout]                                at /rustc/82e1608dfa6e0b5569232559e3d385fea5a93112/library/std/src/panicking.rs:552:40
[INFO] [stdout]   30:     0x5592af0e30d5 - std::panicking::try::h232e535e4744fe31
[INFO] [stdout]                                at /rustc/82e1608dfa6e0b5569232559e3d385fea5a93112/library/std/src/panicking.rs:516:19
[INFO] [stdout]   31:     0x5592af0e30d5 - std::panic::catch_unwind::h3ce3bd6ca8dbac68
[INFO] [stdout]                                at /rustc/82e1608dfa6e0b5569232559e3d385fea5a93112/library/std/src/panic.rs:142:14
[INFO] [stdout]   32:     0x5592af0e30d5 - test::run_test_in_process::hc97b257c9621286a
[INFO] [stdout]                                at /rustc/82e1608dfa6e0b5569232559e3d385fea5a93112/library/test/src/lib.rs:651:27
[INFO] [stdout]   33:     0x5592af0e30d5 - test::run_test::{{closure}}::h2aa798823a438d38
[INFO] [stdout]                                at /rustc/82e1608dfa6e0b5569232559e3d385fea5a93112/library/test/src/lib.rs:574:43
[INFO] [stdout]   34:     0x5592af0ab396 - test::run_test::{{closure}}::h87d231c78fb59832
[INFO] [stdout]                                at /rustc/82e1608dfa6e0b5569232559e3d385fea5a93112/library/test/src/lib.rs:602:41
[INFO] [stdout]   35:     0x5592af0ab396 - std::sys_common::backtrace::__rust_begin_short_backtrace::he6df152596625789
[INFO] [stdout]                                at /rustc/82e1608dfa6e0b5569232559e3d385fea5a93112/library/std/src/sys_common/backtrace.rs:154:18
[INFO] [stdout]   36:     0x5592af0b0447 - std::thread::Builder::spawn_unchecked_::{{closure}}::{{closure}}::ha94be15d1e0acf36
[INFO] [stdout]                                at /rustc/82e1608dfa6e0b5569232559e3d385fea5a93112/library/std/src/thread/mod.rs:529:17
[INFO] [stdout]   37:     0x5592af0b0447 - <core::panic::unwind_safe::AssertUnwindSafe<F> as core::ops::function::FnOnce<()>>::call_once::h9dc6bd6372f16606
[INFO] [stdout]                                at /rustc/82e1608dfa6e0b5569232559e3d385fea5a93112/library/core/src/panic/unwind_safe.rs:272:9
[INFO] [stdout]   38:     0x5592af0b0447 - std::panicking::try::do_call::h9057517f80303cd4
[INFO] [stdout]                                at /rustc/82e1608dfa6e0b5569232559e3d385fea5a93112/library/std/src/panicking.rs:552:40
[INFO] [stdout]   39:     0x5592af0b0447 - std::panicking::try::he3a30b11ee45340c
[INFO] [stdout]                                at /rustc/82e1608dfa6e0b5569232559e3d385fea5a93112/library/std/src/panicking.rs:516:19
[INFO] [stdout]   40:     0x5592af0b0447 - std::panic::catch_unwind::h410458cfd3528b8b
[INFO] [stdout]                                at /rustc/82e1608dfa6e0b5569232559e3d385fea5a93112/library/std/src/panic.rs:142:14
[INFO] [stdout]   41:     0x5592af0b0447 - std::thread::Builder::spawn_unchecked_::{{closure}}::h72ac3bdb567b737b
[INFO] [stdout]                                at /rustc/82e1608dfa6e0b5569232559e3d385fea5a93112/library/std/src/thread/mod.rs:528:30
[INFO] [stdout]   42:     0x5592af0b0447 - core::ops::function::FnOnce::call_once{{vtable.shim}}::h38f34da3654a8344
[INFO] [stdout]                                at /rustc/82e1608dfa6e0b5569232559e3d385fea5a93112/library/core/src/ops/function.rs:250:5
[INFO] [stdout]   43:     0x5592af48d915 - <alloc::boxed::Box<F,A> as core::ops::function::FnOnce<Args>>::call_once::hc7eafaff61e32df9
[INFO] [stdout]                                at /rustc/82e1608dfa6e0b5569232559e3d385fea5a93112/library/alloc/src/boxed.rs:2007:9
[INFO] [stdout]   44:     0x5592af48d915 - <alloc::boxed::Box<F,A> as core::ops::function::FnOnce<Args>>::call_once::h6ba4a5de48dd2304
[INFO] [stdout]                                at /rustc/82e1608dfa6e0b5569232559e3d385fea5a93112/library/alloc/src/boxed.rs:2007:9
[INFO] [stdout]   45:     0x5592af48d915 - std::sys::unix::thread::Thread::new::thread_start::he469335aef763e45
[INFO] [stdout]                                at /rustc/82e1608dfa6e0b5569232559e3d385fea5a93112/library/std/src/sys/unix/thread.rs:108:17
[INFO] [stdout]   46:     0x7f0573946ac3 - <unknown>
[INFO] [stdout]   47:     0x7f05739d7bf4 - __clone
[INFO] [stdout]   48:                0x0 - <unknown>
[INFO] [stdout] 
[INFO] [stdout] ---- database::test::connect stdout ----
[INFO] [stdout] thread 'database::test::connect' panicked at src/setting.rs:31:40:
[INFO] [stdout] called `Result::unwrap()` on an `Err` value: Os { code: 2, kind: NotFound, message: "No such file or directory" }
[INFO] [stdout] stack backtrace:
[INFO] [stdout]    0:     0x5592af486b3c - std::backtrace_rs::backtrace::libunwind::trace::ha637c64ce894333a
[INFO] [stdout]                                at /rustc/82e1608dfa6e0b5569232559e3d385fea5a93112/library/std/src/../../backtrace/src/backtrace/libunwind.rs:104:5
[INFO] [stdout]    1:     0x5592af486b3c - std::backtrace_rs::backtrace::trace_unsynchronized::h47f62dea28e0c88d
[INFO] [stdout]                                at /rustc/82e1608dfa6e0b5569232559e3d385fea5a93112/library/std/src/../../backtrace/src/backtrace/mod.rs:66:5
[INFO] [stdout]    2:     0x5592af486b3c - std::sys_common::backtrace::_print_fmt::h9eef0abe20ede486
[INFO] [stdout]                                at /rustc/82e1608dfa6e0b5569232559e3d385fea5a93112/library/std/src/sys_common/backtrace.rs:67:5
[INFO] [stdout]    3:     0x5592af486b3c - <std::sys_common::backtrace::_print::DisplayBacktrace as core::fmt::Display>::fmt::hed7f999df88cc644
[INFO] [stdout]                                at /rustc/82e1608dfa6e0b5569232559e3d385fea5a93112/library/std/src/sys_common/backtrace.rs:44:22
[INFO] [stdout]    4:     0x5592af4b2d80 - core::fmt::rt::Argument::fmt::h1539a9308b8d058d
[INFO] [stdout]                                at /rustc/82e1608dfa6e0b5569232559e3d385fea5a93112/library/core/src/fmt/rt.rs:142:9
[INFO] [stdout]    5:     0x5592af4b2d80 - core::fmt::write::h3a39390d8560d9c9
[INFO] [stdout]                                at /rustc/82e1608dfa6e0b5569232559e3d385fea5a93112/library/core/src/fmt/mod.rs:1120:17
[INFO] [stdout]    6:     0x5592af483bef - std::io::Write::write_fmt::h040b369f3a0f9cbc
[INFO] [stdout]                                at /rustc/82e1608dfa6e0b5569232559e3d385fea5a93112/library/std/src/io/mod.rs:1762:15
[INFO] [stdout]    7:     0x5592af486924 - std::sys_common::backtrace::_print::h894006fb5c6f3d45
[INFO] [stdout]                                at /rustc/82e1608dfa6e0b5569232559e3d385fea5a93112/library/std/src/sys_common/backtrace.rs:47:5
[INFO] [stdout]    8:     0x5592af486924 - std::sys_common::backtrace::print::h23a2d212c6fff936
[INFO] [stdout]                                at /rustc/82e1608dfa6e0b5569232559e3d385fea5a93112/library/std/src/sys_common/backtrace.rs:34:9
[INFO] [stdout]    9:     0x5592af4885e7 - std::panicking::default_hook::{{closure}}::h8a1d2ee00185001a
[INFO] [stdout]   10:     0x5592af4882d3 - std::panicking::default_hook::h6038f2eba384e475
[INFO] [stdout]                                at /rustc/82e1608dfa6e0b5569232559e3d385fea5a93112/library/std/src/panicking.rs:289:9
[INFO] [stdout]   11:     0x5592af0dea67 - <alloc::boxed::Box<F,A> as core::ops::function::Fn<Args>>::call::h0ad024c9bdc6d768
[INFO] [stdout]                                at /rustc/82e1608dfa6e0b5569232559e3d385fea5a93112/library/alloc/src/boxed.rs:2021:9
[INFO] [stdout]   12:     0x5592af0dea67 - test::test_main::{{closure}}::h7500b54257359db6
[INFO] [stdout]                                at /rustc/82e1608dfa6e0b5569232559e3d385fea5a93112/library/test/src/lib.rs:138:21
[INFO] [stdout]   13:     0x5592af488bf8 - <alloc::boxed::Box<F,A> as core::ops::function::Fn<Args>>::call::h1f8f335eaa9cfaee
[INFO] [stdout]                                at /rustc/82e1608dfa6e0b5569232559e3d385fea5a93112/library/alloc/src/boxed.rs:2021:9
[INFO] [stdout]   14:     0x5592af488bf8 - std::panicking::rust_panic_with_hook::h2b5517d590cab22e
[INFO] [stdout]                                at /rustc/82e1608dfa6e0b5569232559e3d385fea5a93112/library/std/src/panicking.rs:783:13
[INFO] [stdout]   15:     0x5592af48894e - std::panicking::begin_panic_handler::{{closure}}::h233112c06e0ef43e
[INFO] [stdout]                                at /rustc/82e1608dfa6e0b5569232559e3d385fea5a93112/library/std/src/panicking.rs:657:13
[INFO] [stdout]   16:     0x5592af487006 - std::sys_common::backtrace::__rust_end_short_backtrace::h6e893f24d7ebbff8
[INFO] [stdout]                                at /rustc/82e1608dfa6e0b5569232559e3d385fea5a93112/library/std/src/sys_common/backtrace.rs:170:18
[INFO] [stdout]   17:     0x5592af4886b2 - rust_begin_unwind
[INFO] [stdout]                                at /rustc/82e1608dfa6e0b5569232559e3d385fea5a93112/library/std/src/panicking.rs:645:5
[INFO] [stdout]   18:     0x5592af077485 - core::panicking::panic_fmt::hbf0e066aabfa482c
[INFO] [stdout]                                at /rustc/82e1608dfa6e0b5569232559e3d385fea5a93112/library/core/src/panicking.rs:72:14
[INFO] [stdout]   19:     0x5592af077ab3 - core::result::unwrap_failed::hddb4fea594200c52
[INFO] [stdout]                                at /rustc/82e1608dfa6e0b5569232559e3d385fea5a93112/library/core/src/result.rs:1653:5
[INFO] [stdout]   20:     0x5592af091d5c - core::result::Result<T,E>::unwrap::h9beec1b7d5eb6331
[INFO] [stdout]                                at /rustc/82e1608dfa6e0b5569232559e3d385fea5a93112/library/core/src/result.rs:1077:23
[INFO] [stdout]   21:     0x5592af083b2b - <ship_monitor_astro_rocket::setting::Config as core::default::Default>::default::h51b88930f67ecd25
[INFO] [stdout]                                at /opt/rustwide/workdir/src/setting.rs:31:20
[INFO] [stdout]   22:     0x5592af096f11 - <ship_monitor_astro_rocket::setting::CONF as core::ops::deref::Deref>::deref::__static_ref_initialize::h12345c9a434a61a8
[INFO] [stdout]                                at /opt/rustwide/workdir/src/setting.rs:25:34
[INFO] [stdout]   23:     0x5592af096f11 - core::ops::function::FnOnce::call_once::h39226227f490a31c
[INFO] [stdout]                                at /rustc/82e1608dfa6e0b5569232559e3d385fea5a93112/library/core/src/ops/function.rs:250:5
[INFO] [stdout]   24:     0x5592af091066 - lazy_static::lazy::Lazy<T>::get::{{closure}}::h25b629af32ab5839
[INFO] [stdout]                                at /opt/rustwide/cargo-home/registry/src/index.crates.io-6f17d22bba15001f/lazy_static-1.4.0/src/inline_lazy.rs:31:29
[INFO] [stdout]   25:     0x5592af091796 - std::sync::once::Once::call_once::{{closure}}::h6226818f5466e93a
[INFO] [stdout]                                at /rustc/82e1608dfa6e0b5569232559e3d385fea5a93112/library/std/src/sync/once.rs:149:41
[INFO] [stdout]   26:     0x5592af09150d - std::sys_common::once::futex::Once::call::h2cb1c6dfbd0dc7ff
[INFO] [stdout]                                at /rustc/82e1608dfa6e0b5569232559e3d385fea5a93112/library/std/src/sys_common/once/futex.rs:124:21
[INFO] [stdout]   27:     0x5592af0916eb - std::sync::once::Once::call_once::ha2f5104a3657b153
[INFO] [stdout]                                at /rustc/82e1608dfa6e0b5569232559e3d385fea5a93112/library/std/src/sync/once.rs:149:9
[INFO] [stdout]   28:     0x5592af0880ac - lazy_static::lazy::Lazy<T>::get::h4451ceec98ae244c
[INFO] [stdout]                                at /opt/rustwide/cargo-home/registry/src/index.crates.io-6f17d22bba15001f/lazy_static-1.4.0/src/inline_lazy.rs:30:9
[INFO] [stdout]   29:     0x5592af0880ac - <ship_monitor_astro_rocket::setting::CONF as core::ops::deref::Deref>::deref::__stability::h56befb743facb913
[INFO] [stdout]                                at /opt/rustwide/cargo-home/registry/src/index.crates.io-6f17d22bba15001f/lazy_static-1.4.0/src/lib.rs:142:21
[INFO] [stdout]   30:     0x5592af0880ac - <ship_monitor_astro_rocket::setting::CONF as core::ops::deref::Deref>::deref::h999eb7d1403af70a
[INFO] [stdout]                                at /opt/rustwide/cargo-home/registry/src/index.crates.io-6f17d22bba15001f/lazy_static-1.4.0/src/lib.rs:144:17
[INFO] [stdout]   31:     0x5592af083bf4 - ship_monitor_astro_rocket::setting::db_url::h7729d777415ad71e
[INFO] [stdout]                                at /opt/rustwide/workdir/src/setting.rs:39:16
[INFO] [stdout]   32:     0x5592af0962dd - ship_monitor_astro_rocket::database::test::<impl ship_monitor_astro_rocket::database::Logs>::new::{{closure}}::hedd3f71bfd25a4f3
[INFO] [stdout]                                at /opt/rustwide/workdir/src/database/mod.rs:25:46
[INFO] [stdout]   33:     0x5592af0968d8 - ship_monitor_astro_rocket::database::test::connect::{{closure}}::h23b69b7d94cb1f4d
[INFO] [stdout]                                at /opt/rustwide/workdir/src/database/mod.rs:32:29
[INFO] [stdout]   34:     0x5592af09aa24 - tokio::runtime::park::CachedParkThread::block_on::{{closure}}::h96dc683612ab4ff9
[INFO] [stdout]                                at /opt/rustwide/cargo-home/registry/src/index.crates.io-6f17d22bba15001f/tokio-1.33.0/src/runtime/park.rs:282:63
[INFO] [stdout]   35:     0x5592af09a3d2 - tokio::runtime::coop::with_budget::h7595a2b6e54ad53f
[INFO] [stdout]                                at /opt/rustwide/cargo-home/registry/src/index.crates.io-6f17d22bba15001f/tokio-1.33.0/src/runtime/coop.rs:107:5
[INFO] [stdout]   36:     0x5592af09a3d2 - tokio::runtime::coop::budget::h6a88ba44bb62c963
[INFO] [stdout]                                at /opt/rustwide/cargo-home/registry/src/index.crates.io-6f17d22bba15001f/tokio-1.33.0/src/runtime/coop.rs:73:5
[INFO] [stdout]   37:     0x5592af09a3d2 - tokio::runtime::park::CachedParkThread::block_on::h813f9ad2c21b97cf
[INFO] [stdout]                                at /opt/rustwide/cargo-home/registry/src/index.crates.io-6f17d22bba15001f/tokio-1.33.0/src/runtime/park.rs:282:31
[INFO] [stdout]   38:     0x5592af0a22f2 - tokio::runtime::context::blocking::BlockingRegionGuard::block_on::h7f024cb42a5aa01e
[INFO] [stdout]                                at /opt/rustwide/cargo-home/registry/src/index.crates.io-6f17d22bba15001f/tokio-1.33.0/src/runtime/context/blocking.rs:66:9
[INFO] [stdout]   39:     0x5592af09b2e5 - tokio::runtime::scheduler::multi_thread::MultiThread::block_on::{{closure}}::ha8fd5e6fdca41c3a
[INFO] [stdout]                                at /opt/rustwide/cargo-home/registry/src/index.crates.io-6f17d22bba15001f/tokio-1.33.0/src/runtime/scheduler/multi_thread/mod.rs:87:13
[INFO] [stdout]   40:     0x5592af0a1d2b - tokio::runtime::context::runtime::enter_runtime::h9aee6c1e0c039c5e
[INFO] [stdout]                                at /opt/rustwide/cargo-home/registry/src/index.crates.io-6f17d22bba15001f/tokio-1.33.0/src/runtime/context/runtime.rs:65:16
[INFO] [stdout]   41:     0x5592af09b290 - tokio::runtime::scheduler::multi_thread::MultiThread::block_on::h94cd5fda4f0e96d8
[INFO] [stdout]                                at /opt/rustwide/cargo-home/registry/src/index.crates.io-6f17d22bba15001f/tokio-1.33.0/src/runtime/scheduler/multi_thread/mod.rs:86:9
[INFO] [stdout]   42:     0x5592af0a7d59 - tokio::runtime::runtime::Runtime::block_on::h4344ffa19515635e
[INFO] [stdout]                                at /opt/rustwide/cargo-home/registry/src/index.crates.io-6f17d22bba15001f/tokio-1.33.0/src/runtime/runtime.rs:350:45
[INFO] [stdout]   43:     0x5592af09b581 - rocket::async_run::hbda2e6e9aa82e668
[INFO] [stdout]                                at /opt/rustwide/cargo-home/registry/src/index.crates.io-6f17d22bba15001f/rocket-0.5.0-rc.3/src/lib.rs:247:18
[INFO] [stdout]   44:     0x5592af09b352 - rocket::async_test::h7b9228b4ac5c3da3
[INFO] [stdout]                                at /opt/rustwide/cargo-home/registry/src/index.crates.io-6f17d22bba15001f/rocket-0.5.0-rc.3/src/lib.rs:258:5
[INFO] [stdout]   45:     0x5592af096736 - ship_monitor_astro_rocket::database::test::connect::h56875f65018a6fef
[INFO] [stdout]                                at /opt/rustwide/workdir/src/database/mod.rs:31:23
[INFO] [stdout]   46:     0x5592af0966f7 - ship_monitor_astro_rocket::database::test::connect::{{closure}}::hf6217d06d88999cd
[INFO] [stdout]                                at /opt/rustwide/workdir/src/database/mod.rs:31:23
[INFO] [stdout]   47:     0x5592af097116 - core::ops::function::FnOnce::call_once::h6df3e10f2c63856b
[INFO] [stdout]                                at /rustc/82e1608dfa6e0b5569232559e3d385fea5a93112/library/core/src/ops/function.rs:250:5
[INFO] [stdout]   48:     0x5592af0e40bf - core::ops::function::FnOnce::call_once::h2b5d431d5046312d
[INFO] [stdout]                                at /rustc/82e1608dfa6e0b5569232559e3d385fea5a93112/library/core/src/ops/function.rs:250:5
[INFO] [stdout]   49:     0x5592af0e40bf - test::__rust_begin_short_backtrace::h7714669af176e207
[INFO] [stdout]                                at /rustc/82e1608dfa6e0b5569232559e3d385fea5a93112/library/test/src/lib.rs:628:18
[INFO] [stdout]   50:     0x5592af0e30d5 - test::run_test_in_process::{{closure}}::h85218797dcbcec12
[INFO] [stdout]                                at /rustc/82e1608dfa6e0b5569232559e3d385fea5a93112/library/test/src/lib.rs:651:60
[INFO] [stdout]   51:     0x5592af0e30d5 - <core::panic::unwind_safe::AssertUnwindSafe<F> as core::ops::function::FnOnce<()>>::call_once::h76c106ea31c14d7b
[INFO] [stdout]                                at /rustc/82e1608dfa6e0b5569232559e3d385fea5a93112/library/core/src/panic/unwind_safe.rs:272:9
[INFO] [stdout]   52:     0x5592af0e30d5 - std::panicking::try::do_call::h3bd5d0f6620ee946
[INFO] [stdout]                                at /rustc/82e1608dfa6e0b5569232559e3d385fea5a93112/library/std/src/panicking.rs:552:40
[INFO] [stdout]   53:     0x5592af0e30d5 - std::panicking::try::h232e535e4744fe31
[INFO] [stdout]                                at /rustc/82e1608dfa6e0b5569232559e3d385fea5a93112/library/std/src/panicking.rs:516:19
[INFO] [stdout]   54:     0x5592af0e30d5 - std::panic::catch_unwind::h3ce3bd6ca8dbac68
[INFO] [stdout]                                at /rustc/82e1608dfa6e0b5569232559e3d385fea5a93112/library/std/src/panic.rs:142:14
[INFO] [stdout]   55:     0x5592af0e30d5 - test::run_test_in_process::hc97b257c9621286a
[INFO] [stdout]                                at /rustc/82e1608dfa6e0b5569232559e3d385fea5a93112/library/test/src/lib.rs:651:27
[INFO] [stdout]   56:     0x5592af0e30d5 - test::run_test::{{closure}}::h2aa798823a438d38
[INFO] [stdout]                                at /rustc/82e1608dfa6e0b5569232559e3d385fea5a93112/library/test/src/lib.rs:574:43
[INFO] [stdout]   57:     0x5592af0ab396 - test::run_test::{{closure}}::h87d231c78fb59832
[INFO] [stdout]                                at /rustc/82e1608dfa6e0b5569232559e3d385fea5a93112/library/test/src/lib.rs:602:41
[INFO] [stdout]   58:     0x5592af0ab396 - std::sys_common::backtrace::__rust_begin_short_backtrace::he6df152596625789
[INFO] [stdout]                                at /rustc/82e1608dfa6e0b5569232559e3d385fea5a93112/library/std/src/sys_common/backtrace.rs:154:18
[INFO] [stdout]   59:     0x5592af0b0447 - std::thread::Builder::spawn_unchecked_::{{closure}}::{{closure}}::ha94be15d1e0acf36
[INFO] [stdout]                                at /rustc/82e1608dfa6e0b5569232559e3d385fea5a93112/library/std/src/thread/mod.rs:529:17
[INFO] [stdout]   60:     0x5592af0b0447 - <core::panic::unwind_safe::AssertUnwindSafe<F> as core::ops::function::FnOnce<()>>::call_once::h9dc6bd6372f16606
[INFO] [stdout]                                at /rustc/82e1608dfa6e0b5569232559e3d385fea5a93112/library/core/src/panic/unwind_safe.rs:272:9
[INFO] [stdout]   61:     0x5592af0b0447 - std::panicking::try::do_call::h9057517f80303cd4
[INFO] [stdout]                                at /rustc/82e1608dfa6e0b5569232559e3d385fea5a93112/library/std/src/panicking.rs:552:40
[INFO] [stdout]   62:     0x5592af0b0447 - std::panicking::try::he3a30b11ee45340c
[INFO] [stdout]                                at /rustc/82e1608dfa6e0b5569232559e3d385fea5a93112/library/std/src/panicking.rs:516:19
[INFO] [stdout]   63:     0x5592af0b0447 - std::panic::catch_unwind::h410458cfd3528b8b
[INFO] [stdout]                                at /rustc/82e1608dfa6e0b5569232559e3d385fea5a93112/library/std/src/panic.rs:142:14
[INFO] [stdout]   64:     0x5592af0b0447 - std::thread::Builder::spawn_unchecked_::{{closure}}::h72ac3bdb567b737b
[INFO] [stdout]                                at /rustc/82e1608dfa6e0b5569232559e3d385fea5a93112/library/std/src/thread/mod.rs:528:30
[INFO] [stdout]   65:     0x5592af0b0447 - core::ops::function::FnOnce::call_once{{vtable.shim}}::h38f34da3654a8344
[INFO] [stdout]                                at /rustc/82e1608dfa6e0b5569232559e3d385fea5a93112/library/core/src/ops/function.rs:250:5
[INFO] [stdout]   66:     0x5592af48d915 - <alloc::boxed::Box<F,A> as core::ops::function::FnOnce<Args>>::call_once::hc7eafaff61e32df9
[INFO] [stdout]                                at /rustc/82e1608dfa6e0b5569232559e3d385fea5a93112/library/alloc/src/boxed.rs:2007:9
[INFO] [stdout]   67:     0x5592af48d915 - <alloc::boxed::Box<F,A> as core::ops::function::FnOnce<Args>>::call_once::h6ba4a5de48dd2304
[INFO] [stdout]                                at /rustc/82e1608dfa6e0b5569232559e3d385fea5a93112/library/alloc/src/boxed.rs:2007:9
[INFO] [stdout]   68:     0x5592af48d915 - std::sys::unix::thread::Thread::new::thread_start::he469335aef763e45
[INFO] [stdout]                                at /rustc/82e1608dfa6e0b5569232559e3d385fea5a93112/library/std/src/sys/unix/thread.rs:108:17
[INFO] [stdout]   69:     0x7f0573946ac3 - <unknown>
[INFO] [stdout]   70:     0x7f05739d7bf4 - __clone
[INFO] [stdout]   71:                0x0 - <unknown>
[INFO] [stdout] 
[INFO] [stdout] 
[INFO] [stdout] failures:
[INFO] [stdout]     database::test::connect
[INFO] [stdout]     setting::test::load_config
[INFO] [stdout] 
[INFO] [stdout] test result: FAILED. 0 passed; 2 failed; 0 ignored; 0 measured; 0 filtered out; finished in 0.06s
[INFO] [stdout] 
[INFO] [stderr] error: test failed, to rerun pass `--bin ship-monitor-astro-rocket`
[INFO] running `Command { std: "docker" "inspect" "343894215ea023aaaf06d88533e4feafbb7ff859eec50c7b5addc45bd23449c6", kill_on_drop: false }`
[INFO] running `Command { std: "docker" "rm" "-f" "343894215ea023aaaf06d88533e4feafbb7ff859eec50c7b5addc45bd23449c6", kill_on_drop: false }`
[INFO] [stdout] 343894215ea023aaaf06d88533e4feafbb7ff859eec50c7b5addc45bd23449c6
[INFO] testing HadziqM/test_workflow against beta-2023-12-22 for beta-1.76-1
[INFO] running `Command { std: "git" "clone" "/workspace/cache/git-repos/https%3A%2F%2Fgithub.com%2FHadziqM%2Ftest_workflow" "/workspace/builds/worker-1-tc2/source", kill_on_drop: false }`
[INFO] [stderr] Cloning into '/workspace/builds/worker-1-tc2/source'...
[INFO] [stderr] done.
[INFO] validating manifest of git repo https://github.com/HadziqM/test_workflow on toolchain beta-2023-12-22
[INFO] running `Command { std: CARGO_HOME="/workspace/cargo-home" RUSTUP_HOME="/workspace/rustup-home" "/workspace/cargo-home/bin/cargo" "+beta-2023-12-22" "metadata" "--manifest-path" "Cargo.toml" "--no-deps", kill_on_drop: false }`
[INFO] started tweaking git repo https://github.com/HadziqM/test_workflow
[INFO] finished tweaking git repo https://github.com/HadziqM/test_workflow
[INFO] tweaked toml for git repo https://github.com/HadziqM/test_workflow written to /workspace/builds/worker-1-tc2/source/Cargo.toml
[INFO] crate git repo https://github.com/HadziqM/test_workflow already has a lockfile, it will not be regenerated
[INFO] running `Command { std: CARGO_HOME="/workspace/cargo-home" RUSTUP_HOME="/workspace/rustup-home" "/workspace/cargo-home/bin/cargo" "+beta-2023-12-22" "fetch" "--manifest-path" "Cargo.toml", kill_on_drop: false }`
[INFO] [stderr] warning: unused manifest key: build
[INFO] [stderr]     Blocking waiting for file lock on package cache
[INFO] [stderr]     Blocking waiting for file lock on package cache
[INFO] running `Command { std: "docker" "create" "-v" "/var/lib/crater-agent-workspace/builds/worker-1-tc2/target:/opt/rustwide/target:rw,Z" "-v" "/var/lib/crater-agent-workspace/builds/worker-1-tc2/source:/opt/rustwide/workdir:ro,Z" "-v" "/var/lib/crater-agent-workspace/cargo-home:/opt/rustwide/cargo-home:ro,Z" "-v" "/var/lib/crater-agent-workspace/rustup-home:/opt/rustwide/rustup-home:ro,Z" "-e" "SOURCE_DIR=/opt/rustwide/workdir" "-e" "CARGO_TARGET_DIR=/opt/rustwide/target" "-e" "CARGO_HOME=/opt/rustwide/cargo-home" "-e" "RUSTUP_HOME=/opt/rustwide/rustup-home" "-w" "/opt/rustwide/workdir" "-m" "1610612736" "--user" "0:0" "--network" "none" "ghcr.io/rust-lang/crates-build-env/linux@sha256:2788e3201cd34a07e3172128adcd8b3090168a8e3bcc40d7c032b9dda1df7d1c" "/opt/rustwide/cargo-home/bin/cargo" "+beta-2023-12-22" "metadata" "--no-deps" "--format-version=1", kill_on_drop: false }`
[INFO] [stdout] 2c22a4e9928791bb032443429b73ff2709141e4197bbf34f105b5b865756956d
[INFO] running `Command { std: "docker" "start" "-a" "2c22a4e9928791bb032443429b73ff2709141e4197bbf34f105b5b865756956d", kill_on_drop: false }`
[INFO] running `Command { std: "docker" "inspect" "2c22a4e9928791bb032443429b73ff2709141e4197bbf34f105b5b865756956d", kill_on_drop: false }`
[INFO] running `Command { std: "docker" "rm" "-f" "2c22a4e9928791bb032443429b73ff2709141e4197bbf34f105b5b865756956d", kill_on_drop: false }`
[INFO] [stdout] 2c22a4e9928791bb032443429b73ff2709141e4197bbf34f105b5b865756956d
[INFO] running `Command { std: "docker" "create" "-v" "/var/lib/crater-agent-workspace/builds/worker-1-tc2/target:/opt/rustwide/target:rw,Z" "-v" "/var/lib/crater-agent-workspace/builds/worker-1-tc2/source:/opt/rustwide/workdir:ro,Z" "-v" "/var/lib/crater-agent-workspace/cargo-home:/opt/rustwide/cargo-home:ro,Z" "-v" "/var/lib/crater-agent-workspace/rustup-home:/opt/rustwide/rustup-home:ro,Z" "-e" "SOURCE_DIR=/opt/rustwide/workdir" "-e" "CARGO_TARGET_DIR=/opt/rustwide/target" "-e" "CARGO_INCREMENTAL=0" "-e" "RUST_BACKTRACE=full" "-e" "RUSTFLAGS=--cap-lints=warn" "-e" "RUSTDOCFLAGS=--cap-lints=warn" "-e" "CARGO_HOME=/opt/rustwide/cargo-home" "-e" "RUSTUP_HOME=/opt/rustwide/rustup-home" "-w" "/opt/rustwide/workdir" "-m" "1610612736" "--user" "0:0" "--network" "none" "ghcr.io/rust-lang/crates-build-env/linux@sha256:2788e3201cd34a07e3172128adcd8b3090168a8e3bcc40d7c032b9dda1df7d1c" "/opt/rustwide/cargo-home/bin/cargo" "+beta-2023-12-22" "build" "--frozen" "--message-format=json", kill_on_drop: false }`
[INFO] [stdout] f2eb0383d1dc9b6a3c0a929bc5a3a5c7192d31574b113cdf98c303fbbf017e95
[INFO] running `Command { std: "docker" "start" "-a" "f2eb0383d1dc9b6a3c0a929bc5a3a5c7192d31574b113cdf98c303fbbf017e95", kill_on_drop: false }`
[INFO] [stderr] warning: unused manifest key: build
[INFO] [stderr]    Compiling libc v0.2.149
[INFO] [stderr]    Compiling proc-macro2 v1.0.69
[INFO] [stderr]    Compiling unicode-ident v1.0.12
[INFO] [stderr]    Compiling once_cell v1.18.0
[INFO] [stderr]    Compiling pin-project-lite v0.2.13
[INFO] [stderr]    Compiling futures-core v0.3.28
[INFO] [stderr]    Compiling bytes v1.5.0
[INFO] [stderr]    Compiling itoa v1.0.9
[INFO] [stderr]    Compiling typenum v1.17.0
[INFO] [stderr]    Compiling serde v1.0.189
[INFO] [stderr]    Compiling generic-array v0.14.7
[INFO] [stderr]    Compiling futures-channel v0.3.28
[INFO] [stderr]    Compiling untrusted v0.9.0
[INFO] [stderr]    Compiling memchr v2.6.4
[INFO] [stderr]    Compiling pin-utils v0.1.0
[INFO] [stderr]    Compiling ahash v0.8.6
[INFO] [stderr]    Compiling zerocopy v0.7.15
[INFO] [stderr]    Compiling proc-macro2-diagnostics v0.10.1
[INFO] [stderr]    Compiling smallvec v1.11.1
[INFO] [stderr]    Compiling allocator-api2 v0.2.16
[INFO] [stderr]    Compiling yansi v1.0.0-rc.1
[INFO] [stderr]    Compiling hashbrown v0.12.3
[INFO] [stderr]    Compiling quote v1.0.33
[INFO] [stderr]    Compiling syn v2.0.38
[INFO] [stderr]    Compiling slab v0.4.9
[INFO] [stderr]    Compiling getrandom v0.2.10
[INFO] [stderr]    Compiling cc v1.0.83
[INFO] [stderr]    Compiling socket2 v0.5.5
[INFO] [stderr]    Compiling num_cpus v1.16.0
[INFO] [stderr]    Compiling mio v0.8.9
[INFO] [stderr]    Compiling signal-hook-registry v1.4.1
[INFO] [stderr]    Compiling spin v0.5.2
[INFO] [stderr]    Compiling futures-task v0.3.28
[INFO] [stderr]    Compiling rustls v0.20.9
[INFO] [stderr]    Compiling untrusted v0.7.1
[INFO] [stderr]    Compiling futures-sink v0.3.28
[INFO] [stderr]    Compiling spin v0.9.8
[INFO] [stderr]    Compiling tokio v1.33.0
[INFO] [stderr]    Compiling tracing-core v0.1.32
[INFO] [stderr]    Compiling lock_api v0.4.11
[INFO] [stderr]    Compiling crypto-common v0.1.6
[INFO] [stderr]    Compiling block-buffer v0.10.4
[INFO] [stderr]    Compiling subtle v2.5.0
[INFO] [stderr]    Compiling futures-util v0.3.28
[INFO] [stderr]    Compiling either v1.9.0
[INFO] [stderr]    Compiling fnv v1.0.7
[INFO] [stderr]    Compiling tracing v0.1.40
[INFO] [stderr]    Compiling digest v0.10.7
[INFO] [stderr]    Compiling http v0.2.9
[INFO] [stderr]    Compiling ring v0.17.5
[INFO] [stderr]    Compiling ring v0.16.20
[INFO] [stderr]    Compiling rand_core v0.6.4
[INFO] [stderr]    Compiling num-traits v0.2.17
[INFO] [stderr]    Compiling scopeguard v1.2.0
[INFO] [stderr]    Compiling ppv-lite86 v0.2.17
[INFO] [stderr]    Compiling httparse v1.8.0
[INFO] [stderr]    Compiling futures-io v0.3.28
[INFO] [stderr]    Compiling tinyvec_macros v0.1.1
[INFO] [stderr]    Compiling log v0.4.20
[INFO] [stderr]    Compiling tinyvec v1.6.0
[INFO] [stderr]    Compiling rand_chacha v0.3.1
[INFO] [stderr]    Compiling hashbrown v0.14.2
[INFO] [stderr]    Compiling indexmap v1.9.3
[INFO] [stderr]    Compiling serde_json v1.0.107
[INFO] [stderr]    Compiling ryu v1.0.15
[INFO] [stderr]    Compiling parking_lot_core v0.8.6
[INFO] [stderr]    Compiling unicode-normalization v0.1.22
[INFO] [stderr]    Compiling webpki v0.22.4
[INFO] [stderr]    Compiling instant v0.1.12
[INFO] [stderr]    Compiling unicode-bidi v0.3.13
[INFO] [stderr]    Compiling powerfmt v0.2.0
[INFO] [stderr]    Compiling time-core v0.1.2
[INFO] [stderr]    Compiling crossbeam-utils v0.8.16
[INFO] [stderr]    Compiling try-lock v0.2.4
[INFO] [stderr]    Compiling time-macros v0.2.15
[INFO] [stderr]    Compiling want v0.3.1
[INFO] [stderr]    Compiling deranged v0.3.9
[INFO] [stderr]    Compiling sct v0.7.1
[INFO] [stderr]    Compiling http-body v0.4.5
[INFO] [stderr]    Compiling socket2 v0.4.10
[INFO] [stderr]    Compiling cookie v0.17.0
[INFO] [stderr]    Compiling ahash v0.7.7
[INFO] [stderr]    Compiling cpufeatures v0.2.10
[INFO] [stderr]    Compiling ref-cast v1.0.20
[INFO] [stderr]    Compiling serde_derive v1.0.189
[INFO] [stderr]    Compiling tokio-macros v2.1.0
[INFO] [stderr]    Compiling pear_codegen v0.2.7
[INFO] [stderr]    Compiling bitflags v2.4.1
[INFO] [stderr]    Compiling crossbeam-queue v0.3.8
[INFO] [stderr]    Compiling paste v1.0.14
[INFO] [stderr]    Compiling inlinable_string v0.1.15
[INFO] [stderr]    Compiling iana-time-zone v0.1.58
[INFO] [stderr]    Compiling thiserror v1.0.50
[INFO] [stderr]    Compiling httpdate v1.0.3
[INFO] [stderr]    Compiling byteorder v1.5.0
[INFO] [stderr]    Compiling tower-service v0.3.2
[INFO] [stderr]    Compiling devise_core v0.4.1
[INFO] [stderr]    Compiling ref-cast-impl v1.0.20
[INFO] [stderr]    Compiling thiserror-impl v1.0.50
[INFO] [stderr]    Compiling nom v7.1.3
[INFO] [stderr]    Compiling time v0.3.30
[INFO] [stderr]    Compiling pear v0.2.7
[INFO] [stderr]    Compiling parking_lot v0.11.2
[INFO] [stderr]    Compiling idna v0.4.0
[INFO] [stderr]    Compiling hmac v0.12.1
[INFO] [stderr]    Compiling itertools v0.11.0
[INFO] [stderr]    Compiling form_urlencoded v1.2.0
[INFO] [stderr]    Compiling dirs-sys v0.3.7
[INFO] [stderr]    Compiling uncased v0.9.9
[INFO] [stderr]    Compiling equivalent v1.0.1
[INFO] [stderr]    Compiling base64 v0.13.1
[INFO] [stderr]    Compiling rustix v0.38.20
[INFO] [stderr]    Compiling event-listener v2.5.3
[INFO] [stderr]    Compiling base64 v0.21.5
[INFO] [stderr]    Compiling unicode_categories v0.1.1
[INFO] [stderr]    Compiling finl_unicode v1.2.0
[INFO] [stderr]    Compiling rustls-pemfile v1.0.3
[INFO] [stderr]    Compiling indexmap v2.0.2
[INFO] [stderr]    Compiling tokio-rustls v0.23.4
[INFO] [stderr]    Compiling stringprep v0.1.4
[INFO] [stderr]    Compiling sqlformat v0.2.2
[INFO] [stderr]    Compiling dirs v4.0.0
[INFO] [stderr]    Compiling url v2.4.1
[INFO] [stderr]    Compiling hkdf v0.12.3
[INFO] [stderr]    Compiling futures-intrusive v0.4.2
[INFO] [stderr]    Compiling devise_codegen v0.4.1
[INFO] [stderr]    Compiling tokio-util v0.7.10
[INFO] [stderr]    Compiling sha2 v0.10.8
[INFO] [stderr]    Compiling sha1 v0.10.6
[INFO] [stderr]    Compiling atoi v1.0.0
[INFO] [stderr]    Compiling rand v0.8.5
[INFO] [stderr]    Compiling md-5 v0.10.6
[INFO] [stderr]    Compiling stable-pattern v0.1.0
[INFO] [stderr]    Compiling whoami v1.4.1
[INFO] [stderr]    Compiling parking_lot_core v0.9.9
[INFO] [stderr]    Compiling bitflags v1.3.2
[INFO] [stderr]    Compiling state v0.5.3
[INFO] [stderr]    Compiling dotenvy v0.15.7
[INFO] [stderr]    Compiling winnow v0.5.17
[INFO] [stderr]    Compiling linux-raw-sys v0.4.10
[INFO] [stderr]    Compiling hex v0.4.3
[INFO] [stderr]    Compiling syn v1.0.109
[INFO] [stderr]    Compiling toml_datetime v0.6.5
[INFO] [stderr]    Compiling serde_spanned v0.6.4
[INFO] [stderr]    Compiling futures v0.3.28
[INFO] [stderr]    Compiling hashlink v0.8.4
[INFO] [stderr]    Compiling h2 v0.3.21
[INFO] [stderr]    Compiling devise v0.4.1
[INFO] [stderr]    Compiling tokio-stream v0.1.14
[INFO] [stderr]    Compiling toml_edit v0.20.4
[INFO] [stderr]    Compiling sqlx-rt v0.6.3
[INFO] [stderr]    Compiling hyper v0.14.27
[INFO] [stderr]    Compiling chrono v0.4.31
[INFO] [stderr]    Compiling webpki-roots v0.22.6
[INFO] [stderr]    Compiling figment v0.10.11
[INFO] [stderr]    Compiling multer v2.1.0
[INFO] [stderr]    Compiling unicode-segmentation v1.10.1
[INFO] [stderr]    Compiling async-trait v0.1.74
[INFO] [stderr]    Compiling toml v0.8.4
[INFO] [stderr]    Compiling heck v0.4.1
[INFO] [stderr]    Compiling rocket_http v0.5.0-rc.3
[INFO] [stderr]    Compiling sqlx-core v0.6.3
[INFO] [stderr]    Compiling async-stream-impl v0.3.5
[INFO] [stderr]    Compiling inout v0.1.3
[INFO] [stderr]    Compiling encoding_rs v0.8.33
[INFO] [stderr]    Compiling rocket v0.5.0-rc.3
[INFO] [stderr]    Compiling unicode-xid v0.2.4
[INFO] [stderr]    Compiling glob v0.3.1
[INFO] [stderr]    Compiling mime v0.3.17
[INFO] [stderr]    Compiling fastrand v2.0.1
[INFO] [stderr]    Compiling rocket_codegen v0.5.0-rc.3
[INFO] [stderr]    Compiling tempfile v3.8.0
[INFO] [stderr]    Compiling cipher v0.4.4
[INFO] [stderr]    Compiling async-stream v0.3.5
[INFO] [stderr]    Compiling parking_lot v0.12.1
[INFO] [stderr]    Compiling is-terminal v0.4.9
[INFO] [stderr]    Compiling ubyte v0.10.4
[INFO] [stderr]    Compiling atomic v0.5.3
[INFO] [stderr]    Compiling binascii v0.1.4
[INFO] [stderr]    Compiling yansi v0.5.1
[INFO] [stderr]    Compiling blowfish v0.9.1
[INFO] [stderr]    Compiling rocket_db_pools_codegen v0.1.0-rc.3
[INFO] [stderr]    Compiling uuid-macro-internal v1.5.0
[INFO] [stderr]    Compiling csv-core v0.1.11
[INFO] [stderr]    Compiling zeroize v1.6.0
[INFO] [stderr]    Compiling bcrypt v0.13.0
[INFO] [stderr]    Compiling csv v1.3.0
[INFO] [stderr]    Compiling uuid v1.5.0
[INFO] [stderr]    Compiling async-mutex v1.4.0
[INFO] [stderr]    Compiling sqlx-macros v0.6.3
[INFO] [stderr]    Compiling sqlx v0.6.3
[INFO] [stderr]    Compiling rocket_db_pools v0.1.0-rc.3
[INFO] [stderr]    Compiling ship-monitor-astro-rocket v0.1.0 (/opt/rustwide/workdir)
[INFO] [stdout] warning: unused import: `vibration`
[INFO] [stdout]   --> src/router/api/monitor.rs:28:14
[INFO] [stdout]    |
[INFO] [stdout] 28 | pub async fn vibration<'a>(jar:&CookieJar<'_>,db:&'a Logs,id:i32,state:&State<Session>)->EventStream![Event + 'a] {
[INFO] [stdout]    |              ^^^^^^^^^
[INFO] [stdout]    |
[INFO] [stdout]    = note: `#[warn(unused_imports)]` on by default
[INFO] [stdout] 
[INFO] [stdout] 
[INFO] [stdout] warning: unused import: `temp`
[INFO] [stdout]   --> src/router/api/monitor.rs:32:14
[INFO] [stdout]    |
[INFO] [stdout] 32 | pub async fn temp<'a>(jar:&CookieJar<'_>,db:&'a Logs,id:i32,state:&State<Session>)->EventStream![Event + 'a] {
[INFO] [stdout]    |              ^^^^
[INFO] [stdout] 
[INFO] [stdout] 
[INFO] [stdout] warning: unused import: `flow`
[INFO] [stdout]   --> src/router/api/monitor.rs:36:14
[INFO] [stdout]    |
[INFO] [stdout] 36 | pub async fn flow<'a>(jar:&CookieJar<'_>,db:&'a Logs,id:i32,state:&State<Session>)->EventStream![Event + 'a] {
[INFO] [stdout]    |              ^^^^
[INFO] [stdout] 
[INFO] [stdout] 
[INFO] [stdout] warning: unused import: `message`
[INFO] [stdout]   --> src/router/api/monitor.rs:42:14
[INFO] [stdout]    |
[INFO] [stdout] 42 | pub async fn message(jar:&CookieJar<'_>,state:&State<Session>,db:&Logs,id:i32)-> Option<Json<Vec<ShipLogs>>> {
[INFO] [stdout]    |              ^^^^^^^
[INFO] [stdout] 
[INFO] [stdout] 
[INFO] [stdout] warning: unused import: `status`
[INFO] [stdout]   --> src/router/api/monitor.rs:49:14
[INFO] [stdout]    |
[INFO] [stdout] 49 | pub async fn status(jar:&CookieJar<'_>,db:&Logs,state:&State<Session>,ship:Json<UserShip>)->Option<Json<Vec<Status>>> {
[INFO] [stdout]    |              ^^^^^^
[INFO] [stdout] 
[INFO] [stdout] 
[INFO] [stdout] warning: unused import: `login`
[INFO] [stdout]   --> src/router/api/user.rs:14:14
[INFO] [stdout]    |
[INFO] [stdout] 14 | pub async fn login(form:Json<FormUser>,db:&Logs,jar:&CookieJar<'_>,state:&State<Session>)->String{
[INFO] [stdout]    |              ^^^^^
[INFO] [stdout] 
[INFO] [stdout] 
[INFO] [stdout] warning: unused import: `ships`
[INFO] [stdout]   --> src/router/api/user.rs:28:14
[INFO] [stdout]    |
[INFO] [stdout] 28 | pub async fn ships(db:&Logs,jar:&CookieJar<'_>,state:&State<Session>)->Option<Json<Users>> {
[INFO] [stdout]    |              ^^^^^
[INFO] [stdout] 
[INFO] [stdout] 
[INFO] [stdout] warning: unused import: `general`
[INFO] [stdout]  --> src/router/api/input.rs:6:14
[INFO] [stdout]   |
[INFO] [stdout] 6 | pub async fn general(sensor:Json<SensorInput>,db:&Logs,)->Status {
[INFO] [stdout]   |              ^^^^^^^
[INFO] [stdout] 
[INFO] [stdout] 
[INFO] [stdout] warning: unused import: `index`
[INFO] [stdout]   --> src/router/mod.rs:18:10
[INFO] [stdout]    |
[INFO] [stdout] 18 | async fn index(jar:&CookieJar<'_>,state:&State<Session>)->NamedFile {
[INFO] [stdout]    |          ^^^^^
[INFO] [stdout] 
[INFO] [stdout] 
[INFO] [stdout] warning: unused import: `dashboard`
[INFO] [stdout]   --> src/router/mod.rs:23:10
[INFO] [stdout]    |
[INFO] [stdout] 23 | async fn dashboard(jar:&CookieJar<'_>,state:&State<Session>)->NamedFile{
[INFO] [stdout]    |          ^^^^^^^^^
[INFO] [stdout] 
[INFO] [stdout] 
[INFO] [stdout] warning: unused variable: `jar`
[INFO] [stdout]   --> src/router/api/monitor.rs:13:29
[INFO] [stdout]    |
[INFO] [stdout] 13 | async fn generic_stream<'a>(jar:&CookieJar<'_>,db:&'a Logs,id:i32,state:&State<Session>,table:&str)->EventStream![Event + 'a] {
[INFO] [stdout]    |                             ^^^ help: if this is intentional, prefix it with an underscore: `_jar`
[INFO] [stdout]    |
[INFO] [stdout]    = note: `#[warn(unused_variables)]` on by default
[INFO] [stdout] 
[INFO] [stdout] 
[INFO] [stdout] warning: unused variable: `state`
[INFO] [stdout]   --> src/router/api/monitor.rs:13:67
[INFO] [stdout]    |
[INFO] [stdout] 13 | async fn generic_stream<'a>(jar:&CookieJar<'_>,db:&'a Logs,id:i32,state:&State<Session>,table:&str)->EventStream![Event + 'a] {
[INFO] [stdout]    |                                                                   ^^^^^ help: if this is intentional, prefix it with an underscore: `_state`
[INFO] [stdout] 
[INFO] [stdout] 
[INFO] [stdout] warning: 12 warnings emitted
[INFO] [stdout] 
[INFO] [stdout] 
[INFO] [stderr]     Finished dev [unoptimized + debuginfo] target(s) in 1m 36s
[INFO] running `Command { std: "docker" "inspect" "f2eb0383d1dc9b6a3c0a929bc5a3a5c7192d31574b113cdf98c303fbbf017e95", kill_on_drop: false }`
[INFO] running `Command { std: "docker" "rm" "-f" "f2eb0383d1dc9b6a3c0a929bc5a3a5c7192d31574b113cdf98c303fbbf017e95", kill_on_drop: false }`
[INFO] [stdout] f2eb0383d1dc9b6a3c0a929bc5a3a5c7192d31574b113cdf98c303fbbf017e95
[INFO] running `Command { std: "docker" "create" "-v" "/var/lib/crater-agent-workspace/builds/worker-1-tc2/target:/opt/rustwide/target:rw,Z" "-v" "/var/lib/crater-agent-workspace/builds/worker-1-tc2/source:/opt/rustwide/workdir:ro,Z" "-v" "/var/lib/crater-agent-workspace/cargo-home:/opt/rustwide/cargo-home:ro,Z" "-v" "/var/lib/crater-agent-workspace/rustup-home:/opt/rustwide/rustup-home:ro,Z" "-e" "SOURCE_DIR=/opt/rustwide/workdir" "-e" "CARGO_TARGET_DIR=/opt/rustwide/target" "-e" "CARGO_INCREMENTAL=0" "-e" "RUST_BACKTRACE=full" "-e" "RUSTFLAGS=--cap-lints=warn" "-e" "RUSTDOCFLAGS=--cap-lints=warn" "-e" "CARGO_HOME=/opt/rustwide/cargo-home" "-e" "RUSTUP_HOME=/opt/rustwide/rustup-home" "-w" "/opt/rustwide/workdir" "-m" "1610612736" "--user" "0:0" "--network" "none" "ghcr.io/rust-lang/crates-build-env/linux@sha256:2788e3201cd34a07e3172128adcd8b3090168a8e3bcc40d7c032b9dda1df7d1c" "/opt/rustwide/cargo-home/bin/cargo" "+beta-2023-12-22" "test" "--frozen" "--no-run" "--message-format=json", kill_on_drop: false }`
[INFO] [stdout] effbf0ca78c7e63fd0919077dade496d3edd4eb02736b11885e37658cc7fff31
[INFO] running `Command { std: "docker" "start" "-a" "effbf0ca78c7e63fd0919077dade496d3edd4eb02736b11885e37658cc7fff31", kill_on_drop: false }`
[INFO] [stderr] warning: unused manifest key: build
[INFO] [stderr]    Compiling ship-monitor-astro-rocket v0.1.0 (/opt/rustwide/workdir)
[INFO] [stdout] warning: unused import: `vibration`
[INFO] [stdout]   --> src/router/api/monitor.rs:28:14
[INFO] [stdout]    |
[INFO] [stdout] 28 | pub async fn vibration<'a>(jar:&CookieJar<'_>,db:&'a Logs,id:i32,state:&State<Session>)->EventStream![Event + 'a] {
[INFO] [stdout]    |              ^^^^^^^^^
[INFO] [stdout]    |
[INFO] [stdout]    = note: `#[warn(unused_imports)]` on by default
[INFO] [stdout] 
[INFO] [stdout] 
[INFO] [stdout] warning: unused import: `temp`
[INFO] [stdout]   --> src/router/api/monitor.rs:32:14
[INFO] [stdout]    |
[INFO] [stdout] 32 | pub async fn temp<'a>(jar:&CookieJar<'_>,db:&'a Logs,id:i32,state:&State<Session>)->EventStream![Event + 'a] {
[INFO] [stdout]    |              ^^^^
[INFO] [stdout] 
[INFO] [stdout] 
[INFO] [stdout] warning: unused import: `flow`
[INFO] [stdout]   --> src/router/api/monitor.rs:36:14
[INFO] [stdout]    |
[INFO] [stdout] 36 | pub async fn flow<'a>(jar:&CookieJar<'_>,db:&'a Logs,id:i32,state:&State<Session>)->EventStream![Event + 'a] {
[INFO] [stdout]    |              ^^^^
[INFO] [stdout] 
[INFO] [stdout] 
[INFO] [stdout] warning: unused import: `message`
[INFO] [stdout]   --> src/router/api/monitor.rs:42:14
[INFO] [stdout]    |
[INFO] [stdout] 42 | pub async fn message(jar:&CookieJar<'_>,state:&State<Session>,db:&Logs,id:i32)-> Option<Json<Vec<ShipLogs>>> {
[INFO] [stdout]    |              ^^^^^^^
[INFO] [stdout] 
[INFO] [stdout] 
[INFO] [stdout] warning: unused import: `status`
[INFO] [stdout]   --> src/router/api/monitor.rs:49:14
[INFO] [stdout]    |
[INFO] [stdout] 49 | pub async fn status(jar:&CookieJar<'_>,db:&Logs,state:&State<Session>,ship:Json<UserShip>)->Option<Json<Vec<Status>>> {
[INFO] [stdout]    |              ^^^^^^
[INFO] [stdout] 
[INFO] [stdout] 
[INFO] [stdout] warning: unused import: `login`
[INFO] [stdout]   --> src/router/api/user.rs:14:14
[INFO] [stdout]    |
[INFO] [stdout] 14 | pub async fn login(form:Json<FormUser>,db:&Logs,jar:&CookieJar<'_>,state:&State<Session>)->String{
[INFO] [stdout]    |              ^^^^^
[INFO] [stdout] 
[INFO] [stdout] 
[INFO] [stdout] warning: unused import: `ships`
[INFO] [stdout]   --> src/router/api/user.rs:28:14
[INFO] [stdout]    |
[INFO] [stdout] 28 | pub async fn ships(db:&Logs,jar:&CookieJar<'_>,state:&State<Session>)->Option<Json<Users>> {
[INFO] [stdout]    |              ^^^^^
[INFO] [stdout] 
[INFO] [stdout] 
[INFO] [stdout] warning: unused import: `general`
[INFO] [stdout]  --> src/router/api/input.rs:6:14
[INFO] [stdout]   |
[INFO] [stdout] 6 | pub async fn general(sensor:Json<SensorInput>,db:&Logs,)->Status {
[INFO] [stdout]   |              ^^^^^^^
[INFO] [stdout] 
[INFO] [stdout] 
[INFO] [stdout] warning: unused import: `index`
[INFO] [stdout]   --> src/router/mod.rs:18:10
[INFO] [stdout]    |
[INFO] [stdout] 18 | async fn index(jar:&CookieJar<'_>,state:&State<Session>)->NamedFile {
[INFO] [stdout]    |          ^^^^^
[INFO] [stdout] 
[INFO] [stdout] 
[INFO] [stdout] warning: unused import: `dashboard`
[INFO] [stdout]   --> src/router/mod.rs:23:10
[INFO] [stdout]    |
[INFO] [stdout] 23 | async fn dashboard(jar:&CookieJar<'_>,state:&State<Session>)->NamedFile{
[INFO] [stdout]    |          ^^^^^^^^^
[INFO] [stdout] 
[INFO] [stdout] 
[INFO] [stdout] warning: unused variable: `jar`
[INFO] [stdout]   --> src/router/api/monitor.rs:13:29
[INFO] [stdout]    |
[INFO] [stdout] 13 | async fn generic_stream<'a>(jar:&CookieJar<'_>,db:&'a Logs,id:i32,state:&State<Session>,table:&str)->EventStream![Event + 'a] {
[INFO] [stdout]    |                             ^^^ help: if this is intentional, prefix it with an underscore: `_jar`
[INFO] [stdout]    |
[INFO] [stdout]    = note: `#[warn(unused_variables)]` on by default
[INFO] [stdout] 
[INFO] [stdout] 
[INFO] [stdout] warning: unused variable: `state`
[INFO] [stdout]   --> src/router/api/monitor.rs:13:67
[INFO] [stdout]    |
[INFO] [stdout] 13 | async fn generic_stream<'a>(jar:&CookieJar<'_>,db:&'a Logs,id:i32,state:&State<Session>,table:&str)->EventStream![Event + 'a] {
[INFO] [stdout]    |                                                                   ^^^^^ help: if this is intentional, prefix it with an underscore: `_state`
[INFO] [stdout] 
[INFO] [stdout] 
[INFO] [stdout] warning: 12 warnings emitted
[INFO] [stdout] 
[INFO] [stdout] 
[INFO] [stderr]     Finished test [unoptimized + debuginfo] target(s) in 6.42s
[INFO] running `Command { std: "docker" "inspect" "effbf0ca78c7e63fd0919077dade496d3edd4eb02736b11885e37658cc7fff31", kill_on_drop: false }`
[INFO] running `Command { std: "docker" "rm" "-f" "effbf0ca78c7e63fd0919077dade496d3edd4eb02736b11885e37658cc7fff31", kill_on_drop: false }`
[INFO] [stdout] effbf0ca78c7e63fd0919077dade496d3edd4eb02736b11885e37658cc7fff31
[INFO] running `Command { std: "docker" "create" "-v" "/var/lib/crater-agent-workspace/builds/worker-1-tc2/target:/opt/rustwide/target:rw,Z" "-v" "/var/lib/crater-agent-workspace/builds/worker-1-tc2/source:/opt/rustwide/workdir:ro,Z" "-v" "/var/lib/crater-agent-workspace/cargo-home:/opt/rustwide/cargo-home:ro,Z" "-v" "/var/lib/crater-agent-workspace/rustup-home:/opt/rustwide/rustup-home:ro,Z" "-e" "SOURCE_DIR=/opt/rustwide/workdir" "-e" "CARGO_TARGET_DIR=/opt/rustwide/target" "-e" "CARGO_INCREMENTAL=0" "-e" "RUST_BACKTRACE=full" "-e" "RUSTFLAGS=--cap-lints=warn" "-e" "RUSTDOCFLAGS=--cap-lints=warn" "-e" "CARGO_HOME=/opt/rustwide/cargo-home" "-e" "RUSTUP_HOME=/opt/rustwide/rustup-home" "-w" "/opt/rustwide/workdir" "-m" "1610612736" "--user" "0:0" "--network" "none" "ghcr.io/rust-lang/crates-build-env/linux@sha256:2788e3201cd34a07e3172128adcd8b3090168a8e3bcc40d7c032b9dda1df7d1c" "/opt/rustwide/cargo-home/bin/cargo" "+beta-2023-12-22" "test" "--frozen", kill_on_drop: false }`
[INFO] [stdout] 2e9202fbe3727b7503536ecf6b75c69b0d1874a422487eba2d1871fb4446289b
[INFO] running `Command { std: "docker" "start" "-a" "2e9202fbe3727b7503536ecf6b75c69b0d1874a422487eba2d1871fb4446289b", kill_on_drop: false }`
[INFO] [stderr] warning: unused manifest key: build
[INFO] [stderr] warning: unused import: `vibration`
[INFO] [stderr]   --> src/router/api/monitor.rs:28:14
[INFO] [stderr]    |
[INFO] [stderr] 28 | pub async fn vibration<'a>(jar:&CookieJar<'_>,db:&'a Logs,id:i32,state:&State<Session>)->EventStream![Event + 'a] {
[INFO] [stderr]    |              ^^^^^^^^^
[INFO] [stderr]    |
[INFO] [stderr]    = note: `#[warn(unused_imports)]` on by default
[INFO] [stderr] 
[INFO] [stderr] warning: unused import: `temp`
[INFO] [stderr]   --> src/router/api/monitor.rs:32:14
[INFO] [stderr]    |
[INFO] [stderr] 32 | pub async fn temp<'a>(jar:&CookieJar<'_>,db:&'a Logs,id:i32,state:&State<Session>)->EventStream![Event + 'a] {
[INFO] [stderr]    |              ^^^^
[INFO] [stderr] 
[INFO] [stderr] warning: unused import: `flow`
[INFO] [stderr]   --> src/router/api/monitor.rs:36:14
[INFO] [stderr]    |
[INFO] [stderr] 36 | pub async fn flow<'a>(jar:&CookieJar<'_>,db:&'a Logs,id:i32,state:&State<Session>)->EventStream![Event + 'a] {
[INFO] [stderr]    |              ^^^^
[INFO] [stderr] 
[INFO] [stderr] warning: unused import: `message`
[INFO] [stderr]   --> src/router/api/monitor.rs:42:14
[INFO] [stderr]    |
[INFO] [stderr] 42 | pub async fn message(jar:&CookieJar<'_>,state:&State<Session>,db:&Logs,id:i32)-> Option<Json<Vec<ShipLogs>>> {
[INFO] [stderr]    |              ^^^^^^^
[INFO] [stderr] 
[INFO] [stderr] warning: unused import: `status`
[INFO] [stderr]   --> src/router/api/monitor.rs:49:14
[INFO] [stderr]    |
[INFO] [stderr] 49 | pub async fn status(jar:&CookieJar<'_>,db:&Logs,state:&State<Session>,ship:Json<UserShip>)->Option<Json<Vec<Status>>> {
[INFO] [stderr]    |              ^^^^^^
[INFO] [stderr] 
[INFO] [stderr] warning: unused import: `login`
[INFO] [stderr]   --> src/router/api/user.rs:14:14
[INFO] [stderr]    |
[INFO] [stderr] 14 | pub async fn login(form:Json<FormUser>,db:&Logs,jar:&CookieJar<'_>,state:&State<Session>)->String{
[INFO] [stderr]    |              ^^^^^
[INFO] [stderr] 
[INFO] [stderr] warning: unused import: `ships`
[INFO] [stderr]   --> src/router/api/user.rs:28:14
[INFO] [stderr]    |
[INFO] [stderr] 28 | pub async fn ships(db:&Logs,jar:&CookieJar<'_>,state:&State<Session>)->Option<Json<Users>> {
[INFO] [stderr]    |              ^^^^^
[INFO] [stderr] 
[INFO] [stderr] warning: unused import: `general`
[INFO] [stderr]  --> src/router/api/input.rs:6:14
[INFO] [stderr]   |
[INFO] [stderr] 6 | pub async fn general(sensor:Json<SensorInput>,db:&Logs,)->Status {
[INFO] [stderr]   |              ^^^^^^^
[INFO] [stderr] 
[INFO] [stderr] warning: unused import: `index`
[INFO] [stderr]   --> src/router/mod.rs:18:10
[INFO] [stderr]    |
[INFO] [stderr] 18 | async fn index(jar:&CookieJar<'_>,state:&State<Session>)->NamedFile {
[INFO] [stderr]    |          ^^^^^
[INFO] [stderr] 
[INFO] [stderr] warning: unused import: `dashboard`
[INFO] [stderr]   --> src/router/mod.rs:23:10
[INFO] [stderr]    |
[INFO] [stderr] 23 | async fn dashboard(jar:&CookieJar<'_>,state:&State<Session>)->NamedFile{
[INFO] [stderr]    |          ^^^^^^^^^
[INFO] [stderr] 
[INFO] [stderr] warning: unused variable: `jar`
[INFO] [stderr]   --> src/router/api/monitor.rs:13:29
[INFO] [stderr]    |
[INFO] [stderr] 13 | async fn generic_stream<'a>(jar:&CookieJar<'_>,db:&'a Logs,id:i32,state:&State<Session>,table:&str)->EventStream![Event + 'a] {
[INFO] [stderr]    |                             ^^^ help: if this is intentional, prefix it with an underscore: `_jar`
[INFO] [stderr]    |
[INFO] [stderr]    = note: `#[warn(unused_variables)]` on by default
[INFO] [stderr] 
[INFO] [stderr] warning: unused variable: `state`
[INFO] [stderr]   --> src/router/api/monitor.rs:13:67
[INFO] [stderr]    |
[INFO] [stderr] 13 | async fn generic_stream<'a>(jar:&CookieJar<'_>,db:&'a Logs,id:i32,state:&State<Session>,table:&str)->EventStream![Event + 'a] {
[INFO] [stderr]    |                                                                   ^^^^^ help: if this is intentional, prefix it with an underscore: `_state`
[INFO] [stderr] 
[INFO] [stderr] warning: `ship-monitor-astro-rocket` (bin "ship-monitor-astro-rocket" test) generated 12 warnings (run `cargo fix --bin "ship-monitor-astro-rocket" --tests` to apply 12 suggestions)
[INFO] [stderr]     Finished test [unoptimized + debuginfo] target(s) in 0.24s
[INFO] [stderr]      Running unittests src/main.rs (/opt/rustwide/target/debug/deps/ship_monitor_astro_rocket-dd6146ead91472fe)
[INFO] [stdout] 
[INFO] [stdout] running 2 tests
[INFO] [stdout] test setting::test::load_config ... FAILED
[INFO] [stdout] test database::test::connect ... FAILED
[INFO] [stdout] 
[INFO] [stdout] failures:
[INFO] [stdout] 
[INFO] [stdout] ---- setting::test::load_config stdout ----
[INFO] [stdout] thread 'setting::test::load_config' panicked at src/setting.rs:31:40:
[INFO] [stdout] called `Result::unwrap()` on an `Err` value: Os { code: 2, kind: NotFound, message: "No such file or directory" }
[INFO] [stdout] stack backtrace:
[INFO] [stdout]    0:     0x555a4f66b9b6 - std::backtrace_rs::backtrace::libunwind::trace::h261606ad26a499c1
[INFO] [stdout]                                at /rustc/0e09125c6c3c2fd70d7de961bcf0e51575235fad/library/std/src/../../backtrace/src/backtrace/libunwind.rs:104:5
[INFO] [stdout]    1:     0x555a4f66b9b6 - std::backtrace_rs::backtrace::trace_unsynchronized::hd183f0625477fb28
[INFO] [stdout]                                at /rustc/0e09125c6c3c2fd70d7de961bcf0e51575235fad/library/std/src/../../backtrace/src/backtrace/mod.rs:66:5
[INFO] [stdout]    2:     0x555a4f66b9b6 - std::sys_common::backtrace::_print_fmt::hd7f8fef21b4eda67
[INFO] [stdout]                                at /rustc/0e09125c6c3c2fd70d7de961bcf0e51575235fad/library/std/src/sys_common/backtrace.rs:68:5
[INFO] [stdout]    3:     0x555a4f66b9b6 - <std::sys_common::backtrace::_print::DisplayBacktrace as core::fmt::Display>::fmt::h623d9b51f2f453f1
[INFO] [stdout]                                at /rustc/0e09125c6c3c2fd70d7de961bcf0e51575235fad/library/std/src/sys_common/backtrace.rs:44:22
[INFO] [stdout]    4:     0x555a4f696f00 - core::fmt::rt::Argument::fmt::h9f417ac76a86f368
[INFO] [stdout]                                at /rustc/0e09125c6c3c2fd70d7de961bcf0e51575235fad/library/core/src/fmt/rt.rs:142:9
[INFO] [stdout]    5:     0x555a4f696f00 - core::fmt::write::hc9b6faf4ac2aeff7
[INFO] [stdout]                                at /rustc/0e09125c6c3c2fd70d7de961bcf0e51575235fad/library/core/src/fmt/mod.rs:1120:17
[INFO] [stdout]    6:     0x555a4f668b2f - std::io::Write::write_fmt::he04625a3a989fec3
[INFO] [stdout]                                at /rustc/0e09125c6c3c2fd70d7de961bcf0e51575235fad/library/std/src/io/mod.rs:1810:15
[INFO] [stdout]    7:     0x555a4f66b794 - std::sys_common::backtrace::_print::hd5d66399c7df88a2
[INFO] [stdout]                                at /rustc/0e09125c6c3c2fd70d7de961bcf0e51575235fad/library/std/src/sys_common/backtrace.rs:47:5
[INFO] [stdout]    8:     0x555a4f66b794 - std::sys_common::backtrace::print::he81ed2da642d37e5
[INFO] [stdout]                                at /rustc/0e09125c6c3c2fd70d7de961bcf0e51575235fad/library/std/src/sys_common/backtrace.rs:34:9
[INFO] [stdout]    9:     0x555a4f66d507 - std::panicking::default_hook::{{closure}}::h85773f4fa117163d
[INFO] [stdout]   10:     0x555a4f66d1ed - std::panicking::default_hook::h6a1694a91d09b278
[INFO] [stdout]                                at /rustc/0e09125c6c3c2fd70d7de961bcf0e51575235fad/library/std/src/panicking.rs:289:9
[INFO] [stdout]   11:     0x555a4f2cdb97 - <alloc::boxed::Box<F,A> as core::ops::function::Fn<Args>>::call::h616ac37fa3cd6c8f
[INFO] [stdout]                                at /rustc/0e09125c6c3c2fd70d7de961bcf0e51575235fad/library/alloc/src/boxed.rs:2029:9
[INFO] [stdout]   12:     0x555a4f2cdb97 - test::test_main::{{closure}}::h00d84697cefdcbb6
[INFO] [stdout]                                at /rustc/0e09125c6c3c2fd70d7de961bcf0e51575235fad/library/test/src/lib.rs:138:21
[INFO] [stdout]   13:     0x555a4f66db26 - <alloc::boxed::Box<F,A> as core::ops::function::Fn<Args>>::call::hcb3fe3b9bb537ba8
[INFO] [stdout]                                at /rustc/0e09125c6c3c2fd70d7de961bcf0e51575235fad/library/alloc/src/boxed.rs:2029:9
[INFO] [stdout]   14:     0x555a4f66db26 - std::panicking::rust_panic_with_hook::h0a7ad96e90f7145b
[INFO] [stdout]                                at /rustc/0e09125c6c3c2fd70d7de961bcf0e51575235fad/library/std/src/panicking.rs:783:13
[INFO] [stdout]   15:     0x555a4f66d872 - std::panicking::begin_panic_handler::{{closure}}::h7919090525c6485e
[INFO] [stdout]                                at /rustc/0e09125c6c3c2fd70d7de961bcf0e51575235fad/library/std/src/panicking.rs:657:13
[INFO] [stdout]   16:     0x555a4f66beb6 - std::sys_common::backtrace::__rust_end_short_backtrace::hf3289479464f7dfe
[INFO] [stdout]                                at /rustc/0e09125c6c3c2fd70d7de961bcf0e51575235fad/library/std/src/sys_common/backtrace.rs:171:18
[INFO] [stdout]   17:     0x555a4f66d5d0 - rust_begin_unwind
[INFO] [stdout]                                at /rustc/0e09125c6c3c2fd70d7de961bcf0e51575235fad/library/std/src/panicking.rs:645:5
[INFO] [stdout]   18:     0x555a4f266465 - core::panicking::panic_fmt::hcc9f77c5c132af55
[INFO] [stdout]                                at /rustc/0e09125c6c3c2fd70d7de961bcf0e51575235fad/library/core/src/panicking.rs:72:14
[INFO] [stdout]   19:     0x555a4f266aa3 - core::result::unwrap_failed::hbe14f498be1452f9
[INFO] [stdout]                                at /rustc/0e09125c6c3c2fd70d7de961bcf0e51575235fad/library/core/src/result.rs:1649:5
[INFO] [stdout]   20:     0x555a4f288aa2 - core::result::Result<T,E>::unwrap::hdd8182d184a7bacd
[INFO] [stdout]                                at /rustc/0e09125c6c3c2fd70d7de961bcf0e51575235fad/library/core/src/result.rs:1073:23
[INFO] [stdout]   21:     0x555a4f272beb - <ship_monitor_astro_rocket::setting::Config as core::default::Default>::default::hc0e26d735c2f59f9
[INFO] [stdout]                                at /opt/rustwide/workdir/src/setting.rs:31:20
[INFO] [stdout]   22:     0x555a4f28abbf - ship_monitor_astro_rocket::setting::test::load_config::hb37e8490f035badb
[INFO] [stdout]                                at /opt/rustwide/workdir/src/setting.rs:65:17
[INFO] [stdout]   23:     0x555a4f28ab97 - ship_monitor_astro_rocket::setting::test::load_config::{{closure}}::hdff1f1a56ff667c0
[INFO] [stdout]                                at /opt/rustwide/workdir/src/setting.rs:64:21
[INFO] [stdout]   24:     0x555a4f2863b6 - core::ops::function::FnOnce::call_once::hbea7ee3215789cff
[INFO] [stdout]                                at /rustc/0e09125c6c3c2fd70d7de961bcf0e51575235fad/library/core/src/ops/function.rs:250:5
[INFO] [stdout]   25:     0x555a4f2d346f - core::ops::function::FnOnce::call_once::hd64d26f405258157
[INFO] [stdout]                                at /rustc/0e09125c6c3c2fd70d7de961bcf0e51575235fad/library/core/src/ops/function.rs:250:5
[INFO] [stdout]   26:     0x555a4f2d346f - test::__rust_begin_short_backtrace::he21b0b7a6d731bf9
[INFO] [stdout]                                at /rustc/0e09125c6c3c2fd70d7de961bcf0e51575235fad/library/test/src/lib.rs:627:18
[INFO] [stdout]   27:     0x555a4f2d21f1 - test::run_test_in_process::{{closure}}::hf5c73986d7bdfde2
[INFO] [stdout]                                at /rustc/0e09125c6c3c2fd70d7de961bcf0e51575235fad/library/test/src/lib.rs:650:60
[INFO] [stdout]   28:     0x555a4f2d21f1 - <core::panic::unwind_safe::AssertUnwindSafe<F> as core::ops::function::FnOnce<()>>::call_once::h330011ad032aadc0
[INFO] [stdout]                                at /rustc/0e09125c6c3c2fd70d7de961bcf0e51575235fad/library/core/src/panic/unwind_safe.rs:272:9
[INFO] [stdout]   29:     0x555a4f2d21f1 - std::panicking::try::do_call::he61b0a958b795a41
[INFO] [stdout]                                at /rustc/0e09125c6c3c2fd70d7de961bcf0e51575235fad/library/std/src/panicking.rs:552:40
[INFO] [stdout]   30:     0x555a4f2d21f1 - std::panicking::try::h7309da130f906eb7
[INFO] [stdout]                                at /rustc/0e09125c6c3c2fd70d7de961bcf0e51575235fad/library/std/src/panicking.rs:516:19
[INFO] [stdout]   31:     0x555a4f2d21f1 - std::panic::catch_unwind::hc5c3a06fdaf0a92a
[INFO] [stdout]                                at /rustc/0e09125c6c3c2fd70d7de961bcf0e51575235fad/library/std/src/panic.rs:142:14
[INFO] [stdout]   32:     0x555a4f2d21f1 - test::run_test_in_process::h7e7b7c71c3324e0f
[INFO] [stdout]                                at /rustc/0e09125c6c3c2fd70d7de961bcf0e51575235fad/library/test/src/lib.rs:650:27
[INFO] [stdout]   33:     0x555a4f2d21f1 - test::run_test::{{closure}}::h1f509f28f5cf20b1
[INFO] [stdout]                                at /rustc/0e09125c6c3c2fd70d7de961bcf0e51575235fad/library/test/src/lib.rs:573:43
[INFO] [stdout]   34:     0x555a4f299526 - test::run_test::{{closure}}::h1754218abf443f6d
[INFO] [stdout]                                at /rustc/0e09125c6c3c2fd70d7de961bcf0e51575235fad/library/test/src/lib.rs:601:41
[INFO] [stdout]   35:     0x555a4f299526 - std::sys_common::backtrace::__rust_begin_short_backtrace::h2ee174b9d5954948
[INFO] [stdout]                                at /rustc/0e09125c6c3c2fd70d7de961bcf0e51575235fad/library/std/src/sys_common/backtrace.rs:155:18
[INFO] [stdout]   36:     0x555a4f29e587 - std::thread::Builder::spawn_unchecked_::{{closure}}::{{closure}}::hf60bee9c1a17ef09
[INFO] [stdout]                                at /rustc/0e09125c6c3c2fd70d7de961bcf0e51575235fad/library/std/src/thread/mod.rs:529:17
[INFO] [stdout]   37:     0x555a4f29e587 - <core::panic::unwind_safe::AssertUnwindSafe<F> as core::ops::function::FnOnce<()>>::call_once::h33d0dddec5216160
[INFO] [stdout]                                at /rustc/0e09125c6c3c2fd70d7de961bcf0e51575235fad/library/core/src/panic/unwind_safe.rs:272:9
[INFO] [stdout]   38:     0x555a4f29e587 - std::panicking::try::do_call::h144b3048b546f835
[INFO] [stdout]                                at /rustc/0e09125c6c3c2fd70d7de961bcf0e51575235fad/library/std/src/panicking.rs:552:40
[INFO] [stdout]   39:     0x555a4f29e587 - std::panicking::try::h978244d04646189f
[INFO] [stdout]                                at /rustc/0e09125c6c3c2fd70d7de961bcf0e51575235fad/library/std/src/panicking.rs:516:19
[INFO] [stdout]   40:     0x555a4f29e587 - std::panic::catch_unwind::hdf436369d188fe86
[INFO] [stdout]                                at /rustc/0e09125c6c3c2fd70d7de961bcf0e51575235fad/library/std/src/panic.rs:142:14
[INFO] [stdout]   41:     0x555a4f29e587 - std::thread::Builder::spawn_unchecked_::{{closure}}::h87329cbdd33c79ec
[INFO] [stdout]                                at /rustc/0e09125c6c3c2fd70d7de961bcf0e51575235fad/library/std/src/thread/mod.rs:528:30
[INFO] [stdout]   42:     0x555a4f29e587 - core::ops::function::FnOnce::call_once{{vtable.shim}}::h401abbe67897d450
[INFO] [stdout]                                at /rustc/0e09125c6c3c2fd70d7de961bcf0e51575235fad/library/core/src/ops/function.rs:250:5
[INFO] [stdout]   43:     0x555a4f672885 - <alloc::boxed::Box<F,A> as core::ops::function::FnOnce<Args>>::call_once::h5d7c8f150ab9c84c
[INFO] [stdout]                                at /rustc/0e09125c6c3c2fd70d7de961bcf0e51575235fad/library/alloc/src/boxed.rs:2015:9
[INFO] [stdout]   44:     0x555a4f672885 - <alloc::boxed::Box<F,A> as core::ops::function::FnOnce<Args>>::call_once::h570d5b005c242c15
[INFO] [stdout]                                at /rustc/0e09125c6c3c2fd70d7de961bcf0e51575235fad/library/alloc/src/boxed.rs:2015:9
[INFO] [stdout]   45:     0x555a4f672885 - std::sys::unix::thread::Thread::new::thread_start::h36b0a20c0b2361ad
[INFO] [stdout]                                at /rustc/0e09125c6c3c2fd70d7de961bcf0e51575235fad/library/std/src/sys/unix/thread.rs:108:17
[INFO] [stdout]   46:     0x7f8d48afbac3 - <unknown>
[INFO] [stdout]   47:     0x7f8d48b8cbf4 - __clone
[INFO] [stdout]   48:                0x0 - <unknown>
[INFO] [stdout] 
[INFO] [stdout] ---- database::test::connect stdout ----
[INFO] [stdout] thread 'database::test::connect' panicked at src/setting.rs:31:40:
[INFO] [stdout] called `Result::unwrap()` on an `Err` value: Os { code: 2, kind: NotFound, message: "No such file or directory" }
[INFO] [stdout] stack backtrace:
[INFO] [stdout]    0:     0x555a4f66b9b6 - std::backtrace_rs::backtrace::libunwind::trace::h261606ad26a499c1
[INFO] [stdout]                                at /rustc/0e09125c6c3c2fd70d7de961bcf0e51575235fad/library/std/src/../../backtrace/src/backtrace/libunwind.rs:104:5
[INFO] [stdout]    1:     0x555a4f66b9b6 - std::backtrace_rs::backtrace::trace_unsynchronized::hd183f0625477fb28
[INFO] [stdout]                                at /rustc/0e09125c6c3c2fd70d7de961bcf0e51575235fad/library/std/src/../../backtrace/src/backtrace/mod.rs:66:5
[INFO] [stdout]    2:     0x555a4f66b9b6 - std::sys_common::backtrace::_print_fmt::hd7f8fef21b4eda67
[INFO] [stdout]                                at /rustc/0e09125c6c3c2fd70d7de961bcf0e51575235fad/library/std/src/sys_common/backtrace.rs:68:5
[INFO] [stdout]    3:     0x555a4f66b9b6 - <std::sys_common::backtrace::_print::DisplayBacktrace as core::fmt::Display>::fmt::h623d9b51f2f453f1
[INFO] [stdout]                                at /rustc/0e09125c6c3c2fd70d7de961bcf0e51575235fad/library/std/src/sys_common/backtrace.rs:44:22
[INFO] [stdout]    4:     0x555a4f696f00 - core::fmt::rt::Argument::fmt::h9f417ac76a86f368
[INFO] [stdout]                                at /rustc/0e09125c6c3c2fd70d7de961bcf0e51575235fad/library/core/src/fmt/rt.rs:142:9
[INFO] [stdout]    5:     0x555a4f696f00 - core::fmt::write::hc9b6faf4ac2aeff7
[INFO] [stdout]                                at /rustc/0e09125c6c3c2fd70d7de961bcf0e51575235fad/library/core/src/fmt/mod.rs:1120:17
[INFO] [stdout]    6:     0x555a4f668b2f - std::io::Write::write_fmt::he04625a3a989fec3
[INFO] [stdout]                                at /rustc/0e09125c6c3c2fd70d7de961bcf0e51575235fad/library/std/src/io/mod.rs:1810:15
[INFO] [stdout]    7:     0x555a4f66b794 - std::sys_common::backtrace::_print::hd5d66399c7df88a2
[INFO] [stdout]                                at /rustc/0e09125c6c3c2fd70d7de961bcf0e51575235fad/library/std/src/sys_common/backtrace.rs:47:5
[INFO] [stdout]    8:     0x555a4f66b794 - std::sys_common::backtrace::print::he81ed2da642d37e5
[INFO] [stdout]                                at /rustc/0e09125c6c3c2fd70d7de961bcf0e51575235fad/library/std/src/sys_common/backtrace.rs:34:9
[INFO] [stdout]    9:     0x555a4f66d507 - std::panicking::default_hook::{{closure}}::h85773f4fa117163d
[INFO] [stdout]   10:     0x555a4f66d1ed - std::panicking::default_hook::h6a1694a91d09b278
[INFO] [stdout]                                at /rustc/0e09125c6c3c2fd70d7de961bcf0e51575235fad/library/std/src/panicking.rs:289:9
[INFO] [stdout]   11:     0x555a4f2cdb97 - <alloc::boxed::Box<F,A> as core::ops::function::Fn<Args>>::call::h616ac37fa3cd6c8f
[INFO] [stdout]                                at /rustc/0e09125c6c3c2fd70d7de961bcf0e51575235fad/library/alloc/src/boxed.rs:2029:9
[INFO] [stdout]   12:     0x555a4f2cdb97 - test::test_main::{{closure}}::h00d84697cefdcbb6
[INFO] [stdout]                                at /rustc/0e09125c6c3c2fd70d7de961bcf0e51575235fad/library/test/src/lib.rs:138:21
[INFO] [stdout]   13:     0x555a4f66db26 - <alloc::boxed::Box<F,A> as core::ops::function::Fn<Args>>::call::hcb3fe3b9bb537ba8
[INFO] [stdout]                                at /rustc/0e09125c6c3c2fd70d7de961bcf0e51575235fad/library/alloc/src/boxed.rs:2029:9
[INFO] [stdout]   14:     0x555a4f66db26 - std::panicking::rust_panic_with_hook::h0a7ad96e90f7145b
[INFO] [stdout]                                at /rustc/0e09125c6c3c2fd70d7de961bcf0e51575235fad/library/std/src/panicking.rs:783:13
[INFO] [stdout]   15:     0x555a4f66d872 - std::panicking::begin_panic_handler::{{closure}}::h7919090525c6485e
[INFO] [stdout]                                at /rustc/0e09125c6c3c2fd70d7de961bcf0e51575235fad/library/std/src/panicking.rs:657:13
[INFO] [stdout]   16:     0x555a4f66beb6 - std::sys_common::backtrace::__rust_end_short_backtrace::hf3289479464f7dfe
[INFO] [stdout]                                at /rustc/0e09125c6c3c2fd70d7de961bcf0e51575235fad/library/std/src/sys_common/backtrace.rs:171:18
[INFO] [stdout]   17:     0x555a4f66d5d0 - rust_begin_unwind
[INFO] [stdout]                                at /rustc/0e09125c6c3c2fd70d7de961bcf0e51575235fad/library/std/src/panicking.rs:645:5
[INFO] [stdout]   18:     0x555a4f266465 - core::panicking::panic_fmt::hcc9f77c5c132af55
[INFO] [stdout]                                at /rustc/0e09125c6c3c2fd70d7de961bcf0e51575235fad/library/core/src/panicking.rs:72:14
[INFO] [stdout]   19:     0x555a4f266aa3 - core::result::unwrap_failed::hbe14f498be1452f9
[INFO] [stdout]                                at /rustc/0e09125c6c3c2fd70d7de961bcf0e51575235fad/library/core/src/result.rs:1649:5
[INFO] [stdout]   20:     0x555a4f288aa2 - core::result::Result<T,E>::unwrap::hdd8182d184a7bacd
[INFO] [stdout]                                at /rustc/0e09125c6c3c2fd70d7de961bcf0e51575235fad/library/core/src/result.rs:1073:23
[INFO] [stdout]   21:     0x555a4f272beb - <ship_monitor_astro_rocket::setting::Config as core::default::Default>::default::hc0e26d735c2f59f9
[INFO] [stdout]                                at /opt/rustwide/workdir/src/setting.rs:31:20
[INFO] [stdout]   22:     0x555a4f286491 - <ship_monitor_astro_rocket::setting::CONF as core::ops::deref::Deref>::deref::__static_ref_initialize::hf8b1c4db92b21905
[INFO] [stdout]                                at /opt/rustwide/workdir/src/setting.rs:25:34
[INFO] [stdout]   23:     0x555a4f286491 - core::ops::function::FnOnce::call_once::hd3830158d1f42e10
[INFO] [stdout]                                at /rustc/0e09125c6c3c2fd70d7de961bcf0e51575235fad/library/core/src/ops/function.rs:250:5
[INFO] [stdout]   24:     0x555a4f285796 - lazy_static::lazy::Lazy<T>::get::{{closure}}::h71201d45b8680a48
[INFO] [stdout]                                at /opt/rustwide/cargo-home/registry/src/index.crates.io-6f17d22bba15001f/lazy_static-1.4.0/src/inline_lazy.rs:31:29
[INFO] [stdout]   25:     0x555a4f2937c4 - std::sync::once::Once::call_once::{{closure}}::h41d4931cf955972c
[INFO] [stdout]                                at /rustc/0e09125c6c3c2fd70d7de961bcf0e51575235fad/library/std/src/sync/once.rs:149:41
[INFO] [stdout]   26:     0x555a4f285bd7 - std::sys_common::once::futex::Once::call::h39218b829ad4a5d7
[INFO] [stdout]                                at /rustc/0e09125c6c3c2fd70d7de961bcf0e51575235fad/library/std/src/sys_common/once/futex.rs:124:21
[INFO] [stdout]   27:     0x555a4f29371b - std::sync::once::Once::call_once::h66e34e60a81e7520
[INFO] [stdout]                                at /rustc/0e09125c6c3c2fd70d7de961bcf0e51575235fad/library/std/src/sync/once.rs:149:9
[INFO] [stdout]   28:     0x555a4f27739c - lazy_static::lazy::Lazy<T>::get::h065f4f6a8f64b6f8
[INFO] [stdout]                                at /opt/rustwide/cargo-home/registry/src/index.crates.io-6f17d22bba15001f/lazy_static-1.4.0/src/inline_lazy.rs:30:9
[INFO] [stdout]   29:     0x555a4f27739c - <ship_monitor_astro_rocket::setting::CONF as core::ops::deref::Deref>::deref::__stability::hd1bc145f212a2154
[INFO] [stdout]                                at /opt/rustwide/cargo-home/registry/src/index.crates.io-6f17d22bba15001f/lazy_static-1.4.0/src/lib.rs:142:21
[INFO] [stdout]   30:     0x555a4f27739c - <ship_monitor_astro_rocket::setting::CONF as core::ops::deref::Deref>::deref::h1f7a7972e94d8c5b
[INFO] [stdout]                                at /opt/rustwide/cargo-home/registry/src/index.crates.io-6f17d22bba15001f/lazy_static-1.4.0/src/lib.rs:144:17
[INFO] [stdout]   31:     0x555a4f272cb4 - ship_monitor_astro_rocket::setting::db_url::hf1a1b98b56ca47ee
[INFO] [stdout]                                at /opt/rustwide/workdir/src/setting.rs:39:16
[INFO] [stdout]   32:     0x555a4f298b3a - ship_monitor_astro_rocket::database::test::<impl ship_monitor_astro_rocket::database::Logs>::new::{{closure}}::hb4922a38cb39d7f9
[INFO] [stdout]                                at /opt/rustwide/workdir/src/database/mod.rs:25:46
[INFO] [stdout]   33:     0x555a4f299142 - ship_monitor_astro_rocket::database::test::connect::{{closure}}::h6bf142a896190708
[INFO] [stdout]                                at /opt/rustwide/workdir/src/database/mod.rs:32:29
[INFO] [stdout]   34:     0x555a4f28cf04 - tokio::runtime::park::CachedParkThread::block_on::{{closure}}::hc966cf2fcb02b25f
[INFO] [stdout]                                at /opt/rustwide/cargo-home/registry/src/index.crates.io-6f17d22bba15001f/tokio-1.33.0/src/runtime/park.rs:282:63
[INFO] [stdout]   35:     0x555a4f28cd78 - tokio::runtime::coop::with_budget::hed0bbaf0c092448d
[INFO] [stdout]                                at /opt/rustwide/cargo-home/registry/src/index.crates.io-6f17d22bba15001f/tokio-1.33.0/src/runtime/coop.rs:107:5
[INFO] [stdout]   36:     0x555a4f28cd78 - tokio::runtime::coop::budget::h72707199b65a9dc9
[INFO] [stdout]                                at /opt/rustwide/cargo-home/registry/src/index.crates.io-6f17d22bba15001f/tokio-1.33.0/src/runtime/coop.rs:73:5
[INFO] [stdout]   37:     0x555a4f28cd78 - tokio::runtime::park::CachedParkThread::block_on::he59b7de5acb7d01e
[INFO] [stdout]                                at /opt/rustwide/cargo-home/registry/src/index.crates.io-6f17d22bba15001f/tokio-1.33.0/src/runtime/park.rs:282:31
[INFO] [stdout]   38:     0x555a4f28e144 - tokio::runtime::context::blocking::BlockingRegionGuard::block_on::h3ede5a2b680a1341
[INFO] [stdout]                                at /opt/rustwide/cargo-home/registry/src/index.crates.io-6f17d22bba15001f/tokio-1.33.0/src/runtime/context/blocking.rs:66:9
[INFO] [stdout]   39:     0x555a4f282137 - tokio::runtime::scheduler::multi_thread::MultiThread::block_on::{{closure}}::hb5ab5cf0715150f9
[INFO] [stdout]                                at /opt/rustwide/cargo-home/registry/src/index.crates.io-6f17d22bba15001f/tokio-1.33.0/src/runtime/scheduler/multi_thread/mod.rs:87:13
[INFO] [stdout]   40:     0x555a4f289bbb - tokio::runtime::context::runtime::enter_runtime::h8ba6387f748cb5de
[INFO] [stdout]                                at /opt/rustwide/cargo-home/registry/src/index.crates.io-6f17d22bba15001f/tokio-1.33.0/src/runtime/context/runtime.rs:65:16
[INFO] [stdout]   41:     0x555a4f2820e2 - tokio::runtime::scheduler::multi_thread::MultiThread::block_on::hfe7c96b7d323d1c5
[INFO] [stdout]                                at /opt/rustwide/cargo-home/registry/src/index.crates.io-6f17d22bba15001f/tokio-1.33.0/src/runtime/scheduler/multi_thread/mod.rs:86:9
[INFO] [stdout]   42:     0x555a4f295f29 - tokio::runtime::runtime::Runtime::block_on::h9e4b804d41162820
[INFO] [stdout]                                at /opt/rustwide/cargo-home/registry/src/index.crates.io-6f17d22bba15001f/tokio-1.33.0/src/runtime/runtime.rs:350:45
[INFO] [stdout]   43:     0x555a4f28a2a1 - rocket::async_run::h31d2b4b9b513bc8b
[INFO] [stdout]                                at /opt/rustwide/cargo-home/registry/src/index.crates.io-6f17d22bba15001f/rocket-0.5.0-rc.3/src/lib.rs:247:18
[INFO] [stdout]   44:     0x555a4f28a072 - rocket::async_test::hf9feeba7510da947
[INFO] [stdout]                                at /opt/rustwide/cargo-home/registry/src/index.crates.io-6f17d22bba15001f/rocket-0.5.0-rc.3/src/lib.rs:258:5
[INFO] [stdout]   45:     0x555a4f298fa8 - ship_monitor_astro_rocket::database::test::connect::h386a0a6c70fdbd54
[INFO] [stdout]                                at /opt/rustwide/workdir/src/database/mod.rs:31:23
[INFO] [stdout]   46:     0x555a4f298f67 - ship_monitor_astro_rocket::database::test::connect::{{closure}}::h39f3e94a431bd934
[INFO] [stdout]                                at /opt/rustwide/workdir/src/database/mod.rs:31:23
[INFO] [stdout]   47:     0x555a4f285d86 - core::ops::function::FnOnce::call_once::h19f6d26d156fa552
[INFO] [stdout]                                at /rustc/0e09125c6c3c2fd70d7de961bcf0e51575235fad/library/core/src/ops/function.rs:250:5
[INFO] [stdout]   48:     0x555a4f2d346f - core::ops::function::FnOnce::call_once::hd64d26f405258157
[INFO] [stdout]                                at /rustc/0e09125c6c3c2fd70d7de961bcf0e51575235fad/library/core/src/ops/function.rs:250:5
[INFO] [stdout]   49:     0x555a4f2d346f - test::__rust_begin_short_backtrace::he21b0b7a6d731bf9
[INFO] [stdout]                                at /rustc/0e09125c6c3c2fd70d7de961bcf0e51575235fad/library/test/src/lib.rs:627:18
[INFO] [stdout]   50:     0x555a4f2d21f1 - test::run_test_in_process::{{closure}}::hf5c73986d7bdfde2
[INFO] [stdout]                                at /rustc/0e09125c6c3c2fd70d7de961bcf0e51575235fad/library/test/src/lib.rs:650:60
[INFO] [stdout]   51:     0x555a4f2d21f1 - <core::panic::unwind_safe::AssertUnwindSafe<F> as core::ops::function::FnOnce<()>>::call_once::h330011ad032aadc0
[INFO] [stdout]                                at /rustc/0e09125c6c3c2fd70d7de961bcf0e51575235fad/library/core/src/panic/unwind_safe.rs:272:9
[INFO] [stdout]   52:     0x555a4f2d21f1 - std::panicking::try::do_call::he61b0a958b795a41
[INFO] [stdout]                                at /rustc/0e09125c6c3c2fd70d7de961bcf0e51575235fad/library/std/src/panicking.rs:552:40
[INFO] [stdout]   53:     0x555a4f2d21f1 - std::panicking::try::h7309da130f906eb7
[INFO] [stdout]                                at /rustc/0e09125c6c3c2fd70d7de961bcf0e51575235fad/library/std/src/panicking.rs:516:19
[INFO] [stdout]   54:     0x555a4f2d21f1 - std::panic::catch_unwind::hc5c3a06fdaf0a92a
[INFO] [stdout]                                at /rustc/0e09125c6c3c2fd70d7de961bcf0e51575235fad/library/std/src/panic.rs:142:14
[INFO] [stdout]   55:     0x555a4f2d21f1 - test::run_test_in_process::h7e7b7c71c3324e0f
[INFO] [stdout]                                at /rustc/0e09125c6c3c2fd70d7de961bcf0e51575235fad/library/test/src/lib.rs:650:27
[INFO] [stdout]   56:     0x555a4f2d21f1 - test::run_test::{{closure}}::h1f509f28f5cf20b1
[INFO] [stdout]                                at /rustc/0e09125c6c3c2fd70d7de961bcf0e51575235fad/library/test/src/lib.rs:573:43
[INFO] [stdout]   57:     0x555a4f299526 - test::run_test::{{closure}}::h1754218abf443f6d
[INFO] [stdout]                                at /rustc/0e09125c6c3c2fd70d7de961bcf0e51575235fad/library/test/src/lib.rs:601:41
[INFO] [stdout]   58:     0x555a4f299526 - std::sys_common::backtrace::__rust_begin_short_backtrace::h2ee174b9d5954948
[INFO] [stdout]                                at /rustc/0e09125c6c3c2fd70d7de961bcf0e51575235fad/library/std/src/sys_common/backtrace.rs:155:18
[INFO] [stdout]   59:     0x555a4f29e587 - std::thread::Builder::spawn_unchecked_::{{closure}}::{{closure}}::hf60bee9c1a17ef09
[INFO] [stdout]                                at /rustc/0e09125c6c3c2fd70d7de961bcf0e51575235fad/library/std/src/thread/mod.rs:529:17
[INFO] [stdout]   60:     0x555a4f29e587 - <core::panic::unwind_safe::AssertUnwindSafe<F> as core::ops::function::FnOnce<()>>::call_once::h33d0dddec5216160
[INFO] [stdout]                                at /rustc/0e09125c6c3c2fd70d7de961bcf0e51575235fad/library/core/src/panic/unwind_safe.rs:272:9
[INFO] [stdout]   61:     0x555a4f29e587 - std::panicking::try::do_call::h144b3048b546f835
[INFO] [stdout]                                at /rustc/0e09125c6c3c2fd70d7de961bcf0e51575235fad/library/std/src/panicking.rs:552:40
[INFO] [stdout]   62:     0x555a4f29e587 - std::panicking::try::h978244d04646189f
[INFO] [stdout]                                at /rustc/0e09125c6c3c2fd70d7de961bcf0e51575235fad/library/std/src/panicking.rs:516:19
[INFO] [stdout]   63:     0x555a4f29e587 - std::panic::catch_unwind::hdf436369d188fe86
[INFO] [stdout]                                at /rustc/0e09125c6c3c2fd70d7de961bcf0e51575235fad/library/std/src/panic.rs:142:14
[INFO] [stdout]   64:     0x555a4f29e587 - std::thread::Builder::spawn_unchecked_::{{closure}}::h87329cbdd33c79ec
[INFO] [stdout]                                at /rustc/0e09125c6c3c2fd70d7de961bcf0e51575235fad/library/std/src/thread/mod.rs:528:30
[INFO] [stdout]   65:     0x555a4f29e587 - core::ops::function::FnOnce::call_once{{vtable.shim}}::h401abbe67897d450
[INFO] [stdout]                                at /rustc/0e09125c6c3c2fd70d7de961bcf0e51575235fad/library/core/src/ops/function.rs:250:5
[INFO] [stdout]   66:     0x555a4f672885 - <alloc::boxed::Box<F,A> as core::ops::function::FnOnce<Args>>::call_once::h5d7c8f150ab9c84c
[INFO] [stdout]                                at /rustc/0e09125c6c3c2fd70d7de961bcf0e51575235fad/library/alloc/src/boxed.rs:2015:9
[INFO] [stdout]   67:     0x555a4f672885 - <alloc::boxed::Box<F,A> as core::ops::function::FnOnce<Args>>::call_once::h570d5b005c242c15
[INFO] [stdout]                                at /rustc/0e09125c6c3c2fd70d7de961bcf0e51575235fad/library/alloc/src/boxed.rs:2015:9
[INFO] [stdout]   68:     0x555a4f672885 - std::sys::unix::thread::Thread::new::thread_start::h36b0a20c0b2361ad
[INFO] [stdout]                                at /rustc/0e09125c6c3c2fd70d7de961bcf0e51575235fad/library/std/src/sys/unix/thread.rs:108:17
[INFO] [stdout]   69:     0x7f8d48afbac3 - <unknown>
[INFO] [stdout]   70:     0x7f8d48b8cbf4 - __clone
[INFO] [stdout]   71:                0x0 - <unknown>
[INFO] [stdout] 
[INFO] [stdout] 
[INFO] [stdout] failures:
[INFO] [stdout]     database::test::connect
[INFO] [stdout]     setting::test::load_config
[INFO] [stdout] 
[INFO] [stdout] test result: FAILED. 0 passed; 2 failed; 0 ignored; 0 measured; 0 filtered out; finished in 0.10s
[INFO] [stdout] 
[INFO] [stderr] error: test failed, to rerun pass `--bin ship-monitor-astro-rocket`
[INFO] running `Command { std: "docker" "inspect" "2e9202fbe3727b7503536ecf6b75c69b0d1874a422487eba2d1871fb4446289b", kill_on_drop: false }`
[INFO] running `Command { std: "docker" "rm" "-f" "2e9202fbe3727b7503536ecf6b75c69b0d1874a422487eba2d1871fb4446289b", kill_on_drop: false }`
[INFO] [stdout] 2e9202fbe3727b7503536ecf6b75c69b0d1874a422487eba2d1871fb4446289b
