[INFO] cloning repository https://github.com/HMate/rumoeba
[INFO] running `Command { std: "git" "-c" "credential.helper=" "-c" "credential.helper=/workspace/cargo-home/bin/git-credential-null" "clone" "--bare" "https://github.com/HMate/rumoeba" "/workspace/cache/git-repos/https%3A%2F%2Fgithub.com%2FHMate%2Frumoeba", kill_on_drop: false }`
[INFO] [stderr] Cloning into bare repository '/workspace/cache/git-repos/https%3A%2F%2Fgithub.com%2FHMate%2Frumoeba'...
[INFO] running `Command { std: "git" "rev-parse" "HEAD", kill_on_drop: false }`
[INFO] [stdout] 8244ee32019e0868dde556fc79b828be416b20a9
[INFO] testing HMate/rumoeba against 1.75.0 for beta-1.76-1
[INFO] running `Command { std: "git" "clone" "/workspace/cache/git-repos/https%3A%2F%2Fgithub.com%2FHMate%2Frumoeba" "/workspace/builds/worker-0-tc1/source", kill_on_drop: false }`
[INFO] [stderr] Cloning into '/workspace/builds/worker-0-tc1/source'...
[INFO] [stderr] done.
[INFO] validating manifest of git repo https://github.com/HMate/rumoeba on toolchain 1.75.0
[INFO] running `Command { std: CARGO_HOME="/workspace/cargo-home" RUSTUP_HOME="/workspace/rustup-home" "/workspace/cargo-home/bin/cargo" "+1.75.0" "metadata" "--manifest-path" "Cargo.toml" "--no-deps", kill_on_drop: false }`
[INFO] started tweaking git repo https://github.com/HMate/rumoeba
[INFO] finished tweaking git repo https://github.com/HMate/rumoeba
[INFO] tweaked toml for git repo https://github.com/HMate/rumoeba written to /workspace/builds/worker-0-tc1/source/Cargo.toml
[INFO] crate git repo https://github.com/HMate/rumoeba already has a lockfile, it will not be regenerated
[INFO] running `Command { std: CARGO_HOME="/workspace/cargo-home" RUSTUP_HOME="/workspace/rustup-home" "/workspace/cargo-home/bin/cargo" "+1.75.0" "fetch" "--manifest-path" "Cargo.toml", kill_on_drop: false }`
[INFO] [stderr]     Updating crates.io index
[INFO] [stderr]  Downloading crates ...
[INFO] [stderr]   Downloaded clicolors-control v1.0.0
[INFO] [stderr]   Downloaded termion v1.5.2
[INFO] [stderr]   Downloaded console v0.7.7
[INFO] [stderr]   Downloaded encode_unicode v0.3.5
[INFO] running `Command { std: "docker" "create" "-v" "/var/lib/crater-agent-workspace/builds/worker-0-tc1/target:/opt/rustwide/target:rw,Z" "-v" "/var/lib/crater-agent-workspace/builds/worker-0-tc1/source:/opt/rustwide/workdir:ro,Z" "-v" "/var/lib/crater-agent-workspace/cargo-home:/opt/rustwide/cargo-home:ro,Z" "-v" "/var/lib/crater-agent-workspace/rustup-home:/opt/rustwide/rustup-home:ro,Z" "-e" "SOURCE_DIR=/opt/rustwide/workdir" "-e" "CARGO_TARGET_DIR=/opt/rustwide/target" "-e" "CARGO_HOME=/opt/rustwide/cargo-home" "-e" "RUSTUP_HOME=/opt/rustwide/rustup-home" "-w" "/opt/rustwide/workdir" "-m" "1610612736" "--user" "0:0" "--network" "none" "ghcr.io/rust-lang/crates-build-env/linux@sha256:2788e3201cd34a07e3172128adcd8b3090168a8e3bcc40d7c032b9dda1df7d1c" "/opt/rustwide/cargo-home/bin/cargo" "+1.75.0" "metadata" "--no-deps" "--format-version=1", kill_on_drop: false }`
[INFO] [stdout] 686e3840d8e2bb3e53449c76e3cc11aad91b25d14a332e19898dbe5e653b782e
[INFO] running `Command { std: "docker" "start" "-a" "686e3840d8e2bb3e53449c76e3cc11aad91b25d14a332e19898dbe5e653b782e", kill_on_drop: false }`
[INFO] running `Command { std: "docker" "inspect" "686e3840d8e2bb3e53449c76e3cc11aad91b25d14a332e19898dbe5e653b782e", kill_on_drop: false }`
[INFO] running `Command { std: "docker" "rm" "-f" "686e3840d8e2bb3e53449c76e3cc11aad91b25d14a332e19898dbe5e653b782e", kill_on_drop: false }`
[INFO] [stdout] 686e3840d8e2bb3e53449c76e3cc11aad91b25d14a332e19898dbe5e653b782e
[INFO] running `Command { std: "docker" "create" "-v" "/var/lib/crater-agent-workspace/builds/worker-0-tc1/target:/opt/rustwide/target:rw,Z" "-v" "/var/lib/crater-agent-workspace/builds/worker-0-tc1/source:/opt/rustwide/workdir:ro,Z" "-v" "/var/lib/crater-agent-workspace/cargo-home:/opt/rustwide/cargo-home:ro,Z" "-v" "/var/lib/crater-agent-workspace/rustup-home:/opt/rustwide/rustup-home:ro,Z" "-e" "SOURCE_DIR=/opt/rustwide/workdir" "-e" "CARGO_TARGET_DIR=/opt/rustwide/target" "-e" "CARGO_INCREMENTAL=0" "-e" "RUST_BACKTRACE=full" "-e" "RUSTFLAGS=--cap-lints=warn" "-e" "RUSTDOCFLAGS=--cap-lints=warn" "-e" "CARGO_HOME=/opt/rustwide/cargo-home" "-e" "RUSTUP_HOME=/opt/rustwide/rustup-home" "-w" "/opt/rustwide/workdir" "-m" "1610612736" "--user" "0:0" "--network" "none" "ghcr.io/rust-lang/crates-build-env/linux@sha256:2788e3201cd34a07e3172128adcd8b3090168a8e3bcc40d7c032b9dda1df7d1c" "/opt/rustwide/cargo-home/bin/cargo" "+1.75.0" "build" "--frozen" "--message-format=json", kill_on_drop: false }`
[INFO] [stdout] 85266e65a8b8fe01ccb46b04f2f14f69948a5eea46d9a9214672cc1a1dcc1d15
[INFO] running `Command { std: "docker" "start" "-a" "85266e65a8b8fe01ccb46b04f2f14f69948a5eea46d9a9214672cc1a1dcc1d15", kill_on_drop: false }`
[INFO] [stderr]    Compiling autocfg v0.1.4
[INFO] [stderr]    Compiling rand_core v0.4.0
[INFO] [stderr]    Compiling libc v0.2.58
[INFO] [stderr]    Compiling semver-parser v0.7.0
[INFO] [stderr]    Compiling memchr v2.2.0
[INFO] [stderr]    Compiling lazy_static v1.3.0
[INFO] [stderr]    Compiling cfg-if v0.1.9
[INFO] [stderr]    Compiling regex v1.1.6
[INFO] [stderr]    Compiling scopeguard v1.0.0
[INFO] [stderr]    Compiling smallvec v0.6.9
[INFO] [stderr]    Compiling ucd-util v0.1.3
[INFO] [stderr]    Compiling utf8-ranges v1.0.2
[INFO] [stderr]    Compiling unicode-width v0.1.5
[INFO] [stderr]    Compiling thread_local v0.3.6
[INFO] [stderr]    Compiling lock_api v0.2.0
[INFO] [stderr]    Compiling regex-syntax v0.6.6
[INFO] [stderr]    Compiling rand_core v0.3.1
[INFO] [stderr]    Compiling rand_jitter v0.1.4
[INFO] [stderr]    Compiling semver v0.9.0
[INFO] [stderr]    Compiling rand_xorshift v0.1.1
[INFO] [stderr]    Compiling rand_isaac v0.1.1
[INFO] [stderr]    Compiling rand_hc v0.1.0
[INFO] [stderr]    Compiling rand_chacha v0.1.1
[INFO] [stderr]    Compiling rand_pcg v0.1.2
[INFO] [stderr]    Compiling rand v0.6.5
[INFO] [stderr]    Compiling rustc_version v0.2.3
[INFO] [stderr]    Compiling parking_lot_core v0.5.0
[INFO] [stderr]    Compiling parking_lot v0.8.0
[INFO] [stderr]    Compiling aho-corasick v0.7.3
[INFO] [stderr]    Compiling rand_os v0.1.3
[INFO] [stderr]    Compiling clicolors-control v1.0.0
[INFO] [stderr]    Compiling atty v0.2.11
[INFO] [stderr]    Compiling termios v0.3.1
[INFO] [stderr]    Compiling console v0.7.7
[INFO] [stderr]    Compiling rumoeba v0.1.0 (/opt/rustwide/workdir)
[INFO] [stderr]     Finished dev [unoptimized + debuginfo] target(s) in 2.88s
[INFO] running `Command { std: "docker" "inspect" "85266e65a8b8fe01ccb46b04f2f14f69948a5eea46d9a9214672cc1a1dcc1d15", kill_on_drop: false }`
[INFO] running `Command { std: "docker" "rm" "-f" "85266e65a8b8fe01ccb46b04f2f14f69948a5eea46d9a9214672cc1a1dcc1d15", kill_on_drop: false }`
[INFO] [stdout] 85266e65a8b8fe01ccb46b04f2f14f69948a5eea46d9a9214672cc1a1dcc1d15
[INFO] running `Command { std: "docker" "create" "-v" "/var/lib/crater-agent-workspace/builds/worker-0-tc1/target:/opt/rustwide/target:rw,Z" "-v" "/var/lib/crater-agent-workspace/builds/worker-0-tc1/source:/opt/rustwide/workdir:ro,Z" "-v" "/var/lib/crater-agent-workspace/cargo-home:/opt/rustwide/cargo-home:ro,Z" "-v" "/var/lib/crater-agent-workspace/rustup-home:/opt/rustwide/rustup-home:ro,Z" "-e" "SOURCE_DIR=/opt/rustwide/workdir" "-e" "CARGO_TARGET_DIR=/opt/rustwide/target" "-e" "CARGO_INCREMENTAL=0" "-e" "RUST_BACKTRACE=full" "-e" "RUSTFLAGS=--cap-lints=warn" "-e" "RUSTDOCFLAGS=--cap-lints=warn" "-e" "CARGO_HOME=/opt/rustwide/cargo-home" "-e" "RUSTUP_HOME=/opt/rustwide/rustup-home" "-w" "/opt/rustwide/workdir" "-m" "1610612736" "--user" "0:0" "--network" "none" "ghcr.io/rust-lang/crates-build-env/linux@sha256:2788e3201cd34a07e3172128adcd8b3090168a8e3bcc40d7c032b9dda1df7d1c" "/opt/rustwide/cargo-home/bin/cargo" "+1.75.0" "test" "--frozen" "--no-run" "--message-format=json", kill_on_drop: false }`
[INFO] [stdout] 3601495bb1150919c389d1fbfd442165e4a04aad6249ffa5c5d3603b56ff2d33
[INFO] running `Command { std: "docker" "start" "-a" "3601495bb1150919c389d1fbfd442165e4a04aad6249ffa5c5d3603b56ff2d33", kill_on_drop: false }`
[INFO] [stderr]    Compiling rumoeba v0.1.0 (/opt/rustwide/workdir)
[INFO] [stderr]     Finished test [unoptimized + debuginfo] target(s) in 0.53s
[INFO] running `Command { std: "docker" "inspect" "3601495bb1150919c389d1fbfd442165e4a04aad6249ffa5c5d3603b56ff2d33", kill_on_drop: false }`
[INFO] running `Command { std: "docker" "rm" "-f" "3601495bb1150919c389d1fbfd442165e4a04aad6249ffa5c5d3603b56ff2d33", kill_on_drop: false }`
[INFO] [stdout] 3601495bb1150919c389d1fbfd442165e4a04aad6249ffa5c5d3603b56ff2d33
[INFO] running `Command { std: "docker" "create" "-v" "/var/lib/crater-agent-workspace/builds/worker-0-tc1/target:/opt/rustwide/target:rw,Z" "-v" "/var/lib/crater-agent-workspace/builds/worker-0-tc1/source:/opt/rustwide/workdir:ro,Z" "-v" "/var/lib/crater-agent-workspace/cargo-home:/opt/rustwide/cargo-home:ro,Z" "-v" "/var/lib/crater-agent-workspace/rustup-home:/opt/rustwide/rustup-home:ro,Z" "-e" "SOURCE_DIR=/opt/rustwide/workdir" "-e" "CARGO_TARGET_DIR=/opt/rustwide/target" "-e" "CARGO_INCREMENTAL=0" "-e" "RUST_BACKTRACE=full" "-e" "RUSTFLAGS=--cap-lints=warn" "-e" "RUSTDOCFLAGS=--cap-lints=warn" "-e" "CARGO_HOME=/opt/rustwide/cargo-home" "-e" "RUSTUP_HOME=/opt/rustwide/rustup-home" "-w" "/opt/rustwide/workdir" "-m" "1610612736" "--user" "0:0" "--network" "none" "ghcr.io/rust-lang/crates-build-env/linux@sha256:2788e3201cd34a07e3172128adcd8b3090168a8e3bcc40d7c032b9dda1df7d1c" "/opt/rustwide/cargo-home/bin/cargo" "+1.75.0" "test" "--frozen", kill_on_drop: false }`
[INFO] [stdout] 500a8084950e854924ed0f0d86247fd821ba0131eb0d370519e8e0955de08a1e
[INFO] running `Command { std: "docker" "start" "-a" "500a8084950e854924ed0f0d86247fd821ba0131eb0d370519e8e0955de08a1e", kill_on_drop: false }`
[INFO] [stderr]     Finished test [unoptimized + debuginfo] target(s) in 0.02s
[INFO] [stderr]      Running unittests src/lib.rs (/opt/rustwide/target/debug/deps/rumoeba-9dc3e247d9d7001f)
[INFO] [stdout] 
[INFO] [stdout] running 22 tests
[INFO] [stdout] test game_board::tests::get_mark ... ok
[INFO] [stdout] test awesome_mode::tests::show_board_xo ... ok
[INFO] [stdout] test awesome_mode::tests::show_board_empty_with_x ... ok
[INFO] [stdout] test game_board::tests::get_mark_x ... ok
[INFO] [stdout] test game_board::tests::get_size ... ok
[INFO] [stdout] test player::tests::get_player_name ... ok
[INFO] [stdout] test ui::tests::show_board_empty ... ok
[INFO] [stdout] test ui::tests::show_board_xo ... ok
[INFO] [stdout] test xogame::tests::finished_column ... ok
[INFO] [stdout] test xogame::tests::finished_even_diagonal ... ok
[INFO] [stdout] test xogame::tests::finished_odd_diagonal ... ok
[INFO] [stdout] test xogame::tests::finished_row ... ok
[INFO] [stdout] test xogame::tests::finished_row_non_continously ... ok
[INFO] [stdout] test xogame::tests::get_player_mark ... ok
[INFO] [stdout] test xogame::tests::place_to_same_place_gives_error ... ok
[INFO] [stdout] test xogame::tests::play_game ... ok
[INFO] [stdout] test xogame::tests::play_game_to_tie ... ok
[INFO] [stdout] test xogame::tests::play_game_4 ... ok
[INFO] [stdout] test xogame::tests::game_not_finished_initially ... ok
[INFO] [stdout] test xogame::tests::play_game_5 ... ok
[INFO] [stdout] test game_board::tests::panic_when_mark_out_of_board - should panic ... ok
[INFO] [stdout] test game_board::tests::panic_when_read_out_of_board - should panic ... ok
[INFO] [stdout] 
[INFO] [stdout] test result: ok. 22 passed; 0 failed; 0 ignored; 0 measured; 0 filtered out; finished in 0.02s
[INFO] [stdout] 
[INFO] [stderr]      Running unittests src/main.rs (/opt/rustwide/target/debug/deps/rumoeba-f207caed53e1bc63)
[INFO] [stdout] 
[INFO] [stdout] running 0 tests
[INFO] [stdout] 
[INFO] [stdout] test result: ok. 0 passed; 0 failed; 0 ignored; 0 measured; 0 filtered out; finished in 0.00s
[INFO] [stdout] 
[INFO] [stderr]    Doc-tests rumoeba
[INFO] [stdout] 
[INFO] [stdout] running 2 tests
[INFO] [stdout] test src/game_board.rs - game_board::Board::read (line 32) ... FAILED
[INFO] [stdout] test src/game_board.rs - game_board::Board::mark (line 45) ... FAILED
[INFO] [stdout] 
[INFO] [stdout] failures:
[INFO] [stdout] 
[INFO] [stdout] ---- src/game_board.rs - game_board::Board::read (line 32) stdout ----
[INFO] [stdout] error[E0432]: unresolved import `game_board`
[INFO] [stdout]  --> src/game_board.rs:33:7
[INFO] [stdout]   |
[INFO] [stdout] 3 | use ::game_board::*;
[INFO] [stdout]   |       ^^^^^^^^^^ could not find `game_board` in the list of imported crates
[INFO] [stdout] 
[INFO] [stdout] error[E0433]: failed to resolve: use of undeclared type `Board`
[INFO] [stdout]  --> src/game_board.rs:34:9
[INFO] [stdout]   |
[INFO] [stdout] 4 | let b = Board::new(3);
[INFO] [stdout]   |         ^^^^^ use of undeclared type `Board`
[INFO] [stdout] 
[INFO] [stdout] error[E0433]: failed to resolve: use of undeclared type `Mark`
[INFO] [stdout]  --> src/game_board.rs:35:26
[INFO] [stdout]   |
[INFO] [stdout] 5 | assert_eq!(b.read(2, 1), Mark::Unmarked);
[INFO] [stdout]   |                          ^^^^ use of undeclared type `Mark`
[INFO] [stdout] 
[INFO] [stdout] error: aborting due to 3 previous errors
[INFO] [stdout] 
[INFO] [stdout] Some errors have detailed explanations: E0432, E0433.
[INFO] [stdout] For more information about an error, try `rustc --explain E0432`.
[INFO] [stdout] Couldn't compile the test.
[INFO] [stdout] ---- src/game_board.rs - game_board::Board::mark (line 45) stdout ----
[INFO] [stdout] error[E0432]: unresolved import `game_board`
[INFO] [stdout]  --> src/game_board.rs:46:7
[INFO] [stdout]   |
[INFO] [stdout] 3 | use ::game_board::*;
[INFO] [stdout]   |       ^^^^^^^^^^ could not find `game_board` in the list of imported crates
[INFO] [stdout] 
[INFO] [stdout] error[E0433]: failed to resolve: use of undeclared type `Board`
[INFO] [stdout]  --> src/game_board.rs:47:13
[INFO] [stdout]   |
[INFO] [stdout] 4 | let mut b = Board::new(3);
[INFO] [stdout]   |             ^^^^^ use of undeclared type `Board`
[INFO] [stdout] 
[INFO] [stdout] error[E0433]: failed to resolve: use of undeclared type `Mark`
[INFO] [stdout]  --> src/game_board.rs:48:12
[INFO] [stdout]   |
[INFO] [stdout] 5 | b.mark(2,1,Mark::O);
[INFO] [stdout]   |            ^^^^ use of undeclared type `Mark`
[INFO] [stdout] 
[INFO] [stdout] error[E0433]: failed to resolve: use of undeclared type `Mark`
[INFO] [stdout]  --> src/game_board.rs:49:26
[INFO] [stdout]   |
[INFO] [stdout] 6 | assert_eq!(b.read(2, 1), Mark::O);
[INFO] [stdout]   |                          ^^^^ use of undeclared type `Mark`
[INFO] [stdout] 
[INFO] [stdout] error: aborting due to 4 previous errors
[INFO] [stdout] 
[INFO] [stdout] Some errors have detailed explanations: E0432, E0433.
[INFO] [stdout] For more information about an error, try `rustc --explain E0432`.
[INFO] [stdout] Couldn't compile the test.
[INFO] [stdout] 
[INFO] [stdout] failures:
[INFO] [stdout]     src/game_board.rs - game_board::Board::mark (line 45)
[INFO] [stdout]     src/game_board.rs - game_board::Board::read (line 32)
[INFO] [stdout] 
[INFO] [stdout] test result: FAILED. 0 passed; 2 failed; 0 ignored; 0 measured; 0 filtered out; finished in 0.05s
[INFO] [stdout] 
[INFO] [stderr] error: doctest failed, to rerun pass `--doc`
[INFO] running `Command { std: "docker" "inspect" "500a8084950e854924ed0f0d86247fd821ba0131eb0d370519e8e0955de08a1e", kill_on_drop: false }`
[INFO] running `Command { std: "docker" "rm" "-f" "500a8084950e854924ed0f0d86247fd821ba0131eb0d370519e8e0955de08a1e", kill_on_drop: false }`
[INFO] [stdout] 500a8084950e854924ed0f0d86247fd821ba0131eb0d370519e8e0955de08a1e
[INFO] testing HMate/rumoeba against beta-2023-12-22 for beta-1.76-1
[INFO] running `Command { std: "git" "clone" "/workspace/cache/git-repos/https%3A%2F%2Fgithub.com%2FHMate%2Frumoeba" "/workspace/builds/worker-0-tc2/source", kill_on_drop: false }`
[INFO] [stderr] Cloning into '/workspace/builds/worker-0-tc2/source'...
[INFO] [stderr] done.
[INFO] validating manifest of git repo https://github.com/HMate/rumoeba on toolchain beta-2023-12-22
[INFO] running `Command { std: CARGO_HOME="/workspace/cargo-home" RUSTUP_HOME="/workspace/rustup-home" "/workspace/cargo-home/bin/cargo" "+beta-2023-12-22" "metadata" "--manifest-path" "Cargo.toml" "--no-deps", kill_on_drop: false }`
[INFO] started tweaking git repo https://github.com/HMate/rumoeba
[INFO] finished tweaking git repo https://github.com/HMate/rumoeba
[INFO] tweaked toml for git repo https://github.com/HMate/rumoeba written to /workspace/builds/worker-0-tc2/source/Cargo.toml
[INFO] crate git repo https://github.com/HMate/rumoeba already has a lockfile, it will not be regenerated
[INFO] running `Command { std: CARGO_HOME="/workspace/cargo-home" RUSTUP_HOME="/workspace/rustup-home" "/workspace/cargo-home/bin/cargo" "+beta-2023-12-22" "fetch" "--manifest-path" "Cargo.toml", kill_on_drop: false }`
[INFO] [stderr]     Updating crates.io index
[INFO] running `Command { std: "docker" "create" "-v" "/var/lib/crater-agent-workspace/builds/worker-0-tc2/target:/opt/rustwide/target:rw,Z" "-v" "/var/lib/crater-agent-workspace/builds/worker-0-tc2/source:/opt/rustwide/workdir:ro,Z" "-v" "/var/lib/crater-agent-workspace/cargo-home:/opt/rustwide/cargo-home:ro,Z" "-v" "/var/lib/crater-agent-workspace/rustup-home:/opt/rustwide/rustup-home:ro,Z" "-e" "SOURCE_DIR=/opt/rustwide/workdir" "-e" "CARGO_TARGET_DIR=/opt/rustwide/target" "-e" "CARGO_HOME=/opt/rustwide/cargo-home" "-e" "RUSTUP_HOME=/opt/rustwide/rustup-home" "-w" "/opt/rustwide/workdir" "-m" "1610612736" "--user" "0:0" "--network" "none" "ghcr.io/rust-lang/crates-build-env/linux@sha256:2788e3201cd34a07e3172128adcd8b3090168a8e3bcc40d7c032b9dda1df7d1c" "/opt/rustwide/cargo-home/bin/cargo" "+beta-2023-12-22" "metadata" "--no-deps" "--format-version=1", kill_on_drop: false }`
[INFO] [stdout] 6713d643cbbbe8ca99d6c71431f842420fa6e6a9b09936c137850f9f39597488
[INFO] running `Command { std: "docker" "start" "-a" "6713d643cbbbe8ca99d6c71431f842420fa6e6a9b09936c137850f9f39597488", kill_on_drop: false }`
[INFO] running `Command { std: "docker" "inspect" "6713d643cbbbe8ca99d6c71431f842420fa6e6a9b09936c137850f9f39597488", kill_on_drop: false }`
[INFO] running `Command { std: "docker" "rm" "-f" "6713d643cbbbe8ca99d6c71431f842420fa6e6a9b09936c137850f9f39597488", kill_on_drop: false }`
[INFO] [stdout] 6713d643cbbbe8ca99d6c71431f842420fa6e6a9b09936c137850f9f39597488
[INFO] running `Command { std: "docker" "create" "-v" "/var/lib/crater-agent-workspace/builds/worker-0-tc2/target:/opt/rustwide/target:rw,Z" "-v" "/var/lib/crater-agent-workspace/builds/worker-0-tc2/source:/opt/rustwide/workdir:ro,Z" "-v" "/var/lib/crater-agent-workspace/cargo-home:/opt/rustwide/cargo-home:ro,Z" "-v" "/var/lib/crater-agent-workspace/rustup-home:/opt/rustwide/rustup-home:ro,Z" "-e" "SOURCE_DIR=/opt/rustwide/workdir" "-e" "CARGO_TARGET_DIR=/opt/rustwide/target" "-e" "CARGO_INCREMENTAL=0" "-e" "RUST_BACKTRACE=full" "-e" "RUSTFLAGS=--cap-lints=warn" "-e" "RUSTDOCFLAGS=--cap-lints=warn" "-e" "CARGO_HOME=/opt/rustwide/cargo-home" "-e" "RUSTUP_HOME=/opt/rustwide/rustup-home" "-w" "/opt/rustwide/workdir" "-m" "1610612736" "--user" "0:0" "--network" "none" "ghcr.io/rust-lang/crates-build-env/linux@sha256:2788e3201cd34a07e3172128adcd8b3090168a8e3bcc40d7c032b9dda1df7d1c" "/opt/rustwide/cargo-home/bin/cargo" "+beta-2023-12-22" "build" "--frozen" "--message-format=json", kill_on_drop: false }`
[INFO] [stdout] d904addf1d0687953b2ae0b46bd3dca1b9ccb1b8e646fd476cce6f60ea1a77a3
[INFO] running `Command { std: "docker" "start" "-a" "d904addf1d0687953b2ae0b46bd3dca1b9ccb1b8e646fd476cce6f60ea1a77a3", kill_on_drop: false }`
[INFO] [stderr]    Compiling autocfg v0.1.4
[INFO] [stderr]    Compiling rand_core v0.4.0
[INFO] [stderr]    Compiling libc v0.2.58
[INFO] [stderr]    Compiling semver-parser v0.7.0
[INFO] [stderr]    Compiling memchr v2.2.0
[INFO] [stderr]    Compiling lazy_static v1.3.0
[INFO] [stderr]    Compiling smallvec v0.6.9
[INFO] [stderr]    Compiling scopeguard v1.0.0
[INFO] [stderr]    Compiling regex v1.1.6
[INFO] [stderr]    Compiling cfg-if v0.1.9
[INFO] [stderr]    Compiling ucd-util v0.1.3
[INFO] [stderr]    Compiling utf8-ranges v1.0.2
[INFO] [stderr]    Compiling unicode-width v0.1.5
[INFO] [stderr]    Compiling thread_local v0.3.6
[INFO] [stderr]    Compiling lock_api v0.2.0
[INFO] [stderr]    Compiling regex-syntax v0.6.6
[INFO] [stderr]    Compiling rand_core v0.3.1
[INFO] [stderr]    Compiling rand_jitter v0.1.4
[INFO] [stderr]    Compiling semver v0.9.0
[INFO] [stderr]    Compiling rand_hc v0.1.0
[INFO] [stderr]    Compiling rand_xorshift v0.1.1
[INFO] [stderr]    Compiling rand_isaac v0.1.1
[INFO] [stderr]    Compiling rand_chacha v0.1.1
[INFO] [stderr]    Compiling rand_pcg v0.1.2
[INFO] [stderr]    Compiling rand v0.6.5
[INFO] [stderr]    Compiling rustc_version v0.2.3
[INFO] [stderr]    Compiling parking_lot_core v0.5.0
[INFO] [stderr]    Compiling parking_lot v0.8.0
[INFO] [stderr]    Compiling aho-corasick v0.7.3
[INFO] [stderr]    Compiling rand_os v0.1.3
[INFO] [stderr]    Compiling atty v0.2.11
[INFO] [stderr]    Compiling termios v0.3.1
[INFO] [stderr]    Compiling clicolors-control v1.0.0
[INFO] [stderr]    Compiling console v0.7.7
[INFO] [stderr]    Compiling rumoeba v0.1.0 (/opt/rustwide/workdir)
[INFO] [stderr]     Finished dev [unoptimized + debuginfo] target(s) in 2.82s
[INFO] running `Command { std: "docker" "inspect" "d904addf1d0687953b2ae0b46bd3dca1b9ccb1b8e646fd476cce6f60ea1a77a3", kill_on_drop: false }`
[INFO] running `Command { std: "docker" "rm" "-f" "d904addf1d0687953b2ae0b46bd3dca1b9ccb1b8e646fd476cce6f60ea1a77a3", kill_on_drop: false }`
[INFO] [stdout] d904addf1d0687953b2ae0b46bd3dca1b9ccb1b8e646fd476cce6f60ea1a77a3
[INFO] running `Command { std: "docker" "create" "-v" "/var/lib/crater-agent-workspace/builds/worker-0-tc2/target:/opt/rustwide/target:rw,Z" "-v" "/var/lib/crater-agent-workspace/builds/worker-0-tc2/source:/opt/rustwide/workdir:ro,Z" "-v" "/var/lib/crater-agent-workspace/cargo-home:/opt/rustwide/cargo-home:ro,Z" "-v" "/var/lib/crater-agent-workspace/rustup-home:/opt/rustwide/rustup-home:ro,Z" "-e" "SOURCE_DIR=/opt/rustwide/workdir" "-e" "CARGO_TARGET_DIR=/opt/rustwide/target" "-e" "CARGO_INCREMENTAL=0" "-e" "RUST_BACKTRACE=full" "-e" "RUSTFLAGS=--cap-lints=warn" "-e" "RUSTDOCFLAGS=--cap-lints=warn" "-e" "CARGO_HOME=/opt/rustwide/cargo-home" "-e" "RUSTUP_HOME=/opt/rustwide/rustup-home" "-w" "/opt/rustwide/workdir" "-m" "1610612736" "--user" "0:0" "--network" "none" "ghcr.io/rust-lang/crates-build-env/linux@sha256:2788e3201cd34a07e3172128adcd8b3090168a8e3bcc40d7c032b9dda1df7d1c" "/opt/rustwide/cargo-home/bin/cargo" "+beta-2023-12-22" "test" "--frozen" "--no-run" "--message-format=json", kill_on_drop: false }`
[INFO] [stdout] 36250fd9816aa576931cf84b5171903abb82149a8b82116ac348793f01b42c42
[INFO] running `Command { std: "docker" "start" "-a" "36250fd9816aa576931cf84b5171903abb82149a8b82116ac348793f01b42c42", kill_on_drop: false }`
[INFO] [stderr]    Compiling rumoeba v0.1.0 (/opt/rustwide/workdir)
[INFO] [stderr]     Finished test [unoptimized + debuginfo] target(s) in 0.53s
[INFO] running `Command { std: "docker" "inspect" "36250fd9816aa576931cf84b5171903abb82149a8b82116ac348793f01b42c42", kill_on_drop: false }`
[INFO] running `Command { std: "docker" "rm" "-f" "36250fd9816aa576931cf84b5171903abb82149a8b82116ac348793f01b42c42", kill_on_drop: false }`
[INFO] [stdout] 36250fd9816aa576931cf84b5171903abb82149a8b82116ac348793f01b42c42
[INFO] running `Command { std: "docker" "create" "-v" "/var/lib/crater-agent-workspace/builds/worker-0-tc2/target:/opt/rustwide/target:rw,Z" "-v" "/var/lib/crater-agent-workspace/builds/worker-0-tc2/source:/opt/rustwide/workdir:ro,Z" "-v" "/var/lib/crater-agent-workspace/cargo-home:/opt/rustwide/cargo-home:ro,Z" "-v" "/var/lib/crater-agent-workspace/rustup-home:/opt/rustwide/rustup-home:ro,Z" "-e" "SOURCE_DIR=/opt/rustwide/workdir" "-e" "CARGO_TARGET_DIR=/opt/rustwide/target" "-e" "CARGO_INCREMENTAL=0" "-e" "RUST_BACKTRACE=full" "-e" "RUSTFLAGS=--cap-lints=warn" "-e" "RUSTDOCFLAGS=--cap-lints=warn" "-e" "CARGO_HOME=/opt/rustwide/cargo-home" "-e" "RUSTUP_HOME=/opt/rustwide/rustup-home" "-w" "/opt/rustwide/workdir" "-m" "1610612736" "--user" "0:0" "--network" "none" "ghcr.io/rust-lang/crates-build-env/linux@sha256:2788e3201cd34a07e3172128adcd8b3090168a8e3bcc40d7c032b9dda1df7d1c" "/opt/rustwide/cargo-home/bin/cargo" "+beta-2023-12-22" "test" "--frozen", kill_on_drop: false }`
[INFO] [stdout] 8aaaa5d5b92539c559f4d3b71f533629d5c62ca1012afe0b19dfaa5bf6d298cc
[INFO] running `Command { std: "docker" "start" "-a" "8aaaa5d5b92539c559f4d3b71f533629d5c62ca1012afe0b19dfaa5bf6d298cc", kill_on_drop: false }`
[INFO] [stderr]     Finished test [unoptimized + debuginfo] target(s) in 0.02s
[INFO] [stderr]      Running unittests src/lib.rs (/opt/rustwide/target/debug/deps/rumoeba-009e573d27d35568)
[INFO] [stdout] 
[INFO] [stdout] running 22 tests
[INFO] [stdout] test awesome_mode::tests::show_board_empty_with_x ... ok
[INFO] [stdout] test awesome_mode::tests::show_board_xo ... ok
[INFO] [stdout] test game_board::tests::get_size ... ok
[INFO] [stdout] test game_board::tests::get_mark ... ok
[INFO] [stdout] test game_board::tests::get_mark_x ... ok
[INFO] [stdout] test ui::tests::show_board_empty ... ok
[INFO] [stdout] test player::tests::get_player_name ... ok
[INFO] [stdout] test ui::tests::show_board_xo ... ok
[INFO] [stdout] test xogame::tests::finished_column ... ok
[INFO] [stdout] test xogame::tests::finished_even_diagonal ... ok
[INFO] [stdout] test xogame::tests::finished_odd_diagonal ... ok
[INFO] [stdout] test xogame::tests::finished_row ... ok
[INFO] [stdout] test xogame::tests::finished_row_non_continously ... ok
[INFO] [stdout] test xogame::tests::game_not_finished_initially ... ok
[INFO] [stdout] test xogame::tests::get_player_mark ... ok
[INFO] [stdout] test xogame::tests::place_to_same_place_gives_error ... ok
[INFO] [stdout] test xogame::tests::play_game_4 ... ok
[INFO] [stdout] test xogame::tests::play_game_to_tie ... ok
[INFO] [stdout] test xogame::tests::play_game ... ok
[INFO] [stdout] test xogame::tests::play_game_5 ... ok
[INFO] [stdout] test game_board::tests::panic_when_mark_out_of_board - should panic ... ok
[INFO] [stdout] test game_board::tests::panic_when_read_out_of_board - should panic ... ok
[INFO] [stdout] 
[INFO] [stdout] test result: ok. 22 passed; 0 failed; 0 ignored; 0 measured; 0 filtered out; finished in 0.02s
[INFO] [stdout] 
[INFO] [stderr]      Running unittests src/main.rs (/opt/rustwide/target/debug/deps/rumoeba-6992a2665d335ebe)
[INFO] [stdout] 
[INFO] [stdout] running 0 tests
[INFO] [stdout] 
[INFO] [stdout] test result: ok. 0 passed; 0 failed; 0 ignored; 0 measured; 0 filtered out; finished in 0.00s
[INFO] [stdout] 
[INFO] [stderr]    Doc-tests rumoeba
[INFO] [stdout] 
[INFO] [stdout] running 2 tests
[INFO] [stdout] test src/game_board.rs - game_board::Board::mark (line 45) ... FAILED
[INFO] [stdout] test src/game_board.rs - game_board::Board::read (line 32) ... FAILED
[INFO] [stdout] 
[INFO] [stdout] failures:
[INFO] [stdout] 
[INFO] [stdout] ---- src/game_board.rs - game_board::Board::mark (line 45) stdout ----
[INFO] [stdout] error[E0432]: unresolved import `game_board`
[INFO] [stdout]  --> src/game_board.rs:46:7
[INFO] [stdout]   |
[INFO] [stdout] 3 | use ::game_board::*;
[INFO] [stdout]   |       ^^^^^^^^^^ could not find `game_board` in the list of imported crates
[INFO] [stdout] 
[INFO] [stdout] error[E0433]: failed to resolve: use of undeclared type `Board`
[INFO] [stdout]  --> src/game_board.rs:47:13
[INFO] [stdout]   |
[INFO] [stdout] 4 | let mut b = Board::new(3);
[INFO] [stdout]   |             ^^^^^ use of undeclared type `Board`
[INFO] [stdout] 
[INFO] [stdout] error[E0433]: failed to resolve: use of undeclared type `Mark`
[INFO] [stdout]  --> src/game_board.rs:48:12
[INFO] [stdout]   |
[INFO] [stdout] 5 | b.mark(2,1,Mark::O);
[INFO] [stdout]   |            ^^^^ use of undeclared type `Mark`
[INFO] [stdout] 
[INFO] [stdout] error[E0433]: failed to resolve: use of undeclared type `Mark`
[INFO] [stdout]  --> src/game_board.rs:49:26
[INFO] [stdout]   |
[INFO] [stdout] 6 | assert_eq!(b.read(2, 1), Mark::O);
[INFO] [stdout]   |                          ^^^^ use of undeclared type `Mark`
[INFO] [stdout] 
[INFO] [stdout] error: aborting due to 4 previous errors
[INFO] [stdout] 
[INFO] [stdout] Some errors have detailed explanations: E0432, E0433.
[INFO] [stdout] For more information about an error, try `rustc --explain E0432`.
[INFO] [stdout] Couldn't compile the test.
[INFO] [stdout] ---- src/game_board.rs - game_board::Board::read (line 32) stdout ----
[INFO] [stdout] error[E0432]: unresolved import `game_board`
[INFO] [stdout]  --> src/game_board.rs:33:7
[INFO] [stdout]   |
[INFO] [stdout] 3 | use ::game_board::*;
[INFO] [stdout]   |       ^^^^^^^^^^ could not find `game_board` in the list of imported crates
[INFO] [stdout] 
[INFO] [stdout] error[E0433]: failed to resolve: use of undeclared type `Board`
[INFO] [stdout]  --> src/game_board.rs:34:9
[INFO] [stdout]   |
[INFO] [stdout] 4 | let b = Board::new(3);
[INFO] [stdout]   |         ^^^^^ use of undeclared type `Board`
[INFO] [stdout] 
[INFO] [stdout] error[E0433]: failed to resolve: use of undeclared type `Mark`
[INFO] [stdout]  --> src/game_board.rs:35:26
[INFO] [stdout]   |
[INFO] [stdout] 5 | assert_eq!(b.read(2, 1), Mark::Unmarked);
[INFO] [stdout]   |                          ^^^^ use of undeclared type `Mark`
[INFO] [stdout] 
[INFO] [stdout] error: aborting due to 3 previous errors
[INFO] [stdout] 
[INFO] [stdout] Some errors have detailed explanations: E0432, E0433.
[INFO] [stdout] For more information about an error, try `rustc --explain E0432`.
[INFO] [stdout] Couldn't compile the test.
[INFO] [stdout] 
[INFO] [stdout] failures:
[INFO] [stdout]     src/game_board.rs - game_board::Board::mark (line 45)
[INFO] [stdout]     src/game_board.rs - game_board::Board::read (line 32)
[INFO] [stdout] 
[INFO] [stdout] test result: FAILED. 0 passed; 2 failed; 0 ignored; 0 measured; 0 filtered out; finished in 0.05s
[INFO] [stdout] 
[INFO] [stderr] error: doctest failed, to rerun pass `--doc`
[INFO] running `Command { std: "docker" "inspect" "8aaaa5d5b92539c559f4d3b71f533629d5c62ca1012afe0b19dfaa5bf6d298cc", kill_on_drop: false }`
[INFO] running `Command { std: "docker" "rm" "-f" "8aaaa5d5b92539c559f4d3b71f533629d5c62ca1012afe0b19dfaa5bf6d298cc", kill_on_drop: false }`
[INFO] [stdout] 8aaaa5d5b92539c559f4d3b71f533629d5c62ca1012afe0b19dfaa5bf6d298cc
