[INFO] cloning repository https://github.com/GeorgiiVoyakin/cli-password-manager
[INFO] running `Command { std: "git" "-c" "credential.helper=" "-c" "credential.helper=/workspace/cargo-home/bin/git-credential-null" "clone" "--bare" "https://github.com/GeorgiiVoyakin/cli-password-manager" "/workspace/cache/git-repos/https%3A%2F%2Fgithub.com%2FGeorgiiVoyakin%2Fcli-password-manager", kill_on_drop: false }`
[INFO] [stderr] Cloning into bare repository '/workspace/cache/git-repos/https%3A%2F%2Fgithub.com%2FGeorgiiVoyakin%2Fcli-password-manager'...
[INFO] running `Command { std: "git" "rev-parse" "HEAD", kill_on_drop: false }`
[INFO] [stdout] 3cb95f4f0234af3091cd74292e7d21aa0d26f62e
[INFO] testing GeorgiiVoyakin/cli-password-manager against 1.75.0 for beta-1.76-1
[INFO] running `Command { std: "git" "clone" "/workspace/cache/git-repos/https%3A%2F%2Fgithub.com%2FGeorgiiVoyakin%2Fcli-password-manager" "/workspace/builds/worker-5-tc1/source", kill_on_drop: false }`
[INFO] [stderr] Cloning into '/workspace/builds/worker-5-tc1/source'...
[INFO] [stderr] done.
[INFO] validating manifest of git repo https://github.com/GeorgiiVoyakin/cli-password-manager on toolchain 1.75.0
[INFO] running `Command { std: CARGO_HOME="/workspace/cargo-home" RUSTUP_HOME="/workspace/rustup-home" "/workspace/cargo-home/bin/cargo" "+1.75.0" "metadata" "--manifest-path" "Cargo.toml" "--no-deps", kill_on_drop: false }`
[INFO] started tweaking git repo https://github.com/GeorgiiVoyakin/cli-password-manager
[INFO] finished tweaking git repo https://github.com/GeorgiiVoyakin/cli-password-manager
[INFO] tweaked toml for git repo https://github.com/GeorgiiVoyakin/cli-password-manager written to /workspace/builds/worker-5-tc1/source/Cargo.toml
[INFO] crate git repo https://github.com/GeorgiiVoyakin/cli-password-manager already has a lockfile, it will not be regenerated
[INFO] running `Command { std: CARGO_HOME="/workspace/cargo-home" RUSTUP_HOME="/workspace/rustup-home" "/workspace/cargo-home/bin/cargo" "+1.75.0" "fetch" "--manifest-path" "Cargo.toml", kill_on_drop: false }`
[INFO] [stderr]  Downloading crates ...
[INFO] [stderr]   Downloaded postgres-types v0.1.3
[INFO] [stderr]   Downloaded ppv-lite86 v0.2.14
[INFO] [stderr]   Downloaded postgres-protocol v0.5.3
[INFO] [stderr]   Downloaded libc v0.2.104
[INFO] running `Command { std: "docker" "create" "-v" "/var/lib/crater-agent-workspace/builds/worker-5-tc1/target:/opt/rustwide/target:rw,Z" "-v" "/var/lib/crater-agent-workspace/builds/worker-5-tc1/source:/opt/rustwide/workdir:ro,Z" "-v" "/var/lib/crater-agent-workspace/cargo-home:/opt/rustwide/cargo-home:ro,Z" "-v" "/var/lib/crater-agent-workspace/rustup-home:/opt/rustwide/rustup-home:ro,Z" "-e" "SOURCE_DIR=/opt/rustwide/workdir" "-e" "CARGO_TARGET_DIR=/opt/rustwide/target" "-e" "CARGO_HOME=/opt/rustwide/cargo-home" "-e" "RUSTUP_HOME=/opt/rustwide/rustup-home" "-w" "/opt/rustwide/workdir" "-m" "1610612736" "--user" "0:0" "--network" "none" "ghcr.io/rust-lang/crates-build-env/linux@sha256:2788e3201cd34a07e3172128adcd8b3090168a8e3bcc40d7c032b9dda1df7d1c" "/opt/rustwide/cargo-home/bin/cargo" "+1.75.0" "metadata" "--no-deps" "--format-version=1", kill_on_drop: false }`
[INFO] [stdout] 43d6fe3f9ecf10ed00f68a9256b318acb32870cbbf9a3029398dac793e913f63
[INFO] running `Command { std: "docker" "start" "-a" "43d6fe3f9ecf10ed00f68a9256b318acb32870cbbf9a3029398dac793e913f63", kill_on_drop: false }`
[INFO] running `Command { std: "docker" "inspect" "43d6fe3f9ecf10ed00f68a9256b318acb32870cbbf9a3029398dac793e913f63", kill_on_drop: false }`
[INFO] running `Command { std: "docker" "rm" "-f" "43d6fe3f9ecf10ed00f68a9256b318acb32870cbbf9a3029398dac793e913f63", kill_on_drop: false }`
[INFO] [stdout] 43d6fe3f9ecf10ed00f68a9256b318acb32870cbbf9a3029398dac793e913f63
[INFO] running `Command { std: "docker" "create" "-v" "/var/lib/crater-agent-workspace/builds/worker-5-tc1/target:/opt/rustwide/target:rw,Z" "-v" "/var/lib/crater-agent-workspace/builds/worker-5-tc1/source:/opt/rustwide/workdir:ro,Z" "-v" "/var/lib/crater-agent-workspace/cargo-home:/opt/rustwide/cargo-home:ro,Z" "-v" "/var/lib/crater-agent-workspace/rustup-home:/opt/rustwide/rustup-home:ro,Z" "-e" "SOURCE_DIR=/opt/rustwide/workdir" "-e" "CARGO_TARGET_DIR=/opt/rustwide/target" "-e" "CARGO_INCREMENTAL=0" "-e" "RUST_BACKTRACE=full" "-e" "RUSTFLAGS=--cap-lints=warn" "-e" "RUSTDOCFLAGS=--cap-lints=warn" "-e" "CARGO_HOME=/opt/rustwide/cargo-home" "-e" "RUSTUP_HOME=/opt/rustwide/rustup-home" "-w" "/opt/rustwide/workdir" "-m" "1610612736" "--user" "0:0" "--network" "none" "ghcr.io/rust-lang/crates-build-env/linux@sha256:2788e3201cd34a07e3172128adcd8b3090168a8e3bcc40d7c032b9dda1df7d1c" "/opt/rustwide/cargo-home/bin/cargo" "+1.75.0" "build" "--frozen" "--message-format=json", kill_on_drop: false }`
[INFO] [stdout] 568bf3808ed644e22b1f4d2ee8ced3237c552c74923445854a2568c2f1d7cbd6
[INFO] running `Command { std: "docker" "start" "-a" "568bf3808ed644e22b1f4d2ee8ced3237c552c74923445854a2568c2f1d7cbd6", kill_on_drop: false }`
[INFO] [stderr]    Compiling libc v0.2.104
[INFO] [stderr]    Compiling version_check v0.9.3
[INFO] [stderr]    Compiling typenum v1.14.0
[INFO] [stderr]    Compiling memchr v2.4.1
[INFO] [stderr]    Compiling proc-macro2 v1.0.30
[INFO] [stderr]    Compiling futures-core v0.3.17
[INFO] [stderr]    Compiling unicode-xid v0.2.2
[INFO] [stderr]    Compiling getrandom v0.1.16
[INFO] [stderr]    Compiling slab v0.4.5
[INFO] [stderr]    Compiling syn v1.0.80
[INFO] [stderr]    Compiling proc-macro-hack v0.5.19
[INFO] [stderr]    Compiling log v0.4.14
[INFO] [stderr]    Compiling futures-channel v0.3.17
[INFO] [stderr]    Compiling proc-macro-nested v0.1.7
[INFO] [stderr]    Compiling futures-macro v0.3.17
[INFO] [stderr]    Compiling futures-sink v0.3.17
[INFO] [stderr]    Compiling futures-task v0.3.17
[INFO] [stderr]    Compiling tinyvec v1.5.0
[INFO] [stderr]    Compiling futures-util v0.3.17
[INFO] [stderr]    Compiling ppv-lite86 v0.2.14
[INFO] [stderr]    Compiling subtle v2.4.1
[INFO] [stderr]    Compiling bytes v0.5.6
[INFO] [stderr]    Compiling generic-array v0.14.4
[INFO] [stderr]    Compiling parking_lot_core v0.8.5
[INFO] [stderr]    Compiling futures-io v0.3.17
[INFO] [stderr]    Compiling pin-project-lite v0.2.7
[INFO] [stderr]    Compiling cpufeatures v0.2.1
[INFO] [stderr]    Compiling opaque-debug v0.3.0
[INFO] [stderr]    Compiling unicode-bidi v0.3.7
[INFO] [stderr]    Compiling md5 v0.7.0
[INFO] [stderr]    Compiling pin-project-lite v0.1.12
[INFO] [stderr]    Compiling smallvec v1.7.0
[INFO] [stderr]    Compiling fallible-iterator v0.2.0
[INFO] [stderr]    Compiling async-trait v0.1.51
[INFO] [stderr]    Compiling siphasher v0.3.7
[INFO] [stderr]    Compiling lock_api v0.4.5
[INFO] [stderr]    Compiling cc v1.0.71
[INFO] [stderr]    Compiling spin v0.5.2
[INFO] [stderr]    Compiling once_cell v1.8.0
[INFO] [stderr]    Compiling untrusted v0.7.1
[INFO] [stderr]    Compiling phf_shared v0.8.0
[INFO] [stderr]    Compiling quote v1.0.10
[INFO] [stderr]    Compiling data-encoding v2.3.2
[INFO] [stderr]    Compiling phf v0.8.0
[INFO] [stderr]    Compiling net2 v0.2.37
[INFO] [stderr]    Compiling iovec v0.1.4
[INFO] [stderr]    Compiling unicode-normalization v0.1.19
[INFO] [stderr]    Compiling rand_core v0.5.1
[INFO] [stderr]    Compiling mio v0.6.23
[INFO] [stderr]    Compiling rand_chacha v0.2.2
[INFO] [stderr]    Compiling parking_lot v0.11.2
[INFO] [stderr]    Compiling rand v0.7.3
[INFO] [stderr]    Compiling ring v0.16.20
[INFO] [stderr]    Compiling stringprep v0.1.2
[INFO] [stderr]    Compiling mio-uds v0.6.8
[INFO] [stderr]    Compiling tokio v0.2.25
[INFO] [stderr]    Compiling digest v0.9.0
[INFO] [stderr]    Compiling block-buffer v0.9.0
[INFO] [stderr]    Compiling crypto-mac v0.9.1
[INFO] [stderr]    Compiling sha2 v0.9.8
[INFO] [stderr]    Compiling hmac v0.9.0
[INFO] [stderr]    Compiling postgres-protocol v0.5.3
[INFO] [stderr]    Compiling postgres-types v0.1.3
[INFO] [stderr]    Compiling tokio-util v0.3.1
[INFO] [stderr]    Compiling futures-executor v0.3.17
[INFO] [stderr]    Compiling futures v0.3.17
[INFO] [stderr]    Compiling tokio-postgres v0.5.5
[INFO] [stderr]    Compiling postgres v0.17.5
[INFO] [stderr]    Compiling cli-password-manager v0.1.0 (/opt/rustwide/workdir)
[INFO] [stdout] warning: unused imports: `Client`, `Error`, `NoTls`
[INFO] [stdout]   --> src/main.rs:10:16
[INFO] [stdout]    |
[INFO] [stdout] 10 | use postgres::{Client, NoTls, Error};
[INFO] [stdout]    |                ^^^^^^  ^^^^^  ^^^^^
[INFO] [stdout]    |
[INFO] [stdout]    = note: `#[warn(unused_imports)]` on by default
[INFO] [stdout] 
[INFO] [stdout] 
[INFO] [stdout] warning: unused variable: `file`
[INFO] [stdout]   --> src/main.rs:26:9
[INFO] [stdout]    |
[INFO] [stdout] 26 |     let file = File::open("master_password");
[INFO] [stdout]    |         ^^^^ help: if this is intentional, prefix it with an underscore: `_file`
[INFO] [stdout]    |
[INFO] [stdout]    = note: `#[warn(unused_variables)]` on by default
[INFO] [stdout] 
[INFO] [stdout] 
[INFO] [stdout] warning: function `encode_password` is never used
[INFO] [stdout]   --> src/main.rs:12:4
[INFO] [stdout]    |
[INFO] [stdout] 12 | fn encode_password(password: &str) -> String {
[INFO] [stdout]    |    ^^^^^^^^^^^^^^^
[INFO] [stdout]    |
[INFO] [stdout]    = note: `#[warn(dead_code)]` on by default
[INFO] [stdout] 
[INFO] [stdout] 
[INFO] [stdout] warning: function `decode_password` is never used
[INFO] [stdout]   --> src/main.rs:15:4
[INFO] [stdout]    |
[INFO] [stdout] 15 | fn decode_password(encoded: &[u8]) -> result::Result<Vec<u8>, base64::DecodeError> {
[INFO] [stdout]    |    ^^^^^^^^^^^^^^^
[INFO] [stdout] 
[INFO] [stdout] 
[INFO] [stdout] warning: function `save_master_password` is never used
[INFO] [stdout]   --> src/main.rs:19:4
[INFO] [stdout]    |
[INFO] [stdout] 19 | fn save_master_password(master_password: &[u8]) -> std::io::Result<()> {
[INFO] [stdout]    |    ^^^^^^^^^^^^^^^^^^^^
[INFO] [stdout] 
[INFO] [stdout] 
[INFO] [stdout] warning: function `verify_master_password` is never used
[INFO] [stdout]   --> src/main.rs:25:4
[INFO] [stdout]    |
[INFO] [stdout] 25 | fn verify_master_password(password_to_verify: &str, n_iter: NonZeroU32, salt: &[u8], pbkdf2_hash: &mut [u8]) -> result::Result<(), error:...
[INFO] [stdout]    |    ^^^^^^^^^^^^^^^^^^^^^^
[INFO] [stdout] 
[INFO] [stdout] 
[INFO] [stdout] warning: 6 warnings emitted
[INFO] [stdout] 
[INFO] [stdout] 
[INFO] [stderr]     Finished dev [unoptimized + debuginfo] target(s) in 8.81s
[INFO] running `Command { std: "docker" "inspect" "568bf3808ed644e22b1f4d2ee8ced3237c552c74923445854a2568c2f1d7cbd6", kill_on_drop: false }`
[INFO] running `Command { std: "docker" "rm" "-f" "568bf3808ed644e22b1f4d2ee8ced3237c552c74923445854a2568c2f1d7cbd6", kill_on_drop: false }`
[INFO] [stdout] 568bf3808ed644e22b1f4d2ee8ced3237c552c74923445854a2568c2f1d7cbd6
[INFO] running `Command { std: "docker" "create" "-v" "/var/lib/crater-agent-workspace/builds/worker-5-tc1/target:/opt/rustwide/target:rw,Z" "-v" "/var/lib/crater-agent-workspace/builds/worker-5-tc1/source:/opt/rustwide/workdir:ro,Z" "-v" "/var/lib/crater-agent-workspace/cargo-home:/opt/rustwide/cargo-home:ro,Z" "-v" "/var/lib/crater-agent-workspace/rustup-home:/opt/rustwide/rustup-home:ro,Z" "-e" "SOURCE_DIR=/opt/rustwide/workdir" "-e" "CARGO_TARGET_DIR=/opt/rustwide/target" "-e" "CARGO_INCREMENTAL=0" "-e" "RUST_BACKTRACE=full" "-e" "RUSTFLAGS=--cap-lints=warn" "-e" "RUSTDOCFLAGS=--cap-lints=warn" "-e" "CARGO_HOME=/opt/rustwide/cargo-home" "-e" "RUSTUP_HOME=/opt/rustwide/rustup-home" "-w" "/opt/rustwide/workdir" "-m" "1610612736" "--user" "0:0" "--network" "none" "ghcr.io/rust-lang/crates-build-env/linux@sha256:2788e3201cd34a07e3172128adcd8b3090168a8e3bcc40d7c032b9dda1df7d1c" "/opt/rustwide/cargo-home/bin/cargo" "+1.75.0" "test" "--frozen" "--no-run" "--message-format=json", kill_on_drop: false }`
[INFO] [stdout] 1c0e57b99e498c51d8df352fd953439fbbf91eeda7739e3c55c482876e26b9be
[INFO] running `Command { std: "docker" "start" "-a" "1c0e57b99e498c51d8df352fd953439fbbf91eeda7739e3c55c482876e26b9be", kill_on_drop: false }`
[INFO] [stderr]    Compiling cli-password-manager v0.1.0 (/opt/rustwide/workdir)
[INFO] [stdout] warning: unused imports: `Client`, `Error`, `NoTls`
[INFO] [stdout]   --> src/main.rs:10:16
[INFO] [stdout]    |
[INFO] [stdout] 10 | use postgres::{Client, NoTls, Error};
[INFO] [stdout]    |                ^^^^^^  ^^^^^  ^^^^^
[INFO] [stdout]    |
[INFO] [stdout]    = note: `#[warn(unused_imports)]` on by default
[INFO] [stdout] 
[INFO] [stdout] 
[INFO] [stdout] warning: unused variable: `file`
[INFO] [stdout]   --> src/main.rs:26:9
[INFO] [stdout]    |
[INFO] [stdout] 26 |     let file = File::open("master_password");
[INFO] [stdout]    |         ^^^^ help: if this is intentional, prefix it with an underscore: `_file`
[INFO] [stdout]    |
[INFO] [stdout]    = note: `#[warn(unused_variables)]` on by default
[INFO] [stdout] 
[INFO] [stdout] 
[INFO] [stdout] warning: variable does not need to be mutable
[INFO] [stdout]   --> src/main.rs:79:9
[INFO] [stdout]    |
[INFO] [stdout] 79 |     let mut salt = [0u8; CREDENTIAL_LEN];
[INFO] [stdout]    |         ----^^^^
[INFO] [stdout]    |         |
[INFO] [stdout]    |         help: remove this `mut`
[INFO] [stdout]    |
[INFO] [stdout]    = note: `#[warn(unused_mut)]` on by default
[INFO] [stdout] 
[INFO] [stdout] 
[INFO] [stdout] warning: 3 warnings emitted
[INFO] [stdout] 
[INFO] [stdout] 
[INFO] [stderr]     Finished test [unoptimized + debuginfo] target(s) in 0.61s
[INFO] running `Command { std: "docker" "inspect" "1c0e57b99e498c51d8df352fd953439fbbf91eeda7739e3c55c482876e26b9be", kill_on_drop: false }`
[INFO] running `Command { std: "docker" "rm" "-f" "1c0e57b99e498c51d8df352fd953439fbbf91eeda7739e3c55c482876e26b9be", kill_on_drop: false }`
[INFO] [stdout] 1c0e57b99e498c51d8df352fd953439fbbf91eeda7739e3c55c482876e26b9be
[INFO] running `Command { std: "docker" "create" "-v" "/var/lib/crater-agent-workspace/builds/worker-5-tc1/target:/opt/rustwide/target:rw,Z" "-v" "/var/lib/crater-agent-workspace/builds/worker-5-tc1/source:/opt/rustwide/workdir:ro,Z" "-v" "/var/lib/crater-agent-workspace/cargo-home:/opt/rustwide/cargo-home:ro,Z" "-v" "/var/lib/crater-agent-workspace/rustup-home:/opt/rustwide/rustup-home:ro,Z" "-e" "SOURCE_DIR=/opt/rustwide/workdir" "-e" "CARGO_TARGET_DIR=/opt/rustwide/target" "-e" "CARGO_INCREMENTAL=0" "-e" "RUST_BACKTRACE=full" "-e" "RUSTFLAGS=--cap-lints=warn" "-e" "RUSTDOCFLAGS=--cap-lints=warn" "-e" "CARGO_HOME=/opt/rustwide/cargo-home" "-e" "RUSTUP_HOME=/opt/rustwide/rustup-home" "-w" "/opt/rustwide/workdir" "-m" "1610612736" "--user" "0:0" "--network" "none" "ghcr.io/rust-lang/crates-build-env/linux@sha256:2788e3201cd34a07e3172128adcd8b3090168a8e3bcc40d7c032b9dda1df7d1c" "/opt/rustwide/cargo-home/bin/cargo" "+1.75.0" "test" "--frozen", kill_on_drop: false }`
[INFO] [stdout] 513096f3496774245aa02ea78251427c039be2024f3e93c9ad73fdd4a4cd0314
[INFO] running `Command { std: "docker" "start" "-a" "513096f3496774245aa02ea78251427c039be2024f3e93c9ad73fdd4a4cd0314", kill_on_drop: false }`
[INFO] [stderr] warning: unused imports: `Client`, `Error`, `NoTls`
[INFO] [stderr]   --> src/main.rs:10:16
[INFO] [stderr]    |
[INFO] [stderr] 10 | use postgres::{Client, NoTls, Error};
[INFO] [stderr]    |                ^^^^^^  ^^^^^  ^^^^^
[INFO] [stderr]    |
[INFO] [stderr]    = note: `#[warn(unused_imports)]` on by default
[INFO] [stderr] 
[INFO] [stderr] warning: unused variable: `file`
[INFO] [stderr]   --> src/main.rs:26:9
[INFO] [stderr]    |
[INFO] [stderr] 26 |     let file = File::open("master_password");
[INFO] [stderr]    |         ^^^^ help: if this is intentional, prefix it with an underscore: `_file`
[INFO] [stderr]    |
[INFO] [stderr]    = note: `#[warn(unused_variables)]` on by default
[INFO] [stderr] 
[INFO] [stderr] warning: variable does not need to be mutable
[INFO] [stderr]   --> src/main.rs:79:9
[INFO] [stderr]    |
[INFO] [stderr] 79 |     let mut salt = [0u8; CREDENTIAL_LEN];
[INFO] [stderr]    |         ----^^^^
[INFO] [stderr]    |         |
[INFO] [stderr]    |         help: remove this `mut`
[INFO] [stderr]    |
[INFO] [stderr]    = note: `#[warn(unused_mut)]` on by default
[INFO] [stderr] 
[INFO] [stderr] warning: `cli-password-manager` (bin "cli-password-manager" test) generated 3 warnings (run `cargo fix --bin "cli-password-manager" --tests` to apply 3 suggestions)
[INFO] [stderr]     Finished test [unoptimized + debuginfo] target(s) in 0.05s
[INFO] [stderr]      Running unittests src/main.rs (/opt/rustwide/target/debug/deps/cli_password_manager-1ca30d5318b4dcbc)
[INFO] [stdout] 
[INFO] [stdout] running 4 tests
[INFO] [stdout] test test_decoding ... ok
[INFO] [stdout] test test_save_master_password ... FAILED
[INFO] [stdout] test test_encoding ... ok
[INFO] [stdout] test test_verify_master_password ... ok
[INFO] [stdout] 
[INFO] [stdout] failures:
[INFO] [stdout] 
[INFO] [stdout] ---- test_save_master_password stdout ----
[INFO] [stdout] Error: Os { code: 30, kind: ReadOnlyFilesystem, message: "Read-only file system" }
[INFO] [stdout] 
[INFO] [stdout] 
[INFO] [stdout] failures:
[INFO] [stdout]     test_save_master_password
[INFO] [stdout] 
[INFO] [stdout] test result: FAILED. 3 passed; 1 failed; 0 ignored; 0 measured; 0 filtered out; finished in 0.65s
[INFO] [stdout] 
[INFO] [stderr] error: test failed, to rerun pass `--bin cli-password-manager`
[INFO] running `Command { std: "docker" "inspect" "513096f3496774245aa02ea78251427c039be2024f3e93c9ad73fdd4a4cd0314", kill_on_drop: false }`
[INFO] running `Command { std: "docker" "rm" "-f" "513096f3496774245aa02ea78251427c039be2024f3e93c9ad73fdd4a4cd0314", kill_on_drop: false }`
[INFO] [stdout] 513096f3496774245aa02ea78251427c039be2024f3e93c9ad73fdd4a4cd0314
[INFO] testing GeorgiiVoyakin/cli-password-manager against beta-2023-12-22 for beta-1.76-1
[INFO] running `Command { std: "git" "clone" "/workspace/cache/git-repos/https%3A%2F%2Fgithub.com%2FGeorgiiVoyakin%2Fcli-password-manager" "/workspace/builds/worker-5-tc2/source", kill_on_drop: false }`
[INFO] [stderr] Cloning into '/workspace/builds/worker-5-tc2/source'...
[INFO] [stderr] done.
[INFO] validating manifest of git repo https://github.com/GeorgiiVoyakin/cli-password-manager on toolchain beta-2023-12-22
[INFO] running `Command { std: CARGO_HOME="/workspace/cargo-home" RUSTUP_HOME="/workspace/rustup-home" "/workspace/cargo-home/bin/cargo" "+beta-2023-12-22" "metadata" "--manifest-path" "Cargo.toml" "--no-deps", kill_on_drop: false }`
[INFO] started tweaking git repo https://github.com/GeorgiiVoyakin/cli-password-manager
[INFO] finished tweaking git repo https://github.com/GeorgiiVoyakin/cli-password-manager
[INFO] tweaked toml for git repo https://github.com/GeorgiiVoyakin/cli-password-manager written to /workspace/builds/worker-5-tc2/source/Cargo.toml
[INFO] crate git repo https://github.com/GeorgiiVoyakin/cli-password-manager already has a lockfile, it will not be regenerated
[INFO] running `Command { std: CARGO_HOME="/workspace/cargo-home" RUSTUP_HOME="/workspace/rustup-home" "/workspace/cargo-home/bin/cargo" "+beta-2023-12-22" "fetch" "--manifest-path" "Cargo.toml", kill_on_drop: false }`
[INFO] running `Command { std: "docker" "create" "-v" "/var/lib/crater-agent-workspace/builds/worker-5-tc2/target:/opt/rustwide/target:rw,Z" "-v" "/var/lib/crater-agent-workspace/builds/worker-5-tc2/source:/opt/rustwide/workdir:ro,Z" "-v" "/var/lib/crater-agent-workspace/cargo-home:/opt/rustwide/cargo-home:ro,Z" "-v" "/var/lib/crater-agent-workspace/rustup-home:/opt/rustwide/rustup-home:ro,Z" "-e" "SOURCE_DIR=/opt/rustwide/workdir" "-e" "CARGO_TARGET_DIR=/opt/rustwide/target" "-e" "CARGO_HOME=/opt/rustwide/cargo-home" "-e" "RUSTUP_HOME=/opt/rustwide/rustup-home" "-w" "/opt/rustwide/workdir" "-m" "1610612736" "--user" "0:0" "--network" "none" "ghcr.io/rust-lang/crates-build-env/linux@sha256:2788e3201cd34a07e3172128adcd8b3090168a8e3bcc40d7c032b9dda1df7d1c" "/opt/rustwide/cargo-home/bin/cargo" "+beta-2023-12-22" "metadata" "--no-deps" "--format-version=1", kill_on_drop: false }`
[INFO] [stdout] 6e622169d29e1a37b8a705e973b735a7d560e6b76cb97a18544dcec1c06f5819
[INFO] running `Command { std: "docker" "start" "-a" "6e622169d29e1a37b8a705e973b735a7d560e6b76cb97a18544dcec1c06f5819", kill_on_drop: false }`
[INFO] running `Command { std: "docker" "inspect" "6e622169d29e1a37b8a705e973b735a7d560e6b76cb97a18544dcec1c06f5819", kill_on_drop: false }`
[INFO] running `Command { std: "docker" "rm" "-f" "6e622169d29e1a37b8a705e973b735a7d560e6b76cb97a18544dcec1c06f5819", kill_on_drop: false }`
[INFO] [stdout] 6e622169d29e1a37b8a705e973b735a7d560e6b76cb97a18544dcec1c06f5819
[INFO] running `Command { std: "docker" "create" "-v" "/var/lib/crater-agent-workspace/builds/worker-5-tc2/target:/opt/rustwide/target:rw,Z" "-v" "/var/lib/crater-agent-workspace/builds/worker-5-tc2/source:/opt/rustwide/workdir:ro,Z" "-v" "/var/lib/crater-agent-workspace/cargo-home:/opt/rustwide/cargo-home:ro,Z" "-v" "/var/lib/crater-agent-workspace/rustup-home:/opt/rustwide/rustup-home:ro,Z" "-e" "SOURCE_DIR=/opt/rustwide/workdir" "-e" "CARGO_TARGET_DIR=/opt/rustwide/target" "-e" "CARGO_INCREMENTAL=0" "-e" "RUST_BACKTRACE=full" "-e" "RUSTFLAGS=--cap-lints=warn" "-e" "RUSTDOCFLAGS=--cap-lints=warn" "-e" "CARGO_HOME=/opt/rustwide/cargo-home" "-e" "RUSTUP_HOME=/opt/rustwide/rustup-home" "-w" "/opt/rustwide/workdir" "-m" "1610612736" "--user" "0:0" "--network" "none" "ghcr.io/rust-lang/crates-build-env/linux@sha256:2788e3201cd34a07e3172128adcd8b3090168a8e3bcc40d7c032b9dda1df7d1c" "/opt/rustwide/cargo-home/bin/cargo" "+beta-2023-12-22" "build" "--frozen" "--message-format=json", kill_on_drop: false }`
[INFO] [stdout] b02409c7770daf94031195115f8bdb87592e332c9daedfc7c20cef88b1cb9dab
[INFO] running `Command { std: "docker" "start" "-a" "b02409c7770daf94031195115f8bdb87592e332c9daedfc7c20cef88b1cb9dab", kill_on_drop: false }`
[INFO] [stderr]    Compiling libc v0.2.104
[INFO] [stderr]    Compiling typenum v1.14.0
[INFO] [stderr]    Compiling version_check v0.9.3
[INFO] [stderr]    Compiling memchr v2.4.1
[INFO] [stderr]    Compiling proc-macro2 v1.0.30
[INFO] [stderr]    Compiling futures-core v0.3.17
[INFO] [stderr]    Compiling unicode-xid v0.2.2
[INFO] [stderr]    Compiling syn v1.0.80
[INFO] [stderr]    Compiling getrandom v0.1.16
[INFO] [stderr]    Compiling slab v0.4.5
[INFO] [stderr]    Compiling log v0.4.14
[INFO] [stderr]    Compiling proc-macro-hack v0.5.19
[INFO] [stderr]    Compiling futures-task v0.3.17
[INFO] [stderr]    Compiling futures-channel v0.3.17
[INFO] [stderr]    Compiling futures-sink v0.3.17
[INFO] [stderr]    Compiling futures-macro v0.3.17
[INFO] [stderr]    Compiling proc-macro-nested v0.1.7
[INFO] [stderr]    Compiling tinyvec v1.5.0
[INFO] [stderr]    Compiling futures-util v0.3.17
[INFO] [stderr]    Compiling ppv-lite86 v0.2.14
[INFO] [stderr]    Compiling bytes v0.5.6
[INFO] [stderr]    Compiling subtle v2.4.1
[INFO] [stderr]    Compiling generic-array v0.14.4
[INFO] [stderr]    Compiling opaque-debug v0.3.0
[INFO] [stderr]    Compiling futures-io v0.3.17
[INFO] [stderr]    Compiling cpufeatures v0.2.1
[INFO] [stderr]    Compiling parking_lot_core v0.8.5
[INFO] [stderr]    Compiling unicode-bidi v0.3.7
[INFO] [stderr]    Compiling pin-project-lite v0.2.7
[INFO] [stderr]    Compiling siphasher v0.3.7
[INFO] [stderr]    Compiling md5 v0.7.0
[INFO] [stderr]    Compiling pin-project-lite v0.1.12
[INFO] [stderr]    Compiling smallvec v1.7.0
[INFO] [stderr]    Compiling async-trait v0.1.51
[INFO] [stderr]    Compiling fallible-iterator v0.2.0
[INFO] [stderr]    Compiling lock_api v0.4.5
[INFO] [stderr]    Compiling phf_shared v0.8.0
[INFO] [stderr]    Compiling cc v1.0.71
[INFO] [stderr]    Compiling spin v0.5.2
[INFO] [stderr]    Compiling untrusted v0.7.1
[INFO] [stderr]    Compiling once_cell v1.8.0
[INFO] [stderr]    Compiling quote v1.0.10
[INFO] [stderr]    Compiling phf v0.8.0
[INFO] [stderr]    Compiling data-encoding v2.3.2
[INFO] [stderr]    Compiling net2 v0.2.37
[INFO] [stderr]    Compiling iovec v0.1.4
[INFO] [stderr]    Compiling unicode-normalization v0.1.19
[INFO] [stderr]    Compiling rand_core v0.5.1
[INFO] [stderr]    Compiling parking_lot v0.11.2
[INFO] [stderr]    Compiling mio v0.6.23
[INFO] [stderr]    Compiling rand_chacha v0.2.2
[INFO] [stderr]    Compiling rand v0.7.3
[INFO] [stderr]    Compiling ring v0.16.20
[INFO] [stderr]    Compiling stringprep v0.1.2
[INFO] [stderr]    Compiling mio-uds v0.6.8
[INFO] [stderr]    Compiling digest v0.9.0
[INFO] [stderr]    Compiling crypto-mac v0.9.1
[INFO] [stderr]    Compiling block-buffer v0.9.0
[INFO] [stderr]    Compiling sha2 v0.9.8
[INFO] [stderr]    Compiling hmac v0.9.0
[INFO] [stderr]    Compiling tokio v0.2.25
[INFO] [stderr]    Compiling postgres-protocol v0.5.3
[INFO] [stderr]    Compiling postgres-types v0.1.3
[INFO] [stderr]    Compiling tokio-util v0.3.1
[INFO] [stderr]    Compiling futures-executor v0.3.17
[INFO] [stderr]    Compiling futures v0.3.17
[INFO] [stderr]    Compiling tokio-postgres v0.5.5
[INFO] [stderr]    Compiling postgres v0.17.5
[INFO] [stderr]    Compiling cli-password-manager v0.1.0 (/opt/rustwide/workdir)
[INFO] [stdout] warning: unused imports: `Client`, `Error`, `NoTls`
[INFO] [stdout]   --> src/main.rs:10:16
[INFO] [stdout]    |
[INFO] [stdout] 10 | use postgres::{Client, NoTls, Error};
[INFO] [stdout]    |                ^^^^^^  ^^^^^  ^^^^^
[INFO] [stdout]    |
[INFO] [stdout]    = note: `#[warn(unused_imports)]` on by default
[INFO] [stdout] 
[INFO] [stdout] 
[INFO] [stdout] warning: unused variable: `file`
[INFO] [stdout]   --> src/main.rs:26:9
[INFO] [stdout]    |
[INFO] [stdout] 26 |     let file = File::open("master_password");
[INFO] [stdout]    |         ^^^^ help: if this is intentional, prefix it with an underscore: `_file`
[INFO] [stdout]    |
[INFO] [stdout]    = note: `#[warn(unused_variables)]` on by default
[INFO] [stdout] 
[INFO] [stdout] 
[INFO] [stdout] warning: function `encode_password` is never used
[INFO] [stdout]   --> src/main.rs:12:4
[INFO] [stdout]    |
[INFO] [stdout] 12 | fn encode_password(password: &str) -> String {
[INFO] [stdout]    |    ^^^^^^^^^^^^^^^
[INFO] [stdout]    |
[INFO] [stdout]    = note: `#[warn(dead_code)]` on by default
[INFO] [stdout] 
[INFO] [stdout] 
[INFO] [stdout] warning: function `decode_password` is never used
[INFO] [stdout]   --> src/main.rs:15:4
[INFO] [stdout]    |
[INFO] [stdout] 15 | fn decode_password(encoded: &[u8]) -> result::Result<Vec<u8>, base64::DecodeError> {
[INFO] [stdout]    |    ^^^^^^^^^^^^^^^
[INFO] [stdout] 
[INFO] [stdout] 
[INFO] [stdout] warning: function `save_master_password` is never used
[INFO] [stdout]   --> src/main.rs:19:4
[INFO] [stdout]    |
[INFO] [stdout] 19 | fn save_master_password(master_password: &[u8]) -> std::io::Result<()> {
[INFO] [stdout]    |    ^^^^^^^^^^^^^^^^^^^^
[INFO] [stdout] 
[INFO] [stdout] 
[INFO] [stdout] warning: function `verify_master_password` is never used
[INFO] [stdout]   --> src/main.rs:25:4
[INFO] [stdout]    |
[INFO] [stdout] 25 | fn verify_master_password(password_to_verify: &str, n_iter: NonZeroU32, salt: &[u8], pbkdf2_hash: &mut [u8]) -> result::Result<(), error:...
[INFO] [stdout]    |    ^^^^^^^^^^^^^^^^^^^^^^
[INFO] [stdout] 
[INFO] [stdout] 
[INFO] [stdout] warning: 6 warnings emitted
[INFO] [stdout] 
[INFO] [stdout] 
[INFO] [stderr]     Finished dev [unoptimized + debuginfo] target(s) in 9.60s
[INFO] running `Command { std: "docker" "inspect" "b02409c7770daf94031195115f8bdb87592e332c9daedfc7c20cef88b1cb9dab", kill_on_drop: false }`
[INFO] running `Command { std: "docker" "rm" "-f" "b02409c7770daf94031195115f8bdb87592e332c9daedfc7c20cef88b1cb9dab", kill_on_drop: false }`
[INFO] [stdout] b02409c7770daf94031195115f8bdb87592e332c9daedfc7c20cef88b1cb9dab
[INFO] running `Command { std: "docker" "create" "-v" "/var/lib/crater-agent-workspace/builds/worker-5-tc2/target:/opt/rustwide/target:rw,Z" "-v" "/var/lib/crater-agent-workspace/builds/worker-5-tc2/source:/opt/rustwide/workdir:ro,Z" "-v" "/var/lib/crater-agent-workspace/cargo-home:/opt/rustwide/cargo-home:ro,Z" "-v" "/var/lib/crater-agent-workspace/rustup-home:/opt/rustwide/rustup-home:ro,Z" "-e" "SOURCE_DIR=/opt/rustwide/workdir" "-e" "CARGO_TARGET_DIR=/opt/rustwide/target" "-e" "CARGO_INCREMENTAL=0" "-e" "RUST_BACKTRACE=full" "-e" "RUSTFLAGS=--cap-lints=warn" "-e" "RUSTDOCFLAGS=--cap-lints=warn" "-e" "CARGO_HOME=/opt/rustwide/cargo-home" "-e" "RUSTUP_HOME=/opt/rustwide/rustup-home" "-w" "/opt/rustwide/workdir" "-m" "1610612736" "--user" "0:0" "--network" "none" "ghcr.io/rust-lang/crates-build-env/linux@sha256:2788e3201cd34a07e3172128adcd8b3090168a8e3bcc40d7c032b9dda1df7d1c" "/opt/rustwide/cargo-home/bin/cargo" "+beta-2023-12-22" "test" "--frozen" "--no-run" "--message-format=json", kill_on_drop: false }`
[INFO] [stdout] 741dd07c051df31fcec3f94dc0be761527b49b02b6d3c122a846a311c9075067
[INFO] running `Command { std: "docker" "start" "-a" "741dd07c051df31fcec3f94dc0be761527b49b02b6d3c122a846a311c9075067", kill_on_drop: false }`
[INFO] [stderr]    Compiling cli-password-manager v0.1.0 (/opt/rustwide/workdir)
[INFO] [stdout] warning: unused imports: `Client`, `Error`, `NoTls`
[INFO] [stdout]   --> src/main.rs:10:16
[INFO] [stdout]    |
[INFO] [stdout] 10 | use postgres::{Client, NoTls, Error};
[INFO] [stdout]    |                ^^^^^^  ^^^^^  ^^^^^
[INFO] [stdout]    |
[INFO] [stdout]    = note: `#[warn(unused_imports)]` on by default
[INFO] [stdout] 
[INFO] [stdout] 
[INFO] [stdout] warning: unused variable: `file`
[INFO] [stdout]   --> src/main.rs:26:9
[INFO] [stdout]    |
[INFO] [stdout] 26 |     let file = File::open("master_password");
[INFO] [stdout]    |         ^^^^ help: if this is intentional, prefix it with an underscore: `_file`
[INFO] [stdout]    |
[INFO] [stdout]    = note: `#[warn(unused_variables)]` on by default
[INFO] [stdout] 
[INFO] [stdout] 
[INFO] [stdout] warning: variable does not need to be mutable
[INFO] [stdout]   --> src/main.rs:79:9
[INFO] [stdout]    |
[INFO] [stdout] 79 |     let mut salt = [0u8; CREDENTIAL_LEN];
[INFO] [stdout]    |         ----^^^^
[INFO] [stdout]    |         |
[INFO] [stdout]    |         help: remove this `mut`
[INFO] [stdout]    |
[INFO] [stdout]    = note: `#[warn(unused_mut)]` on by default
[INFO] [stdout] 
[INFO] [stdout] 
[INFO] [stdout] warning: 3 warnings emitted
[INFO] [stdout] 
[INFO] [stdout] 
[INFO] [stderr]     Finished test [unoptimized + debuginfo] target(s) in 1.17s
[INFO] running `Command { std: "docker" "inspect" "741dd07c051df31fcec3f94dc0be761527b49b02b6d3c122a846a311c9075067", kill_on_drop: false }`
[INFO] running `Command { std: "docker" "rm" "-f" "741dd07c051df31fcec3f94dc0be761527b49b02b6d3c122a846a311c9075067", kill_on_drop: false }`
[INFO] [stdout] 741dd07c051df31fcec3f94dc0be761527b49b02b6d3c122a846a311c9075067
[INFO] running `Command { std: "docker" "create" "-v" "/var/lib/crater-agent-workspace/builds/worker-5-tc2/target:/opt/rustwide/target:rw,Z" "-v" "/var/lib/crater-agent-workspace/builds/worker-5-tc2/source:/opt/rustwide/workdir:ro,Z" "-v" "/var/lib/crater-agent-workspace/cargo-home:/opt/rustwide/cargo-home:ro,Z" "-v" "/var/lib/crater-agent-workspace/rustup-home:/opt/rustwide/rustup-home:ro,Z" "-e" "SOURCE_DIR=/opt/rustwide/workdir" "-e" "CARGO_TARGET_DIR=/opt/rustwide/target" "-e" "CARGO_INCREMENTAL=0" "-e" "RUST_BACKTRACE=full" "-e" "RUSTFLAGS=--cap-lints=warn" "-e" "RUSTDOCFLAGS=--cap-lints=warn" "-e" "CARGO_HOME=/opt/rustwide/cargo-home" "-e" "RUSTUP_HOME=/opt/rustwide/rustup-home" "-w" "/opt/rustwide/workdir" "-m" "1610612736" "--user" "0:0" "--network" "none" "ghcr.io/rust-lang/crates-build-env/linux@sha256:2788e3201cd34a07e3172128adcd8b3090168a8e3bcc40d7c032b9dda1df7d1c" "/opt/rustwide/cargo-home/bin/cargo" "+beta-2023-12-22" "test" "--frozen", kill_on_drop: false }`
[INFO] [stdout] 57950ed92beec277c994628b2433494618da1be08d078431a005afeda2e7278f
[INFO] running `Command { std: "docker" "start" "-a" "57950ed92beec277c994628b2433494618da1be08d078431a005afeda2e7278f", kill_on_drop: false }`
[INFO] [stderr] warning: unused imports: `Client`, `Error`, `NoTls`
[INFO] [stderr]   --> src/main.rs:10:16
[INFO] [stderr]    |
[INFO] [stderr] 10 | use postgres::{Client, NoTls, Error};
[INFO] [stderr]    |                ^^^^^^  ^^^^^  ^^^^^
[INFO] [stderr]    |
[INFO] [stderr]    = note: `#[warn(unused_imports)]` on by default
[INFO] [stderr] 
[INFO] [stderr] warning: unused variable: `file`
[INFO] [stderr]   --> src/main.rs:26:9
[INFO] [stderr]    |
[INFO] [stderr] 26 |     let file = File::open("master_password");
[INFO] [stderr]    |         ^^^^ help: if this is intentional, prefix it with an underscore: `_file`
[INFO] [stderr]    |
[INFO] [stderr]    = note: `#[warn(unused_variables)]` on by default
[INFO] [stderr] 
[INFO] [stderr] warning: variable does not need to be mutable
[INFO] [stderr]   --> src/main.rs:79:9
[INFO] [stderr]    |
[INFO] [stderr] 79 |     let mut salt = [0u8; CREDENTIAL_LEN];
[INFO] [stderr]    |         ----^^^^
[INFO] [stderr]    |         |
[INFO] [stderr]    |         help: remove this `mut`
[INFO] [stderr]    |
[INFO] [stderr]    = note: `#[warn(unused_mut)]` on by default
[INFO] [stderr] 
[INFO] [stderr] warning: `cli-password-manager` (bin "cli-password-manager" test) generated 3 warnings (run `cargo fix --bin "cli-password-manager" --tests` to apply 3 suggestions)
[INFO] [stderr]     Finished test [unoptimized + debuginfo] target(s) in 0.09s
[INFO] [stderr]      Running unittests src/main.rs (/opt/rustwide/target/debug/deps/cli_password_manager-845fe6fb0ffea1fe)
[INFO] [stdout] 
[INFO] [stdout] running 4 tests
[INFO] [stdout] test test_save_master_password ... FAILED
[INFO] [stdout] test test_decoding ... ok
[INFO] [stdout] test test_encoding ... ok
[INFO] [stdout] test test_verify_master_password ... ok
[INFO] [stdout] 
[INFO] [stdout] failures:
[INFO] [stdout] 
[INFO] [stdout] ---- test_save_master_password stdout ----
[INFO] [stdout] Error: Os { code: 30, kind: ReadOnlyFilesystem, message: "Read-only file system" }
[INFO] [stdout] 
[INFO] [stdout] 
[INFO] [stdout] failures:
[INFO] [stdout]     test_save_master_password
[INFO] [stdout] 
[INFO] [stdout] test result: FAILED. 3 passed; 1 failed; 0 ignored; 0 measured; 0 filtered out; finished in 0.72s
[INFO] [stdout] 
[INFO] [stderr] error: test failed, to rerun pass `--bin cli-password-manager`
[INFO] running `Command { std: "docker" "inspect" "57950ed92beec277c994628b2433494618da1be08d078431a005afeda2e7278f", kill_on_drop: false }`
[INFO] running `Command { std: "docker" "rm" "-f" "57950ed92beec277c994628b2433494618da1be08d078431a005afeda2e7278f", kill_on_drop: false }`
[INFO] [stdout] 57950ed92beec277c994628b2433494618da1be08d078431a005afeda2e7278f
