[INFO] cloning repository https://github.com/George-Miao/clashctl
[INFO] running `Command { std: "git" "-c" "credential.helper=" "-c" "credential.helper=/workspace/cargo-home/bin/git-credential-null" "clone" "--bare" "https://github.com/George-Miao/clashctl" "/workspace/cache/git-repos/https%3A%2F%2Fgithub.com%2FGeorge-Miao%2Fclashctl", kill_on_drop: false }`
[INFO] [stderr] Cloning into bare repository '/workspace/cache/git-repos/https%3A%2F%2Fgithub.com%2FGeorge-Miao%2Fclashctl'...
[INFO] running `Command { std: "git" "rev-parse" "HEAD", kill_on_drop: false }`
[INFO] [stdout] 5167756723d555f34d057f572672344af90dc9c8
[INFO] testing George-Miao/clashctl against 1.75.0 for beta-1.76-1
[INFO] running `Command { std: "git" "clone" "/workspace/cache/git-repos/https%3A%2F%2Fgithub.com%2FGeorge-Miao%2Fclashctl" "/workspace/builds/worker-1-tc1/source", kill_on_drop: false }`
[INFO] [stderr] Cloning into '/workspace/builds/worker-1-tc1/source'...
[INFO] [stderr] done.
[INFO] validating manifest of git repo https://github.com/George-Miao/clashctl on toolchain 1.75.0
[INFO] running `Command { std: CARGO_HOME="/workspace/cargo-home" RUSTUP_HOME="/workspace/rustup-home" "/workspace/cargo-home/bin/cargo" "+1.75.0" "metadata" "--manifest-path" "Cargo.toml" "--no-deps", kill_on_drop: false }`
[INFO] removed /workspace/builds/worker-1-tc1/source/rust-toolchain.toml
[INFO] started tweaking git repo https://github.com/George-Miao/clashctl
[INFO] finished tweaking git repo https://github.com/George-Miao/clashctl
[INFO] tweaked toml for git repo https://github.com/George-Miao/clashctl written to /workspace/builds/worker-1-tc1/source/Cargo.toml
[INFO] crate git repo https://github.com/George-Miao/clashctl already has a lockfile, it will not be regenerated
[INFO] running `Command { std: CARGO_HOME="/workspace/cargo-home" RUSTUP_HOME="/workspace/rustup-home" "/workspace/cargo-home/bin/cargo" "+1.75.0" "fetch" "--manifest-path" "Cargo.toml", kill_on_drop: false }`
[INFO] [stderr] warning: virtual workspace defaulting to `resolver = "1"` despite one or more workspace members being on edition 2021 which implies `resolver = "2"`
[INFO] [stderr] note: to keep the current resolver, specify `workspace.resolver = "1"` in the workspace root's manifest
[INFO] [stderr] note: to use the edition 2021 resolver, specify `workspace.resolver = "2"` in the workspace root's manifest
[INFO] [stderr] note: for more details see https://doc.rust-lang.org/cargo/reference/resolver.html#resolver-versions
[INFO] [stderr] warning: /workspace/builds/worker-1-tc1/source/Cargo.toml: unused manifest key: net
[INFO] [stderr]     Updating crates.io index
[INFO] [stderr]  Downloading crates ...
[INFO] [stderr]   Downloaded terminal_size v0.2.1
[INFO] [stderr]   Downloaded mod_use v0.2.1
[INFO] [stderr]   Downloaded requestty v0.4.1
[INFO] [stderr]   Downloaded requestty-ui v0.4.1
[INFO] [stderr]   Downloaded match_any v1.0.1
[INFO] running `Command { std: "docker" "create" "-v" "/var/lib/crater-agent-workspace/builds/worker-1-tc1/target:/opt/rustwide/target:rw,Z" "-v" "/var/lib/crater-agent-workspace/builds/worker-1-tc1/source:/opt/rustwide/workdir:ro,Z" "-v" "/var/lib/crater-agent-workspace/cargo-home:/opt/rustwide/cargo-home:ro,Z" "-v" "/var/lib/crater-agent-workspace/rustup-home:/opt/rustwide/rustup-home:ro,Z" "-e" "SOURCE_DIR=/opt/rustwide/workdir" "-e" "CARGO_TARGET_DIR=/opt/rustwide/target" "-e" "CARGO_HOME=/opt/rustwide/cargo-home" "-e" "RUSTUP_HOME=/opt/rustwide/rustup-home" "-w" "/opt/rustwide/workdir" "-m" "1610612736" "--user" "0:0" "--network" "none" "ghcr.io/rust-lang/crates-build-env/linux@sha256:2788e3201cd34a07e3172128adcd8b3090168a8e3bcc40d7c032b9dda1df7d1c" "/opt/rustwide/cargo-home/bin/cargo" "+1.75.0" "metadata" "--no-deps" "--format-version=1", kill_on_drop: false }`
[INFO] [stdout] 7051239ae498c096c5c0ff4d0cb150ecd63e83306a4f06a9d8800fb7d96f29ef
[INFO] running `Command { std: "docker" "start" "-a" "7051239ae498c096c5c0ff4d0cb150ecd63e83306a4f06a9d8800fb7d96f29ef", kill_on_drop: false }`
[INFO] running `Command { std: "docker" "inspect" "7051239ae498c096c5c0ff4d0cb150ecd63e83306a4f06a9d8800fb7d96f29ef", kill_on_drop: false }`
[INFO] running `Command { std: "docker" "rm" "-f" "7051239ae498c096c5c0ff4d0cb150ecd63e83306a4f06a9d8800fb7d96f29ef", kill_on_drop: false }`
[INFO] [stdout] 7051239ae498c096c5c0ff4d0cb150ecd63e83306a4f06a9d8800fb7d96f29ef
[INFO] running `Command { std: "docker" "create" "-v" "/var/lib/crater-agent-workspace/builds/worker-1-tc1/target:/opt/rustwide/target:rw,Z" "-v" "/var/lib/crater-agent-workspace/builds/worker-1-tc1/source:/opt/rustwide/workdir:ro,Z" "-v" "/var/lib/crater-agent-workspace/cargo-home:/opt/rustwide/cargo-home:ro,Z" "-v" "/var/lib/crater-agent-workspace/rustup-home:/opt/rustwide/rustup-home:ro,Z" "-e" "SOURCE_DIR=/opt/rustwide/workdir" "-e" "CARGO_TARGET_DIR=/opt/rustwide/target" "-e" "CARGO_INCREMENTAL=0" "-e" "RUST_BACKTRACE=full" "-e" "RUSTFLAGS=--cap-lints=warn" "-e" "RUSTDOCFLAGS=--cap-lints=warn" "-e" "CARGO_HOME=/opt/rustwide/cargo-home" "-e" "RUSTUP_HOME=/opt/rustwide/rustup-home" "-w" "/opt/rustwide/workdir" "-m" "1610612736" "--user" "0:0" "--network" "none" "ghcr.io/rust-lang/crates-build-env/linux@sha256:2788e3201cd34a07e3172128adcd8b3090168a8e3bcc40d7c032b9dda1df7d1c" "/opt/rustwide/cargo-home/bin/cargo" "+1.75.0" "build" "--frozen" "--message-format=json", kill_on_drop: false }`
[INFO] [stdout] 145068a4c5e2b0cf2c20b1f5c57c6938a84866ea06f01e0bd43ffa667245c239
[INFO] running `Command { std: "docker" "start" "-a" "145068a4c5e2b0cf2c20b1f5c57c6938a84866ea06f01e0bd43ffa667245c239", kill_on_drop: false }`
[INFO] [stderr] warning: virtual workspace defaulting to `resolver = "1"` despite one or more workspace members being on edition 2021 which implies `resolver = "2"`
[INFO] [stderr] note: to keep the current resolver, specify `workspace.resolver = "1"` in the workspace root's manifest
[INFO] [stderr] note: to use the edition 2021 resolver, specify `workspace.resolver = "2"` in the workspace root's manifest
[INFO] [stderr] note: for more details see https://doc.rust-lang.org/cargo/reference/resolver.html#resolver-versions
[INFO] [stderr] warning: /opt/rustwide/workdir/Cargo.toml: unused manifest key: net
[INFO] [stderr]    Compiling libc v0.2.132
[INFO] [stderr]    Compiling proc-macro2 v1.0.43
[INFO] [stderr]    Compiling unicode-ident v1.0.3
[INFO] [stderr]    Compiling syn v1.0.99
[INFO] [stderr]    Compiling log v0.4.17
[INFO] [stderr]    Compiling serde_derive v1.0.145
[INFO] [stderr]    Compiling regex-syntax v0.6.27
[INFO] [stderr]    Compiling serde v1.0.145
[INFO] [stderr]    Compiling lock_api v0.4.7
[INFO] [stderr]    Compiling signal-hook v0.3.14
[INFO] [stderr]    Compiling crossbeam-utils v0.8.12
[INFO] [stderr]    Compiling proc-macro-error-attr v1.0.4
[INFO] [stderr]    Compiling unicode-width v0.1.9
[INFO] [stderr]    Compiling heck v0.4.0
[INFO] [stderr]    Compiling aho-corasick v0.7.18
[INFO] [stderr]    Compiling tinyvec v1.6.0
[INFO] [stderr]    Compiling proc-macro-error v1.0.4
[INFO] [stderr]    Compiling num-traits v0.2.15
[INFO] [stderr]    Compiling crossbeam-epoch v0.9.11
[INFO] [stderr]    Compiling matches v0.1.9
[INFO] [stderr]    Compiling rustversion v1.0.9
[INFO] [stderr]    Compiling smawk v0.3.1
[INFO] [stderr]    Compiling indexmap v1.9.1
[INFO] [stderr]    Compiling num-integer v0.1.45
[INFO] [stderr]    Compiling unicode-bidi v0.3.8
[INFO] [stderr]    Compiling io-lifetimes v0.7.3
[INFO] [stderr]    Compiling rayon-core v1.9.3
[INFO] [stderr]    Compiling form_urlencoded v1.0.1
[INFO] [stderr]    Compiling hashbrown v0.12.3
[INFO] [stderr]    Compiling rustix v0.35.8
[INFO] [stderr]    Compiling unicode-segmentation v1.9.0
[INFO] [stderr]    Compiling quote v1.0.21
[INFO] [stderr]    Compiling serde_json v1.0.83
[INFO] [stderr]    Compiling os_str_bytes v6.3.0
[INFO] [stderr]    Compiling unicode-normalization v0.1.21
[INFO] [stderr]    Compiling semver v1.0.13
[INFO] [stderr]    Compiling clap_lex v0.2.4
[INFO] [stderr]    Compiling crossbeam-deque v0.8.2
[INFO] [stderr]    Compiling crossbeam-channel v0.5.6
[INFO] [stderr]    Compiling rayon v1.5.3
[INFO] [stderr]    Compiling ryu v1.0.11
[INFO] [stderr]    Compiling strsim v0.10.0
[INFO] [stderr]    Compiling chunked_transfer v1.4.0
[INFO] [stderr]    Compiling itoa v1.0.3
[INFO] [stderr]    Compiling iana-time-zone v0.1.45
[INFO] [stderr]    Compiling linux-raw-sys v0.0.46
[INFO] [stderr]    Compiling either v1.7.0
[INFO] [stderr]    Compiling idna v0.2.3
[INFO] [stderr]    Compiling humantime v2.1.0
[INFO] [stderr]    Compiling event-listener v2.5.3
[INFO] [stderr]    Compiling urlencoding v2.1.0
[INFO] [stderr]    Compiling cassowary v0.3.0
[INFO] [stderr]    Compiling mod_use v0.2.1
[INFO] [stderr]    Compiling home v0.5.3
[INFO] [stderr]    Compiling owo-colors v3.4.0
[INFO] [stderr]    Compiling bytesize v1.1.0
[INFO] [stderr]    Compiling match_any v1.0.1
[INFO] [stderr]    Compiling signal-hook-registry v1.4.0
[INFO] [stderr]    Compiling mio v0.8.4
[INFO] [stderr]    Compiling parking_lot_core v0.9.3
[INFO] [stderr]    Compiling atty v0.2.14
[INFO] [stderr]    Compiling time v0.1.44
[INFO] [stderr]    Compiling num_cpus v1.13.1
[INFO] [stderr]    Compiling tempfile v3.3.0
[INFO] [stderr]    Compiling simple-mutex v1.1.5
[INFO] [stderr]    Compiling paste v1.0.9
[INFO] [stderr]    Compiling parking_lot v0.12.1
[INFO] [stderr]    Compiling regex v1.6.0
[INFO] [stderr]    Compiling signal-hook-mio v0.2.3
[INFO] [stderr]    Compiling crossterm v0.23.2
[INFO] [stderr]    Compiling crossterm v0.25.0
[INFO] [stderr]    Compiling tui v0.19.0
[INFO] [stderr]    Compiling env_logger v0.9.0
[INFO] [stderr]    Compiling terminal_size v0.2.1
[INFO] [stderr]    Compiling unicode-linebreak v0.1.2
[INFO] [stderr]    Compiling strum_macros v0.24.3
[INFO] [stderr]    Compiling thiserror-impl v1.0.32
[INFO] [stderr]    Compiling clap_derive v3.2.17
[INFO] [stderr]    Compiling smart-default v0.6.0
[INFO] [stderr]    Compiling textwrap v0.15.0
[INFO] [stderr]    Compiling requestty-ui v0.4.1
[INFO] [stderr]    Compiling thiserror v1.0.32
[INFO] [stderr]    Compiling requestty v0.4.1
[INFO] [stderr]    Compiling strum v0.24.1
[INFO] [stderr]    Compiling clap v3.2.17
[INFO] [stderr]    Compiling clap_complete v3.2.4
[INFO] [stderr]    Compiling url v2.2.2
[INFO] [stderr]    Compiling chrono v0.4.22
[INFO] [stderr]    Compiling ron v0.8.0
[INFO] [stderr]    Compiling ureq v2.5.0
[INFO] [stderr]    Compiling clashctl-core v0.4.2 (/opt/rustwide/workdir/clashctl-core)
[INFO] [stdout] warning: unused import: `deserialize::*`
[INFO] [stdout]   --> clashctl-core/src/model/connection.rs:58:9
[INFO] [stdout]    |
[INFO] [stdout] 58 | pub use deserialize::*;
[INFO] [stdout]    |         ^^^^^^^^^^^^^^
[INFO] [stdout]    |
[INFO] [stdout]    = note: `#[warn(unused_imports)]` on by default
[INFO] [stdout] 
[INFO] [stdout] 
[INFO] [stdout] warning: 1 warning emitted
[INFO] [stdout] 
[INFO] [stdout] 
[INFO] [stderr]    Compiling clashctl v0.3.3 (/opt/rustwide/workdir/clashctl)
[INFO] [stdout] warning: private item shadows public glob re-export
[INFO] [stdout]  --> clashctl/src/main.rs:5:5
[INFO] [stdout]   |
[INFO] [stdout] 5 | use ui::main_loop;
[INFO] [stdout]   |     ^^^^^^^^^^^^^
[INFO] [stdout]   |
[INFO] [stdout] note: the name `main_loop` in the value namespace is supposed to be publicly re-exported here
[INFO] [stdout]  --> clashctl/src/main.rs:1:1
[INFO] [stdout]   |
[INFO] [stdout] 1 | mod_use::mod_use![command, proxy_render, utils, error, interactive, ui];
[INFO] [stdout]   | ^^^^^^^^^^^^^^^^^^^^^^^^^^^^^^^^^^^^^^^^^^^^^^^^^^^^^^^^^^^^^^^^^^^^^^^
[INFO] [stdout] note: but the private item here shadows it
[INFO] [stdout]  --> clashctl/src/main.rs:5:5
[INFO] [stdout]   |
[INFO] [stdout] 5 | use ui::main_loop;
[INFO] [stdout]   |     ^^^^^^^^^^^^^
[INFO] [stdout]   = note: `#[warn(hidden_glob_reexports)]` on by default
[INFO] [stdout]   = note: this warning originates in the macro `mod_use::mod_use` (in Nightly builds, run with -Z macro-backtrace for more info)
[INFO] [stdout] 
[INFO] [stdout] 
[INFO] [stdout] warning: private item shadows public glob re-export
[INFO] [stdout]  --> clashctl/src/main.rs:7:27
[INFO] [stdout]   |
[INFO] [stdout] 7 | use crate::{clap::Parser, Cmd, Opts};
[INFO] [stdout]   |                           ^^^
[INFO] [stdout]   |
[INFO] [stdout] note: the name `Cmd` in the type namespace is supposed to be publicly re-exported here
[INFO] [stdout]  --> clashctl/src/main.rs:1:1
[INFO] [stdout]   |
[INFO] [stdout] 1 | mod_use::mod_use![command, proxy_render, utils, error, interactive, ui];
[INFO] [stdout]   | ^^^^^^^^^^^^^^^^^^^^^^^^^^^^^^^^^^^^^^^^^^^^^^^^^^^^^^^^^^^^^^^^^^^^^^^
[INFO] [stdout] note: but the private item here shadows it
[INFO] [stdout]  --> clashctl/src/main.rs:7:27
[INFO] [stdout]   |
[INFO] [stdout] 7 | use crate::{clap::Parser, Cmd, Opts};
[INFO] [stdout]   |                           ^^^
[INFO] [stdout]   = note: this warning originates in the macro `mod_use::mod_use` (in Nightly builds, run with -Z macro-backtrace for more info)
[INFO] [stdout] 
[INFO] [stdout] 
[INFO] [stdout] warning: private item shadows public glob re-export
[INFO] [stdout]  --> clashctl/src/main.rs:7:32
[INFO] [stdout]   |
[INFO] [stdout] 7 | use crate::{clap::Parser, Cmd, Opts};
[INFO] [stdout]   |                                ^^^^
[INFO] [stdout]   |
[INFO] [stdout] note: the name `Opts` in the type namespace is supposed to be publicly re-exported here
[INFO] [stdout]  --> clashctl/src/main.rs:1:1
[INFO] [stdout]   |
[INFO] [stdout] 1 | mod_use::mod_use![command, proxy_render, utils, error, interactive, ui];
[INFO] [stdout]   | ^^^^^^^^^^^^^^^^^^^^^^^^^^^^^^^^^^^^^^^^^^^^^^^^^^^^^^^^^^^^^^^^^^^^^^^
[INFO] [stdout] note: but the private item here shadows it
[INFO] [stdout]  --> clashctl/src/main.rs:7:32
[INFO] [stdout]   |
[INFO] [stdout] 7 | use crate::{clap::Parser, Cmd, Opts};
[INFO] [stdout]   |                                ^^^^
[INFO] [stdout]   = note: this warning originates in the macro `mod_use::mod_use` (in Nightly builds, run with -Z macro-backtrace for more info)
[INFO] [stdout] 
[INFO] [stdout] 
[INFO] [stdout] warning: 3 warnings emitted
[INFO] [stdout] 
[INFO] [stdout] 
[INFO] [stderr]     Finished dev [unoptimized + debuginfo] target(s) in 17.49s
[INFO] running `Command { std: "docker" "inspect" "145068a4c5e2b0cf2c20b1f5c57c6938a84866ea06f01e0bd43ffa667245c239", kill_on_drop: false }`
[INFO] running `Command { std: "docker" "rm" "-f" "145068a4c5e2b0cf2c20b1f5c57c6938a84866ea06f01e0bd43ffa667245c239", kill_on_drop: false }`
[INFO] [stdout] 145068a4c5e2b0cf2c20b1f5c57c6938a84866ea06f01e0bd43ffa667245c239
[INFO] running `Command { std: "docker" "create" "-v" "/var/lib/crater-agent-workspace/builds/worker-1-tc1/target:/opt/rustwide/target:rw,Z" "-v" "/var/lib/crater-agent-workspace/builds/worker-1-tc1/source:/opt/rustwide/workdir:ro,Z" "-v" "/var/lib/crater-agent-workspace/cargo-home:/opt/rustwide/cargo-home:ro,Z" "-v" "/var/lib/crater-agent-workspace/rustup-home:/opt/rustwide/rustup-home:ro,Z" "-e" "SOURCE_DIR=/opt/rustwide/workdir" "-e" "CARGO_TARGET_DIR=/opt/rustwide/target" "-e" "CARGO_INCREMENTAL=0" "-e" "RUST_BACKTRACE=full" "-e" "RUSTFLAGS=--cap-lints=warn" "-e" "RUSTDOCFLAGS=--cap-lints=warn" "-e" "CARGO_HOME=/opt/rustwide/cargo-home" "-e" "RUSTUP_HOME=/opt/rustwide/rustup-home" "-w" "/opt/rustwide/workdir" "-m" "1610612736" "--user" "0:0" "--network" "none" "ghcr.io/rust-lang/crates-build-env/linux@sha256:2788e3201cd34a07e3172128adcd8b3090168a8e3bcc40d7c032b9dda1df7d1c" "/opt/rustwide/cargo-home/bin/cargo" "+1.75.0" "test" "--frozen" "--no-run" "--message-format=json", kill_on_drop: false }`
[INFO] [stdout] 0c2a0dc2907938f2929e900a13983634063eeb91e63ac0df0f5c2a4724e94911
[INFO] running `Command { std: "docker" "start" "-a" "0c2a0dc2907938f2929e900a13983634063eeb91e63ac0df0f5c2a4724e94911", kill_on_drop: false }`
[INFO] [stderr] warning: virtual workspace defaulting to `resolver = "1"` despite one or more workspace members being on edition 2021 which implies `resolver = "2"`
[INFO] [stderr] note: to keep the current resolver, specify `workspace.resolver = "1"` in the workspace root's manifest
[INFO] [stderr] note: to use the edition 2021 resolver, specify `workspace.resolver = "2"` in the workspace root's manifest
[INFO] [stderr] note: for more details see https://doc.rust-lang.org/cargo/reference/resolver.html#resolver-versions
[INFO] [stderr] warning: /opt/rustwide/workdir/Cargo.toml: unused manifest key: net
[INFO] [stderr]    Compiling humantime v1.3.0
[INFO] [stderr]    Compiling getrandom v0.2.7
[INFO] [stdout] warning: unused import: `deserialize::*`
[INFO] [stdout]   --> clashctl-core/src/model/connection.rs:58:9
[INFO] [stdout]    |
[INFO] [stdout] 58 | pub use deserialize::*;
[INFO] [stdout]    |         ^^^^^^^^^^^^^^
[INFO] [stdout]    |
[INFO] [stdout]    = note: `#[warn(unused_imports)]` on by default
[INFO] [stdout] 
[INFO] [stdout] 
[INFO] [stdout] warning: 1 warning emitted
[INFO] [stdout] 
[INFO] [stdout] 
[INFO] [stderr]    Compiling rand_core v0.6.3
[INFO] [stderr]    Compiling env_logger v0.7.1
[INFO] [stderr]    Compiling rand_chacha v0.3.1
[INFO] [stderr]    Compiling rand v0.8.5
[INFO] [stderr]    Compiling pretty_env_logger v0.4.0
[INFO] [stderr]    Compiling clashctl-core v0.4.2 (/opt/rustwide/workdir/clashctl-core)
[INFO] [stdout] warning: unused import: `deserialize::*`
[INFO] [stdout]   --> clashctl-core/src/model/connection.rs:58:9
[INFO] [stdout]    |
[INFO] [stdout] 58 | pub use deserialize::*;
[INFO] [stdout]    |         ^^^^^^^^^^^^^^
[INFO] [stdout]    |
[INFO] [stdout]    = note: `#[warn(unused_imports)]` on by default
[INFO] [stdout] 
[INFO] [stdout] 
[INFO] [stderr]    Compiling clashctl v0.3.3 (/opt/rustwide/workdir/clashctl)
[INFO] [stdout] warning: private item shadows public glob re-export
[INFO] [stdout]  --> clashctl/src/main.rs:5:5
[INFO] [stdout]   |
[INFO] [stdout] 5 | use ui::main_loop;
[INFO] [stdout]   |     ^^^^^^^^^^^^^
[INFO] [stdout]   |
[INFO] [stdout] note: the name `main_loop` in the value namespace is supposed to be publicly re-exported here
[INFO] [stdout]  --> clashctl/src/main.rs:1:1
[INFO] [stdout]   |
[INFO] [stdout] 1 | mod_use::mod_use![command, proxy_render, utils, error, interactive, ui];
[INFO] [stdout]   | ^^^^^^^^^^^^^^^^^^^^^^^^^^^^^^^^^^^^^^^^^^^^^^^^^^^^^^^^^^^^^^^^^^^^^^^
[INFO] [stdout] note: but the private item here shadows it
[INFO] [stdout]  --> clashctl/src/main.rs:5:5
[INFO] [stdout]   |
[INFO] [stdout] 5 | use ui::main_loop;
[INFO] [stdout]   |     ^^^^^^^^^^^^^
[INFO] [stdout]   = note: `#[warn(hidden_glob_reexports)]` on by default
[INFO] [stdout]   = note: this warning originates in the macro `mod_use::mod_use` (in Nightly builds, run with -Z macro-backtrace for more info)
[INFO] [stdout] 
[INFO] [stdout] 
[INFO] [stdout] warning: private item shadows public glob re-export
[INFO] [stdout]  --> clashctl/src/main.rs:7:27
[INFO] [stdout]   |
[INFO] [stdout] 7 | use crate::{clap::Parser, Cmd, Opts};
[INFO] [stdout]   |                           ^^^
[INFO] [stdout]   |
[INFO] [stdout] note: the name `Cmd` in the type namespace is supposed to be publicly re-exported here
[INFO] [stdout]  --> clashctl/src/main.rs:1:1
[INFO] [stdout]   |
[INFO] [stdout] 1 | mod_use::mod_use![command, proxy_render, utils, error, interactive, ui];
[INFO] [stdout]   | ^^^^^^^^^^^^^^^^^^^^^^^^^^^^^^^^^^^^^^^^^^^^^^^^^^^^^^^^^^^^^^^^^^^^^^^
[INFO] [stdout] note: but the private item here shadows it
[INFO] [stdout]  --> clashctl/src/main.rs:7:27
[INFO] [stdout]   |
[INFO] [stdout] 7 | use crate::{clap::Parser, Cmd, Opts};
[INFO] [stdout]   |                           ^^^
[INFO] [stdout]   = note: this warning originates in the macro `mod_use::mod_use` (in Nightly builds, run with -Z macro-backtrace for more info)
[INFO] [stdout] 
[INFO] [stdout] 
[INFO] [stdout] warning: private item shadows public glob re-export
[INFO] [stdout]  --> clashctl/src/main.rs:7:32
[INFO] [stdout]   |
[INFO] [stdout] 7 | use crate::{clap::Parser, Cmd, Opts};
[INFO] [stdout]   |                                ^^^^
[INFO] [stdout]   |
[INFO] [stdout] note: the name `Opts` in the type namespace is supposed to be publicly re-exported here
[INFO] [stdout]  --> clashctl/src/main.rs:1:1
[INFO] [stdout]   |
[INFO] [stdout] 1 | mod_use::mod_use![command, proxy_render, utils, error, interactive, ui];
[INFO] [stdout]   | ^^^^^^^^^^^^^^^^^^^^^^^^^^^^^^^^^^^^^^^^^^^^^^^^^^^^^^^^^^^^^^^^^^^^^^^
[INFO] [stdout] note: but the private item here shadows it
[INFO] [stdout]  --> clashctl/src/main.rs:7:32
[INFO] [stdout]   |
[INFO] [stdout] 7 | use crate::{clap::Parser, Cmd, Opts};
[INFO] [stdout]   |                                ^^^^
[INFO] [stdout]   = note: this warning originates in the macro `mod_use::mod_use` (in Nightly builds, run with -Z macro-backtrace for more info)
[INFO] [stdout] 
[INFO] [stdout] 
[INFO] [stdout] warning: 1 warning emitted
[INFO] [stdout] 
[INFO] [stdout] 
[INFO] [stdout] warning: 3 warnings emitted
[INFO] [stdout] 
[INFO] [stdout] 
[INFO] [stderr]     Finished test [unoptimized + debuginfo] target(s) in 5.73s
[INFO] running `Command { std: "docker" "inspect" "0c2a0dc2907938f2929e900a13983634063eeb91e63ac0df0f5c2a4724e94911", kill_on_drop: false }`
[INFO] running `Command { std: "docker" "rm" "-f" "0c2a0dc2907938f2929e900a13983634063eeb91e63ac0df0f5c2a4724e94911", kill_on_drop: false }`
[INFO] [stdout] 0c2a0dc2907938f2929e900a13983634063eeb91e63ac0df0f5c2a4724e94911
[INFO] running `Command { std: "docker" "create" "-v" "/var/lib/crater-agent-workspace/builds/worker-1-tc1/target:/opt/rustwide/target:rw,Z" "-v" "/var/lib/crater-agent-workspace/builds/worker-1-tc1/source:/opt/rustwide/workdir:ro,Z" "-v" "/var/lib/crater-agent-workspace/cargo-home:/opt/rustwide/cargo-home:ro,Z" "-v" "/var/lib/crater-agent-workspace/rustup-home:/opt/rustwide/rustup-home:ro,Z" "-e" "SOURCE_DIR=/opt/rustwide/workdir" "-e" "CARGO_TARGET_DIR=/opt/rustwide/target" "-e" "CARGO_INCREMENTAL=0" "-e" "RUST_BACKTRACE=full" "-e" "RUSTFLAGS=--cap-lints=warn" "-e" "RUSTDOCFLAGS=--cap-lints=warn" "-e" "CARGO_HOME=/opt/rustwide/cargo-home" "-e" "RUSTUP_HOME=/opt/rustwide/rustup-home" "-w" "/opt/rustwide/workdir" "-m" "1610612736" "--user" "0:0" "--network" "none" "ghcr.io/rust-lang/crates-build-env/linux@sha256:2788e3201cd34a07e3172128adcd8b3090168a8e3bcc40d7c032b9dda1df7d1c" "/opt/rustwide/cargo-home/bin/cargo" "+1.75.0" "test" "--frozen", kill_on_drop: false }`
[INFO] [stdout] 939d7cf6a6cd82afeab907f81dc81ae74bb8b4e155c1059e66b1d691ddcfa8a8
[INFO] running `Command { std: "docker" "start" "-a" "939d7cf6a6cd82afeab907f81dc81ae74bb8b4e155c1059e66b1d691ddcfa8a8", kill_on_drop: false }`
[INFO] [stderr] warning: virtual workspace defaulting to `resolver = "1"` despite one or more workspace members being on edition 2021 which implies `resolver = "2"`
[INFO] [stderr] note: to keep the current resolver, specify `workspace.resolver = "1"` in the workspace root's manifest
[INFO] [stderr] note: to use the edition 2021 resolver, specify `workspace.resolver = "2"` in the workspace root's manifest
[INFO] [stderr] note: for more details see https://doc.rust-lang.org/cargo/reference/resolver.html#resolver-versions
[INFO] [stderr] warning: /opt/rustwide/workdir/Cargo.toml: unused manifest key: net
[INFO] [stderr] warning: unused import: `deserialize::*`
[INFO] [stderr]   --> clashctl-core/src/model/connection.rs:58:9
[INFO] [stderr]    |
[INFO] [stderr] 58 | pub use deserialize::*;
[INFO] [stderr]    |         ^^^^^^^^^^^^^^
[INFO] [stderr]    |
[INFO] [stderr]    = note: `#[warn(unused_imports)]` on by default
[INFO] [stderr] 
[INFO] [stderr] warning: `clashctl-core` (lib) generated 1 warning (run `cargo fix --lib -p clashctl-core` to apply 1 suggestion)
[INFO] [stderr] warning: `clashctl-core` (lib test) generated 1 warning (1 duplicate)
[INFO] [stderr] warning: private item shadows public glob re-export
[INFO] [stderr]  --> clashctl/src/main.rs:5:5
[INFO] [stderr]   |
[INFO] [stderr] 5 | use ui::main_loop;
[INFO] [stderr]   |     ^^^^^^^^^^^^^
[INFO] [stderr]   |
[INFO] [stderr] note: the name `main_loop` in the value namespace is supposed to be publicly re-exported here
[INFO] [stderr]  --> clashctl/src/main.rs:1:1
[INFO] [stderr]   |
[INFO] [stderr] 1 | mod_use::mod_use![command, proxy_render, utils, error, interactive, ui];
[INFO] [stderr]   | ^^^^^^^^^^^^^^^^^^^^^^^^^^^^^^^^^^^^^^^^^^^^^^^^^^^^^^^^^^^^^^^^^^^^^^^
[INFO] [stderr] note: but the private item here shadows it
[INFO] [stderr]  --> clashctl/src/main.rs:5:5
[INFO] [stderr]   |
[INFO] [stderr] 5 | use ui::main_loop;
[INFO] [stderr]   |     ^^^^^^^^^^^^^
[INFO] [stderr]   = note: `#[warn(hidden_glob_reexports)]` on by default
[INFO] [stderr]   = note: this warning originates in the macro `mod_use::mod_use` (in Nightly builds, run with -Z macro-backtrace for more info)
[INFO] [stderr] 
[INFO] [stderr] warning: private item shadows public glob re-export
[INFO] [stderr]  --> clashctl/src/main.rs:7:27
[INFO] [stderr]   |
[INFO] [stderr] 7 | use crate::{clap::Parser, Cmd, Opts};
[INFO] [stderr]   |                           ^^^
[INFO] [stderr]   |
[INFO] [stderr] note: the name `Cmd` in the type namespace is supposed to be publicly re-exported here
[INFO] [stderr]  --> clashctl/src/main.rs:1:1
[INFO] [stderr]   |
[INFO] [stderr] 1 | mod_use::mod_use![command, proxy_render, utils, error, interactive, ui];
[INFO] [stderr]   | ^^^^^^^^^^^^^^^^^^^^^^^^^^^^^^^^^^^^^^^^^^^^^^^^^^^^^^^^^^^^^^^^^^^^^^^
[INFO] [stderr] note: but the private item here shadows it
[INFO] [stderr]  --> clashctl/src/main.rs:7:27
[INFO] [stderr]   |
[INFO] [stderr] 7 | use crate::{clap::Parser, Cmd, Opts};
[INFO] [stderr]   |                           ^^^
[INFO] [stderr]   = note: this warning originates in the macro `mod_use::mod_use` (in Nightly builds, run with -Z macro-backtrace for more info)
[INFO] [stderr] 
[INFO] [stderr] warning: private item shadows public glob re-export
[INFO] [stderr]  --> clashctl/src/main.rs:7:32
[INFO] [stderr]   |
[INFO] [stderr] 7 | use crate::{clap::Parser, Cmd, Opts};
[INFO] [stderr]   |                                ^^^^
[INFO] [stderr]   |
[INFO] [stderr] note: the name `Opts` in the type namespace is supposed to be publicly re-exported here
[INFO] [stderr]  --> clashctl/src/main.rs:1:1
[INFO] [stderr]   |
[INFO] [stderr] 1 | mod_use::mod_use![command, proxy_render, utils, error, interactive, ui];
[INFO] [stderr]   | ^^^^^^^^^^^^^^^^^^^^^^^^^^^^^^^^^^^^^^^^^^^^^^^^^^^^^^^^^^^^^^^^^^^^^^^
[INFO] [stderr] note: but the private item here shadows it
[INFO] [stderr]  --> clashctl/src/main.rs:7:32
[INFO] [stderr]   |
[INFO] [stderr] 7 | use crate::{clap::Parser, Cmd, Opts};
[INFO] [stderr]   |                                ^^^^
[INFO] [stderr]   = note: this warning originates in the macro `mod_use::mod_use` (in Nightly builds, run with -Z macro-backtrace for more info)
[INFO] [stderr] 
[INFO] [stderr] warning: `clashctl` (bin "clashctl" test) generated 3 warnings
[INFO] [stderr]     Finished test [unoptimized + debuginfo] target(s) in 0.13s
[INFO] [stderr]      Running unittests src/main.rs (/opt/rustwide/target/debug/deps/clashctl-d1f93f4dd9430b18)
[INFO] [stdout] 
[INFO] [stdout] running 8 tests
[INFO] [stderr]  DEBUG clashctl::interactive::config > Open config file @ /tmp/test.ron
[INFO] [stdout] test command::proxy::test_proxy_type ... ok
[INFO] [stdout] test ui::components::sparkline::tests::it_does_not_panic_if_max_is_zero ... ok
[INFO] [stdout] test ui::utils::ext::test_into_span ... ok
[INFO] [stderr]  INFO  clashctl::interactive::config > Config file not exist, creating new one
[INFO] [stdout] test ui::components::sparkline::tests::it_does_not_panic_if_max_is_set_to_zero ... ok
[INFO] [stdout] test interactive::sort::proxy_sort::test ... ok
[INFO] [stdout] test ui::utils::helper::test_string_window ... ok
[INFO] [stdout] test ui::utils::interval::test_interval ... ok
[INFO] [stdout] test interactive::config::test_config ... FAILED
[INFO] [stdout] 
[INFO] [stdout] failures:
[INFO] [stdout] 
[INFO] [stdout] ---- interactive::config::test_config stdout ----
[INFO] [stdout] thread 'interactive::config::test_config' panicked at clashctl/src/interactive/config.rs:180:54:
[INFO] [stdout] called `Result::unwrap()` on an `Err` value: NotPresent
[INFO] [stdout] stack backtrace:
[INFO] [stdout]    0:     0x55fd3e5f7e6c - std::backtrace_rs::backtrace::libunwind::trace::ha637c64ce894333a
[INFO] [stdout]                                at /rustc/82e1608dfa6e0b5569232559e3d385fea5a93112/library/std/src/../../backtrace/src/backtrace/libunwind.rs:104:5
[INFO] [stdout]    1:     0x55fd3e5f7e6c - std::backtrace_rs::backtrace::trace_unsynchronized::h47f62dea28e0c88d
[INFO] [stdout]                                at /rustc/82e1608dfa6e0b5569232559e3d385fea5a93112/library/std/src/../../backtrace/src/backtrace/mod.rs:66:5
[INFO] [stdout]    2:     0x55fd3e5f7e6c - std::sys_common::backtrace::_print_fmt::h9eef0abe20ede486
[INFO] [stdout]                                at /rustc/82e1608dfa6e0b5569232559e3d385fea5a93112/library/std/src/sys_common/backtrace.rs:67:5
[INFO] [stdout]    3:     0x55fd3e5f7e6c - <std::sys_common::backtrace::_print::DisplayBacktrace as core::fmt::Display>::fmt::hed7f999df88cc644
[INFO] [stdout]                                at /rustc/82e1608dfa6e0b5569232559e3d385fea5a93112/library/std/src/sys_common/backtrace.rs:44:22
[INFO] [stdout]    4:     0x55fd3e6238b0 - core::fmt::rt::Argument::fmt::h1539a9308b8d058d
[INFO] [stdout]                                at /rustc/82e1608dfa6e0b5569232559e3d385fea5a93112/library/core/src/fmt/rt.rs:142:9
[INFO] [stdout]    5:     0x55fd3e6238b0 - core::fmt::write::h3a39390d8560d9c9
[INFO] [stdout]                                at /rustc/82e1608dfa6e0b5569232559e3d385fea5a93112/library/core/src/fmt/mod.rs:1120:17
[INFO] [stdout]    6:     0x55fd3e5f577f - std::io::Write::write_fmt::h040b369f3a0f9cbc
[INFO] [stdout]                                at /rustc/82e1608dfa6e0b5569232559e3d385fea5a93112/library/std/src/io/mod.rs:1762:15
[INFO] [stdout]    7:     0x55fd3e5f7c54 - std::sys_common::backtrace::_print::h894006fb5c6f3d45
[INFO] [stdout]                                at /rustc/82e1608dfa6e0b5569232559e3d385fea5a93112/library/std/src/sys_common/backtrace.rs:47:5
[INFO] [stdout]    8:     0x55fd3e5f7c54 - std::sys_common::backtrace::print::h23a2d212c6fff936
[INFO] [stdout]                                at /rustc/82e1608dfa6e0b5569232559e3d385fea5a93112/library/std/src/sys_common/backtrace.rs:34:9
[INFO] [stdout]    9:     0x55fd3e5f9917 - std::panicking::default_hook::{{closure}}::h8a1d2ee00185001a
[INFO] [stdout]   10:     0x55fd3e5f9603 - std::panicking::default_hook::h6038f2eba384e475
[INFO] [stdout]                                at /rustc/82e1608dfa6e0b5569232559e3d385fea5a93112/library/std/src/panicking.rs:289:9
[INFO] [stdout]   11:     0x55fd3e5c0147 - <alloc::boxed::Box<F,A> as core::ops::function::Fn<Args>>::call::h0ad024c9bdc6d768
[INFO] [stdout]                                at /rustc/82e1608dfa6e0b5569232559e3d385fea5a93112/library/alloc/src/boxed.rs:2021:9
[INFO] [stdout]   12:     0x55fd3e5c0147 - test::test_main::{{closure}}::h7500b54257359db6
[INFO] [stdout]                                at /rustc/82e1608dfa6e0b5569232559e3d385fea5a93112/library/test/src/lib.rs:138:21
[INFO] [stdout]   13:     0x55fd3e5f9f28 - <alloc::boxed::Box<F,A> as core::ops::function::Fn<Args>>::call::h1f8f335eaa9cfaee
[INFO] [stdout]                                at /rustc/82e1608dfa6e0b5569232559e3d385fea5a93112/library/alloc/src/boxed.rs:2021:9
[INFO] [stdout]   14:     0x55fd3e5f9f28 - std::panicking::rust_panic_with_hook::h2b5517d590cab22e
[INFO] [stdout]                                at /rustc/82e1608dfa6e0b5569232559e3d385fea5a93112/library/std/src/panicking.rs:783:13
[INFO] [stdout]   15:     0x55fd3e5f9c7e - std::panicking::begin_panic_handler::{{closure}}::h233112c06e0ef43e
[INFO] [stdout]                                at /rustc/82e1608dfa6e0b5569232559e3d385fea5a93112/library/std/src/panicking.rs:657:13
[INFO] [stdout]   16:     0x55fd3e5f8336 - std::sys_common::backtrace::__rust_end_short_backtrace::h6e893f24d7ebbff8
[INFO] [stdout]                                at /rustc/82e1608dfa6e0b5569232559e3d385fea5a93112/library/std/src/sys_common/backtrace.rs:170:18
[INFO] [stdout]   17:     0x55fd3e5f99e2 - rust_begin_unwind
[INFO] [stdout]                                at /rustc/82e1608dfa6e0b5569232559e3d385fea5a93112/library/std/src/panicking.rs:645:5
[INFO] [stdout]   18:     0x55fd3e450225 - core::panicking::panic_fmt::hbf0e066aabfa482c
[INFO] [stdout]                                at /rustc/82e1608dfa6e0b5569232559e3d385fea5a93112/library/core/src/panicking.rs:72:14
[INFO] [stdout]   19:     0x55fd3e4507b3 - core::result::unwrap_failed::hddb4fea594200c52
[INFO] [stdout]                                at /rustc/82e1608dfa6e0b5569232559e3d385fea5a93112/library/core/src/result.rs:1653:5
[INFO] [stdout]   20:     0x55fd3e47bdd4 - core::result::Result<T,E>::unwrap::ha032de6651502b45
[INFO] [stdout]                                at /rustc/82e1608dfa6e0b5569232559e3d385fea5a93112/library/core/src/result.rs:1077:23
[INFO] [stdout]   21:     0x55fd3e475d95 - clashctl::interactive::config::test_config::hd3f4cabebeebe39f
[INFO] [stdout]                                at /opt/rustwide/workdir/clashctl/src/interactive/config.rs:180:31
[INFO] [stdout]   22:     0x55fd3e475c07 - clashctl::interactive::config::test_config::{{closure}}::h9c96a4c39f96814a
[INFO] [stdout]                                at /opt/rustwide/workdir/clashctl/src/interactive/config.rs:170:17
[INFO] [stdout]   23:     0x55fd3e463fd6 - core::ops::function::FnOnce::call_once::hf1d7f147a942bbdb
[INFO] [stdout]                                at /rustc/82e1608dfa6e0b5569232559e3d385fea5a93112/library/core/src/ops/function.rs:250:5
[INFO] [stdout]   24:     0x55fd3e5c579f - core::ops::function::FnOnce::call_once::h2b5d431d5046312d
[INFO] [stdout]                                at /rustc/82e1608dfa6e0b5569232559e3d385fea5a93112/library/core/src/ops/function.rs:250:5
[INFO] [stdout]   25:     0x55fd3e5c579f - test::__rust_begin_short_backtrace::h7714669af176e207
[INFO] [stdout]                                at /rustc/82e1608dfa6e0b5569232559e3d385fea5a93112/library/test/src/lib.rs:628:18
[INFO] [stdout]   26:     0x55fd3e5c47b5 - test::run_test_in_process::{{closure}}::h85218797dcbcec12
[INFO] [stdout]                                at /rustc/82e1608dfa6e0b5569232559e3d385fea5a93112/library/test/src/lib.rs:651:60
[INFO] [stdout]   27:     0x55fd3e5c47b5 - <core::panic::unwind_safe::AssertUnwindSafe<F> as core::ops::function::FnOnce<()>>::call_once::h76c106ea31c14d7b
[INFO] [stdout]                                at /rustc/82e1608dfa6e0b5569232559e3d385fea5a93112/library/core/src/panic/unwind_safe.rs:272:9
[INFO] [stdout]   28:     0x55fd3e5c47b5 - std::panicking::try::do_call::h3bd5d0f6620ee946
[INFO] [stdout]                                at /rustc/82e1608dfa6e0b5569232559e3d385fea5a93112/library/std/src/panicking.rs:552:40
[INFO] [stdout]   29:     0x55fd3e5c47b5 - std::panicking::try::h232e535e4744fe31
[INFO] [stdout]                                at /rustc/82e1608dfa6e0b5569232559e3d385fea5a93112/library/std/src/panicking.rs:516:19
[INFO] [stdout]   30:     0x55fd3e5c47b5 - std::panic::catch_unwind::h3ce3bd6ca8dbac68
[INFO] [stdout]                                at /rustc/82e1608dfa6e0b5569232559e3d385fea5a93112/library/std/src/panic.rs:142:14
[INFO] [stdout]   31:     0x55fd3e5c47b5 - test::run_test_in_process::hc97b257c9621286a
[INFO] [stdout]                                at /rustc/82e1608dfa6e0b5569232559e3d385fea5a93112/library/test/src/lib.rs:651:27
[INFO] [stdout]   32:     0x55fd3e5c47b5 - test::run_test::{{closure}}::h2aa798823a438d38
[INFO] [stdout]                                at /rustc/82e1608dfa6e0b5569232559e3d385fea5a93112/library/test/src/lib.rs:574:43
[INFO] [stdout]   33:     0x55fd3e58ca76 - test::run_test::{{closure}}::h87d231c78fb59832
[INFO] [stdout]                                at /rustc/82e1608dfa6e0b5569232559e3d385fea5a93112/library/test/src/lib.rs:602:41
[INFO] [stdout]   34:     0x55fd3e58ca76 - std::sys_common::backtrace::__rust_begin_short_backtrace::he6df152596625789
[INFO] [stdout]                                at /rustc/82e1608dfa6e0b5569232559e3d385fea5a93112/library/std/src/sys_common/backtrace.rs:154:18
[INFO] [stdout]   35:     0x55fd3e591b27 - std::thread::Builder::spawn_unchecked_::{{closure}}::{{closure}}::ha94be15d1e0acf36
[INFO] [stdout]                                at /rustc/82e1608dfa6e0b5569232559e3d385fea5a93112/library/std/src/thread/mod.rs:529:17
[INFO] [stdout]   36:     0x55fd3e591b27 - <core::panic::unwind_safe::AssertUnwindSafe<F> as core::ops::function::FnOnce<()>>::call_once::h9dc6bd6372f16606
[INFO] [stdout]                                at /rustc/82e1608dfa6e0b5569232559e3d385fea5a93112/library/core/src/panic/unwind_safe.rs:272:9
[INFO] [stdout]   37:     0x55fd3e591b27 - std::panicking::try::do_call::h9057517f80303cd4
[INFO] [stdout]                                at /rustc/82e1608dfa6e0b5569232559e3d385fea5a93112/library/std/src/panicking.rs:552:40
[INFO] [stdout]   38:     0x55fd3e591b27 - std::panicking::try::he3a30b11ee45340c
[INFO] [stdout]                                at /rustc/82e1608dfa6e0b5569232559e3d385fea5a93112/library/std/src/panicking.rs:516:19
[INFO] [stdout]   39:     0x55fd3e591b27 - std::panic::catch_unwind::h410458cfd3528b8b
[INFO] [stdout]                                at /rustc/82e1608dfa6e0b5569232559e3d385fea5a93112/library/std/src/panic.rs:142:14
[INFO] [stdout]   40:     0x55fd3e591b27 - std::thread::Builder::spawn_unchecked_::{{closure}}::h72ac3bdb567b737b
[INFO] [stdout]                                at /rustc/82e1608dfa6e0b5569232559e3d385fea5a93112/library/std/src/thread/mod.rs:528:30
[INFO] [stdout]   41:     0x55fd3e591b27 - core::ops::function::FnOnce::call_once{{vtable.shim}}::h38f34da3654a8344
[INFO] [stdout]                                at /rustc/82e1608dfa6e0b5569232559e3d385fea5a93112/library/core/src/ops/function.rs:250:5
[INFO] [stdout]   42:     0x55fd3e5fe9b5 - <alloc::boxed::Box<F,A> as core::ops::function::FnOnce<Args>>::call_once::hc7eafaff61e32df9
[INFO] [stdout]                                at /rustc/82e1608dfa6e0b5569232559e3d385fea5a93112/library/alloc/src/boxed.rs:2007:9
[INFO] [stdout]   43:     0x55fd3e5fe9b5 - <alloc::boxed::Box<F,A> as core::ops::function::FnOnce<Args>>::call_once::h6ba4a5de48dd2304
[INFO] [stdout]                                at /rustc/82e1608dfa6e0b5569232559e3d385fea5a93112/library/alloc/src/boxed.rs:2007:9
[INFO] [stdout]   44:     0x55fd3e5fe9b5 - std::sys::unix::thread::Thread::new::thread_start::he469335aef763e45
[INFO] [stdout]                                at /rustc/82e1608dfa6e0b5569232559e3d385fea5a93112/library/std/src/sys/unix/thread.rs:108:17
[INFO] [stdout]   45:     0x7fd542335ac3 - <unknown>
[INFO] [stdout]   46:     0x7fd5423c6bf4 - __clone
[INFO] [stdout]   47:                0x0 - <unknown>
[INFO] [stdout] 
[INFO] [stdout] 
[INFO] [stdout] failures:
[INFO] [stdout]     interactive::config::test_config
[INFO] [stdout] 
[INFO] [stdout] test result: FAILED. 7 passed; 1 failed; 0 ignored; 0 measured; 0 filtered out; finished in 0.06s
[INFO] [stdout] 
[INFO] [stderr] error: test failed, to rerun pass `-p clashctl --bin clashctl`
[INFO] running `Command { std: "docker" "inspect" "939d7cf6a6cd82afeab907f81dc81ae74bb8b4e155c1059e66b1d691ddcfa8a8", kill_on_drop: false }`
[INFO] running `Command { std: "docker" "rm" "-f" "939d7cf6a6cd82afeab907f81dc81ae74bb8b4e155c1059e66b1d691ddcfa8a8", kill_on_drop: false }`
[INFO] [stdout] 939d7cf6a6cd82afeab907f81dc81ae74bb8b4e155c1059e66b1d691ddcfa8a8
